[INFO] cloning repository https://github.com/MPThLee/ShareRS
[INFO] running `Command { std: "git" "-c" "credential.helper=" "-c" "credential.helper=/workspace/cargo-home/bin/git-credential-null" "clone" "--bare" "https://github.com/MPThLee/ShareRS" "/workspace/cache/git-repos/https%3A%2F%2Fgithub.com%2FMPThLee%2FShareRS", kill_on_drop: false }`
[INFO] [stderr] Cloning into bare repository '/workspace/cache/git-repos/https%3A%2F%2Fgithub.com%2FMPThLee%2FShareRS'...
[INFO] running `Command { std: "git" "rev-parse" "HEAD", kill_on_drop: false }`
[INFO] [stdout] a3ca760a8db3e5e30ea2e50d11b1a5cf588f677d
[INFO] checking MPThLee/ShareRS against nightly-2024-02-05 for check-cfg
[INFO] running `Command { std: "git" "clone" "/workspace/cache/git-repos/https%3A%2F%2Fgithub.com%2FMPThLee%2FShareRS" "/workspace/builds/worker-4-tc1/source", kill_on_drop: false }`
[INFO] [stderr] Cloning into '/workspace/builds/worker-4-tc1/source'...
[INFO] [stderr] done.
[INFO] validating manifest of git repo https://github.com/MPThLee/ShareRS on toolchain nightly-2024-02-05
[INFO] running `Command { std: CARGO_HOME="/workspace/cargo-home" RUSTUP_HOME="/workspace/rustup-home" "/workspace/cargo-home/bin/cargo" "+nightly-2024-02-05" "metadata" "--manifest-path" "Cargo.toml" "--no-deps", kill_on_drop: false }`
[INFO] started tweaking git repo https://github.com/MPThLee/ShareRS
[INFO] finished tweaking git repo https://github.com/MPThLee/ShareRS
[INFO] tweaked toml for git repo https://github.com/MPThLee/ShareRS written to /workspace/builds/worker-4-tc1/source/Cargo.toml
[INFO] crate git repo https://github.com/MPThLee/ShareRS already has a lockfile, it will not be regenerated
[INFO] running `Command { std: CARGO_HOME="/workspace/cargo-home" RUSTUP_HOME="/workspace/rustup-home" "/workspace/cargo-home/bin/cargo" "+nightly-2024-02-05" "fetch" "--manifest-path" "Cargo.toml", kill_on_drop: false }`
[INFO] [stderr]     Blocking waiting for file lock on package cache
[ERROR] error running command: no output for 300 seconds
[ERROR] this task or one of its parent failed!
[ERROR] no output for 300 seconds
[ERROR] note: run with `RUST_BACKTRACE=1` to display a backtrace.
[INFO] checking MPThLee/ShareRS against nightly-2024-02-05+rustflags=-Dunexpected_cfgs+cargoflags=-Zcheck-cfg for check-cfg
[INFO] running `Command { std: "git" "clone" "/workspace/cache/git-repos/https%3A%2F%2Fgithub.com%2FMPThLee%2FShareRS" "/workspace/builds/worker-4-tc2/source", kill_on_drop: false }`
[INFO] [stderr] Cloning into '/workspace/builds/worker-4-tc2/source'...
[INFO] [stderr] done.
[INFO] validating manifest of git repo https://github.com/MPThLee/ShareRS on toolchain nightly-2024-02-05
[INFO] running `Command { std: CARGO_HOME="/workspace/cargo-home" RUSTUP_HOME="/workspace/rustup-home" "/workspace/cargo-home/bin/cargo" "+nightly-2024-02-05" "metadata" "--manifest-path" "Cargo.toml" "--no-deps", kill_on_drop: false }`
[INFO] started tweaking git repo https://github.com/MPThLee/ShareRS
[INFO] finished tweaking git repo https://github.com/MPThLee/ShareRS
[INFO] tweaked toml for git repo https://github.com/MPThLee/ShareRS written to /workspace/builds/worker-4-tc2/source/Cargo.toml
[INFO] crate git repo https://github.com/MPThLee/ShareRS already has a lockfile, it will not be regenerated
[INFO] running `Command { std: CARGO_HOME="/workspace/cargo-home" RUSTUP_HOME="/workspace/rustup-home" "/workspace/cargo-home/bin/cargo" "+nightly-2024-02-05" "fetch" "--manifest-path" "Cargo.toml", kill_on_drop: false }`
[INFO] [stderr]     Blocking waiting for file lock on package cache
[INFO] [stderr]     Updating crates.io index
[INFO] [stderr]     Blocking waiting for file lock on package cache
[ERROR] error running command: no output for 300 seconds
[INFO] checking MPThLee/ShareRS against nightly-2024-02-05+rustflags=-Dunexpected_cfgs+cargoflags=-Zcheck-cfg for check-cfg
[INFO] running `Command { std: "git" "clone" "/workspace/cache/git-repos/https%3A%2F%2Fgithub.com%2FMPThLee%2FShareRS" "/workspace/builds/worker-4-tc2/source", kill_on_drop: false }`
[INFO] [stderr] Cloning into '/workspace/builds/worker-4-tc2/source'...
[INFO] [stderr] done.
[INFO] validating manifest of git repo https://github.com/MPThLee/ShareRS on toolchain nightly-2024-02-05
[INFO] running `Command { std: CARGO_HOME="/workspace/cargo-home" RUSTUP_HOME="/workspace/rustup-home" "/workspace/cargo-home/bin/cargo" "+nightly-2024-02-05" "metadata" "--manifest-path" "Cargo.toml" "--no-deps", kill_on_drop: false }`
[INFO] started tweaking git repo https://github.com/MPThLee/ShareRS
[INFO] finished tweaking git repo https://github.com/MPThLee/ShareRS
[INFO] tweaked toml for git repo https://github.com/MPThLee/ShareRS written to /workspace/builds/worker-4-tc2/source/Cargo.toml
[INFO] crate git repo https://github.com/MPThLee/ShareRS already has a lockfile, it will not be regenerated
[INFO] running `Command { std: CARGO_HOME="/workspace/cargo-home" RUSTUP_HOME="/workspace/rustup-home" "/workspace/cargo-home/bin/cargo" "+nightly-2024-02-05" "fetch" "--manifest-path" "Cargo.toml", kill_on_drop: false }`
[INFO] [stderr]     Blocking waiting for file lock on package cache
[INFO] [stderr]     Blocking waiting for file lock on package cache
[INFO] [stderr]  Downloading crates ...
[INFO] [stderr]   Downloaded minidom v0.15.2
[INFO] [stderr]   Downloaded aws-creds v0.34.1
[INFO] [stderr]   Downloaded infer v0.14.0
[INFO] [stderr]   Downloaded rxml_validation v0.9.1
[INFO] [stderr]   Downloaded aws-region v0.25.3
[INFO] [stderr]   Downloaded serde_path_to_error v0.1.12
[INFO] [stderr]   Downloaded rxml v0.9.1
[INFO] [stderr]   Downloaded tera v1.19.0
[INFO] [stderr]   Downloaded tower-http v0.4.1
[INFO] [stderr]   Downloaded bstr v1.5.0
[INFO] [stderr]   Downloaded rustix v0.37.22
[INFO] [stderr]   Downloaded attohttpc v0.22.0
[INFO] [stderr]   Downloaded async-trait v0.1.70
[INFO] [stderr]   Downloaded rust-s3 v0.33.0
[INFO] running `Command { std: "docker" "create" "-v" "/var/lib/crater-agent-workspace/builds/worker-4-tc2/target:/opt/rustwide/target:rw,Z" "-v" "/var/lib/crater-agent-workspace/builds/worker-4-tc2/source:/opt/rustwide/workdir:ro,Z" "-v" "/var/lib/crater-agent-workspace/cargo-home:/opt/rustwide/cargo-home:ro,Z" "-v" "/var/lib/crater-agent-workspace/rustup-home:/opt/rustwide/rustup-home:ro,Z" "-e" "SOURCE_DIR=/opt/rustwide/workdir" "-e" "CARGO_TARGET_DIR=/opt/rustwide/target" "-e" "CARGO_HOME=/opt/rustwide/cargo-home" "-e" "RUSTUP_HOME=/opt/rustwide/rustup-home" "-w" "/opt/rustwide/workdir" "-m" "1610612736" "--user" "0:0" "--network" "none" "ghcr.io/rust-lang/crates-build-env/linux@sha256:2788e3201cd34a07e3172128adcd8b3090168a8e3bcc40d7c032b9dda1df7d1c" "/opt/rustwide/cargo-home/bin/cargo" "+nightly-2024-02-05" "metadata" "--no-deps" "--format-version=1", kill_on_drop: false }`
[INFO] [stdout] 4c3302610885926292b78ac9f0afdc2d181181e8527605b75fa311abc6a8b0cd
[INFO] running `Command { std: "docker" "start" "-a" "4c3302610885926292b78ac9f0afdc2d181181e8527605b75fa311abc6a8b0cd", kill_on_drop: false }`
[INFO] running `Command { std: "docker" "inspect" "4c3302610885926292b78ac9f0afdc2d181181e8527605b75fa311abc6a8b0cd", kill_on_drop: false }`
[INFO] running `Command { std: "docker" "rm" "-f" "4c3302610885926292b78ac9f0afdc2d181181e8527605b75fa311abc6a8b0cd", kill_on_drop: false }`
[INFO] [stdout] 4c3302610885926292b78ac9f0afdc2d181181e8527605b75fa311abc6a8b0cd
[INFO] running `Command { std: "docker" "create" "-v" "/var/lib/crater-agent-workspace/builds/worker-4-tc2/target:/opt/rustwide/target:rw,Z" "-v" "/var/lib/crater-agent-workspace/builds/worker-4-tc2/source:/opt/rustwide/workdir:ro,Z" "-v" "/var/lib/crater-agent-workspace/cargo-home:/opt/rustwide/cargo-home:ro,Z" "-v" "/var/lib/crater-agent-workspace/rustup-home:/opt/rustwide/rustup-home:ro,Z" "-e" "SOURCE_DIR=/opt/rustwide/workdir" "-e" "CARGO_TARGET_DIR=/opt/rustwide/target" "-e" "CARGO_INCREMENTAL=0" "-e" "RUST_BACKTRACE=full" "-e" "RUSTFLAGS=--cap-lints=forbid -Dunexpected_cfgs" "-e" "RUSTDOCFLAGS=--cap-lints=forbid" "-e" "CARGO_HOME=/opt/rustwide/cargo-home" "-e" "RUSTUP_HOME=/opt/rustwide/rustup-home" "-w" "/opt/rustwide/workdir" "-m" "1610612736" "--user" "0:0" "--network" "none" "ghcr.io/rust-lang/crates-build-env/linux@sha256:2788e3201cd34a07e3172128adcd8b3090168a8e3bcc40d7c032b9dda1df7d1c" "/opt/rustwide/cargo-home/bin/cargo" "+nightly-2024-02-05" "check" "--frozen" "--all" "--all-targets" "--message-format=json" "-Zcheck-cfg", kill_on_drop: false }`
[INFO] [stdout] 8f51e1d13336796a3cc1fe03ef5e38cc65b3bd1b6d160532155c4e494ccedf9e
[INFO] running `Command { std: "docker" "start" "-a" "8f51e1d13336796a3cc1fe03ef5e38cc65b3bd1b6d160532155c4e494ccedf9e", kill_on_drop: false }`
[INFO] [stderr]    Compiling proc-macro2 v1.0.63
[INFO] [stderr]    Compiling unicode-ident v1.0.10
[INFO] [stderr]    Compiling quote v1.0.29
[INFO] [stderr]    Compiling version_check v0.9.4
[INFO] [stderr]     Checking once_cell v1.18.0
[INFO] [stderr]    Compiling memchr v2.5.0
[INFO] [stderr]    Compiling typenum v1.16.0
[INFO] [stderr]    Compiling futures-core v0.3.28
[INFO] [stderr]     Checking log v0.4.19
[INFO] [stderr]    Compiling cfg-if v1.0.0
[INFO] [stderr]     Checking pin-project-lite v0.2.10
[INFO] [stderr]    Compiling libc v0.2.147
[INFO] [stderr]    Compiling pkg-config v0.3.27
[INFO] [stderr]    Compiling serde v1.0.166
[INFO] [stderr]     Checking getrandom v0.2.10
[INFO] [stderr]     Checking itoa v1.0.8
[INFO] [stderr]     Checking fnv v1.0.7
[INFO] [stderr]    Compiling slab v0.4.8
[INFO] [stderr]    Compiling tokio v1.29.1
[INFO] [stderr]    Compiling futures-channel v0.3.28
[INFO] [stderr]     Checking futures-sink v0.3.28
[INFO] [stderr]    Compiling futures-task v0.3.28
[INFO] [stderr]     Checking socket2 v0.4.9
[INFO] [stderr]    Compiling thiserror v1.0.41
[INFO] [stderr]    Compiling generic-array v0.14.7
[INFO] [stderr]    Compiling ahash v0.7.6
[INFO] [stderr]    Compiling ahash v0.8.3
[INFO] [stderr]    Compiling futures-util v0.3.28
[INFO] [stderr]     Checking futures-io v0.3.28
[INFO] [stderr]     Checking pin-utils v0.1.0
[INFO] [stderr]    Compiling num-traits v0.2.15
[INFO] [stderr]    Compiling jobserver v0.1.26
[INFO] [stderr]     Checking tracing-core v0.1.31
[INFO] [stderr]    Compiling tinyvec_macros v0.1.1
[INFO] [stderr]     Checking bitflags v1.3.2
[INFO] [stderr]    Compiling serde_json v1.0.100
[INFO] [stderr]     Checking http v0.2.9
[INFO] [stderr]     Checking subtle v2.5.0
[INFO] [stderr]    Compiling allocator-api2 v0.2.15
[INFO] [stderr]    Compiling rustls v0.20.8
[INFO] [stderr]    Compiling cc v1.0.79
[INFO] [stderr]    Compiling tinyvec v1.6.0
[INFO] [stderr]    Compiling unicode-bidi v0.3.13
[INFO] [stderr]     Checking hashbrown v0.12.3
[INFO] [stderr]    Compiling parking_lot_core v0.8.6
[INFO] [stderr]    Compiling indexmap v1.9.3
[INFO] [stderr]     Checking ryu v1.0.14
[INFO] [stderr]    Compiling syn v2.0.23
[INFO] [stderr]     Checking percent-encoding v2.3.0
[INFO] [stderr]    Compiling untrusted v0.7.1
[INFO] [stderr]    Compiling spin v0.5.2
[INFO] [stderr]     Checking form_urlencoded v1.2.0
[INFO] [stderr]     Checking foreign-types-shared v0.1.1
[INFO] [stderr]    Compiling hashbrown v0.14.0
[INFO] [stderr]    Compiling crossbeam-utils v0.8.16
[INFO] [stderr]    Compiling openssl v0.10.55
[INFO] [stderr]     Checking foreign-types v0.3.2
[INFO] [stderr]    Compiling native-tls v0.2.11
[INFO] [stderr]     Checking unicode-normalization v0.1.22
[INFO] [stderr]    Compiling rustversion v1.0.13
[INFO] [stderr]     Checking tower-service v0.3.2
[INFO] [stderr]    Compiling httparse v1.8.0
[INFO] [stderr]     Checking http-body v0.4.5
[INFO] [stderr]    Compiling num_cpus v1.16.0
[INFO] [stderr]    Compiling mio v0.8.8
[INFO] [stderr]    Compiling equivalent v1.0.0
[INFO] [stderr]    Compiling ring v0.16.20
[INFO] [stderr]    Compiling openssl-sys v0.9.90
[INFO] [stderr]    Compiling libz-sys v1.1.9
[INFO] [stderr]     Checking idna v0.4.0
[INFO] [stderr]    Compiling iana-time-zone v0.1.57
[INFO] [stderr]     Checking openssl-probe v0.1.5
[INFO] [stderr]     Checking block-buffer v0.10.4
[INFO] [stderr]     Checking crypto-common v0.1.6
[INFO] [stderr]    Compiling bytes v1.4.0
[INFO] [stderr]    Compiling crossbeam-queue v0.3.8
[INFO] [stderr]    Compiling chrono v0.4.26
[INFO] [stderr]     Checking digest v0.10.7
[INFO] [stderr]     Checking url v2.4.0
[INFO] [stderr]    Compiling indexmap v2.0.0
[INFO] [stderr]    Compiling libgit2-sys v0.15.2+1.6.4
[INFO] [stderr]     Checking aho-corasick v1.0.2
[INFO] [stderr]     Checking rand_core v0.6.4
[INFO] [stderr]    Compiling instant v0.1.12
[INFO] [stderr]    Compiling paste v1.0.13
[INFO] [stderr]    Compiling semver v1.0.17
[INFO] [stderr]    Compiling winnow v0.4.7
[INFO] [stderr]     Checking smallvec v1.10.0
[INFO] [stderr]     Checking regex-syntax v0.7.2
[INFO] [stderr]     Checking lazy_static v1.4.0
[INFO] [stderr]     Checking try-lock v0.2.4
[INFO] [stderr]    Compiling scopeguard v1.1.0
[INFO] [stderr]    Compiling syn v1.0.109
[INFO] [stderr]     Checking want v0.3.1
[INFO] [stderr]    Compiling lock_api v0.4.10
[INFO] [stderr]    Compiling smartstring v1.0.1
[INFO] [stderr]     Checking dirs-sys v0.3.7
[INFO] [stderr]    Compiling async-trait v0.1.70
[INFO] [stderr]    Compiling ppv-lite86 v0.2.17
[INFO] [stderr]    Compiling minimal-lexical v0.2.1
[INFO] [stderr]    Compiling ucd-trie v0.1.5
[INFO] [stderr]     Checking httpdate v1.0.2
[INFO] [stderr]     Checking base64 v0.21.2
[INFO] [stderr]    Compiling cpufeatures v0.2.8
[INFO] [stderr]     Checking mime v0.3.17
[INFO] [stderr]    Compiling nom v7.1.3
[INFO] [stderr]     Checking dirs v4.0.0
[INFO] [stderr]    Compiling parking_lot v0.11.2
[INFO] [stderr]    Compiling rand_chacha v0.3.1
[INFO] [stderr]     Checking hmac v0.12.1
[INFO] [stderr]     Checking bstr v1.5.0
[INFO] [stderr]     Checking aho-corasick v0.7.20
[INFO] [stderr]     Checking thread_local v1.1.4
[INFO] [stderr]     Checking encoding_rs v0.8.32
[INFO] [stderr]     Checking unic-common v0.9.0
[INFO] [stderr]    Compiling unicode_categories v0.1.1
[INFO] [stderr]     Checking tower-layer v0.3.2
[INFO] [stderr]    Compiling time-core v0.1.1
[INFO] [stderr]     Checking unic-char-range v0.9.0
[INFO] [stderr]     Checking byteorder v1.4.3
[INFO] [stderr]     Checking regex v1.8.4
[INFO] [stderr]     Checking same-file v1.0.6
[INFO] [stderr]     Checking dlv-list v0.3.0
[INFO] [stderr]    Compiling crc-catalog v2.2.0
[INFO] [stderr]     Checking static_assertions v1.1.0
[INFO] [stderr]     Checking walkdir v2.3.3
[INFO] [stderr]    Compiling rustls-pemfile v1.0.3
[INFO] [stderr]    Compiling crc v3.0.1
[INFO] [stderr]     Checking ordered-multimap v0.4.3
[INFO] [stderr]     Checking unic-char-property v0.9.0
[INFO] [stderr]    Compiling time-macros v0.2.9
[INFO] [stderr]     Checking unic-ucd-version v0.9.0
[INFO] [stderr]    Compiling hkdf v0.12.3
[INFO] [stderr]    Compiling rand v0.8.5
[INFO] [stderr]    Compiling futures-intrusive v0.4.2
[INFO] [stderr]     Checking globset v0.4.10
[INFO] [stderr]     Checking sha2 v0.10.7
[INFO] [stderr]    Compiling sha1 v0.10.5
[INFO] [stderr]    Compiling axum-core v0.3.4
[INFO] [stderr]    Compiling stringprep v0.1.2
[INFO] [stderr]    Compiling md-5 v0.10.5
[INFO] [stderr]    Compiling atoi v1.0.0
[INFO] [stderr]    Compiling hashlink v0.8.3
[INFO] [stderr]    Compiling multer v2.1.0
[INFO] [stderr]    Compiling base64 v0.13.1
[INFO] [stderr]    Compiling unicode-segmentation v1.10.1
[INFO] [stderr]     Checking webpki v0.22.0
[INFO] [stderr]     Checking sct v0.7.0
[INFO] [stderr]    Compiling tokio-stream v0.1.14
[INFO] [stderr]     Checking rxml_validation v0.9.1
[INFO] [stderr]    Compiling dotenvy v0.15.7
[INFO] [stderr]    Compiling whoami v1.4.1
[INFO] [stderr]     Checking regex-syntax v0.6.29
[INFO] [stderr]    Compiling event-listener v2.5.3
[INFO] [stderr]    Compiling uuid v1.4.0
[INFO] [stderr]    Compiling hex v0.4.3
[INFO] [stderr]    Compiling heck v0.4.1
[INFO] [stderr]     Checking webpki-roots v0.22.6
[INFO] [stderr]     Checking rxml v0.9.1
[INFO] [stderr]     Checking ignore v0.4.20
[INFO] [stderr]     Checking rust-ini v0.18.0
[INFO] [stderr]     Checking unic-ucd-segment v0.9.0
[INFO] [stderr]    Compiling serde_derive v1.0.166
[INFO] [stderr]    Compiling tokio-macros v2.1.0
[INFO] [stderr]    Compiling futures-macro v0.3.28
[INFO] [stderr]    Compiling thiserror-impl v1.0.41
[INFO] [stderr]    Compiling tracing-attributes v0.1.26
[INFO] [stderr]    Compiling openssl-macros v0.1.1
[INFO] [stderr]    Compiling pin-project-internal v1.1.2
[INFO] [stderr]    Compiling axum v0.6.18
[INFO] [stderr]     Checking spin v0.9.8
[INFO] [stderr]    Compiling anyhow v1.0.71
[INFO] [stderr]     Checking ipnet v2.8.0
[INFO] [stderr]     Checking base64ct v1.6.0
[INFO] [stderr]     Checking overload v0.1.1
[INFO] [stderr]     Checking regex-automata v0.1.10
[INFO] [stderr]     Checking nu-ansi-term v0.46.0
[INFO] [stderr]     Checking password-hash v0.5.0
[INFO] [stderr]     Checking minidom v0.15.2
[INFO] [stderr]     Checking unic-segment v0.9.0
[INFO] [stderr]     Checking globwalk v0.8.1
[INFO] [stderr]     Checking sharded-slab v0.1.4
[INFO] [stderr]     Checking tracing-log v0.1.3
[INFO] [stderr]     Checking blake2 v0.10.6
[INFO] [stderr]     Checking sync_wrapper v0.1.2
[INFO] [stderr]     Checking matchit v0.7.0
[INFO] [stderr]     Checking bitflags v2.3.3
[INFO] [stderr]     Checking http-range-header v0.3.0
[INFO] [stderr]     Checking md5 v0.7.0
[INFO] [stderr]     Checking argon2 v0.5.0
[INFO] [stderr]    Compiling tokio-rustls v0.23.4
[INFO] [stderr]     Checking glob v0.3.1
[INFO] [stderr]    Compiling maybe-async v0.2.7
[INFO] [stderr]     Checking matchers v0.1.0
[INFO] [stderr]    Compiling sqlx-rt v0.6.3
[INFO] [stderr]    Compiling pest v2.7.0
[INFO] [stderr]     Checking pin-project v1.1.2
[INFO] [stderr]     Checking aws-region v0.25.3
[INFO] [stderr]     Checking tracing v0.1.37
[INFO] [stderr]     Checking tracing-subscriber v0.3.17
[INFO] [stderr]    Compiling pest_meta v2.7.0
[INFO] [stderr]     Checking futures-executor v0.3.28
[INFO] [stderr]     Checking futures v0.3.28
[INFO] [stderr]    Compiling pest_generator v2.7.0
[INFO] [stderr]     Checking tokio-util v0.7.8
[INFO] [stderr]     Checking tokio-native-tls v0.3.1
[INFO] [stderr]     Checking tower v0.4.13
[INFO] [stderr]    Compiling pest_derive v2.7.0
[INFO] [stderr]     Checking h2 v0.3.20
[INFO] [stderr]     Checking tower-http v0.4.1
[INFO] [stderr]    Compiling git2 v0.17.2
[INFO] [stderr]     Checking either v1.8.1
[INFO] [stderr]     Checking serde_urlencoded v0.7.1
[INFO] [stderr]     Checking time v0.3.22
[INFO] [stderr]     Checking quick-xml v0.26.0
[INFO] [stderr]     Checking serde_path_to_error v0.1.12
[INFO] [stderr]     Checking itertools v0.10.5
[INFO] [stderr]     Checking cfb v0.7.3
[INFO] [stderr]    Compiling toml_datetime v0.6.3
[INFO] [stderr]    Compiling serde_spanned v0.6.3
[INFO] [stderr]    Compiling toml_edit v0.19.11
[INFO] [stderr]     Checking attohttpc v0.22.0
[INFO] [stderr]     Checking tera v1.19.0
[INFO] [stderr]     Checking infer v0.14.0
[INFO] [stderr]     Checking aws-creds v0.34.1
[INFO] [stderr]     Checking sqlformat v0.2.1
[INFO] [stderr]     Checking sqlx-core v0.6.3
[INFO] [stderr]    Compiling toml v0.7.5
[INFO] [stderr]    Compiling cargo-lock v9.0.0
[INFO] [stderr]     Checking hyper v0.14.27
[INFO] [stderr]    Compiling built v0.6.1
[INFO] [stderr]    Compiling sharers v0.0.1 (/opt/rustwide/workdir)
[INFO] [stderr]     Checking hyper-tls v0.5.0
[INFO] [stderr]     Checking reqwest v0.11.18
[INFO] [stderr]     Checking rust-s3 v0.33.0
[INFO] [stderr]    Compiling sqlx-macros v0.6.3
[INFO] [stderr]     Checking sqlx v0.6.3
[INFO] [stdout] error: error communicating with database: Cannot assign requested address (os error 99)
[INFO] [stdout]   --> src/database/models/file.rs:37:19
[INFO] [stdout]    |
[INFO] [stdout] 37 |           let ret = sqlx::query!(
[INFO] [stdout]    |  ___________________^
[INFO] [stdout] 38 | |             "
[INFO] [stdout] 39 | |             INSERT INTO files (
[INFO] [stdout] 40 | |                 name, original_name, mime, max_views, user_id
[INFO] [stdout] ...  |
[INFO] [stdout] 52 | |             file.user_id.0
[INFO] [stdout] 53 | |         )
[INFO] [stdout]    | |_________^
[INFO] [stdout]    |
[INFO] [stdout]    = note: this error originates in the macro `$crate::sqlx_macros::expand_query` which comes from the expansion of the macro `sqlx::query` (in Nightly builds, run with -Z macro-backtrace for more info)
[INFO] [stdout] 
[INFO] [stdout] 
[INFO] [stdout] error: error communicating with database: Cannot assign requested address (os error 99)
[INFO] [stdout]   --> src/database/models/file.rs:65:22
[INFO] [stdout]    |
[INFO] [stdout] 65 |           let result = sqlx::query!(
[INFO] [stdout]    |  ______________________^
[INFO] [stdout] 66 | |             "
[INFO] [stdout] 67 | |             SELECT 
[INFO] [stdout] 68 | |                 f.id, f.name, f.original_name, f.mime, f.views,
[INFO] [stdout] ...  |
[INFO] [stdout] 82 | |             &name.into()
[INFO] [stdout] 83 | |         )
[INFO] [stdout]    | |_________^
[INFO] [stdout]    |
[INFO] [stdout]    = note: this error originates in the macro `$crate::sqlx_macros::expand_query` which comes from the expansion of the macro `sqlx::query` (in Nightly builds, run with -Z macro-backtrace for more info)
[INFO] [stdout] 
[INFO] [stdout] 
[INFO] [stdout] error: error communicating with database: Cannot assign requested address (os error 99)
[INFO] [stdout]    --> src/database/models/file.rs:113:21
[INFO] [stdout]     |
[INFO] [stdout] 113 |           let files = sqlx::query!(
[INFO] [stdout]     |  _____________________^
[INFO] [stdout] 114 | |             "
[INFO] [stdout] 115 | |             SELECT 
[INFO] [stdout] 116 | |                 f.id, f.name, f.original_name, f.mime, f.views,
[INFO] [stdout] ...   |
[INFO] [stdout] 123 | |             &user_id.0
[INFO] [stdout] 124 | |         )
[INFO] [stdout]     | |_________^
[INFO] [stdout]     |
[INFO] [stdout]     = note: this error originates in the macro `$crate::sqlx_macros::expand_query` which comes from the expansion of the macro `sqlx::query` (in Nightly builds, run with -Z macro-backtrace for more info)
[INFO] [stdout] 
[INFO] [stdout] 
[INFO] [stdout] error: error communicating with database: Cannot assign requested address (os error 99)
[INFO] [stdout]   --> src/database/models/file.rs:37:19
[INFO] [stdout]    |
[INFO] [stdout] 37 |           let ret = sqlx::query!(
[INFO] [stdout]    |  ___________________^
[INFO] [stdout] 38 | |             "
[INFO] [stdout] 39 | |             INSERT INTO files (
[INFO] [stdout] 40 | |                 name, original_name, mime, max_views, user_id
[INFO] [stdout] ...  |
[INFO] [stdout] 52 | |             file.user_id.0
[INFO] [stdout] 53 | |         )
[INFO] [stdout]    | |_________^
[INFO] [stdout]    |
[INFO] [stdout]    = note: this error originates in the macro `$crate::sqlx_macros::expand_query` which comes from the expansion of the macro `sqlx::query` (in Nightly builds, run with -Z macro-backtrace for more info)
[INFO] [stdout] 
[INFO] [stdout] 
[INFO] [stdout] error: error communicating with database: Cannot assign requested address (os error 99)
[INFO] [stdout]    --> src/database/models/file.rs:149:9
[INFO] [stdout]     |
[INFO] [stdout] 149 | /         sqlx::query!(
[INFO] [stdout] 150 | |             "
[INFO] [stdout] 151 | |             UPDATE files
[INFO] [stdout] 152 | |             SET
[INFO] [stdout] ...   |
[INFO] [stdout] 157 | |             &file_id.0
[INFO] [stdout] 158 | |         )
[INFO] [stdout]     | |_________^
[INFO] [stdout]     |
[INFO] [stdout]     = note: this error originates in the macro `$crate::sqlx_macros::expand_query` which comes from the expansion of the macro `sqlx::query` (in Nightly builds, run with -Z macro-backtrace for more info)
[INFO] [stdout] 
[INFO] [stdout] 
[INFO] [stdout] error: error communicating with database: Cannot assign requested address (os error 99)
[INFO] [stdout]    --> src/database/models/file.rs:173:9
[INFO] [stdout]     |
[INFO] [stdout] 173 | /         sqlx::query!(
[INFO] [stdout] 174 | |             "
[INFO] [stdout] 175 | |             UPDATE files
[INFO] [stdout] 176 | |             SET
[INFO] [stdout] ...   |
[INFO] [stdout] 182 | |             &file_id.0,
[INFO] [stdout] 183 | |         )
[INFO] [stdout]     | |_________^
[INFO] [stdout]     |
[INFO] [stdout]     = note: this error originates in the macro `$crate::sqlx_macros::expand_query` which comes from the expansion of the macro `sqlx::query` (in Nightly builds, run with -Z macro-backtrace for more info)
[INFO] [stdout] 
[INFO] [stdout] 
[INFO] [stdout] error: error communicating with database: Cannot assign requested address (os error 99)
[INFO] [stdout]   --> src/database/models/file.rs:65:22
[INFO] [stdout]    |
[INFO] [stdout] 65 |           let result = sqlx::query!(
[INFO] [stdout]    |  ______________________^
[INFO] [stdout] 66 | |             "
[INFO] [stdout] 67 | |             SELECT 
[INFO] [stdout] 68 | |                 f.id, f.name, f.original_name, f.mime, f.views,
[INFO] [stdout] ...  |
[INFO] [stdout] 82 | |             &name.into()
[INFO] [stdout] 83 | |         )
[INFO] [stdout]    | |_________^
[INFO] [stdout]    |
[INFO] [stdout]    = note: this error originates in the macro `$crate::sqlx_macros::expand_query` which comes from the expansion of the macro `sqlx::query` (in Nightly builds, run with -Z macro-backtrace for more info)
[INFO] [stdout] 
[INFO] [stdout] 
[INFO] [stdout] error: error communicating with database: Cannot assign requested address (os error 99)
[INFO] [stdout]    --> src/database/models/file.rs:194:19
[INFO] [stdout]     |
[INFO] [stdout] 194 |           let ret = sqlx::query!(
[INFO] [stdout]     |  ___________________^
[INFO] [stdout] 195 | |             "
[INFO] [stdout] 196 | |             SELECT 
[INFO] [stdout] 197 | |                 COUNT(*)
[INFO] [stdout] ...   |
[INFO] [stdout] 204 | |               // "
[INFO] [stdout] 205 | |         )
[INFO] [stdout]     | |_________^
[INFO] [stdout]     |
[INFO] [stdout]     = note: this error originates in the macro `$crate::sqlx_macros::expand_query` which comes from the expansion of the macro `sqlx::query` (in Nightly builds, run with -Z macro-backtrace for more info)
[INFO] [stdout] 
[INFO] [stdout] 
[INFO] [stdout] error: error communicating with database: Cannot assign requested address (os error 99)
[INFO] [stdout]    --> src/database/models/file.rs:113:21
[INFO] [stdout]     |
[INFO] [stdout] 113 |           let files = sqlx::query!(
[INFO] [stdout]     |  _____________________^
[INFO] [stdout] 114 | |             "
[INFO] [stdout] 115 | |             SELECT 
[INFO] [stdout] 116 | |                 f.id, f.name, f.original_name, f.mime, f.views,
[INFO] [stdout] ...   |
[INFO] [stdout] 123 | |             &user_id.0
[INFO] [stdout] 124 | |         )
[INFO] [stdout]     | |_________^
[INFO] [stdout]     |
[INFO] [stdout]     = note: this error originates in the macro `$crate::sqlx_macros::expand_query` which comes from the expansion of the macro `sqlx::query` (in Nightly builds, run with -Z macro-backtrace for more info)
[INFO] [stdout] 
[INFO] [stdout] 
[INFO] [stdout] error: error communicating with database: Cannot assign requested address (os error 99)
[INFO] [stdout]    --> src/database/models/file.rs:230:21
[INFO] [stdout]     |
[INFO] [stdout] 230 |           let files = sqlx::query!(
[INFO] [stdout]     |  _____________________^
[INFO] [stdout] 231 | |             "
[INFO] [stdout] 232 | |             SELECT 
[INFO] [stdout] 233 | |                 f.id, f.name, f.original_name, f.mime, f.views,
[INFO] [stdout] ...   |
[INFO] [stdout] 240 | |             &file_ids_parsed
[INFO] [stdout] 241 | |         )
[INFO] [stdout]     | |_________^
[INFO] [stdout]     |
[INFO] [stdout]     = note: this error originates in the macro `$crate::sqlx_macros::expand_query` which comes from the expansion of the macro `sqlx::query` (in Nightly builds, run with -Z macro-backtrace for more info)
[INFO] [stdout] 
[INFO] [stdout] 
[INFO] [stdout] error: error communicating with database: Cannot assign requested address (os error 99)
[INFO] [stdout]    --> src/database/models/file.rs:149:9
[INFO] [stdout]     |
[INFO] [stdout] 149 | /         sqlx::query!(
[INFO] [stdout] 150 | |             "
[INFO] [stdout] 151 | |             UPDATE files
[INFO] [stdout] 152 | |             SET
[INFO] [stdout] ...   |
[INFO] [stdout] 157 | |             &file_id.0
[INFO] [stdout] 158 | |         )
[INFO] [stdout]     | |_________^
[INFO] [stdout]     |
[INFO] [stdout]     = note: this error originates in the macro `$crate::sqlx_macros::expand_query` which comes from the expansion of the macro `sqlx::query` (in Nightly builds, run with -Z macro-backtrace for more info)
[INFO] [stdout] 
[INFO] [stdout] 
[INFO] [stdout] error: error communicating with database: Cannot assign requested address (os error 99)
[INFO] [stdout]    --> src/database/models/file.rs:173:9
[INFO] [stdout]     |
[INFO] [stdout] 173 | /         sqlx::query!(
[INFO] [stdout] 174 | |             "
[INFO] [stdout] 175 | |             UPDATE files
[INFO] [stdout] 176 | |             SET
[INFO] [stdout] ...   |
[INFO] [stdout] 182 | |             &file_id.0,
[INFO] [stdout] 183 | |         )
[INFO] [stdout]     | |_________^
[INFO] [stdout]     |
[INFO] [stdout]     = note: this error originates in the macro `$crate::sqlx_macros::expand_query` which comes from the expansion of the macro `sqlx::query` (in Nightly builds, run with -Z macro-backtrace for more info)
[INFO] [stdout] 
[INFO] [stdout] 
[INFO] [stdout] error: error communicating with database: Cannot assign requested address (os error 99)
[INFO] [stdout]    --> src/database/models/file.rs:194:19
[INFO] [stdout]     |
[INFO] [stdout] 194 |           let ret = sqlx::query!(
[INFO] [stdout]     |  ___________________^
[INFO] [stdout] 195 | |             "
[INFO] [stdout] 196 | |             SELECT 
[INFO] [stdout] 197 | |                 COUNT(*)
[INFO] [stdout] ...   |
[INFO] [stdout] 204 | |               // "
[INFO] [stdout] 205 | |         )
[INFO] [stdout]     | |_________^
[INFO] [stdout]     |
[INFO] [stdout]     = note: this error originates in the macro `$crate::sqlx_macros::expand_query` which comes from the expansion of the macro `sqlx::query` (in Nightly builds, run with -Z macro-backtrace for more info)
[INFO] [stdout] 
[INFO] [stdout] 
[INFO] [stdout] error: error communicating with database: Cannot assign requested address (os error 99)
[INFO] [stdout]    --> src/database/models/file.rs:230:21
[INFO] [stdout]     |
[INFO] [stdout] 230 |           let files = sqlx::query!(
[INFO] [stdout]     |  _____________________^
[INFO] [stdout] 231 | |             "
[INFO] [stdout] 232 | |             SELECT 
[INFO] [stdout] 233 | |                 f.id, f.name, f.original_name, f.mime, f.views,
[INFO] [stdout] ...   |
[INFO] [stdout] 240 | |             &file_ids_parsed
[INFO] [stdout] 241 | |         )
[INFO] [stdout]     | |_________^
[INFO] [stdout]     |
[INFO] [stdout]     = note: this error originates in the macro `$crate::sqlx_macros::expand_query` which comes from the expansion of the macro `sqlx::query` (in Nightly builds, run with -Z macro-backtrace for more info)
[INFO] [stdout] 
[INFO] [stdout] 
[INFO] [stdout] error: error communicating with database: Cannot assign requested address (os error 99)
[INFO] [stdout]   --> src/database/models/token.rs:29:19
[INFO] [stdout]    |
[INFO] [stdout] 29 |           let ret = sqlx::query!(
[INFO] [stdout]    |  ___________________^
[INFO] [stdout] 30 | |             "
[INFO] [stdout] 31 | |             INSERT INTO token (
[INFO] [stdout] 32 | |                 user_id, expires
[INFO] [stdout] ...  |
[INFO] [stdout] 41 | |             token.expires
[INFO] [stdout] 42 | |         )
[INFO] [stdout]    | |_________^
[INFO] [stdout]    |
[INFO] [stdout]    = note: this error originates in the macro `$crate::sqlx_macros::expand_query` which comes from the expansion of the macro `sqlx::query` (in Nightly builds, run with -Z macro-backtrace for more info)
[INFO] [stdout] 
[INFO] [stdout] 
[INFO] [stdout] error: error communicating with database: Cannot assign requested address (os error 99)
[INFO] [stdout]   --> src/database/models/token.rs:56:22
[INFO] [stdout]    |
[INFO] [stdout] 56 |           let result = sqlx::query!(
[INFO] [stdout]    |  ______________________^
[INFO] [stdout] 57 | |             "
[INFO] [stdout] 58 | |             SELECT 
[INFO] [stdout] 59 | |                 t.id, t.user_id, t.expires, t.created_at
[INFO] [stdout] ...  |
[INFO] [stdout] 67 | |             &token_id.0
[INFO] [stdout] 68 | |         )
[INFO] [stdout]    | |_________^
[INFO] [stdout]    |
[INFO] [stdout]    = note: this error originates in the macro `$crate::sqlx_macros::expand_query` which comes from the expansion of the macro `sqlx::query` (in Nightly builds, run with -Z macro-backtrace for more info)
[INFO] [stdout] 
[INFO] [stdout] 
[INFO] [stdout] error: error communicating with database: Cannot assign requested address (os error 99)
[INFO] [stdout]   --> src/database/models/token.rs:29:19
[INFO] [stdout]    |
[INFO] [stdout] 29 |           let ret = sqlx::query!(
[INFO] [stdout]    |  ___________________^
[INFO] [stdout] 30 | |             "
[INFO] [stdout] 31 | |             INSERT INTO token (
[INFO] [stdout] 32 | |                 user_id, expires
[INFO] [stdout] ...  |
[INFO] [stdout] 41 | |             token.expires
[INFO] [stdout] 42 | |         )
[INFO] [stdout]    | |_________^
[INFO] [stdout]    |
[INFO] [stdout]    = note: this error originates in the macro `$crate::sqlx_macros::expand_query` which comes from the expansion of the macro `sqlx::query` (in Nightly builds, run with -Z macro-backtrace for more info)
[INFO] [stdout] 
[INFO] [stdout] 
[INFO] [stdout] error: error communicating with database: Cannot assign requested address (os error 99)
[INFO] [stdout]    --> src/database/models/token.rs:93:22
[INFO] [stdout]     |
[INFO] [stdout] 93  |           let tokens = sqlx::query!(
[INFO] [stdout]     |  ______________________^
[INFO] [stdout] 94  | |             "
[INFO] [stdout] 95  | |             SELECT 
[INFO] [stdout] 96  | |                 t.id, t.user_id, t.expires, t.created_at
[INFO] [stdout] ...   |
[INFO] [stdout] 102 | |             &user_id.0
[INFO] [stdout] 103 | |         )
[INFO] [stdout]     | |_________^
[INFO] [stdout]     |
[INFO] [stdout]     = note: this error originates in the macro `$crate::sqlx_macros::expand_query` which comes from the expansion of the macro `sqlx::query` (in Nightly builds, run with -Z macro-backtrace for more info)
[INFO] [stdout] 
[INFO] [stdout] 
[INFO] [stdout] error: error communicating with database: Cannot assign requested address (os error 99)
[INFO] [stdout]   --> src/database/models/token.rs:56:22
[INFO] [stdout]    |
[INFO] [stdout] 56 |           let result = sqlx::query!(
[INFO] [stdout]    |  ______________________^
[INFO] [stdout] 57 | |             "
[INFO] [stdout] 58 | |             SELECT 
[INFO] [stdout] 59 | |                 t.id, t.user_id, t.expires, t.created_at
[INFO] [stdout] ...  |
[INFO] [stdout] 67 | |             &token_id.0
[INFO] [stdout] 68 | |         )
[INFO] [stdout]    | |_________^
[INFO] [stdout]    |
[INFO] [stdout]    = note: this error originates in the macro `$crate::sqlx_macros::expand_query` which comes from the expansion of the macro `sqlx::query` (in Nightly builds, run with -Z macro-backtrace for more info)
[INFO] [stdout] 
[INFO] [stdout] 
[INFO] [stdout] error: error communicating with database: Cannot assign requested address (os error 99)
[INFO] [stdout]    --> src/database/models/token.rs:135:22
[INFO] [stdout]     |
[INFO] [stdout] 135 |           let tokens = sqlx::query!(
[INFO] [stdout]     |  ______________________^
[INFO] [stdout] 136 | |             "
[INFO] [stdout] 137 | |             SELECT 
[INFO] [stdout] 138 | |                 t.id, t.user_id, t.expires, t.created_at
[INFO] [stdout] ...   |
[INFO] [stdout] 144 | |             &token_ids_parsed
[INFO] [stdout] 145 | |         )
[INFO] [stdout]     | |_________^
[INFO] [stdout]     |
[INFO] [stdout]     = note: this error originates in the macro `$crate::sqlx_macros::expand_query` which comes from the expansion of the macro `sqlx::query` (in Nightly builds, run with -Z macro-backtrace for more info)
[INFO] [stdout] 
[INFO] [stdout] 
[INFO] [stdout] error: error communicating with database: Cannot assign requested address (os error 99)
[INFO] [stdout]    --> src/database/models/token.rs:93:22
[INFO] [stdout]     |
[INFO] [stdout] 93  |           let tokens = sqlx::query!(
[INFO] [stdout]     |  ______________________^
[INFO] [stdout] 94  | |             "
[INFO] [stdout] 95  | |             SELECT 
[INFO] [stdout] 96  | |                 t.id, t.user_id, t.expires, t.created_at
[INFO] [stdout] ...   |
[INFO] [stdout] 102 | |             &user_id.0
[INFO] [stdout] 103 | |         )
[INFO] [stdout]     | |_________^
[INFO] [stdout]     |
[INFO] [stdout]     = note: this error originates in the macro `$crate::sqlx_macros::expand_query` which comes from the expansion of the macro `sqlx::query` (in Nightly builds, run with -Z macro-backtrace for more info)
[INFO] [stdout] 
[INFO] [stdout] 
[INFO] [stdout] error: error communicating with database: Cannot assign requested address (os error 99)
[INFO] [stdout]    --> src/database/models/token.rs:135:22
[INFO] [stdout]     |
[INFO] [stdout] 135 |           let tokens = sqlx::query!(
[INFO] [stdout]     |  ______________________^
[INFO] [stdout] 136 | |             "
[INFO] [stdout] 137 | |             SELECT 
[INFO] [stdout] 138 | |                 t.id, t.user_id, t.expires, t.created_at
[INFO] [stdout] ...   |
[INFO] [stdout] 144 | |             &token_ids_parsed
[INFO] [stdout] 145 | |         )
[INFO] [stdout]     | |_________^
[INFO] [stdout]     |
[INFO] [stdout]     = note: this error originates in the macro `$crate::sqlx_macros::expand_query` which comes from the expansion of the macro `sqlx::query` (in Nightly builds, run with -Z macro-backtrace for more info)
[INFO] [stdout] 
[INFO] [stdout] 
[INFO] [stdout] error: error communicating with database: Cannot assign requested address (os error 99)
[INFO] [stdout]   --> src/database/models/url.rs:34:19
[INFO] [stdout]    |
[INFO] [stdout] 34 |           let ret = sqlx::query!(
[INFO] [stdout]    |  ___________________^
[INFO] [stdout] 35 | |             "
[INFO] [stdout] 36 | |             INSERT INTO url (
[INFO] [stdout] 37 | |                 name, destination, max_views, user_id
[INFO] [stdout] ...  |
[INFO] [stdout] 48 | |             url.user_id.0
[INFO] [stdout] 49 | |         )
[INFO] [stdout]    | |_________^
[INFO] [stdout]    |
[INFO] [stdout]    = note: this error originates in the macro `$crate::sqlx_macros::expand_query` which comes from the expansion of the macro `sqlx::query` (in Nightly builds, run with -Z macro-backtrace for more info)
[INFO] [stdout] 
[INFO] [stdout] 
[INFO] [stdout] error: error communicating with database: Cannot assign requested address (os error 99)
[INFO] [stdout]   --> src/database/models/url.rs:61:22
[INFO] [stdout]    |
[INFO] [stdout] 61 |           let result = sqlx::query!(
[INFO] [stdout]    |  ______________________^
[INFO] [stdout] 62 | |             "
[INFO] [stdout] 63 | |             SELECT 
[INFO] [stdout] 64 | |                 u.id, u.name, u.destination, u.views,
[INFO] [stdout] ...  |
[INFO] [stdout] 76 | |             &name.into()
[INFO] [stdout] 77 | |         )
[INFO] [stdout]    | |_________^
[INFO] [stdout]    |
[INFO] [stdout]    = note: this error originates in the macro `$crate::sqlx_macros::expand_query` which comes from the expansion of the macro `sqlx::query` (in Nightly builds, run with -Z macro-backtrace for more info)
[INFO] [stdout] 
[INFO] [stdout] 
[INFO] [stdout] error: error communicating with database: Cannot assign requested address (os error 99)
[INFO] [stdout]    --> src/database/models/url.rs:100:9
[INFO] [stdout]     |
[INFO] [stdout] 100 | /         sqlx::query!(
[INFO] [stdout] 101 | |             "
[INFO] [stdout] 102 | |             UPDATE url
[INFO] [stdout] 103 | |             SET
[INFO] [stdout] ...   |
[INFO] [stdout] 108 | |             &url_id.0
[INFO] [stdout] 109 | |         )
[INFO] [stdout]     | |_________^
[INFO] [stdout]     |
[INFO] [stdout]     = note: this error originates in the macro `$crate::sqlx_macros::expand_query` which comes from the expansion of the macro `sqlx::query` (in Nightly builds, run with -Z macro-backtrace for more info)
[INFO] [stdout] 
[INFO] [stdout] 
[INFO] [stdout] error: error communicating with database: Cannot assign requested address (os error 99)
[INFO] [stdout]    --> src/database/models/url.rs:125:20
[INFO] [stdout]     |
[INFO] [stdout] 125 |           let urls = sqlx::query!(
[INFO] [stdout]     |  ____________________^
[INFO] [stdout] 126 | |             "
[INFO] [stdout] 127 | |             SELECT 
[INFO] [stdout] 128 | |                 u.id, u.name, u.destination, u.views,
[INFO] [stdout] ...   |
[INFO] [stdout] 135 | |             &user_id.0
[INFO] [stdout] 136 | |         )
[INFO] [stdout]     | |_________^
[INFO] [stdout]     |
[INFO] [stdout]     = note: this error originates in the macro `$crate::sqlx_macros::expand_query` which comes from the expansion of the macro `sqlx::query` (in Nightly builds, run with -Z macro-backtrace for more info)
[INFO] [stdout] 
[INFO] [stdout] 
[INFO] [stdout] error: error communicating with database: Cannot assign requested address (os error 99)
[INFO] [stdout]    --> src/database/models/url.rs:159:19
[INFO] [stdout]     |
[INFO] [stdout] 159 |           let ret = sqlx::query!(
[INFO] [stdout]     |  ___________________^
[INFO] [stdout] 160 | |             "
[INFO] [stdout] 161 | |             SELECT 
[INFO] [stdout] 162 | |                 COUNT(*) AS count
[INFO] [stdout] ...   |
[INFO] [stdout] 168 | |               // "
[INFO] [stdout] 169 | |         )
[INFO] [stdout]     | |_________^
[INFO] [stdout]     |
[INFO] [stdout]     = note: this error originates in the macro `$crate::sqlx_macros::expand_query` which comes from the expansion of the macro `sqlx::query` (in Nightly builds, run with -Z macro-backtrace for more info)
[INFO] [stdout] 
[INFO] [stdout] 
[INFO] [stdout] error: error communicating with database: Cannot assign requested address (os error 99)
[INFO] [stdout]   --> src/database/models/url.rs:34:19
[INFO] [stdout]    |
[INFO] [stdout] 34 |           let ret = sqlx::query!(
[INFO] [stdout]    |  ___________________^
[INFO] [stdout] 35 | |             "
[INFO] [stdout] 36 | |             INSERT INTO url (
[INFO] [stdout] 37 | |                 name, destination, max_views, user_id
[INFO] [stdout] ...  |
[INFO] [stdout] 48 | |             url.user_id.0
[INFO] [stdout] 49 | |         )
[INFO] [stdout]    | |_________^
[INFO] [stdout]    |
[INFO] [stdout]    = note: this error originates in the macro `$crate::sqlx_macros::expand_query` which comes from the expansion of the macro `sqlx::query` (in Nightly builds, run with -Z macro-backtrace for more info)
[INFO] [stdout] 
[INFO] [stdout] 
[INFO] [stdout] error: error communicating with database: Cannot assign requested address (os error 99)
[INFO] [stdout]    --> src/database/models/url.rs:194:20
[INFO] [stdout]     |
[INFO] [stdout] 194 |           let urls = sqlx::query!(
[INFO] [stdout]     |  ____________________^
[INFO] [stdout] 195 | |             "
[INFO] [stdout] 196 | |             SELECT 
[INFO] [stdout] 197 | |                 u.id, u.name, u.destination, u.views,
[INFO] [stdout] ...   |
[INFO] [stdout] 204 | |             &url_ids_parsed
[INFO] [stdout] 205 | |         )
[INFO] [stdout]     | |_________^
[INFO] [stdout]     |
[INFO] [stdout]     = note: this error originates in the macro `$crate::sqlx_macros::expand_query` which comes from the expansion of the macro `sqlx::query` (in Nightly builds, run with -Z macro-backtrace for more info)
[INFO] [stdout] 
[INFO] [stdout] 
[INFO] [stdout] error: error communicating with database: Cannot assign requested address (os error 99)
[INFO] [stdout]   --> src/database/models/url.rs:61:22
[INFO] [stdout]    |
[INFO] [stdout] 61 |           let result = sqlx::query!(
[INFO] [stdout]    |  ______________________^
[INFO] [stdout] 62 | |             "
[INFO] [stdout] 63 | |             SELECT 
[INFO] [stdout] 64 | |                 u.id, u.name, u.destination, u.views,
[INFO] [stdout] ...  |
[INFO] [stdout] 76 | |             &name.into()
[INFO] [stdout] 77 | |         )
[INFO] [stdout]    | |_________^
[INFO] [stdout]    |
[INFO] [stdout]    = note: this error originates in the macro `$crate::sqlx_macros::expand_query` which comes from the expansion of the macro `sqlx::query` (in Nightly builds, run with -Z macro-backtrace for more info)
[INFO] [stdout] 
[INFO] [stdout] 
[INFO] [stdout] error: error communicating with database: Cannot assign requested address (os error 99)
[INFO] [stdout]    --> src/database/models/url.rs:100:9
[INFO] [stdout]     |
[INFO] [stdout] 100 | /         sqlx::query!(
[INFO] [stdout] 101 | |             "
[INFO] [stdout] 102 | |             UPDATE url
[INFO] [stdout] 103 | |             SET
[INFO] [stdout] ...   |
[INFO] [stdout] 108 | |             &url_id.0
[INFO] [stdout] 109 | |         )
[INFO] [stdout]     | |_________^
[INFO] [stdout]     |
[INFO] [stdout]     = note: this error originates in the macro `$crate::sqlx_macros::expand_query` which comes from the expansion of the macro `sqlx::query` (in Nightly builds, run with -Z macro-backtrace for more info)
[INFO] [stdout] 
[INFO] [stdout] 
[INFO] [stdout] error: error communicating with database: Cannot assign requested address (os error 99)
[INFO] [stdout]    --> src/database/models/url.rs:125:20
[INFO] [stdout]     |
[INFO] [stdout] 125 |           let urls = sqlx::query!(
[INFO] [stdout]     |  ____________________^
[INFO] [stdout] 126 | |             "
[INFO] [stdout] 127 | |             SELECT 
[INFO] [stdout] 128 | |                 u.id, u.name, u.destination, u.views,
[INFO] [stdout] ...   |
[INFO] [stdout] 135 | |             &user_id.0
[INFO] [stdout] 136 | |         )
[INFO] [stdout]     | |_________^
[INFO] [stdout]     |
[INFO] [stdout]     = note: this error originates in the macro `$crate::sqlx_macros::expand_query` which comes from the expansion of the macro `sqlx::query` (in Nightly builds, run with -Z macro-backtrace for more info)
[INFO] [stdout] 
[INFO] [stdout] 
[INFO] [stdout] error: error communicating with database: Cannot assign requested address (os error 99)
[INFO] [stdout]    --> src/database/models/url.rs:159:19
[INFO] [stdout]     |
[INFO] [stdout] 159 |           let ret = sqlx::query!(
[INFO] [stdout]     |  ___________________^
[INFO] [stdout] 160 | |             "
[INFO] [stdout] 161 | |             SELECT 
[INFO] [stdout] 162 | |                 COUNT(*) AS count
[INFO] [stdout] ...   |
[INFO] [stdout] 168 | |               // "
[INFO] [stdout] 169 | |         )
[INFO] [stdout]     | |_________^
[INFO] [stdout]     |
[INFO] [stdout]     = note: this error originates in the macro `$crate::sqlx_macros::expand_query` which comes from the expansion of the macro `sqlx::query` (in Nightly builds, run with -Z macro-backtrace for more info)
[INFO] [stdout] 
[INFO] [stdout] 
[INFO] [stdout] error: error communicating with database: Cannot assign requested address (os error 99)
[INFO] [stdout]    --> src/database/models/url.rs:194:20
[INFO] [stdout]     |
[INFO] [stdout] 194 |           let urls = sqlx::query!(
[INFO] [stdout]     |  ____________________^
[INFO] [stdout] 195 | |             "
[INFO] [stdout] 196 | |             SELECT 
[INFO] [stdout] 197 | |                 u.id, u.name, u.destination, u.views,
[INFO] [stdout] ...   |
[INFO] [stdout] 204 | |             &url_ids_parsed
[INFO] [stdout] 205 | |         )
[INFO] [stdout]     | |_________^
[INFO] [stdout]     |
[INFO] [stdout]     = note: this error originates in the macro `$crate::sqlx_macros::expand_query` which comes from the expansion of the macro `sqlx::query` (in Nightly builds, run with -Z macro-backtrace for more info)
[INFO] [stdout] 
[INFO] [stdout] 
[INFO] [stdout] error: error communicating with database: Cannot assign requested address (os error 99)
[INFO] [stdout]   --> src/database/models/user.rs:33:19
[INFO] [stdout]    |
[INFO] [stdout] 33 |           let ret = sqlx::query!(
[INFO] [stdout]    |  ___________________^
[INFO] [stdout] 34 | |             "
[INFO] [stdout] 35 | |             INSERT INTO users (
[INFO] [stdout] 36 | |                 username, password
[INFO] [stdout] ...  |
[INFO] [stdout] 45 | |             password_hash
[INFO] [stdout] 46 | |         )
[INFO] [stdout]    | |_________^
[INFO] [stdout]    |
[INFO] [stdout]    = note: this error originates in the macro `$crate::sqlx_macros::expand_query` which comes from the expansion of the macro `sqlx::query` (in Nightly builds, run with -Z macro-backtrace for more info)
[INFO] [stdout] 
[INFO] [stdout] 
[INFO] [stdout] error: error communicating with database: Cannot assign requested address (os error 99)
[INFO] [stdout]   --> src/database/models/user.rs:60:22
[INFO] [stdout]    |
[INFO] [stdout] 60 |           let result = sqlx::query!(
[INFO] [stdout]    |  ______________________^
[INFO] [stdout] 61 | |             "
[INFO] [stdout] 62 | |             SELECT 
[INFO] [stdout] 63 | |                 u.id, u.username, u.password,
[INFO] [stdout] ...  |
[INFO] [stdout] 70 | |             &username
[INFO] [stdout] 71 | |         )
[INFO] [stdout]    | |_________^
[INFO] [stdout]    |
[INFO] [stdout]    = note: this error originates in the macro `$crate::sqlx_macros::expand_query` which comes from the expansion of the macro `sqlx::query` (in Nightly builds, run with -Z macro-backtrace for more info)
[INFO] [stdout] 
[INFO] [stdout] 
[INFO] [stdout] error: error communicating with database: Cannot assign requested address (os error 99)
[INFO] [stdout]    --> src/database/models/user.rs:105:21
[INFO] [stdout]     |
[INFO] [stdout] 105 |           let users = sqlx::query!(
[INFO] [stdout]     |  _____________________^
[INFO] [stdout] 106 | |             "
[INFO] [stdout] 107 | |             SELECT 
[INFO] [stdout] 108 | |                 u.id, u.username, u.password,
[INFO] [stdout] ...   |
[INFO] [stdout] 115 | |             &user_ids_parsed
[INFO] [stdout] 116 | |         )
[INFO] [stdout]     | |_________^
[INFO] [stdout]     |
[INFO] [stdout]     = note: this error originates in the macro `$crate::sqlx_macros::expand_query` which comes from the expansion of the macro `sqlx::query` (in Nightly builds, run with -Z macro-backtrace for more info)
[INFO] [stdout] 
[INFO] [stdout] 
[INFO] [stdout] error: error communicating with database: Cannot assign requested address (os error 99)
[INFO] [stdout]   --> src/database/models/user.rs:33:19
[INFO] [stdout]    |
[INFO] [stdout] 33 |           let ret = sqlx::query!(
[INFO] [stdout]    |  ___________________^
[INFO] [stdout] 34 | |             "
[INFO] [stdout] 35 | |             INSERT INTO users (
[INFO] [stdout] 36 | |                 username, password
[INFO] [stdout] ...  |
[INFO] [stdout] 45 | |             password_hash
[INFO] [stdout] 46 | |         )
[INFO] [stdout]    | |_________^
[INFO] [stdout]    |
[INFO] [stdout]    = note: this error originates in the macro `$crate::sqlx_macros::expand_query` which comes from the expansion of the macro `sqlx::query` (in Nightly builds, run with -Z macro-backtrace for more info)
[INFO] [stdout] 
[INFO] [stdout] 
[INFO] [stdout] error: error communicating with database: Cannot assign requested address (os error 99)
[INFO] [stdout]   --> src/database/models/user.rs:60:22
[INFO] [stdout]    |
[INFO] [stdout] 60 |           let result = sqlx::query!(
[INFO] [stdout]    |  ______________________^
[INFO] [stdout] 61 | |             "
[INFO] [stdout] 62 | |             SELECT 
[INFO] [stdout] 63 | |                 u.id, u.username, u.password,
[INFO] [stdout] ...  |
[INFO] [stdout] 70 | |             &username
[INFO] [stdout] 71 | |         )
[INFO] [stdout]    | |_________^
[INFO] [stdout]    |
[INFO] [stdout]    = note: this error originates in the macro `$crate::sqlx_macros::expand_query` which comes from the expansion of the macro `sqlx::query` (in Nightly builds, run with -Z macro-backtrace for more info)
[INFO] [stdout] 
[INFO] [stdout] 
[INFO] [stdout] error: error communicating with database: Cannot assign requested address (os error 99)
[INFO] [stdout]    --> src/database/models/user.rs:105:21
[INFO] [stdout]     |
[INFO] [stdout] 105 |           let users = sqlx::query!(
[INFO] [stdout]     |  _____________________^
[INFO] [stdout] 106 | |             "
[INFO] [stdout] 107 | |             SELECT 
[INFO] [stdout] 108 | |                 u.id, u.username, u.password,
[INFO] [stdout] ...   |
[INFO] [stdout] 115 | |             &user_ids_parsed
[INFO] [stdout] 116 | |         )
[INFO] [stdout]     | |_________^
[INFO] [stdout]     |
[INFO] [stdout]     = note: this error originates in the macro `$crate::sqlx_macros::expand_query` which comes from the expansion of the macro `sqlx::query` (in Nightly builds, run with -Z macro-backtrace for more info)
[INFO] [stdout] 
[INFO] [stdout] 
[INFO] [stdout] warning: unused import: `user::User`
[INFO] [stdout]   --> src/database/models/mod.rs:13:9
[INFO] [stdout]    |
[INFO] [stdout] 13 | pub use user::User;
[INFO] [stdout]    |         ^^^^^^^^^^
[INFO] [stdout]    |
[INFO] [stdout]    = note: `#[warn(unused_imports)]` on by default
[INFO] [stdout] 
[INFO] [stdout] 
[INFO] [stdout] warning: unused import: `user::User`
[INFO] [stdout]   --> src/database/models/mod.rs:13:9
[INFO] [stdout]    |
[INFO] [stdout] 13 | pub use user::User;
[INFO] [stdout]    |         ^^^^^^^^^^
[INFO] [stdout]    |
[INFO] [stdout]    = note: `#[warn(unused_imports)]` on by default
[INFO] [stdout] 
[INFO] [stdout] 
[INFO] [stdout] warning: unused import: `futures::stream::TryStreamExt`
[INFO] [stdout]    --> src/database/models/file.rs:111:13
[INFO] [stdout]     |
[INFO] [stdout] 111 |         use futures::stream::TryStreamExt;
[INFO] [stdout]     |             ^^^^^^^^^^^^^^^^^^^^^^^^^^^^^
[INFO] [stdout] 
[INFO] [stdout] 
[INFO] [stdout] warning: unused import: `futures::stream::TryStreamExt`
[INFO] [stdout]    --> src/database/models/file.rs:227:13
[INFO] [stdout]     |
[INFO] [stdout] 227 |         use futures::stream::TryStreamExt;
[INFO] [stdout]     |             ^^^^^^^^^^^^^^^^^^^^^^^^^^^^^
[INFO] [stdout] 
[INFO] [stdout] 
[INFO] [stdout] warning: unused import: `futures::stream::TryStreamExt`
[INFO] [stdout]   --> src/database/models/token.rs:91:13
[INFO] [stdout]    |
[INFO] [stdout] 91 |         use futures::stream::TryStreamExt;
[INFO] [stdout]    |             ^^^^^^^^^^^^^^^^^^^^^^^^^^^^^
[INFO] [stdout] 
[INFO] [stdout] 
[INFO] [stdout] warning: unused import: `futures::stream::TryStreamExt`
[INFO] [stdout]    --> src/database/models/token.rs:132:13
[INFO] [stdout]     |
[INFO] [stdout] 132 |         use futures::stream::TryStreamExt;
[INFO] [stdout]     |             ^^^^^^^^^^^^^^^^^^^^^^^^^^^^^
[INFO] [stdout] 
[INFO] [stdout] 
[INFO] [stdout] warning: unused import: `futures::stream::TryStreamExt`
[INFO] [stdout]    --> src/database/models/url.rs:123:13
[INFO] [stdout]     |
[INFO] [stdout] 123 |         use futures::stream::TryStreamExt;
[INFO] [stdout]     |             ^^^^^^^^^^^^^^^^^^^^^^^^^^^^^
[INFO] [stdout] 
[INFO] [stdout] 
[INFO] [stdout] warning: unused import: `futures::stream::TryStreamExt`
[INFO] [stdout]    --> src/database/models/url.rs:191:13
[INFO] [stdout]     |
[INFO] [stdout] 191 |         use futures::stream::TryStreamExt;
[INFO] [stdout]     |             ^^^^^^^^^^^^^^^^^^^^^^^^^^^^^
[INFO] [stdout] 
[INFO] [stdout] 
[INFO] [stdout] warning: unused import: `futures::stream::TryStreamExt`
[INFO] [stdout]    --> src/database/models/user.rs:102:13
[INFO] [stdout]     |
[INFO] [stdout] 102 |         use futures::stream::TryStreamExt;
[INFO] [stdout]     |             ^^^^^^^^^^^^^^^^^^^^^^^^^^^^^
[INFO] [stdout] 
[INFO] [stdout] 
[INFO] [stdout] error: aborting due to 20 previous errors; 8 warnings emitted
[INFO] [stdout] 
[INFO] [stdout] 
[INFO] [stderr] error: could not compile `sharers` (bin "app") due to 21 previous errors; 8 warnings emitted
[INFO] [stderr] warning: build failed, waiting for other jobs to finish...
[INFO] [stdout] warning: unused import: `futures::stream::TryStreamExt`
[INFO] [stdout]    --> src/database/models/file.rs:111:13
[INFO] [stdout]     |
[INFO] [stdout] 111 |         use futures::stream::TryStreamExt;
[INFO] [stdout]     |             ^^^^^^^^^^^^^^^^^^^^^^^^^^^^^
[INFO] [stdout] 
[INFO] [stdout] 
[INFO] [stdout] warning: unused import: `futures::stream::TryStreamExt`
[INFO] [stdout]    --> src/database/models/file.rs:227:13
[INFO] [stdout]     |
[INFO] [stdout] 227 |         use futures::stream::TryStreamExt;
[INFO] [stdout]     |             ^^^^^^^^^^^^^^^^^^^^^^^^^^^^^
[INFO] [stdout] 
[INFO] [stdout] 
[INFO] [stdout] warning: unused import: `futures::stream::TryStreamExt`
[INFO] [stdout]   --> src/database/models/token.rs:91:13
[INFO] [stdout]    |
[INFO] [stdout] 91 |         use futures::stream::TryStreamExt;
[INFO] [stdout]    |             ^^^^^^^^^^^^^^^^^^^^^^^^^^^^^
[INFO] [stdout] 
[INFO] [stdout] 
[INFO] [stdout] warning: unused import: `futures::stream::TryStreamExt`
[INFO] [stdout]    --> src/database/models/token.rs:132:13
[INFO] [stdout]     |
[INFO] [stdout] 132 |         use futures::stream::TryStreamExt;
[INFO] [stdout]     |             ^^^^^^^^^^^^^^^^^^^^^^^^^^^^^
[INFO] [stdout] 
[INFO] [stdout] 
[INFO] [stdout] warning: unused import: `futures::stream::TryStreamExt`
[INFO] [stdout]    --> src/database/models/url.rs:123:13
[INFO] [stdout]     |
[INFO] [stdout] 123 |         use futures::stream::TryStreamExt;
[INFO] [stdout]     |             ^^^^^^^^^^^^^^^^^^^^^^^^^^^^^
[INFO] [stdout] 
[INFO] [stdout] 
[INFO] [stdout] warning: unused import: `futures::stream::TryStreamExt`
[INFO] [stdout]    --> src/database/models/url.rs:191:13
[INFO] [stdout]     |
[INFO] [stdout] 191 |         use futures::stream::TryStreamExt;
[INFO] [stdout]     |             ^^^^^^^^^^^^^^^^^^^^^^^^^^^^^
[INFO] [stdout] 
[INFO] [stdout] 
[INFO] [stdout] warning: unused import: `futures::stream::TryStreamExt`
[INFO] [stdout]    --> src/database/models/user.rs:102:13
[INFO] [stdout]     |
[INFO] [stdout] 102 |         use futures::stream::TryStreamExt;
[INFO] [stdout]     |             ^^^^^^^^^^^^^^^^^^^^^^^^^^^^^
[INFO] [stdout] 
[INFO] [stdout] 
[INFO] [stdout] error: aborting due to 20 previous errors; 8 warnings emitted
[INFO] [stdout] 
[INFO] [stdout] 
[INFO] [stderr] error: could not compile `sharers` (bin "app" test) due to 21 previous errors; 8 warnings emitted
[INFO] running `Command { std: "docker" "inspect" "8f51e1d13336796a3cc1fe03ef5e38cc65b3bd1b6d160532155c4e494ccedf9e", kill_on_drop: false }`
[INFO] running `Command { std: "docker" "rm" "-f" "8f51e1d13336796a3cc1fe03ef5e38cc65b3bd1b6d160532155c4e494ccedf9e", kill_on_drop: false }`
[INFO] [stdout] 8f51e1d13336796a3cc1fe03ef5e38cc65b3bd1b6d160532155c4e494ccedf9e
