[INFO] cloning repository https://github.com/Kixunil/debcrafter
[INFO] running `Command { std: "git" "-c" "credential.helper=" "-c" "credential.helper=/workspace/cargo-home/bin/git-credential-null" "clone" "--bare" "https://github.com/Kixunil/debcrafter" "/workspace/cache/git-repos/https%3A%2F%2Fgithub.com%2FKixunil%2Fdebcrafter", kill_on_drop: false }`
[INFO] [stderr] Cloning into bare repository '/workspace/cache/git-repos/https%3A%2F%2Fgithub.com%2FKixunil%2Fdebcrafter'...
[INFO] running `Command { std: "git" "rev-parse" "HEAD", kill_on_drop: false }`
[INFO] [stdout] 2711b5348f78df37940e4ad6da289d583675b40b
[INFO] checking Kixunil/debcrafter against nightly-2024-02-05 for check-cfg
[INFO] running `Command { std: "git" "clone" "/workspace/cache/git-repos/https%3A%2F%2Fgithub.com%2FKixunil%2Fdebcrafter" "/workspace/builds/worker-5-tc1/source", kill_on_drop: false }`
[INFO] [stderr] Cloning into '/workspace/builds/worker-5-tc1/source'...
[INFO] [stderr] done.
[INFO] validating manifest of git repo https://github.com/Kixunil/debcrafter on toolchain nightly-2024-02-05
[INFO] running `Command { std: CARGO_HOME="/workspace/cargo-home" RUSTUP_HOME="/workspace/rustup-home" "/workspace/cargo-home/bin/cargo" "+nightly-2024-02-05" "metadata" "--manifest-path" "Cargo.toml" "--no-deps", kill_on_drop: false }`
[INFO] started tweaking git repo https://github.com/Kixunil/debcrafter
[INFO] finished tweaking git repo https://github.com/Kixunil/debcrafter
[INFO] tweaked toml for git repo https://github.com/Kixunil/debcrafter written to /workspace/builds/worker-5-tc1/source/Cargo.toml
[INFO] crate git repo https://github.com/Kixunil/debcrafter already has a lockfile, it will not be regenerated
[INFO] running `Command { std: CARGO_HOME="/workspace/cargo-home" RUSTUP_HOME="/workspace/rustup-home" "/workspace/cargo-home/bin/cargo" "+nightly-2024-02-05" "fetch" "--manifest-path" "Cargo.toml", kill_on_drop: false }`
[INFO] [stderr]     Blocking waiting for file lock on package cache
[ERROR] error running command: no output for 300 seconds
[ERROR] this task or one of its parent failed!
[ERROR] no output for 300 seconds
[ERROR] note: run with `RUST_BACKTRACE=1` to display a backtrace.
[INFO] checking Kixunil/debcrafter against nightly-2024-02-05+rustflags=-Dunexpected_cfgs+cargoflags=-Zcheck-cfg for check-cfg
[INFO] running `Command { std: "git" "clone" "/workspace/cache/git-repos/https%3A%2F%2Fgithub.com%2FKixunil%2Fdebcrafter" "/workspace/builds/worker-5-tc2/source", kill_on_drop: false }`
[INFO] [stderr] Cloning into '/workspace/builds/worker-5-tc2/source'...
[INFO] [stderr] done.
[INFO] validating manifest of git repo https://github.com/Kixunil/debcrafter on toolchain nightly-2024-02-05
[INFO] running `Command { std: CARGO_HOME="/workspace/cargo-home" RUSTUP_HOME="/workspace/rustup-home" "/workspace/cargo-home/bin/cargo" "+nightly-2024-02-05" "metadata" "--manifest-path" "Cargo.toml" "--no-deps", kill_on_drop: false }`
[INFO] started tweaking git repo https://github.com/Kixunil/debcrafter
[INFO] finished tweaking git repo https://github.com/Kixunil/debcrafter
[INFO] tweaked toml for git repo https://github.com/Kixunil/debcrafter written to /workspace/builds/worker-5-tc2/source/Cargo.toml
[INFO] crate git repo https://github.com/Kixunil/debcrafter already has a lockfile, it will not be regenerated
[INFO] running `Command { std: CARGO_HOME="/workspace/cargo-home" RUSTUP_HOME="/workspace/rustup-home" "/workspace/cargo-home/bin/cargo" "+nightly-2024-02-05" "fetch" "--manifest-path" "Cargo.toml", kill_on_drop: false }`
[INFO] [stderr]     Blocking waiting for file lock on package cache
[INFO] [stderr]     Updating crates.io index
[INFO] [stderr]     Blocking waiting for file lock on package cache
[ERROR] error running command: no output for 300 seconds
[INFO] checking Kixunil/debcrafter against nightly-2024-02-05+rustflags=-Dunexpected_cfgs+cargoflags=-Zcheck-cfg for check-cfg
[INFO] running `Command { std: "git" "clone" "/workspace/cache/git-repos/https%3A%2F%2Fgithub.com%2FKixunil%2Fdebcrafter" "/workspace/builds/worker-5-tc2/source", kill_on_drop: false }`
[INFO] [stderr] Cloning into '/workspace/builds/worker-5-tc2/source'...
[INFO] [stderr] done.
[INFO] validating manifest of git repo https://github.com/Kixunil/debcrafter on toolchain nightly-2024-02-05
[INFO] running `Command { std: CARGO_HOME="/workspace/cargo-home" RUSTUP_HOME="/workspace/rustup-home" "/workspace/cargo-home/bin/cargo" "+nightly-2024-02-05" "metadata" "--manifest-path" "Cargo.toml" "--no-deps", kill_on_drop: false }`
[INFO] started tweaking git repo https://github.com/Kixunil/debcrafter
[INFO] finished tweaking git repo https://github.com/Kixunil/debcrafter
[INFO] tweaked toml for git repo https://github.com/Kixunil/debcrafter written to /workspace/builds/worker-5-tc2/source/Cargo.toml
[INFO] crate git repo https://github.com/Kixunil/debcrafter already has a lockfile, it will not be regenerated
[INFO] running `Command { std: CARGO_HOME="/workspace/cargo-home" RUSTUP_HOME="/workspace/rustup-home" "/workspace/cargo-home/bin/cargo" "+nightly-2024-02-05" "fetch" "--manifest-path" "Cargo.toml", kill_on_drop: false }`
[INFO] [stderr]     Blocking waiting for file lock on package cache
[INFO] [stderr]     Blocking waiting for file lock on package cache
[INFO] [stderr]  Downloading crates ...
[INFO] [stderr]   Downloaded rfc822-like v0.2.0
[INFO] [stderr]   Downloaded fmt2io v0.2.0
[INFO] running `Command { std: "docker" "create" "-v" "/var/lib/crater-agent-workspace/builds/worker-5-tc2/target:/opt/rustwide/target:rw,Z" "-v" "/var/lib/crater-agent-workspace/builds/worker-5-tc2/source:/opt/rustwide/workdir:ro,Z" "-v" "/var/lib/crater-agent-workspace/cargo-home:/opt/rustwide/cargo-home:ro,Z" "-v" "/var/lib/crater-agent-workspace/rustup-home:/opt/rustwide/rustup-home:ro,Z" "-e" "SOURCE_DIR=/opt/rustwide/workdir" "-e" "CARGO_TARGET_DIR=/opt/rustwide/target" "-e" "CARGO_HOME=/opt/rustwide/cargo-home" "-e" "RUSTUP_HOME=/opt/rustwide/rustup-home" "-w" "/opt/rustwide/workdir" "-m" "1610612736" "--user" "0:0" "--network" "none" "ghcr.io/rust-lang/crates-build-env/linux@sha256:2788e3201cd34a07e3172128adcd8b3090168a8e3bcc40d7c032b9dda1df7d1c" "/opt/rustwide/cargo-home/bin/cargo" "+nightly-2024-02-05" "metadata" "--no-deps" "--format-version=1", kill_on_drop: false }`
[INFO] [stdout] f499bc340167a7ad7e069255453f671d19424743d82d86b36c0c5fdbda310c5e
[INFO] running `Command { std: "docker" "start" "-a" "f499bc340167a7ad7e069255453f671d19424743d82d86b36c0c5fdbda310c5e", kill_on_drop: false }`
[INFO] running `Command { std: "docker" "inspect" "f499bc340167a7ad7e069255453f671d19424743d82d86b36c0c5fdbda310c5e", kill_on_drop: false }`
[INFO] running `Command { std: "docker" "rm" "-f" "f499bc340167a7ad7e069255453f671d19424743d82d86b36c0c5fdbda310c5e", kill_on_drop: false }`
[INFO] [stdout] f499bc340167a7ad7e069255453f671d19424743d82d86b36c0c5fdbda310c5e
[INFO] running `Command { std: "docker" "create" "-v" "/var/lib/crater-agent-workspace/builds/worker-5-tc2/target:/opt/rustwide/target:rw,Z" "-v" "/var/lib/crater-agent-workspace/builds/worker-5-tc2/source:/opt/rustwide/workdir:ro,Z" "-v" "/var/lib/crater-agent-workspace/cargo-home:/opt/rustwide/cargo-home:ro,Z" "-v" "/var/lib/crater-agent-workspace/rustup-home:/opt/rustwide/rustup-home:ro,Z" "-e" "SOURCE_DIR=/opt/rustwide/workdir" "-e" "CARGO_TARGET_DIR=/opt/rustwide/target" "-e" "CARGO_INCREMENTAL=0" "-e" "RUST_BACKTRACE=full" "-e" "RUSTFLAGS=--cap-lints=forbid -Dunexpected_cfgs" "-e" "RUSTDOCFLAGS=--cap-lints=forbid" "-e" "CARGO_HOME=/opt/rustwide/cargo-home" "-e" "RUSTUP_HOME=/opt/rustwide/rustup-home" "-w" "/opt/rustwide/workdir" "-m" "1610612736" "--user" "0:0" "--network" "none" "ghcr.io/rust-lang/crates-build-env/linux@sha256:2788e3201cd34a07e3172128adcd8b3090168a8e3bcc40d7c032b9dda1df7d1c" "/opt/rustwide/cargo-home/bin/cargo" "+nightly-2024-02-05" "check" "--frozen" "--all" "--all-targets" "--message-format=json" "-Zcheck-cfg", kill_on_drop: false }`
[INFO] [stdout] 2b58b04aa477c8602b9c081feefd2f988909ce4d643e622dc4de3360fe4cbb9d
[INFO] running `Command { std: "docker" "start" "-a" "2b58b04aa477c8602b9c081feefd2f988909ce4d643e622dc4de3360fe4cbb9d", kill_on_drop: false }`
[INFO] [stderr]    Compiling proc-macro2 v1.0.28
[INFO] [stderr]    Compiling syn v1.0.74
[INFO] [stderr]    Compiling serde v1.0.127
[INFO] [stderr]    Compiling serde_derive v1.0.127
[INFO] [stderr]     Checking unicode-width v0.1.11
[INFO] [stderr]     Checking termcolor v1.3.0
[INFO] [stderr]     Checking hashbrown v0.9.1
[INFO] [stderr]    Compiling indexmap v1.6.2
[INFO] [stderr]     Checking fmt2io v0.2.0
[INFO] [stderr]     Checking unicode-segmentation v1.8.0
[INFO] [stderr]     Checking codespan-reporting v0.11.1
[INFO] [stderr]     Checking either v1.6.1
[INFO] [stderr]     Checking void v1.0.2
[INFO] [stderr]    Compiling quote v1.0.9
[INFO] [stderr]    Compiling thiserror-impl v1.0.26
[INFO] [stderr]     Checking toml v0.5.11
[INFO] [stderr]     Checking thiserror v1.0.26
[INFO] [stderr]     Checking rfc822-like v0.2.0
[INFO] [stderr]     Checking debcrafter v0.2.0 (/opt/rustwide/workdir)
[INFO] [stdout] error[E0061]: this enum variant takes 2 arguments but 1 argument was supplied
[INFO] [stdout]    --> src/template.rs:266:27
[INFO] [stdout]     |
[INFO] [stdout] 266 |     test_case!(empty, "", Constant("")); 
[INFO] [stdout]     |                           ^^^^^^^^---- an argument of type `usize` is missing
[INFO] [stdout]     |
[INFO] [stdout] note: tuple variant defined here
[INFO] [stdout]    --> src/template.rs:8:5
[INFO] [stdout]     |
[INFO] [stdout] 8   |     Constant(&'a str, usize),
[INFO] [stdout]     |     ^^^^^^^^
[INFO] [stdout] help: provide the argument
[INFO] [stdout]     |
[INFO] [stdout] 266 |     test_case!(empty, "", Constant("", /* usize */)); 
[INFO] [stdout]     |                                   ~~~~~~~~~~~~~~~~~
[INFO] [stdout] 
[INFO] [stdout] 
[INFO] [stdout] error[E0061]: this enum variant takes 2 arguments but 1 argument was supplied
[INFO] [stdout]    --> src/template.rs:267:40
[INFO] [stdout]     |
[INFO] [stdout] 267 |     test_case!(single_constant, "foo", Constant("foo")); 
[INFO] [stdout]     |                                        ^^^^^^^^------- an argument of type `usize` is missing
[INFO] [stdout]     |
[INFO] [stdout] note: tuple variant defined here
[INFO] [stdout]    --> src/template.rs:8:5
[INFO] [stdout]     |
[INFO] [stdout] 8   |     Constant(&'a str, usize),
[INFO] [stdout]     |     ^^^^^^^^
[INFO] [stdout] help: provide the argument
[INFO] [stdout]     |
[INFO] [stdout] 267 |     test_case!(single_constant, "foo", Constant("foo", /* usize */)); 
[INFO] [stdout]     |                                                ~~~~~~~~~~~~~~~~~~~~
[INFO] [stdout] 
[INFO] [stdout] 
[INFO] [stdout] error[E0061]: this enum variant takes 2 arguments but 1 argument was supplied
[INFO] [stdout]    --> src/template.rs:268:37
[INFO] [stdout]     |
[INFO] [stdout] 268 |     test_case!(single_var, "{foo}", Variable("foo")); 
[INFO] [stdout]     |                                     ^^^^^^^^------- an argument of type `usize` is missing
[INFO] [stdout]     |
[INFO] [stdout] note: tuple variant defined here
[INFO] [stdout]    --> src/template.rs:9:5
[INFO] [stdout]     |
[INFO] [stdout] 9   |     Variable(&'a str, usize),
[INFO] [stdout]     |     ^^^^^^^^
[INFO] [stdout] help: provide the argument
[INFO] [stdout]     |
[INFO] [stdout] 268 |     test_case!(single_var, "{foo}", Variable("foo", /* usize */)); 
[INFO] [stdout]     |                                             ~~~~~~~~~~~~~~~~~~~~
[INFO] [stdout] 
[INFO] [stdout] 
[INFO] [stdout] error[E0061]: this enum variant takes 2 arguments but 1 argument was supplied
[INFO] [stdout]    --> src/template.rs:269:43
[INFO] [stdout]     |
[INFO] [stdout] 269 |     test_case!(single_escaped, "{{foo}}", Constant("{foo}")); 
[INFO] [stdout]     |                                           ^^^^^^^^--------- an argument of type `usize` is missing
[INFO] [stdout]     |
[INFO] [stdout] note: tuple variant defined here
[INFO] [stdout]    --> src/template.rs:8:5
[INFO] [stdout]     |
[INFO] [stdout] 8   |     Constant(&'a str, usize),
[INFO] [stdout]     |     ^^^^^^^^
[INFO] [stdout] help: provide the argument
[INFO] [stdout]     |
[INFO] [stdout] 269 |     test_case!(single_escaped, "{{foo}}", Constant("{foo}", /* usize */)); 
[INFO] [stdout]     |                                                   ~~~~~~~~~~~~~~~~~~~~~~
[INFO] [stdout] 
[INFO] [stdout] 
[INFO] [stdout] error[E0061]: this enum variant takes 2 arguments but 1 argument was supplied
[INFO] [stdout]    --> src/template.rs:270:39
[INFO] [stdout]     |
[INFO] [stdout] 270 |     test_case!(var_begin, "{foo}bar", Variable("foo"), Constant("bar")); 
[INFO] [stdout]     |                                       ^^^^^^^^------- an argument of type `usize` is missing
[INFO] [stdout]     |
[INFO] [stdout] note: tuple variant defined here
[INFO] [stdout]    --> src/template.rs:9:5
[INFO] [stdout]     |
[INFO] [stdout] 9   |     Variable(&'a str, usize),
[INFO] [stdout]     |     ^^^^^^^^
[INFO] [stdout] help: provide the argument
[INFO] [stdout]     |
[INFO] [stdout] 270 |     test_case!(var_begin, "{foo}bar", Variable("foo", /* usize */), Constant("bar")); 
[INFO] [stdout]     |                                               ~~~~~~~~~~~~~~~~~~~~
[INFO] [stdout] 
[INFO] [stdout] 
[INFO] [stdout] error[E0061]: this enum variant takes 2 arguments but 1 argument was supplied
[INFO] [stdout]    --> src/template.rs:270:56
[INFO] [stdout]     |
[INFO] [stdout] 270 |     test_case!(var_begin, "{foo}bar", Variable("foo"), Constant("bar")); 
[INFO] [stdout]     |                                                        ^^^^^^^^------- an argument of type `usize` is missing
[INFO] [stdout]     |
[INFO] [stdout] note: tuple variant defined here
[INFO] [stdout]    --> src/template.rs:8:5
[INFO] [stdout]     |
[INFO] [stdout] 8   |     Constant(&'a str, usize),
[INFO] [stdout]     |     ^^^^^^^^
[INFO] [stdout] help: provide the argument
[INFO] [stdout]     |
[INFO] [stdout] 270 |     test_case!(var_begin, "{foo}bar", Variable("foo"), Constant("bar", /* usize */)); 
[INFO] [stdout]     |                                                                ~~~~~~~~~~~~~~~~~~~~
[INFO] [stdout] 
[INFO] [stdout] 
[INFO] [stdout] error[E0061]: this enum variant takes 2 arguments but 1 argument was supplied
[INFO] [stdout]    --> src/template.rs:271:37
[INFO] [stdout]     |
[INFO] [stdout] 271 |     test_case!(var_end, "bar{foo}", Constant("bar"), Variable("foo")); 
[INFO] [stdout]     |                                     ^^^^^^^^------- an argument of type `usize` is missing
[INFO] [stdout]     |
[INFO] [stdout] note: tuple variant defined here
[INFO] [stdout]    --> src/template.rs:8:5
[INFO] [stdout]     |
[INFO] [stdout] 8   |     Constant(&'a str, usize),
[INFO] [stdout]     |     ^^^^^^^^
[INFO] [stdout] help: provide the argument
[INFO] [stdout]     |
[INFO] [stdout] 271 |     test_case!(var_end, "bar{foo}", Constant("bar", /* usize */), Variable("foo")); 
[INFO] [stdout]     |                                             ~~~~~~~~~~~~~~~~~~~~
[INFO] [stdout] 
[INFO] [stdout] 
[INFO] [stdout] error[E0061]: this enum variant takes 2 arguments but 1 argument was supplied
[INFO] [stdout]    --> src/template.rs:271:54
[INFO] [stdout]     |
[INFO] [stdout] 271 |     test_case!(var_end, "bar{foo}", Constant("bar"), Variable("foo")); 
[INFO] [stdout]     |                                                      ^^^^^^^^------- an argument of type `usize` is missing
[INFO] [stdout]     |
[INFO] [stdout] note: tuple variant defined here
[INFO] [stdout]    --> src/template.rs:9:5
[INFO] [stdout]     |
[INFO] [stdout] 9   |     Variable(&'a str, usize),
[INFO] [stdout]     |     ^^^^^^^^
[INFO] [stdout] help: provide the argument
[INFO] [stdout]     |
[INFO] [stdout] 271 |     test_case!(var_end, "bar{foo}", Constant("bar"), Variable("foo", /* usize */)); 
[INFO] [stdout]     |                                                              ~~~~~~~~~~~~~~~~~~~~
[INFO] [stdout] 
[INFO] [stdout] 
[INFO] [stdout] error[E0061]: this enum variant takes 2 arguments but 1 argument was supplied
[INFO] [stdout]    --> src/template.rs:272:43
[INFO] [stdout]     |
[INFO] [stdout] 272 |     test_case!(var_middle, "foo{bar}baz", Constant("foo"), Variable("bar"), Constant("baz")); 
[INFO] [stdout]     |                                           ^^^^^^^^------- an argument of type `usize` is missing
[INFO] [stdout]     |
[INFO] [stdout] note: tuple variant defined here
[INFO] [stdout]    --> src/template.rs:8:5
[INFO] [stdout]     |
[INFO] [stdout] 8   |     Constant(&'a str, usize),
[INFO] [stdout]     |     ^^^^^^^^
[INFO] [stdout] help: provide the argument
[INFO] [stdout]     |
[INFO] [stdout] 272 |     test_case!(var_middle, "foo{bar}baz", Constant("foo", /* usize */), Variable("bar"), Constant("baz")); 
[INFO] [stdout]     |                                                   ~~~~~~~~~~~~~~~~~~~~
[INFO] [stdout] 
[INFO] [stdout] 
[INFO] [stdout] error[E0061]: this enum variant takes 2 arguments but 1 argument was supplied
[INFO] [stdout]    --> src/template.rs:272:60
[INFO] [stdout]     |
[INFO] [stdout] 272 |     test_case!(var_middle, "foo{bar}baz", Constant("foo"), Variable("bar"), Constant("baz")); 
[INFO] [stdout]     |                                                            ^^^^^^^^------- an argument of type `usize` is missing
[INFO] [stdout]     |
[INFO] [stdout] note: tuple variant defined here
[INFO] [stdout]    --> src/template.rs:9:5
[INFO] [stdout]     |
[INFO] [stdout] 9   |     Variable(&'a str, usize),
[INFO] [stdout]     |     ^^^^^^^^
[INFO] [stdout] help: provide the argument
[INFO] [stdout]     |
[INFO] [stdout] 272 |     test_case!(var_middle, "foo{bar}baz", Constant("foo"), Variable("bar", /* usize */), Constant("baz")); 
[INFO] [stdout]     |                                                                    ~~~~~~~~~~~~~~~~~~~~
[INFO] [stdout] 
[INFO] [stdout] 
[INFO] [stdout] error[E0061]: this enum variant takes 2 arguments but 1 argument was supplied
[INFO] [stdout]    --> src/template.rs:272:77
[INFO] [stdout]     |
[INFO] [stdout] 272 |     test_case!(var_middle, "foo{bar}baz", Constant("foo"), Variable("bar"), Constant("baz")); 
[INFO] [stdout]     |                                                                             ^^^^^^^^------- an argument of type `usize` is missing
[INFO] [stdout]     |
[INFO] [stdout] note: tuple variant defined here
[INFO] [stdout]    --> src/template.rs:8:5
[INFO] [stdout]     |
[INFO] [stdout] 8   |     Constant(&'a str, usize),
[INFO] [stdout]     |     ^^^^^^^^
[INFO] [stdout] help: provide the argument
[INFO] [stdout]     |
[INFO] [stdout] 272 |     test_case!(var_middle, "foo{bar}baz", Constant("foo"), Variable("bar"), Constant("baz", /* usize */)); 
[INFO] [stdout]     |                                                                                     ~~~~~~~~~~~~~~~~~~~~
[INFO] [stdout] 
[INFO] [stdout] 
[INFO] [stdout] error[E0061]: this enum variant takes 2 arguments but 1 argument was supplied
[INFO] [stdout]    --> src/template.rs:273:48
[INFO] [stdout]     |
[INFO] [stdout] 273 |     test_case!(consecutive_vars, "{foo}{bar}", Variable("foo"), Variable("bar")); 
[INFO] [stdout]     |                                                ^^^^^^^^------- an argument of type `usize` is missing
[INFO] [stdout]     |
[INFO] [stdout] note: tuple variant defined here
[INFO] [stdout]    --> src/template.rs:9:5
[INFO] [stdout]     |
[INFO] [stdout] 9   |     Variable(&'a str, usize),
[INFO] [stdout]     |     ^^^^^^^^
[INFO] [stdout] help: provide the argument
[INFO] [stdout]     |
[INFO] [stdout] 273 |     test_case!(consecutive_vars, "{foo}{bar}", Variable("foo", /* usize */), Variable("bar")); 
[INFO] [stdout]     |                                                        ~~~~~~~~~~~~~~~~~~~~
[INFO] [stdout] 
[INFO] [stdout] 
[INFO] [stdout] error[E0061]: this enum variant takes 2 arguments but 1 argument was supplied
[INFO] [stdout]    --> src/template.rs:273:65
[INFO] [stdout]     |
[INFO] [stdout] 273 |     test_case!(consecutive_vars, "{foo}{bar}", Variable("foo"), Variable("bar")); 
[INFO] [stdout]     |                                                                 ^^^^^^^^------- an argument of type `usize` is missing
[INFO] [stdout]     |
[INFO] [stdout] note: tuple variant defined here
[INFO] [stdout]    --> src/template.rs:9:5
[INFO] [stdout]     |
[INFO] [stdout] 9   |     Variable(&'a str, usize),
[INFO] [stdout]     |     ^^^^^^^^
[INFO] [stdout] help: provide the argument
[INFO] [stdout]     |
[INFO] [stdout] 273 |     test_case!(consecutive_vars, "{foo}{bar}", Variable("foo"), Variable("bar", /* usize */)); 
[INFO] [stdout]     |                                                                         ~~~~~~~~~~~~~~~~~~~~
[INFO] [stdout] 
[INFO] [stdout] 
[INFO] [stdout] error[E0061]: this enum variant takes 2 arguments but 1 argument was supplied
[INFO] [stdout]    --> src/template.rs:274:42
[INFO] [stdout]     |
[INFO] [stdout] 274 |     test_case!(host_port, "{foo}:{bar}", Variable("foo"), Constant(":"), Variable("bar")); 
[INFO] [stdout]     |                                          ^^^^^^^^------- an argument of type `usize` is missing
[INFO] [stdout]     |
[INFO] [stdout] note: tuple variant defined here
[INFO] [stdout]    --> src/template.rs:9:5
[INFO] [stdout]     |
[INFO] [stdout] 9   |     Variable(&'a str, usize),
[INFO] [stdout]     |     ^^^^^^^^
[INFO] [stdout] help: provide the argument
[INFO] [stdout]     |
[INFO] [stdout] 274 |     test_case!(host_port, "{foo}:{bar}", Variable("foo", /* usize */), Constant(":"), Variable("bar")); 
[INFO] [stdout]     |                                                  ~~~~~~~~~~~~~~~~~~~~
[INFO] [stdout] 
[INFO] [stdout] 
[INFO] [stdout] error[E0061]: this enum variant takes 2 arguments but 1 argument was supplied
[INFO] [stdout]    --> src/template.rs:274:59
[INFO] [stdout]     |
[INFO] [stdout] 274 |     test_case!(host_port, "{foo}:{bar}", Variable("foo"), Constant(":"), Variable("bar")); 
[INFO] [stdout]     |                                                           ^^^^^^^^----- an argument of type `usize` is missing
[INFO] [stdout]     |
[INFO] [stdout] note: tuple variant defined here
[INFO] [stdout]    --> src/template.rs:8:5
[INFO] [stdout]     |
[INFO] [stdout] 8   |     Constant(&'a str, usize),
[INFO] [stdout]     |     ^^^^^^^^
[INFO] [stdout] help: provide the argument
[INFO] [stdout]     |
[INFO] [stdout] 274 |     test_case!(host_port, "{foo}:{bar}", Variable("foo"), Constant(":", /* usize */), Variable("bar")); 
[INFO] [stdout]     |                                                                   ~~~~~~~~~~~~~~~~~~
[INFO] [stdout] 
[INFO] [stdout] 
[INFO] [stdout] error[E0061]: this enum variant takes 2 arguments but 1 argument was supplied
[INFO] [stdout]    --> src/template.rs:274:74
[INFO] [stdout]     |
[INFO] [stdout] 274 |     test_case!(host_port, "{foo}:{bar}", Variable("foo"), Constant(":"), Variable("bar")); 
[INFO] [stdout]     |                                                                          ^^^^^^^^------- an argument of type `usize` is missing
[INFO] [stdout]     |
[INFO] [stdout] note: tuple variant defined here
[INFO] [stdout]    --> src/template.rs:9:5
[INFO] [stdout]     |
[INFO] [stdout] 9   |     Variable(&'a str, usize),
[INFO] [stdout]     |     ^^^^^^^^
[INFO] [stdout] help: provide the argument
[INFO] [stdout]     |
[INFO] [stdout] 274 |     test_case!(host_port, "{foo}:{bar}", Variable("foo"), Constant(":"), Variable("bar", /* usize */)); 
[INFO] [stdout]     |                                                                                  ~~~~~~~~~~~~~~~~~~~~
[INFO] [stdout] 
[INFO] [stdout] 
[INFO] [stdout] error[E0061]: this enum variant takes 2 arguments but 1 argument was supplied
[INFO] [stdout]    --> src/template.rs:275:53
[INFO] [stdout]     |
[INFO] [stdout] 275 |     test_case!(schema_host_port, "x://{foo}:{bar}", Constant("x://"), Variable("foo"), Constant(":"), Variable("bar")); 
[INFO] [stdout]     |                                                     ^^^^^^^^-------- an argument of type `usize` is missing
[INFO] [stdout]     |
[INFO] [stdout] note: tuple variant defined here
[INFO] [stdout]    --> src/template.rs:8:5
[INFO] [stdout]     |
[INFO] [stdout] 8   |     Constant(&'a str, usize),
[INFO] [stdout]     |     ^^^^^^^^
[INFO] [stdout] help: provide the argument
[INFO] [stdout]     |
[INFO] [stdout] 275 |     test_case!(schema_host_port, "x://{foo}:{bar}", Constant("x://", /* usize */), Variable("foo"), Constant(":"), Variable("bar")); 
[INFO] [stdout]     |                                                             ~~~~~~~~~~~~~~~~~~~~~
[INFO] [stdout] 
[INFO] [stdout] 
[INFO] [stdout] error[E0061]: this enum variant takes 2 arguments but 1 argument was supplied
[INFO] [stdout]    --> src/template.rs:275:71
[INFO] [stdout]     |
[INFO] [stdout] 275 |     test_case!(schema_host_port, "x://{foo}:{bar}", Constant("x://"), Variable("foo"), Constant(":"), Variable("bar")); 
[INFO] [stdout]     |                                                                       ^^^^^^^^------- an argument of type `usize` is missing
[INFO] [stdout]     |
[INFO] [stdout] note: tuple variant defined here
[INFO] [stdout]    --> src/template.rs:9:5
[INFO] [stdout]     |
[INFO] [stdout] 9   |     Variable(&'a str, usize),
[INFO] [stdout]     |     ^^^^^^^^
[INFO] [stdout] help: provide the argument
[INFO] [stdout]     |
[INFO] [stdout] 275 |     test_case!(schema_host_port, "x://{foo}:{bar}", Constant("x://"), Variable("foo", /* usize */), Constant(":"), Variable("bar")); 
[INFO] [stdout]     |                                                                               ~~~~~~~~~~~~~~~~~~~~
[INFO] [stdout] 
[INFO] [stdout] 
[INFO] [stdout] error[E0061]: this enum variant takes 2 arguments but 1 argument was supplied
[INFO] [stdout]    --> src/template.rs:275:88
[INFO] [stdout]     |
[INFO] [stdout] 275 |     test_case!(schema_host_port, "x://{foo}:{bar}", Constant("x://"), Variable("foo"), Constant(":"), Variable("bar")); 
[INFO] [stdout]     |                                                                                        ^^^^^^^^----- an argument of type `usize` is missing
[INFO] [stdout]     |
[INFO] [stdout] note: tuple variant defined here
[INFO] [stdout]    --> src/template.rs:8:5
[INFO] [stdout]     |
[INFO] [stdout] 8   |     Constant(&'a str, usize),
[INFO] [stdout]     |     ^^^^^^^^
[INFO] [stdout] help: provide the argument
[INFO] [stdout]     |
[INFO] [stdout] 275 |     test_case!(schema_host_port, "x://{foo}:{bar}", Constant("x://"), Variable("foo"), Constant(":", /* usize */), Variable("bar")); 
[INFO] [stdout]     |                                                                                                ~~~~~~~~~~~~~~~~~~
[INFO] [stdout] 
[INFO] [stdout] 
[INFO] [stdout] error[E0061]: this enum variant takes 2 arguments but 1 argument was supplied
[INFO] [stdout]    --> src/template.rs:275:103
[INFO] [stdout]     |
[INFO] [stdout] 275 |     test_case!(schema_host_port, "x://{foo}:{bar}", Constant("x://"), Variable("foo"), Constant(":"), Variable("bar")); 
[INFO] [stdout]     |                                                                                                       ^^^^^^^^------- an argument of type `usize` is missing
[INFO] [stdout]     |
[INFO] [stdout] note: tuple variant defined here
[INFO] [stdout]    --> src/template.rs:9:5
[INFO] [stdout]     |
[INFO] [stdout] 9   |     Variable(&'a str, usize),
[INFO] [stdout]     |     ^^^^^^^^
[INFO] [stdout] help: provide the argument
[INFO] [stdout]     |
[INFO] [stdout] 275 |     test_case!(schema_host_port, "x://{foo}:{bar}", Constant("x://"), Variable("foo"), Constant(":"), Variable("bar", /* usize */)); 
[INFO] [stdout]     |                                                                                                               ~~~~~~~~~~~~~~~~~~~~
[INFO] [stdout] 
[INFO] [stdout] 
[INFO] [stdout] error: aborting due to 20 previous errors
[INFO] [stdout] 
[INFO] [stdout] 
[INFO] [stdout] For more information about this error, try `rustc --explain E0061`.
[INFO] [stdout] 
[INFO] [stderr] error: could not compile `debcrafter` (lib test) due to 21 previous errors
[INFO] [stderr] warning: build failed, waiting for other jobs to finish...
[INFO] running `Command { std: "docker" "inspect" "2b58b04aa477c8602b9c081feefd2f988909ce4d643e622dc4de3360fe4cbb9d", kill_on_drop: false }`
[INFO] running `Command { std: "docker" "rm" "-f" "2b58b04aa477c8602b9c081feefd2f988909ce4d643e622dc4de3360fe4cbb9d", kill_on_drop: false }`
[INFO] [stdout] 2b58b04aa477c8602b9c081feefd2f988909ce4d643e622dc4de3360fe4cbb9d
