[INFO] cloning repository https://github.com/JuTemp/voanews-backend-rocket
[INFO] running `Command { std: "git" "-c" "credential.helper=" "-c" "credential.helper=/workspace/cargo-home/bin/git-credential-null" "clone" "--bare" "https://github.com/JuTemp/voanews-backend-rocket" "/workspace/cache/git-repos/https%3A%2F%2Fgithub.com%2FJuTemp%2Fvoanews-backend-rocket", kill_on_drop: false }`
[INFO] [stderr] Cloning into bare repository '/workspace/cache/git-repos/https%3A%2F%2Fgithub.com%2FJuTemp%2Fvoanews-backend-rocket'...
[INFO] running `Command { std: "git" "rev-parse" "HEAD", kill_on_drop: false }`
[INFO] [stdout] a8cdf374f759933afce99239de8256c8311ad0c1
[INFO] checking JuTemp/voanews-backend-rocket against nightly-2024-02-05 for check-cfg
[INFO] running `Command { std: "git" "clone" "/workspace/cache/git-repos/https%3A%2F%2Fgithub.com%2FJuTemp%2Fvoanews-backend-rocket" "/workspace/builds/worker-6-tc1/source", kill_on_drop: false }`
[INFO] [stderr] Cloning into '/workspace/builds/worker-6-tc1/source'...
[INFO] [stderr] done.
[INFO] validating manifest of git repo https://github.com/JuTemp/voanews-backend-rocket on toolchain nightly-2024-02-05
[INFO] running `Command { std: CARGO_HOME="/workspace/cargo-home" RUSTUP_HOME="/workspace/rustup-home" "/workspace/cargo-home/bin/cargo" "+nightly-2024-02-05" "metadata" "--manifest-path" "Cargo.toml" "--no-deps", kill_on_drop: false }`
[INFO] started tweaking git repo https://github.com/JuTemp/voanews-backend-rocket
[INFO] finished tweaking git repo https://github.com/JuTemp/voanews-backend-rocket
[INFO] tweaked toml for git repo https://github.com/JuTemp/voanews-backend-rocket written to /workspace/builds/worker-6-tc1/source/Cargo.toml
[INFO] crate git repo https://github.com/JuTemp/voanews-backend-rocket already has a lockfile, it will not be regenerated
[INFO] running `Command { std: CARGO_HOME="/workspace/cargo-home" RUSTUP_HOME="/workspace/rustup-home" "/workspace/cargo-home/bin/cargo" "+nightly-2024-02-05" "fetch" "--manifest-path" "Cargo.toml", kill_on_drop: false }`
[INFO] [stderr]     Blocking waiting for file lock on package cache
[ERROR] error running command: no output for 300 seconds
[ERROR] this task or one of its parent failed!
[ERROR] no output for 300 seconds
[ERROR] note: run with `RUST_BACKTRACE=1` to display a backtrace.
[INFO] checking JuTemp/voanews-backend-rocket against nightly-2024-02-05+rustflags=-Dunexpected_cfgs+cargoflags=-Zcheck-cfg for check-cfg
[INFO] running `Command { std: "git" "clone" "/workspace/cache/git-repos/https%3A%2F%2Fgithub.com%2FJuTemp%2Fvoanews-backend-rocket" "/workspace/builds/worker-6-tc2/source", kill_on_drop: false }`
[INFO] [stderr] Cloning into '/workspace/builds/worker-6-tc2/source'...
[INFO] [stderr] done.
[INFO] validating manifest of git repo https://github.com/JuTemp/voanews-backend-rocket on toolchain nightly-2024-02-05
[INFO] running `Command { std: CARGO_HOME="/workspace/cargo-home" RUSTUP_HOME="/workspace/rustup-home" "/workspace/cargo-home/bin/cargo" "+nightly-2024-02-05" "metadata" "--manifest-path" "Cargo.toml" "--no-deps", kill_on_drop: false }`
[INFO] started tweaking git repo https://github.com/JuTemp/voanews-backend-rocket
[INFO] finished tweaking git repo https://github.com/JuTemp/voanews-backend-rocket
[INFO] tweaked toml for git repo https://github.com/JuTemp/voanews-backend-rocket written to /workspace/builds/worker-6-tc2/source/Cargo.toml
[INFO] crate git repo https://github.com/JuTemp/voanews-backend-rocket already has a lockfile, it will not be regenerated
[INFO] running `Command { std: CARGO_HOME="/workspace/cargo-home" RUSTUP_HOME="/workspace/rustup-home" "/workspace/cargo-home/bin/cargo" "+nightly-2024-02-05" "fetch" "--manifest-path" "Cargo.toml", kill_on_drop: false }`
[INFO] [stderr]     Blocking waiting for file lock on package cache
[INFO] [stderr]     Blocking waiting for file lock on package cache
[INFO] [stderr]  Downloading crates ...
[INFO] [stderr]   Downloaded rocket_codegen v0.5.0-rc.4
[INFO] [stderr]   Downloaded sha256 v1.4.0
[INFO] [stderr]   Downloaded rocket_http v0.5.0-rc.4
[INFO] [stderr]   Downloaded rocket v0.5.0-rc.4
[INFO] running `Command { std: "docker" "create" "-v" "/var/lib/crater-agent-workspace/builds/worker-6-tc2/target:/opt/rustwide/target:rw,Z" "-v" "/var/lib/crater-agent-workspace/builds/worker-6-tc2/source:/opt/rustwide/workdir:ro,Z" "-v" "/var/lib/crater-agent-workspace/cargo-home:/opt/rustwide/cargo-home:ro,Z" "-v" "/var/lib/crater-agent-workspace/rustup-home:/opt/rustwide/rustup-home:ro,Z" "-e" "SOURCE_DIR=/opt/rustwide/workdir" "-e" "CARGO_TARGET_DIR=/opt/rustwide/target" "-e" "CARGO_HOME=/opt/rustwide/cargo-home" "-e" "RUSTUP_HOME=/opt/rustwide/rustup-home" "-w" "/opt/rustwide/workdir" "-m" "1610612736" "--user" "0:0" "--network" "none" "ghcr.io/rust-lang/crates-build-env/linux@sha256:2788e3201cd34a07e3172128adcd8b3090168a8e3bcc40d7c032b9dda1df7d1c" "/opt/rustwide/cargo-home/bin/cargo" "+nightly-2024-02-05" "metadata" "--no-deps" "--format-version=1", kill_on_drop: false }`
[INFO] [stdout] 5a41ff7c57700d6e1309ece2d2e21d6651dd9d1e1baad34876e2965d7c0cd4f0
[INFO] running `Command { std: "docker" "start" "-a" "5a41ff7c57700d6e1309ece2d2e21d6651dd9d1e1baad34876e2965d7c0cd4f0", kill_on_drop: false }`
[INFO] running `Command { std: "docker" "inspect" "5a41ff7c57700d6e1309ece2d2e21d6651dd9d1e1baad34876e2965d7c0cd4f0", kill_on_drop: false }`
[INFO] running `Command { std: "docker" "rm" "-f" "5a41ff7c57700d6e1309ece2d2e21d6651dd9d1e1baad34876e2965d7c0cd4f0", kill_on_drop: false }`
[INFO] [stdout] 5a41ff7c57700d6e1309ece2d2e21d6651dd9d1e1baad34876e2965d7c0cd4f0
[INFO] running `Command { std: "docker" "create" "-v" "/var/lib/crater-agent-workspace/builds/worker-6-tc2/target:/opt/rustwide/target:rw,Z" "-v" "/var/lib/crater-agent-workspace/builds/worker-6-tc2/source:/opt/rustwide/workdir:ro,Z" "-v" "/var/lib/crater-agent-workspace/cargo-home:/opt/rustwide/cargo-home:ro,Z" "-v" "/var/lib/crater-agent-workspace/rustup-home:/opt/rustwide/rustup-home:ro,Z" "-e" "SOURCE_DIR=/opt/rustwide/workdir" "-e" "CARGO_TARGET_DIR=/opt/rustwide/target" "-e" "CARGO_INCREMENTAL=0" "-e" "RUST_BACKTRACE=full" "-e" "RUSTFLAGS=--cap-lints=forbid -Dunexpected_cfgs" "-e" "RUSTDOCFLAGS=--cap-lints=forbid" "-e" "CARGO_HOME=/opt/rustwide/cargo-home" "-e" "RUSTUP_HOME=/opt/rustwide/rustup-home" "-w" "/opt/rustwide/workdir" "-m" "1610612736" "--user" "0:0" "--network" "none" "ghcr.io/rust-lang/crates-build-env/linux@sha256:2788e3201cd34a07e3172128adcd8b3090168a8e3bcc40d7c032b9dda1df7d1c" "/opt/rustwide/cargo-home/bin/cargo" "+nightly-2024-02-05" "check" "--frozen" "--all" "--all-targets" "--message-format=json" "-Zcheck-cfg", kill_on_drop: false }`
[INFO] [stdout] 44c0844a79e4a54e2245062b586529b5d46a882b3f43298ae76f3bc3cff63a78
[INFO] running `Command { std: "docker" "start" "-a" "44c0844a79e4a54e2245062b586529b5d46a882b3f43298ae76f3bc3cff63a78", kill_on_drop: false }`
[INFO] [stderr]    Compiling libc v0.2.150
[INFO] [stderr]    Compiling proc-macro2 v1.0.69
[INFO] [stderr]    Compiling serde v1.0.193
[INFO] [stderr]     Checking once_cell v1.18.0
[INFO] [stderr]    Compiling ppv-lite86 v0.2.17
[INFO] [stderr]    Compiling siphasher v0.3.11
[INFO] [stderr]     Checking itoa v1.0.9
[INFO] [stderr]    Compiling futures-channel v0.3.29
[INFO] [stderr]    Compiling futures-core v0.3.29
[INFO] [stderr]     Checking bitflags v2.4.1
[INFO] [stderr]    Compiling proc-macro2-diagnostics v0.10.1
[INFO] [stderr]     Checking memchr v2.6.4
[INFO] [stderr]    Compiling yansi v1.0.0-rc.1
[INFO] [stderr]    Compiling phf_shared v0.10.0
[INFO] [stderr]     Checking futures-sink v0.3.29
[INFO] [stderr]     Checking log v0.4.20
[INFO] [stderr]    Compiling futures-task v0.3.29
[INFO] [stderr]     Checking hashbrown v0.14.2
[INFO] [stderr]     Checking smallvec v1.11.2
[INFO] [stderr]    Compiling futures-util v0.3.29
[INFO] [stderr]    Compiling vcpkg v0.2.15
[INFO] [stderr]    Compiling quote v1.0.33
[INFO] [stderr]     Checking tracing-core v0.1.32
[INFO] [stderr]    Compiling syn v2.0.39
[INFO] [stderr]    Compiling getrandom v0.2.11
[INFO] [stderr]     Checking signal-hook-registry v1.4.1
[INFO] [stderr]     Checking num_cpus v1.16.0
[INFO] [stderr]     Checking mio v0.8.9
[INFO] [stderr]    Compiling rand_core v0.6.4
[INFO] [stderr]     Checking socket2 v0.5.5
[INFO] [stderr]    Compiling cc v1.0.83
[INFO] [stderr]     Checking futures-io v0.3.29
[INFO] [stderr]    Compiling rustix v0.38.24
[INFO] [stderr]    Compiling rand_chacha v0.3.1
[INFO] [stderr]    Compiling time-macros v0.2.15
[INFO] [stderr]     Checking http v0.2.11
[INFO] [stderr]    Compiling rand v0.8.5
[INFO] [stderr]     Checking tracing v0.1.40
[INFO] [stderr]    Compiling syn v1.0.109
[INFO] [stderr]     Checking linux-raw-sys v0.4.11
[INFO] [stderr]    Compiling phf_generator v0.10.0
[INFO] [stderr]    Compiling phf_codegen v0.10.0
[INFO] [stderr]    Compiling cookie v0.18.0
[INFO] [stderr]    Compiling openssl-sys v0.9.97
[INFO] [stderr]     Checking new_debug_unreachable v1.0.4
[INFO] [stderr]     Checking percent-encoding v2.3.0
[INFO] [stderr]    Compiling ref-cast v1.0.20
[INFO] [stderr]     Checking parking_lot_core v0.9.9
[INFO] [stderr]    Compiling phf_shared v0.11.2
[INFO] [stderr]    Compiling openssl v0.10.61
[INFO] [stderr]     Checking foreign-types-shared v0.1.1
[INFO] [stderr]     Checking try-lock v0.2.4
[INFO] [stderr]    Compiling powerfmt v0.2.0
[INFO] [stderr]    Compiling pin-utils v0.1.0
[INFO] [stderr]    Compiling deranged v0.3.9
[INFO] [stderr]     Checking want v0.3.1
[INFO] [stderr]     Checking foreign-types v0.3.2
[INFO] [stderr]    Compiling phf_generator v0.11.2
[INFO] [stderr]     Checking is-terminal v0.4.9
[INFO] [stderr]     Checking parking_lot v0.12.1
[INFO] [stderr]    Compiling string_cache_codegen v0.5.2
[INFO] [stderr]     Checking http-body v0.4.5
[INFO] [stderr]     Checking socket2 v0.4.10
[INFO] [stderr]    Compiling uncased v0.9.9
[INFO] [stderr]     Checking precomputed-hash v0.1.1
[INFO] [stderr]     Checking mac v0.1.1
[INFO] [stderr]    Compiling native-tls v0.2.11
[INFO] [stderr]     Checking tower-service v0.3.2
[INFO] [stderr]     Checking futf v0.1.5
[INFO] [stderr]    Compiling devise_core v0.4.1
[INFO] [stderr]    Compiling tokio v1.34.0
[INFO] [stderr]    Compiling markup5ever v0.11.0
[INFO] [stderr]    Compiling time v0.3.30
[INFO] [stderr]     Checking phf v0.10.1
[INFO] [stderr]    Compiling httparse v1.8.0
[INFO] [stderr]    Compiling equivalent v1.0.1
[INFO] [stderr]     Checking winnow v0.5.19
[INFO] [stderr]    Compiling inlinable_string v0.1.15
[INFO] [stderr]    Compiling serde_json v1.0.108
[INFO] [stderr]     Checking ryu v1.0.15
[INFO] [stderr]    Compiling async-trait v0.1.74
[INFO] [stderr]    Compiling httpdate v1.0.3
[INFO] [stderr]     Checking utf-8 v0.7.6
[INFO] [stderr]     Checking openssl-probe v0.1.5
[INFO] [stderr]     Checking dtoa v1.0.9
[INFO] [stderr]     Checking dtoa-short v0.3.4
[INFO] [stderr]    Compiling stable-pattern v0.1.0
[INFO] [stderr]    Compiling serde_derive v1.0.193
[INFO] [stderr]    Compiling tokio-macros v2.2.0
[INFO] [stderr]    Compiling pear_codegen v0.2.7
[INFO] [stderr]    Compiling ref-cast-impl v1.0.20
[INFO] [stderr]    Compiling openssl-macros v0.1.1
[INFO] [stderr]    Compiling phf_macros v0.11.2
[INFO] [stderr]     Checking pear v0.2.7
[INFO] [stderr]    Compiling hyper v0.14.27
[INFO] [stderr]    Compiling html5ever v0.26.0
[INFO] [stderr]    Compiling indexmap v2.1.0
[INFO] [stderr]    Compiling devise_codegen v0.4.1
[INFO] [stderr]     Checking phf v0.11.2
[INFO] [stderr]    Compiling cssparser-macros v0.6.1
[INFO] [stderr]    Compiling futures v0.3.29
[INFO] [stderr]     Checking tendril v0.4.3
[INFO] [stderr]     Checking crypto-common v0.1.6
[INFO] [stderr]     Checking form_urlencoded v1.2.1
[INFO] [stderr]    Compiling selectors v0.25.0
[INFO] [stderr]    Compiling figment v0.10.12
[INFO] [stderr]    Compiling ahash v0.8.6
[INFO] [stderr]    Compiling multer v2.1.0
[INFO] [stderr]    Compiling either v1.9.0
[INFO] [stderr]     Checking unicode-bidi v0.3.14
[INFO] [stderr]     Checking byteorder v1.5.0
[INFO] [stderr]     Checking stable_deref_trait v1.2.0
[INFO] [stderr]    Compiling state v0.6.0
[INFO] [stderr]     Checking fxhash v0.2.1
[INFO] [stderr]     Checking servo_arc v0.3.0
[INFO] [stderr]    Compiling rocket_http v0.5.0-rc.4
[INFO] [stderr]     Checking idna v0.4.0
[INFO] [stderr]     Checking digest v0.10.7
[INFO] [stderr]    Compiling devise v0.4.1
[INFO] [stderr]     Checking cssparser v0.31.2
[INFO] [stderr]    Compiling derive_more v0.99.17
[INFO] [stderr]     Checking tokio-util v0.7.10
[INFO] [stderr]     Checking tokio-native-tls v0.3.1
[INFO] [stderr]    Compiling async-stream-impl v0.3.5
[INFO] [stderr]     Checking aho-corasick v1.1.2
[INFO] [stderr]    Compiling rocket v0.5.0-rc.4
[INFO] [stderr]     Checking unicode-width v0.1.11
[INFO] [stderr]     Checking spin v0.9.8
[INFO] [stderr]    Compiling unicode-xid v0.2.4
[INFO] [stderr]     Checking fastrand v2.0.1
[INFO] [stderr]    Compiling glob v0.3.1
[INFO] [stderr]     Checking cpufeatures v0.2.11
[INFO] [stderr]     Checking zerocopy v0.7.30
[INFO] [stderr]    Compiling anyhow v1.0.75
[INFO] [stderr]     Checking async-stream v0.3.5
[INFO] [stderr]     Checking tempfile v3.8.1
[INFO] [stderr]     Checking sha2 v0.10.8
[INFO] [stderr]     Checking regex-automata v0.4.3
[INFO] [stderr]     Checking getopts v0.2.21
[INFO] [stderr]     Checking tokio-stream v0.1.14
[INFO] [stderr]     Checking url v2.4.1
[INFO] [stderr]     Checking ipnet v2.9.0
[INFO] [stderr]     Checking atomic v0.5.3
[INFO] [stderr]     Checking ego-tree v0.6.2
[INFO] [stderr]     Checking hex v0.4.3
[INFO] [stderr]     Checking binascii v0.1.4
[INFO] [stderr]     Checking base64 v0.21.5
[INFO] [stderr]     Checking uuid v1.6.1
[INFO] [stderr]     Checking sha256 v1.4.0
[INFO] [stderr]     Checking serde_spanned v0.6.4
[INFO] [stderr]     Checking toml_datetime v0.6.5
[INFO] [stderr]     Checking string_cache v0.8.7
[INFO] [stderr]     Checking ubyte v0.10.4
[INFO] [stderr]    Compiling rocket_codegen v0.5.0-rc.4
[INFO] [stderr]     Checking serde_urlencoded v0.7.1
[INFO] [stderr]     Checking h2 v0.3.22
[INFO] [stderr]     Checking toml_edit v0.21.0
[INFO] [stderr]     Checking regex v1.10.2
[INFO] [stderr]     Checking scraper v0.18.1
[INFO] [stderr]     Checking toml v0.8.8
[INFO] [stderr]     Checking hyper-tls v0.5.0
[INFO] [stderr]     Checking reqwest v0.11.22
[INFO] [stderr]     Checking voanews-backend-rocket v0.1.0 (/opt/rustwide/workdir)
[INFO] [stdout] error[E0583]: file not found for module `api`
[INFO] [stdout]  --> src/app/mod.rs:2:1
[INFO] [stdout]   |
[INFO] [stdout] 2 | pub mod api;
[INFO] [stdout]   | ^^^^^^^^^^^^
[INFO] [stdout]   |
[INFO] [stdout]   = help: to create the module `api`, create file "src/app/api.rs" or "src/app/api/mod.rs"
[INFO] [stdout]   = note: if there is a `mod api` elsewhere in the crate already, import it with `use crate::...` instead
[INFO] [stdout] 
[INFO] [stdout] 
[INFO] [stdout] error[E0583]: file not found for module `api`
[INFO] [stdout]  --> src/app/mod.rs:2:1
[INFO] [stdout]   |
[INFO] [stdout] 2 | pub mod api;
[INFO] [stdout]   | ^^^^^^^^^^^^
[INFO] [stdout]   |
[INFO] [stdout]   = help: to create the module `api`, create file "src/app/api.rs" or "src/app/api/mod.rs"
[INFO] [stdout]   = note: if there is a `mod api` elsewhere in the crate already, import it with `use crate::...` instead
[INFO] [stdout] 
[INFO] [stdout] 
[INFO] [stdout] error[E0432]: unresolved imports `crate::app::api::Api`, `crate::app::api::API`
[INFO] [stdout]  --> src/app/impls/translate.rs:6:23
[INFO] [stdout]   |
[INFO] [stdout] 6 | use crate::app::api::{Api, API};
[INFO] [stdout]   |                       ^^^  ^^^ no `API` in `app::api`
[INFO] [stdout]   |                       |
[INFO] [stdout]   |                       no `Api` in `app::api`
[INFO] [stdout] 
[INFO] [stdout] 
[INFO] [stdout] error[E0432]: unresolved imports `crate::app::api::Api`, `crate::app::api::API`
[INFO] [stdout]  --> src/app/impls/translate.rs:6:23
[INFO] [stdout]   |
[INFO] [stdout] 6 | use crate::app::api::{Api, API};
[INFO] [stdout]   |                       ^^^  ^^^ no `API` in `app::api`
[INFO] [stdout]   |                       |
[INFO] [stdout]   |                       no `Api` in `app::api`
[INFO] [stdout] 
[INFO] [stdout] 
[INFO] [stdout] error[E0432]: unresolved imports `crate::app::api::Api`, `crate::app::api::API`
[INFO] [stdout]  --> src/util/youdao_transcribe.rs:6:11
[INFO] [stdout]   |
[INFO] [stdout] 6 |     api::{Api, API},
[INFO] [stdout]   |           ^^^  ^^^ no `API` in `app::api`
[INFO] [stdout]   |           |
[INFO] [stdout]   |           no `Api` in `app::api`
[INFO] [stdout] 
[INFO] [stdout] 
[INFO] [stdout] error[E0432]: unresolved imports `crate::app::api::Api`, `crate::app::api::API`
[INFO] [stdout]  --> src/util/youdao_transcribe.rs:6:11
[INFO] [stdout]   |
[INFO] [stdout] 6 |     api::{Api, API},
[INFO] [stdout]   |           ^^^  ^^^ no `API` in `app::api`
[INFO] [stdout]   |           |
[INFO] [stdout]   |           no `Api` in `app::api`
[INFO] [stdout] 
[INFO] [stdout] 
[INFO] [stdout] error[E0425]: cannot find function `transcribe` in this scope
[INFO] [stdout]   --> src/app/impls/transcribe.rs:77:8
[INFO] [stdout]    |
[INFO] [stdout] 77 |     Ok(transcribe(
[INFO] [stdout]    |        ^^^^^^^^^^ not found in this scope
[INFO] [stdout]    |
[INFO] [stdout] note: function `crate::util::youdao_transcribe::transcribe` exists but is inaccessible
[INFO] [stdout]   --> src/util/youdao_transcribe.rs:12:1
[INFO] [stdout]    |
[INFO] [stdout] 12 | async fn transcribe(file_path: String) -> Result<Vec<String>, TranscribeError> {
[INFO] [stdout]    | ^^^^^^^^^^^^^^^^^^^^^^^^^^^^^^^^^^^^^^^^^^^^^^^^^^^^^^^^^^^^^^^^^^^^^^^^^^^^^^ not accessible
[INFO] [stdout] 
[INFO] [stdout] 
[INFO] [stdout] error[E0425]: cannot find function `transcribe` in this scope
[INFO] [stdout]   --> src/app/impls/transcribe.rs:77:8
[INFO] [stdout]    |
[INFO] [stdout] 77 |     Ok(transcribe(
[INFO] [stdout]    |        ^^^^^^^^^^ not found in this scope
[INFO] [stdout]    |
[INFO] [stdout] note: function `crate::util::youdao_transcribe::transcribe` exists but is inaccessible
[INFO] [stdout]   --> src/util/youdao_transcribe.rs:12:1
[INFO] [stdout]    |
[INFO] [stdout] 12 | async fn transcribe(file_path: String) -> Result<Vec<String>, TranscribeError> {
[INFO] [stdout]    | ^^^^^^^^^^^^^^^^^^^^^^^^^^^^^^^^^^^^^^^^^^^^^^^^^^^^^^^^^^^^^^^^^^^^^^^^^^^^^^ not accessible
[INFO] [stdout] 
[INFO] [stdout] 
[INFO] [stdout] warning: unreachable expression
[INFO] [stdout]   --> src/util/youdao_transcribe.rs:34:5
[INFO] [stdout]    |
[INFO] [stdout] 32 |     todo!();
[INFO] [stdout]    |     ------- any code following this expression is unreachable
[INFO] [stdout] 33 |
[INFO] [stdout] 34 |     Ok(vec![String::new()])
[INFO] [stdout]    |     ^^^^^^^^^^^^^^^^^^^^^^^ unreachable expression
[INFO] [stdout]    |
[INFO] [stdout]    = note: `#[warn(unreachable_code)]` on by default
[INFO] [stdout] 
[INFO] [stdout] 
[INFO] [stdout] warning: unreachable expression
[INFO] [stdout]   --> src/util/youdao_transcribe.rs:34:5
[INFO] [stdout]    |
[INFO] [stdout] 32 |     todo!();
[INFO] [stdout]    |     ------- any code following this expression is unreachable
[INFO] [stdout] 33 |
[INFO] [stdout] 34 |     Ok(vec![String::new()])
[INFO] [stdout]    |     ^^^^^^^^^^^^^^^^^^^^^^^ unreachable expression
[INFO] [stdout]    |
[INFO] [stdout]    = note: `#[warn(unreachable_code)]` on by default
[INFO] [stdout] 
[INFO] [stdout] 
[INFO] [stdout] error: aborting due to 4 previous errors; 1 warning emitted
[INFO] [stdout] 
[INFO] [stdout] 
[INFO] [stdout] Some errors have detailed explanations: E0425, E0432, E0583.
[INFO] [stdout] 
[INFO] [stdout] For more information about an error, try `rustc --explain E0425`.
[INFO] [stdout] 
[INFO] [stdout] error: aborting due to 4 previous errors; 1 warning emitted
[INFO] [stdout] 
[INFO] [stdout] 
[INFO] [stdout] Some errors have detailed explanations: E0425, E0432, E0583.
[INFO] [stdout] 
[INFO] [stdout] For more information about an error, try `rustc --explain E0425`.
[INFO] [stdout] 
[INFO] [stderr] error: could not compile `voanews-backend-rocket` (bin "voanews-backend-rocket") due to 5 previous errors; 1 warning emitted
[INFO] [stderr] warning: build failed, waiting for other jobs to finish...
[INFO] [stderr] error: could not compile `voanews-backend-rocket` (bin "voanews-backend-rocket" test) due to 5 previous errors; 1 warning emitted
[INFO] running `Command { std: "docker" "inspect" "44c0844a79e4a54e2245062b586529b5d46a882b3f43298ae76f3bc3cff63a78", kill_on_drop: false }`
[INFO] running `Command { std: "docker" "rm" "-f" "44c0844a79e4a54e2245062b586529b5d46a882b3f43298ae76f3bc3cff63a78", kill_on_drop: false }`
[INFO] [stdout] 44c0844a79e4a54e2245062b586529b5d46a882b3f43298ae76f3bc3cff63a78
