[INFO] cloning repository https://github.com/JackG-eth/mev_template
[INFO] running `Command { std: "git" "-c" "credential.helper=" "-c" "credential.helper=/workspace/cargo-home/bin/git-credential-null" "clone" "--bare" "https://github.com/JackG-eth/mev_template" "/workspace/cache/git-repos/https%3A%2F%2Fgithub.com%2FJackG-eth%2Fmev_template", kill_on_drop: false }`
[INFO] [stderr] Cloning into bare repository '/workspace/cache/git-repos/https%3A%2F%2Fgithub.com%2FJackG-eth%2Fmev_template'...
[INFO] running `Command { std: "git" "rev-parse" "HEAD", kill_on_drop: false }`
[INFO] [stdout] 1e360610c8b36a01bf0c5e0067fc1b7cd66064d1
[INFO] checking JackG-eth/mev_template against nightly-2024-02-05 for check-cfg
[INFO] running `Command { std: "git" "clone" "/workspace/cache/git-repos/https%3A%2F%2Fgithub.com%2FJackG-eth%2Fmev_template" "/workspace/builds/worker-0-tc1/source", kill_on_drop: false }`
[INFO] [stderr] Cloning into '/workspace/builds/worker-0-tc1/source'...
[INFO] [stderr] done.
[INFO] validating manifest of git repo https://github.com/JackG-eth/mev_template on toolchain nightly-2024-02-05
[INFO] running `Command { std: CARGO_HOME="/workspace/cargo-home" RUSTUP_HOME="/workspace/rustup-home" "/workspace/cargo-home/bin/cargo" "+nightly-2024-02-05" "metadata" "--manifest-path" "Cargo.toml" "--no-deps", kill_on_drop: false }`
[INFO] started tweaking git repo https://github.com/JackG-eth/mev_template
[INFO] finished tweaking git repo https://github.com/JackG-eth/mev_template
[INFO] tweaked toml for git repo https://github.com/JackG-eth/mev_template written to /workspace/builds/worker-0-tc1/source/Cargo.toml
[INFO] crate git repo https://github.com/JackG-eth/mev_template already has a lockfile, it will not be regenerated
[INFO] running `Command { std: CARGO_HOME="/workspace/cargo-home" RUSTUP_HOME="/workspace/rustup-home" "/workspace/cargo-home/bin/cargo" "+nightly-2024-02-05" "fetch" "--manifest-path" "Cargo.toml", kill_on_drop: false }`
[INFO] [stderr]     Updating git repository `https://github.com/foundry-rs/foundry.git`
[INFO] [stderr]     Updating git repository `https://github.com/onbjerg/ethers-flashbots`
[INFO] [stderr]     Updating crates.io index
[INFO] [stderr]     Updating git repository `https://github.com/gakonst/ethers-rs`
[INFO] [stderr]  Downloading crates ...
[INFO] [stderr]   Downloaded enumn v0.1.11
[INFO] [stderr]   Downloaded fastrlp v0.3.1
[INFO] [stderr]   Downloaded ethers-contract v2.0.8
[INFO] [stderr]   Downloaded ethers-middleware v2.0.8
[INFO] [stderr]   Downloaded keccak-hasher v0.15.3
[INFO] [stderr]   Downloaded ethers v2.0.8
[INFO] [stderr]   Downloaded ethers-addressbook v2.0.8
[INFO] [stderr]   Downloaded svm-rs-builds v0.2.0
[INFO] [stderr]   Downloaded ariadne v0.2.0
[INFO] [stderr]   Downloaded ethers-signers v2.0.8
[INFO] [stderr]   Downloaded clap_complete v4.3.2
[INFO] [stderr]   Downloaded revm-interpreter v1.1.2
[INFO] [stderr]   Downloaded revm v3.3.0
[INFO] [stderr]   Downloaded cfmms v0.6.2
[INFO] [stderr]   Downloaded coins-bip39 v0.8.6
[INFO] [stderr]   Downloaded ethers-solc v2.0.8
[INFO] [stderr]   Downloaded ethers-core v2.0.8
[INFO] [stderr]   Downloaded winnow v0.5.10
[INFO] [stderr]   Downloaded ethers-contract-abigen v2.0.8
[INFO] [stderr]   Downloaded ethers-providers v2.0.8
[INFO] [stderr]   Downloaded tokio-tungstenite v0.19.0
[INFO] [stderr]   Downloaded fastrlp-derive v0.2.0
[INFO] [stderr]   Downloaded vergen v8.2.4
[INFO] [stderr]   Downloaded coins-bip32 v0.8.3
[INFO] [stderr]   Downloaded ethers-contract-derive v2.0.8
[INFO] [stderr]   Downloaded revm-precompile v2.0.3
[INFO] [stderr]   Downloaded ethers-etherscan v2.0.8
[INFO] [stderr]   Downloaded aho-corasick v1.0.3
[INFO] [stderr]   Downloaded reference-trie v0.25.0
[INFO] [stderr]   Downloaded enr v0.8.1
[INFO] [stderr]   Downloaded clap_complete_fig v4.3.1
[INFO] [stderr]   Downloaded revm-primitives v1.1.2
[INFO] [stderr]   Downloaded ethereum-forkid v0.12.0
[INFO] [stderr]   Downloaded coins-core v0.8.3
[INFO] running `Command { std: "docker" "create" "-v" "/var/lib/crater-agent-workspace/builds/worker-0-tc1/target:/opt/rustwide/target:rw,Z" "-v" "/var/lib/crater-agent-workspace/builds/worker-0-tc1/source:/opt/rustwide/workdir:ro,Z" "-v" "/var/lib/crater-agent-workspace/cargo-home:/opt/rustwide/cargo-home:ro,Z" "-v" "/var/lib/crater-agent-workspace/rustup-home:/opt/rustwide/rustup-home:ro,Z" "-e" "SOURCE_DIR=/opt/rustwide/workdir" "-e" "CARGO_TARGET_DIR=/opt/rustwide/target" "-e" "CARGO_HOME=/opt/rustwide/cargo-home" "-e" "RUSTUP_HOME=/opt/rustwide/rustup-home" "-w" "/opt/rustwide/workdir" "-m" "1610612736" "--user" "0:0" "--network" "none" "ghcr.io/rust-lang/crates-build-env/linux@sha256:2788e3201cd34a07e3172128adcd8b3090168a8e3bcc40d7c032b9dda1df7d1c" "/opt/rustwide/cargo-home/bin/cargo" "+nightly-2024-02-05" "metadata" "--no-deps" "--format-version=1", kill_on_drop: false }`
[INFO] [stdout] e747134a54a89b90c51c0be3ab6529559e5be61a7fea68c032075e36bfaf871b
[INFO] running `Command { std: "docker" "start" "-a" "e747134a54a89b90c51c0be3ab6529559e5be61a7fea68c032075e36bfaf871b", kill_on_drop: false }`
[INFO] running `Command { std: "docker" "inspect" "e747134a54a89b90c51c0be3ab6529559e5be61a7fea68c032075e36bfaf871b", kill_on_drop: false }`
[INFO] running `Command { std: "docker" "rm" "-f" "e747134a54a89b90c51c0be3ab6529559e5be61a7fea68c032075e36bfaf871b", kill_on_drop: false }`
[INFO] [stdout] e747134a54a89b90c51c0be3ab6529559e5be61a7fea68c032075e36bfaf871b
[INFO] running `Command { std: "docker" "create" "-v" "/var/lib/crater-agent-workspace/builds/worker-0-tc1/target:/opt/rustwide/target:rw,Z" "-v" "/var/lib/crater-agent-workspace/builds/worker-0-tc1/source:/opt/rustwide/workdir:ro,Z" "-v" "/var/lib/crater-agent-workspace/cargo-home:/opt/rustwide/cargo-home:ro,Z" "-v" "/var/lib/crater-agent-workspace/rustup-home:/opt/rustwide/rustup-home:ro,Z" "-e" "SOURCE_DIR=/opt/rustwide/workdir" "-e" "CARGO_TARGET_DIR=/opt/rustwide/target" "-e" "CARGO_INCREMENTAL=0" "-e" "RUST_BACKTRACE=full" "-e" "RUSTFLAGS=--cap-lints=forbid" "-e" "RUSTDOCFLAGS=--cap-lints=forbid" "-e" "CARGO_HOME=/opt/rustwide/cargo-home" "-e" "RUSTUP_HOME=/opt/rustwide/rustup-home" "-w" "/opt/rustwide/workdir" "-m" "1610612736" "--user" "0:0" "--network" "none" "ghcr.io/rust-lang/crates-build-env/linux@sha256:2788e3201cd34a07e3172128adcd8b3090168a8e3bcc40d7c032b9dda1df7d1c" "/opt/rustwide/cargo-home/bin/cargo" "+nightly-2024-02-05" "check" "--frozen" "--all" "--all-targets" "--message-format=json", kill_on_drop: false }`
[INFO] [stdout] de6e8e6e7064a6119418d224c98656db6354e2976aa0af59842c53bcd8563219
[INFO] running `Command { std: "docker" "start" "-a" "de6e8e6e7064a6119418d224c98656db6354e2976aa0af59842c53bcd8563219", kill_on_drop: false }`
[INFO] [stderr]    Compiling proc-macro2 v1.0.66
[INFO] [stderr]    Compiling serde_derive v1.0.183
[INFO] [stderr]    Compiling libc v0.2.147
[INFO] [stderr]    Compiling serde v1.0.183
[INFO] [stderr]    Compiling once_cell v1.18.0
[INFO] [stderr]    Compiling syn v1.0.109
[INFO] [stderr]     Checking getrandom v0.2.10
[INFO] [stderr]     Checking zeroize v1.6.0
[INFO] [stderr]    Compiling hashbrown v0.14.0
[INFO] [stderr]     Checking generic-array v0.14.7
[INFO] [stderr]    Compiling crunchy v0.2.2
[INFO] [stderr]    Compiling winnow v0.5.10
[INFO] [stderr]     Checking const-oid v0.9.5
[INFO] [stderr]    Compiling quote v1.0.32
[INFO] [stderr]    Compiling syn v2.0.28
[INFO] [stderr]    Compiling indexmap v2.0.0
[INFO] [stderr]     Checking crypto-common v0.1.6
[INFO] [stderr]     Checking rand_core v0.6.4
[INFO] [stderr]    Compiling jobserver v0.1.26
[INFO] [stderr]     Checking block-buffer v0.10.4
[INFO] [stderr]     Checking digest v0.10.7
[INFO] [stderr]    Compiling cc v1.0.82
[INFO] [stderr]    Compiling rustix v0.38.8
[INFO] [stderr]    Compiling futures-core v0.3.28
[INFO] [stderr]    Compiling convert_case v0.4.0
[INFO] [stderr]     Checking rand_chacha v0.3.1
[INFO] [stderr]     Checking rand v0.8.5
[INFO] [stderr]    Compiling ahash v0.8.3
[INFO] [stderr]     Checking byteorder v1.4.3
[INFO] [stderr]    Compiling slab v0.4.8
[INFO] [stderr]    Compiling proc-macro-error-attr v1.0.4
[INFO] [stderr]     Checking pin-project-lite v0.2.12
[INFO] [stderr]    Compiling rustversion v1.0.14
[INFO] [stderr]     Checking rustc-hex v2.1.0
[INFO] [stderr]    Compiling proc-macro-error v1.0.4
[INFO] [stderr]     Checking allocator-api2 v0.2.16
[INFO] [stderr]     Checking smallvec v1.11.0
[INFO] [stderr]    Compiling libm v0.2.7
[INFO] [stderr]     Checking bytes v1.4.0
[INFO] [stderr]     Checking hex v0.4.3
[INFO] [stderr]    Compiling num-traits v0.2.16
[INFO] [stderr]    Compiling toml_datetime v0.6.3
[INFO] [stderr]    Compiling serde_spanned v0.6.3
[INFO] [stderr]     Checking arrayvec v0.7.4
[INFO] [stderr]    Compiling toml_edit v0.19.14
[INFO] [stderr]     Checking parking_lot_core v0.9.8
[INFO] [stderr]    Compiling typenum v1.16.0
[INFO] [stderr]    Compiling indexmap v1.9.3
[INFO] [stderr]    Compiling itoa v1.0.9
[INFO] [stderr]     Checking bitflags v2.4.0
[INFO] [stderr]     Checking byte-slice-cast v1.2.2
[INFO] [stderr]    Compiling camino v1.1.6
[INFO] [stderr]     Checking futures-sink v0.3.28
[INFO] [stderr]    Compiling memchr v2.5.0
[INFO] [stderr]    Compiling subtle v2.5.0
[INFO] [stderr]    Compiling serde_json v1.0.104
[INFO] [stderr]     Checking linux-raw-sys v0.4.5
[INFO] [stderr]    Compiling futures-channel v0.3.28
[INFO] [stderr]     Checking parking_lot v0.12.1
[INFO] [stderr]     Checking mio v0.8.8
[INFO] [stderr]    Compiling proc-macro-crate v1.3.1
[INFO] [stderr]     Checking hmac v0.12.1
[INFO] [stderr]     Checking der v0.7.8
[INFO] [stderr]    Compiling futures-task v0.3.28
[INFO] [stderr]     Checking sha3 v0.10.8
[INFO] [stderr]     Checking fixed-hash v0.8.0
[INFO] [stderr]     Checking impl-serde v0.4.0
[INFO] [stderr]     Checking sha2 v0.10.7
[INFO] [stderr]     Checking num_cpus v1.16.0
[INFO] [stderr]     Checking uint v0.9.5
[INFO] [stderr]     Checking ff v0.13.0
[INFO] [stderr]     Checking tracing-core v0.1.31
[INFO] [stderr]    Compiling futures-util v0.3.28
[INFO] [stderr]     Checking group v0.13.0
[INFO] [stderr]     Checking spki v0.7.2
[INFO] [stderr]     Checking sec1 v0.7.3
[INFO] [stderr]     Checking pkcs8 v0.10.2
[INFO] [stderr]     Checking crypto-bigint v0.5.2
[INFO] [stderr]     Checking socket2 v0.5.3
[INFO] [stderr]     Checking futures-io v0.3.28
[INFO] [stderr]     Checking rfc6979 v0.4.0
[INFO] [stderr]    Compiling ring v0.16.20
[INFO] [stderr]     Checking signature v2.1.0
[INFO] [stderr]    Compiling ppv-lite86 v0.2.17
[INFO] [stderr]    Compiling tiny-keccak v2.0.2
[INFO] [stderr]    Compiling rustls v0.21.6
[INFO] [stderr]     Checking http v0.2.9
[INFO] [stderr]     Checking aho-corasick v1.0.3
[INFO] [stderr]    Compiling thiserror-impl v1.0.44
[INFO] [stderr]    Compiling futures-macro v0.3.28
[INFO] [stderr]    Compiling num_enum_derive v0.6.1
[INFO] [stderr]    Compiling strum_macros v0.25.2
[INFO] [stderr]    Compiling impl-trait-for-tuples v0.2.2
[INFO] [stderr]    Compiling parity-scale-codec-derive v3.6.4
[INFO] [stderr]    Compiling rlp-derive v0.1.0
[INFO] [stderr]    Compiling derive_more v0.99.17
[INFO] [stderr]    Compiling scale-info-derive v2.9.0
[INFO] [stderr]    Compiling auto_impl v1.1.0
[INFO] [stderr]     Checking rlp v0.5.2
[INFO] [stderr]     Checking thiserror v1.0.44
[INFO] [stderr]     Checking impl-rlp v0.3.0
[INFO] [stderr]    Compiling open-fastrlp-derive v0.1.1
[INFO] [stderr]    Compiling tokio-macros v2.1.0
[INFO] [stderr]    Compiling tracing-attributes v0.1.26
[INFO] [stderr]     Checking tokio v1.31.0
[INFO] [stderr]     Checking elliptic-curve v0.13.5
[INFO] [stderr]     Checking regex-automata v0.3.6
[INFO] [stderr]     Checking ecdsa v0.16.8
[INFO] [stderr]     Checking k256 v0.13.1
[INFO] [stderr]     Checking tracing v0.1.37
[INFO] [stderr]    Compiling ryu v1.0.15
[INFO] [stderr]     Checking ahash v0.7.6
[INFO] [stderr]     Checking lazy_static v1.4.0
[INFO] [stderr]     Checking regex v1.9.3
[INFO] [stderr]     Checking hashbrown v0.12.3
[INFO] [stderr]     Checking semver v1.0.18
[INFO] [stderr]     Checking parity-scale-codec v3.6.4
[INFO] [stderr]     Checking unicode-ident v1.0.11
[INFO] [stderr]    Compiling regex-syntax v0.7.4
[INFO] [stderr]    Compiling openssl-sys v0.9.91
[INFO] [stderr]     Checking scale-info v2.9.0
[INFO] [stderr]     Checking impl-codec v0.6.0
[INFO] [stderr]    Compiling cpufeatures v0.2.9
[INFO] [stderr]     Checking tempfile v3.7.1
[INFO] [stderr]     Checking primitive-types v0.12.1
[INFO] [stderr]     Checking ethbloom v0.13.0
[INFO] [stderr]     Checking cargo-platform v0.1.3
[INFO] [stderr]     Checking http-body v0.4.5
[INFO] [stderr]     Checking time v0.1.45
[INFO] [stderr]     Checking iana-time-zone v0.1.57
[INFO] [stderr]     Checking idna v0.4.0
[INFO] [stderr]     Checking tokio-util v0.7.8
[INFO] [stderr]     Checking chrono v0.4.26
[INFO] [stderr]     Checking strum v0.25.0
[INFO] [stderr]     Checking num_enum v0.6.1
[INFO] [stderr]    Compiling openssl v0.10.56
[INFO] [stderr]     Checking ethereum-types v0.14.1
[INFO] [stderr]     Checking url v2.4.0
[INFO] [stderr]     Checking open-fastrlp v0.1.4
[INFO] [stderr]     Checking ethabi v18.0.0
[INFO] [stderr]    Compiling openssl-macros v0.1.1
[INFO] [stderr]    Compiling static_assertions v1.1.0
[INFO] [stderr]     Checking try-lock v0.2.4
[INFO] [stderr]     Checking want v0.3.1
[INFO] [stderr]    Compiling native-tls v0.2.11
[INFO] [stderr]     Checking h2 v0.3.20
[INFO] [stderr]     Checking rustls-webpki v0.101.3
[INFO] [stderr]     Checking sct v0.7.0
[INFO] [stderr]     Checking socket2 v0.4.9
[INFO] [stderr]    Compiling eyre v0.6.8
[INFO] [stderr]     Checking webpki v0.22.0
[INFO] [stderr]    Compiling base16ct v0.2.0
[INFO] [stderr]     Checking serde_urlencoded v0.7.1
[INFO] [stderr]     Checking tokio-rustls v0.24.1
[INFO] [stderr]    Compiling prettyplease v0.2.12
[INFO] [stderr]    Compiling wasm-bindgen-shared v0.2.87
[INFO] [stderr]    Compiling keccak v0.1.4
[INFO] [stderr]     Checking hyper v0.14.27
[INFO] [stderr]     Checking tokio-native-tls v0.3.1
[INFO] [stderr]     Checking webpki-roots v0.22.6
[INFO] [stderr]     Checking rustls-pemfile v1.0.3
[INFO] [stderr]     Checking encoding_rs v0.8.32
[INFO] [stderr]    Compiling bumpalo v3.13.0
[INFO] [stderr]     Checking ipnet v2.8.0
[INFO] [stderr]    Compiling tinyvec_macros v0.1.1
[INFO] [stderr]    Compiling fastrand v2.0.0
[INFO] [stderr]    Compiling async-trait v0.1.73
[INFO] [stderr]    Compiling spin v0.5.2
[INFO] [stderr]     Checking base64 v0.13.1
[INFO] [stderr]    Compiling untrusted v0.7.1
[INFO] [stderr]    Compiling wasm-bindgen-backend v0.2.87
[INFO] [stderr]    Compiling tinyvec v1.6.0
[INFO] [stderr]    Compiling pin-project-internal v1.1.3
[INFO] [stderr]     Checking inout v0.1.3
[INFO] [stderr]    Compiling percent-encoding v2.3.0
[INFO] [stderr]     Checking utf-8 v0.7.6
[INFO] [stderr]     Checking cipher v0.4.4
[INFO] [stderr]    Compiling form_urlencoded v1.2.0
[INFO] [stderr]    Compiling wasm-bindgen-macro-support v0.2.87
[INFO] [stderr]    Compiling unicode-normalization v0.1.22
[INFO] [stderr]     Checking ripemd v0.1.3
[INFO] [stderr]     Checking block-buffer v0.9.0
[INFO] [stderr]     Checking digest v0.9.0
[INFO] [stderr]    Compiling indenter v0.3.3
[INFO] [stderr]    Compiling wasm-bindgen v0.2.87
[INFO] [stderr]    Compiling same-file v1.0.6
[INFO] [stderr]     Checking pin-project v1.1.3
[INFO] [stderr]    Compiling unicode-bidi v0.3.13
[INFO] [stderr]    Compiling walkdir v2.3.3
[INFO] [stderr]    Compiling Inflector v0.11.4
[INFO] [stderr]     Checking hyper-tls v0.5.0
[INFO] [stderr]     Checking hyper-rustls v0.24.1
[INFO] [stderr]     Checking sha2 v0.9.9
[INFO] [stderr]     Checking reqwest v0.11.18
[INFO] [stderr]    Compiling wasm-bindgen-macro v0.2.87
[INFO] [stderr]    Compiling toml v0.7.6
[INFO] [stderr]     Checking dunce v1.0.4
[INFO] [stderr]    Compiling siphasher v0.3.10
[INFO] [stderr]     Checking bs58 v0.4.0
[INFO] [stderr]    Compiling num-integer v0.1.45
[INFO] [stderr]     Checking bech32 v0.7.3
[INFO] [stderr]     Checking js-sys v0.3.64
[INFO] [stderr]     Checking coins-core v0.8.3
[INFO] [stderr]     Checking salsa20 v0.10.2
[INFO] [stderr]     Checking cargo_metadata v0.17.0
[INFO] [stderr]     Checking rustls-webpki v0.100.1
[INFO] [stderr]     Checking const-hex v1.6.1
[INFO] [stderr]     Checking bincode v1.3.3
[INFO] [stderr]     Checking sha1 v0.10.5
[INFO] [stderr]     Checking pbkdf2 v0.11.0
[INFO] [stderr]     Checking radium v0.3.0
[INFO] [stderr]     Checking data-encoding v2.4.0
[INFO] [stderr]     Checking coins-bip32 v0.8.3
[INFO] [stderr]     Checking bitvec v0.17.4
[INFO] [stderr]     Checking tungstenite v0.19.0
[INFO] [stderr]     Checking ethers-core v2.0.8 (https://github.com/gakonst/ethers-rs#842fe1bb)
[INFO] [stderr]     Checking scrypt v0.10.0
[INFO] [stderr]     Checking webpki-roots v0.23.1
[INFO] [stderr]     Checking aes v0.8.3
[INFO] [stderr]     Checking gloo-timers v0.2.6
[INFO] [stderr]     Checking ctr v0.9.2
[INFO] [stderr]     Checking pbkdf2 v0.12.2
[INFO] [stderr]     Checking uuid v0.8.2
[INFO] [stderr]     Checking fxhash v0.2.1
[INFO] [stderr]    Compiling dirs-sys-next v0.1.2
[INFO] [stderr]    Compiling num-bigint v0.4.3
[INFO] [stderr]    Compiling scopeguard v1.2.0
[INFO] [stderr]    Compiling build_const v0.2.2
[INFO] [stderr]     Checking send_wrapper v0.4.0
[INFO] [stderr]     Checking futures-timer v3.0.2
[INFO] [stderr]    Compiling lock_api v0.4.10
[INFO] [stderr]     Checking eth-keystore v0.5.0
[INFO] [stderr]    Compiling dirs-next v2.0.0
[INFO] [stderr]     Checking hashers v1.0.1
[INFO] [stderr]     Checking coins-bip39 v0.8.6
[INFO] [stderr]     Checking tokio-tungstenite v0.19.0
[INFO] [stderr]     Checking tracing-futures v0.2.5
[INFO] [stderr]     Checking instant v0.1.12
[INFO] [stderr]    Compiling option-ext v0.2.0
[INFO] [stderr]    Compiling base64 v0.21.2
[INFO] [stderr]    Compiling dirs-sys v0.4.1
[INFO] [stderr]    Compiling term v0.7.0
[INFO] [stderr]    Compiling phf_shared v0.10.0
[INFO] [stderr]    Compiling mime v0.3.17
[INFO] [stderr]    Compiling fixedbitset v0.4.2
[INFO] [stderr]    Compiling precomputed-hash v0.1.1
[INFO] [stderr]    Compiling either v1.9.0
[INFO] [stderr]    Compiling new_debug_unreachable v1.0.4
[INFO] [stderr]    Compiling bit-vec v0.6.3
[INFO] [stderr]    Compiling itertools v0.10.5
[INFO] [stderr]    Compiling bit-set v0.5.3
[INFO] [stderr]    Compiling string_cache v0.8.7
[INFO] [stderr]    Compiling petgraph v0.6.3
[INFO] [stderr]    Compiling ascii-canvas v3.0.0
[INFO] [stderr]    Compiling dirs v5.0.1
[INFO] [stderr]    Compiling phf_shared v0.11.2
[INFO] [stderr]    Compiling is-terminal v0.4.9
[INFO] [stderr]    Compiling ena v0.14.2
[INFO] [stderr]    Compiling fs2 v0.4.3
[INFO] [stderr]    Compiling maybe-uninit v2.0.0
[INFO] [stderr]    Compiling diff v0.1.13
[INFO] [stderr]    Compiling lalrpop-util v0.20.0
[INFO] [stderr]    Compiling phf_generator v0.11.2
[INFO] [stderr]    Compiling rayon-core v1.11.0
[INFO] [stderr]    Compiling lalrpop v0.20.0
[INFO] [stderr]    Compiling phf_macros v0.11.2
[INFO] [stderr]     Checking crossbeam-channel v0.5.8
[INFO] [stderr]    Compiling time-macros v0.2.11
[INFO] [stderr]     Checking deranged v0.3.7
[INFO] [stderr]     Checking nodrop v0.1.14
[INFO] [stderr]     Checking array-init v0.0.4
[INFO] [stderr]     Checking smallvec v0.6.14
[INFO] [stderr]     Checking phf v0.11.2
[INFO] [stderr]     Checking yansi v0.5.1
[INFO] [stderr]     Checking svm-rs v0.3.0
[INFO] [stderr]     Checking serde-hex v0.1.0
[INFO] [stderr]     Checking rayon v1.7.0
[INFO] [stderr]     Checking pem v1.1.1
[INFO] [stderr]     Checking cargo_metadata v0.15.4
[INFO] [stderr]     Checking time v0.3.25
[INFO] [stderr]     Checking futures-locks v0.7.1
[INFO] [stderr]     Checking md-5 v0.10.5
[INFO] [stderr]    Compiling unicase v2.6.0
[INFO] [stderr]     Checking path-slash v0.2.1
[INFO] [stderr]    Compiling proc-macro2-diagnostics v0.10.1
[INFO] [stderr]     Checking ethers-core v2.0.8
[INFO] [stderr]    Compiling ruint-macro v1.1.0
[INFO] [stderr]     Checking simple_asn1 v0.6.2
[INFO] [stderr]     Checking jsonwebtoken v8.3.0
[INFO] [stderr]     Checking enr v0.9.0
[INFO] [stderr]    Compiling radium v0.7.0
[INFO] [stderr]     Checking anstream v0.3.2
[INFO] [stderr]     Checking ruint v1.10.1
[INFO] [stderr]    Compiling uncased v0.9.9
[INFO] [stderr]    Compiling pear_codegen v0.2.7
[INFO] [stderr]     Checking ethers-signers v2.0.8 (https://github.com/gakonst/ethers-rs#842fe1bb)
[INFO] [stderr]     Checking ethers-providers v2.0.8 (https://github.com/gakonst/ethers-rs#842fe1bb)
[INFO] [stderr]     Checking ethers-contract-abigen v2.0.8 (https://github.com/gakonst/ethers-rs#842fe1bb)
[INFO] [stderr]    Compiling figment v0.10.10
[INFO] [stderr]    Compiling signal-hook v0.3.17
[INFO] [stderr]     Checking number_prefix v0.4.0
[INFO] [stderr]     Checking yansi v1.0.0-rc.1
[INFO] [stderr]     Checking tap v1.0.1
[INFO] [stderr]     Checking wyz v0.5.1
[INFO] [stderr]     Checking pear v0.2.7
[INFO] [stderr]     Checking clap_builder v4.3.21
[INFO] [stderr]     Checking futures-executor v0.3.28
[INFO] [stderr]    Compiling clap_derive v4.3.12
[INFO] [stderr]    Compiling svm-rs-builds v0.2.0
[INFO] [stderr]    Compiling libz-sys v1.1.12
[INFO] [stderr]    Compiling secp256k1-sys v0.8.1
[INFO] [stderr]     Checking bstr v1.6.0
[INFO] [stderr]    Compiling num-rational v0.4.1
[INFO] [stderr]    Compiling num-iter v0.1.43
[INFO] [stderr]     Checking funty v2.0.0
[INFO] [stderr]     Checking globset v0.4.13
[INFO] [stderr]     Checking bitvec v1.0.1
[INFO] [stderr]     Checking futures v0.3.28
[INFO] [stderr]     Checking clap v4.3.21
[INFO] [stderr]     Checking serde_regex v1.1.0
[INFO] [stderr]    Compiling enumn v0.1.11
[INFO] [stderr]     Checking hashbrown v0.13.2
[INFO] [stderr]     Checking hash-db v0.15.2
[INFO] [stderr]     Checking regex-syntax v0.6.29
[INFO] [stderr] error: failed to run custom build command for `svm-rs-builds v0.2.0`
[INFO] [stderr] note: To improve backtraces for build dependencies, set the CARGO_PROFILE_DEV_BUILD_OVERRIDE_DEBUG=true environment variable to enable debug information generation.
[INFO] [stderr] 
[INFO] [stderr] Caused by:
[INFO] [stderr]   process didn't exit successfully: `/opt/rustwide/target/debug/build/svm-rs-builds-d34ce69e2f6bcf85/build-script-build` (exit status: 101)
[INFO] [stderr]   --- stderr
[INFO] [stderr]   thread 'main' panicked at /opt/rustwide/cargo-home/registry/src/index.crates.io-6f17d22bba15001f/svm-rs-builds-0.2.0/build.rs:140:46:
[INFO] [stderr]   Failed to fetch releases: ReqwestError(reqwest::Error { kind: Request, url: Url { scheme: "https", cannot_be_a_base: false, username: "", password: None, host: Some(Domain("binaries.soliditylang.org")), port: None, path: "/linux-amd64/list.json", query: None, fragment: None }, source: hyper::Error(Connect, ConnectError("dns error", Custom { kind: Uncategorized, error: "failed to lookup address information: Temporary failure in name resolution" })) })
[INFO] [stderr]   stack backtrace:
[INFO] [stderr]      0:     0x5633dccebaf6 - std::backtrace_rs::backtrace::libunwind::trace::heebc7766b165eb2a
[INFO] [stderr]                                  at /rustc/268dbbbc4b3fd71c5f360a4d0728295252430b5b/library/std/src/../../backtrace/src/backtrace/libunwind.rs:104:5
[INFO] [stderr]      1:     0x5633dccebaf6 - std::backtrace_rs::backtrace::trace_unsynchronized::ha677020d8fc0296d
[INFO] [stderr]                                  at /rustc/268dbbbc4b3fd71c5f360a4d0728295252430b5b/library/std/src/../../backtrace/src/backtrace/mod.rs:66:5
[INFO] [stderr]      2:     0x5633dccebaf6 - std::sys_common::backtrace::_print_fmt::hcaff2fd86a1aeaa3
[INFO] [stderr]                                  at /rustc/268dbbbc4b3fd71c5f360a4d0728295252430b5b/library/std/src/sys_common/backtrace.rs:68:5
[INFO] [stderr]      3:     0x5633dccebaf6 - <std::sys_common::backtrace::_print::DisplayBacktrace as core::fmt::Display>::fmt::hc2446d8aa0059188
[INFO] [stderr]                                  at /rustc/268dbbbc4b3fd71c5f360a4d0728295252430b5b/library/std/src/sys_common/backtrace.rs:44:22
[INFO] [stderr]      4:     0x5633dcd126e0 - core::fmt::rt::Argument::fmt::h2fbb6454da37999b
[INFO] [stderr]                                  at /rustc/268dbbbc4b3fd71c5f360a4d0728295252430b5b/library/core/src/fmt/rt.rs:142:9
[INFO] [stderr]      5:     0x5633dcd126e0 - core::fmt::write::had96bdeda7d49d3a
[INFO] [stderr]                                  at /rustc/268dbbbc4b3fd71c5f360a4d0728295252430b5b/library/core/src/fmt/mod.rs:1120:17
[INFO] [stderr]      6:     0x5633dcce8f7f - std::io::Write::write_fmt::h30b1f36eea05b391
[INFO] [stderr]                                  at /rustc/268dbbbc4b3fd71c5f360a4d0728295252430b5b/library/std/src/io/mod.rs:1849:15
[INFO] [stderr]      7:     0x5633dcceb8d4 - std::sys_common::backtrace::_print::hc333bb91ae972137
[INFO] [stderr]                                  at /rustc/268dbbbc4b3fd71c5f360a4d0728295252430b5b/library/std/src/sys_common/backtrace.rs:47:5
[INFO] [stderr]      8:     0x5633dcceb8d4 - std::sys_common::backtrace::print::h18fd3c71a95a3169
[INFO] [stderr]                                  at /rustc/268dbbbc4b3fd71c5f360a4d0728295252430b5b/library/std/src/sys_common/backtrace.rs:34:9
[INFO] [stderr]      9:     0x5633dccecfa7 - std::panicking::default_hook::{{closure}}::ha3473f9bcb4e9a37
[INFO] [stderr]     10:     0x5633dccecd09 - std::panicking::default_hook::h23d9d43185db6584
[INFO] [stderr]                                  at /rustc/268dbbbc4b3fd71c5f360a4d0728295252430b5b/library/std/src/panicking.rs:292:9
[INFO] [stderr]     11:     0x5633dcced438 - std::panicking::rust_panic_with_hook::h94aceaa7df3a6edd
[INFO] [stderr]                                  at /rustc/268dbbbc4b3fd71c5f360a4d0728295252430b5b/library/std/src/panicking.rs:781:13
[INFO] [stderr]     12:     0x5633dcced312 - std::panicking::begin_panic_handler::{{closure}}::h9905d45d1d82fc42
[INFO] [stderr]                                  at /rustc/268dbbbc4b3fd71c5f360a4d0728295252430b5b/library/std/src/panicking.rs:659:13
[INFO] [stderr]     13:     0x5633dccebff6 - std::sys_common::backtrace::__rust_end_short_backtrace::hb02085545dc143b9
[INFO] [stderr]                                  at /rustc/268dbbbc4b3fd71c5f360a4d0728295252430b5b/library/std/src/sys_common/backtrace.rs:171:18
[INFO] [stderr]     14:     0x5633dcced064 - rust_begin_unwind
[INFO] [stderr]                                  at /rustc/268dbbbc4b3fd71c5f360a4d0728295252430b5b/library/std/src/panicking.rs:647:5
[INFO] [stderr]     15:     0x5633dc7b5b85 - core::panicking::panic_fmt::h6dca3983f8a9f4d0
[INFO] [stderr]                                  at /rustc/268dbbbc4b3fd71c5f360a4d0728295252430b5b/library/core/src/panicking.rs:72:14
[INFO] [stderr]     16:     0x5633dc7b61c3 - core::result::unwrap_failed::h640a7fdbeb8f545f
[INFO] [stderr]                                  at /rustc/268dbbbc4b3fd71c5f360a4d0728295252430b5b/library/core/src/result.rs:1649:5
[INFO] [stderr]     17:     0x5633dc7bb187 - core::result::Result<T,E>::expect::hbaf1aabefafa9ac2
[INFO] [stderr]     18:     0x5633dc7be8c7 - build_script_build::generate::hda820f247e82bfd8
[INFO] [stderr]     19:     0x5633dc7bf30d - build_script_build::main::h5f391326e2a1e1a7
[INFO] [stderr]     20:     0x5633dc7ba5c3 - core::ops::function::FnOnce::call_once::hf4685d397849c514
[INFO] [stderr]     21:     0x5633dc7b9d16 - std::sys_common::backtrace::__rust_begin_short_backtrace::h0b11e82183556a37
[INFO] [stderr]     22:     0x5633dc7ba009 - std::rt::lang_start::{{closure}}::h0313bc4299e25571
[INFO] [stderr]     23:     0x5633dcce53e1 - core::ops::function::impls::<impl core::ops::function::FnOnce<A> for &F>::call_once::h298d8ff12ebcec8c
[INFO] [stderr]                                  at /rustc/268dbbbc4b3fd71c5f360a4d0728295252430b5b/library/core/src/ops/function.rs:284:13
[INFO] [stderr]     24:     0x5633dcce53e1 - std::panicking::try::do_call::hbd0ffb05da5bd343
[INFO] [stderr]                                  at /rustc/268dbbbc4b3fd71c5f360a4d0728295252430b5b/library/std/src/panicking.rs:554:40
[INFO] [stderr]     25:     0x5633dcce53e1 - std::panicking::try::h11c9a152defd5d2a
[INFO] [stderr]                                  at /rustc/268dbbbc4b3fd71c5f360a4d0728295252430b5b/library/std/src/panicking.rs:518:19
[INFO] [stderr]     26:     0x5633dcce53e1 - std::panic::catch_unwind::h0d6db2fa902b4d64
[INFO] [stderr]                                  at /rustc/268dbbbc4b3fd71c5f360a4d0728295252430b5b/library/std/src/panic.rs:142:14
[INFO] [stderr]     27:     0x5633dcce53e1 - std::rt::lang_start_internal::{{closure}}::hdcc09b4aad7ef821
[INFO] [stderr]                                  at /rustc/268dbbbc4b3fd71c5f360a4d0728295252430b5b/library/std/src/rt.rs:148:48
[INFO] [stderr]     28:     0x5633dcce53e1 - std::panicking::try::do_call::h3ffd2f162d60900f
[INFO] [stderr]                                  at /rustc/268dbbbc4b3fd71c5f360a4d0728295252430b5b/library/std/src/panicking.rs:554:40
[INFO] [stderr]     29:     0x5633dcce53e1 - std::panicking::try::heeba82b9c3e190fb
[INFO] [stderr]                                  at /rustc/268dbbbc4b3fd71c5f360a4d0728295252430b5b/library/std/src/panicking.rs:518:19
[INFO] [stderr]     30:     0x5633dcce53e1 - std::panic::catch_unwind::hdaab8f1c188f387f
[INFO] [stderr]                                  at /rustc/268dbbbc4b3fd71c5f360a4d0728295252430b5b/library/std/src/panic.rs:142:14
[INFO] [stderr]     31:     0x5633dcce53e1 - std::rt::lang_start_internal::h9989e088c48b7903
[INFO] [stderr]                                  at /rustc/268dbbbc4b3fd71c5f360a4d0728295252430b5b/library/std/src/rt.rs:148:20
[INFO] [stderr]     32:     0x5633dc7b9fe7 - std::rt::lang_start::h43d20679f4d1cde2
[INFO] [stderr]     33:     0x5633dc7bf355 - main
[INFO] [stderr]     34:     0x7fb25ad58d90 - <unknown>
[INFO] [stderr]     35:     0x7fb25ad58e40 - __libc_start_main
[INFO] [stderr]     36:     0x5633dc7b64c5 - _start
[INFO] [stderr]     37:                0x0 - <unknown>
[INFO] [stderr] warning: build failed, waiting for other jobs to finish...
[INFO] running `Command { std: "docker" "inspect" "de6e8e6e7064a6119418d224c98656db6354e2976aa0af59842c53bcd8563219", kill_on_drop: false }`
[INFO] running `Command { std: "docker" "rm" "-f" "de6e8e6e7064a6119418d224c98656db6354e2976aa0af59842c53bcd8563219", kill_on_drop: false }`
[INFO] [stdout] de6e8e6e7064a6119418d224c98656db6354e2976aa0af59842c53bcd8563219
[INFO] checking JackG-eth/mev_template against nightly-2024-02-05+rustflags=-Dunexpected_cfgs+cargoflags=-Zcheck-cfg for check-cfg
[INFO] running `Command { std: "git" "clone" "/workspace/cache/git-repos/https%3A%2F%2Fgithub.com%2FJackG-eth%2Fmev_template" "/workspace/builds/worker-0-tc2/source", kill_on_drop: false }`
[INFO] [stderr] Cloning into '/workspace/builds/worker-0-tc2/source'...
[INFO] [stderr] done.
[INFO] validating manifest of git repo https://github.com/JackG-eth/mev_template on toolchain nightly-2024-02-05
[INFO] running `Command { std: CARGO_HOME="/workspace/cargo-home" RUSTUP_HOME="/workspace/rustup-home" "/workspace/cargo-home/bin/cargo" "+nightly-2024-02-05" "metadata" "--manifest-path" "Cargo.toml" "--no-deps", kill_on_drop: false }`
[INFO] started tweaking git repo https://github.com/JackG-eth/mev_template
[INFO] finished tweaking git repo https://github.com/JackG-eth/mev_template
[INFO] tweaked toml for git repo https://github.com/JackG-eth/mev_template written to /workspace/builds/worker-0-tc2/source/Cargo.toml
[INFO] crate git repo https://github.com/JackG-eth/mev_template already has a lockfile, it will not be regenerated
[INFO] running `Command { std: CARGO_HOME="/workspace/cargo-home" RUSTUP_HOME="/workspace/rustup-home" "/workspace/cargo-home/bin/cargo" "+nightly-2024-02-05" "fetch" "--manifest-path" "Cargo.toml", kill_on_drop: false }`
[INFO] [stderr]     Blocking waiting for file lock on package cache
[ERROR] error running command: no output for 300 seconds
[INFO] checking JackG-eth/mev_template against nightly-2024-02-05+rustflags=-Dunexpected_cfgs+cargoflags=-Zcheck-cfg for check-cfg
[INFO] running `Command { std: "git" "clone" "/workspace/cache/git-repos/https%3A%2F%2Fgithub.com%2FJackG-eth%2Fmev_template" "/workspace/builds/worker-0-tc2/source", kill_on_drop: false }`
[INFO] [stderr] Cloning into '/workspace/builds/worker-0-tc2/source'...
[INFO] [stderr] done.
[INFO] validating manifest of git repo https://github.com/JackG-eth/mev_template on toolchain nightly-2024-02-05
[INFO] running `Command { std: CARGO_HOME="/workspace/cargo-home" RUSTUP_HOME="/workspace/rustup-home" "/workspace/cargo-home/bin/cargo" "+nightly-2024-02-05" "metadata" "--manifest-path" "Cargo.toml" "--no-deps", kill_on_drop: false }`
[INFO] started tweaking git repo https://github.com/JackG-eth/mev_template
[INFO] finished tweaking git repo https://github.com/JackG-eth/mev_template
[INFO] tweaked toml for git repo https://github.com/JackG-eth/mev_template written to /workspace/builds/worker-0-tc2/source/Cargo.toml
[INFO] crate git repo https://github.com/JackG-eth/mev_template already has a lockfile, it will not be regenerated
[INFO] running `Command { std: CARGO_HOME="/workspace/cargo-home" RUSTUP_HOME="/workspace/rustup-home" "/workspace/cargo-home/bin/cargo" "+nightly-2024-02-05" "fetch" "--manifest-path" "Cargo.toml", kill_on_drop: false }`
[INFO] [stderr]     Blocking waiting for file lock on package cache
[INFO] [stderr]     Blocking waiting for file lock on package cache
[ERROR] error running command: no output for 300 seconds
[INFO] checking JackG-eth/mev_template against nightly-2024-02-05+rustflags=-Dunexpected_cfgs+cargoflags=-Zcheck-cfg for check-cfg
[INFO] running `Command { std: "git" "clone" "/workspace/cache/git-repos/https%3A%2F%2Fgithub.com%2FJackG-eth%2Fmev_template" "/workspace/builds/worker-0-tc2/source", kill_on_drop: false }`
[INFO] [stderr] Cloning into '/workspace/builds/worker-0-tc2/source'...
[INFO] [stderr] done.
[INFO] validating manifest of git repo https://github.com/JackG-eth/mev_template on toolchain nightly-2024-02-05
[INFO] running `Command { std: CARGO_HOME="/workspace/cargo-home" RUSTUP_HOME="/workspace/rustup-home" "/workspace/cargo-home/bin/cargo" "+nightly-2024-02-05" "metadata" "--manifest-path" "Cargo.toml" "--no-deps", kill_on_drop: false }`
[INFO] started tweaking git repo https://github.com/JackG-eth/mev_template
[INFO] finished tweaking git repo https://github.com/JackG-eth/mev_template
[INFO] tweaked toml for git repo https://github.com/JackG-eth/mev_template written to /workspace/builds/worker-0-tc2/source/Cargo.toml
[INFO] crate git repo https://github.com/JackG-eth/mev_template already has a lockfile, it will not be regenerated
[INFO] running `Command { std: CARGO_HOME="/workspace/cargo-home" RUSTUP_HOME="/workspace/rustup-home" "/workspace/cargo-home/bin/cargo" "+nightly-2024-02-05" "fetch" "--manifest-path" "Cargo.toml", kill_on_drop: false }`
[INFO] [stderr]     Blocking waiting for file lock on package cache
[INFO] [stderr]     Blocking waiting for file lock on package cache
[ERROR] error running command: no output for 300 seconds
[INFO] checking JackG-eth/mev_template against nightly-2024-02-05+rustflags=-Dunexpected_cfgs+cargoflags=-Zcheck-cfg for check-cfg
[INFO] running `Command { std: "git" "clone" "/workspace/cache/git-repos/https%3A%2F%2Fgithub.com%2FJackG-eth%2Fmev_template" "/workspace/builds/worker-0-tc2/source", kill_on_drop: false }`
[INFO] [stderr] Cloning into '/workspace/builds/worker-0-tc2/source'...
[INFO] [stderr] done.
[INFO] validating manifest of git repo https://github.com/JackG-eth/mev_template on toolchain nightly-2024-02-05
[INFO] running `Command { std: CARGO_HOME="/workspace/cargo-home" RUSTUP_HOME="/workspace/rustup-home" "/workspace/cargo-home/bin/cargo" "+nightly-2024-02-05" "metadata" "--manifest-path" "Cargo.toml" "--no-deps", kill_on_drop: false }`
[INFO] started tweaking git repo https://github.com/JackG-eth/mev_template
[INFO] finished tweaking git repo https://github.com/JackG-eth/mev_template
[INFO] tweaked toml for git repo https://github.com/JackG-eth/mev_template written to /workspace/builds/worker-0-tc2/source/Cargo.toml
[INFO] crate git repo https://github.com/JackG-eth/mev_template already has a lockfile, it will not be regenerated
[INFO] running `Command { std: CARGO_HOME="/workspace/cargo-home" RUSTUP_HOME="/workspace/rustup-home" "/workspace/cargo-home/bin/cargo" "+nightly-2024-02-05" "fetch" "--manifest-path" "Cargo.toml", kill_on_drop: false }`
[INFO] [stderr]     Blocking waiting for file lock on package cache
[INFO] [stderr]     Blocking waiting for file lock on package cache
[ERROR] error running command: no output for 300 seconds
[INFO] checking JackG-eth/mev_template against nightly-2024-02-05+rustflags=-Dunexpected_cfgs+cargoflags=-Zcheck-cfg for check-cfg
[INFO] running `Command { std: "git" "clone" "/workspace/cache/git-repos/https%3A%2F%2Fgithub.com%2FJackG-eth%2Fmev_template" "/workspace/builds/worker-0-tc2/source", kill_on_drop: false }`
[INFO] [stderr] Cloning into '/workspace/builds/worker-0-tc2/source'...
[INFO] [stderr] done.
[INFO] validating manifest of git repo https://github.com/JackG-eth/mev_template on toolchain nightly-2024-02-05
[INFO] running `Command { std: CARGO_HOME="/workspace/cargo-home" RUSTUP_HOME="/workspace/rustup-home" "/workspace/cargo-home/bin/cargo" "+nightly-2024-02-05" "metadata" "--manifest-path" "Cargo.toml" "--no-deps", kill_on_drop: false }`
[INFO] started tweaking git repo https://github.com/JackG-eth/mev_template
[INFO] finished tweaking git repo https://github.com/JackG-eth/mev_template
[INFO] tweaked toml for git repo https://github.com/JackG-eth/mev_template written to /workspace/builds/worker-0-tc2/source/Cargo.toml
[INFO] crate git repo https://github.com/JackG-eth/mev_template already has a lockfile, it will not be regenerated
[INFO] running `Command { std: CARGO_HOME="/workspace/cargo-home" RUSTUP_HOME="/workspace/rustup-home" "/workspace/cargo-home/bin/cargo" "+nightly-2024-02-05" "fetch" "--manifest-path" "Cargo.toml", kill_on_drop: false }`
[INFO] [stderr]     Blocking waiting for file lock on package cache
[INFO] [stderr]     Blocking waiting for file lock on package cache
[ERROR] error running command: no output for 300 seconds
[ERROR] this task or one of its parent failed!
[ERROR] no output for 300 seconds
[ERROR] note: run with `RUST_BACKTRACE=1` to display a backtrace.
