[INFO] cloning repository https://github.com/HugoxSaraiva/rust-rest-api-template
[INFO] running `Command { std: "git" "-c" "credential.helper=" "-c" "credential.helper=/workspace/cargo-home/bin/git-credential-null" "clone" "--bare" "https://github.com/HugoxSaraiva/rust-rest-api-template" "/workspace/cache/git-repos/https%3A%2F%2Fgithub.com%2FHugoxSaraiva%2Frust-rest-api-template", kill_on_drop: false }`
[INFO] [stderr] Cloning into bare repository '/workspace/cache/git-repos/https%3A%2F%2Fgithub.com%2FHugoxSaraiva%2Frust-rest-api-template'...
[INFO] running `Command { std: "git" "rev-parse" "HEAD", kill_on_drop: false }`
[INFO] [stdout] b04bc045c0ce2cffe30ff17ea10b9d22ed69780a
[INFO] checking HugoxSaraiva/rust-rest-api-template/b04bc045c0ce2cffe30ff17ea10b9d22ed69780a against nightly-2024-02-05 for check-cfg
[INFO] running `Command { std: "git" "clone" "/workspace/cache/git-repos/https%3A%2F%2Fgithub.com%2FHugoxSaraiva%2Frust-rest-api-template" "/workspace/builds/worker-0-tc1/source", kill_on_drop: false }`
[INFO] [stderr] Cloning into '/workspace/builds/worker-0-tc1/source'...
[INFO] [stderr] done.
[INFO] validating manifest of git repo https://github.com/HugoxSaraiva/rust-rest-api-template on toolchain nightly-2024-02-05
[INFO] running `Command { std: CARGO_HOME="/workspace/cargo-home" RUSTUP_HOME="/workspace/rustup-home" "/workspace/cargo-home/bin/cargo" "+nightly-2024-02-05" "metadata" "--manifest-path" "Cargo.toml" "--no-deps", kill_on_drop: false }`
[INFO] started tweaking git repo https://github.com/HugoxSaraiva/rust-rest-api-template
[INFO] finished tweaking git repo https://github.com/HugoxSaraiva/rust-rest-api-template
[INFO] tweaked toml for git repo https://github.com/HugoxSaraiva/rust-rest-api-template written to /workspace/builds/worker-0-tc1/source/Cargo.toml
[INFO] crate git repo https://github.com/HugoxSaraiva/rust-rest-api-template already has a lockfile, it will not be regenerated
[INFO] running `Command { std: CARGO_HOME="/workspace/cargo-home" RUSTUP_HOME="/workspace/rustup-home" "/workspace/cargo-home/bin/cargo" "+nightly-2024-02-05" "fetch" "--manifest-path" "Cargo.toml", kill_on_drop: false }`
[INFO] [stderr]  Downloading crates ...
[INFO] [stderr]   Downloaded axum-core v0.4.2
[INFO] [stderr]   Downloaded axum v0.7.3
[INFO] [stderr]   Downloaded utoipa-swagger-ui v6.0.0
[INFO] running `Command { std: "docker" "create" "-v" "/var/lib/crater-agent-workspace/builds/worker-0-tc1/target:/opt/rustwide/target:rw,Z" "-v" "/var/lib/crater-agent-workspace/builds/worker-0-tc1/source:/opt/rustwide/workdir:ro,Z" "-v" "/var/lib/crater-agent-workspace/cargo-home:/opt/rustwide/cargo-home:ro,Z" "-v" "/var/lib/crater-agent-workspace/rustup-home:/opt/rustwide/rustup-home:ro,Z" "-e" "SOURCE_DIR=/opt/rustwide/workdir" "-e" "CARGO_TARGET_DIR=/opt/rustwide/target" "-e" "CARGO_HOME=/opt/rustwide/cargo-home" "-e" "RUSTUP_HOME=/opt/rustwide/rustup-home" "-w" "/opt/rustwide/workdir" "-m" "1610612736" "--user" "0:0" "--network" "none" "ghcr.io/rust-lang/crates-build-env/linux@sha256:2788e3201cd34a07e3172128adcd8b3090168a8e3bcc40d7c032b9dda1df7d1c" "/opt/rustwide/cargo-home/bin/cargo" "+nightly-2024-02-05" "metadata" "--no-deps" "--format-version=1", kill_on_drop: false }`
[INFO] [stdout] 97585950ef93f4ccf3d9489b94a9c16cbc137835fd77b1a98974390ab0556396
[INFO] running `Command { std: "docker" "start" "-a" "97585950ef93f4ccf3d9489b94a9c16cbc137835fd77b1a98974390ab0556396", kill_on_drop: false }`
[INFO] running `Command { std: "docker" "inspect" "97585950ef93f4ccf3d9489b94a9c16cbc137835fd77b1a98974390ab0556396", kill_on_drop: false }`
[INFO] running `Command { std: "docker" "rm" "-f" "97585950ef93f4ccf3d9489b94a9c16cbc137835fd77b1a98974390ab0556396", kill_on_drop: false }`
[INFO] [stdout] 97585950ef93f4ccf3d9489b94a9c16cbc137835fd77b1a98974390ab0556396
[INFO] running `Command { std: "docker" "create" "-v" "/var/lib/crater-agent-workspace/builds/worker-0-tc1/target:/opt/rustwide/target:rw,Z" "-v" "/var/lib/crater-agent-workspace/builds/worker-0-tc1/source:/opt/rustwide/workdir:ro,Z" "-v" "/var/lib/crater-agent-workspace/cargo-home:/opt/rustwide/cargo-home:ro,Z" "-v" "/var/lib/crater-agent-workspace/rustup-home:/opt/rustwide/rustup-home:ro,Z" "-e" "SOURCE_DIR=/opt/rustwide/workdir" "-e" "CARGO_TARGET_DIR=/opt/rustwide/target" "-e" "CARGO_INCREMENTAL=0" "-e" "RUST_BACKTRACE=full" "-e" "RUSTFLAGS=--cap-lints=forbid" "-e" "RUSTDOCFLAGS=--cap-lints=forbid" "-e" "CARGO_HOME=/opt/rustwide/cargo-home" "-e" "RUSTUP_HOME=/opt/rustwide/rustup-home" "-w" "/opt/rustwide/workdir" "-m" "1610612736" "--user" "0:0" "--network" "none" "ghcr.io/rust-lang/crates-build-env/linux@sha256:2788e3201cd34a07e3172128adcd8b3090168a8e3bcc40d7c032b9dda1df7d1c" "/opt/rustwide/cargo-home/bin/cargo" "+nightly-2024-02-05" "check" "--frozen" "--all" "--all-targets" "--message-format=json", kill_on_drop: false }`
[INFO] [stdout] 11650ec0f5bdf91ba224d8c4bcf7c0752388433d1c97be85c4d5f6f7dadd46d2
[INFO] running `Command { std: "docker" "start" "-a" "11650ec0f5bdf91ba224d8c4bcf7c0752388433d1c97be85c4d5f6f7dadd46d2", kill_on_drop: false }`
[INFO] [stderr]    Compiling proc-macro2 v1.0.76
[INFO] [stderr]    Compiling unicode-ident v1.0.12
[INFO] [stderr]    Compiling typenum v1.17.0
[INFO] [stderr]    Compiling generic-array v0.14.7
[INFO] [stderr]    Compiling libc v0.2.151
[INFO] [stderr]    Compiling serde v1.0.195
[INFO] [stderr]    Compiling lock_api v0.4.11
[INFO] [stderr]    Compiling ahash v0.8.7
[INFO] [stderr]    Compiling parking_lot_core v0.9.9
[INFO] [stderr]    Compiling slab v0.4.9
[INFO] [stderr]     Checking once_cell v1.19.0
[INFO] [stderr]     Checking itoa v1.0.10
[INFO] [stderr]    Compiling memchr v2.7.1
[INFO] [stderr]     Checking bytes v1.5.0
[INFO] [stderr]     Checking pin-project-lite v0.2.13
[INFO] [stderr]    Compiling subtle v2.5.0
[INFO] [stderr]     Checking futures-core v0.3.30
[INFO] [stderr]    Compiling quote v1.0.35
[INFO] [stderr]    Compiling syn v2.0.48
[INFO] [stderr]     Checking getrandom v0.2.12
[INFO] [stderr]     Checking scopeguard v1.2.0
[INFO] [stderr]     Checking smallvec v1.11.2
[INFO] [stderr]     Checking futures-sink v0.3.30
[INFO] [stderr]    Compiling serde_json v1.0.111
[INFO] [stderr]     Checking zerocopy v0.7.32
[INFO] [stderr]     Checking parking_lot v0.12.1
[INFO] [stderr]     Checking tracing-core v0.1.32
[INFO] [stderr]    Compiling num-traits v0.2.17
[INFO] [stderr]     Checking futures-io v0.3.30
[INFO] [stderr]    Compiling crossbeam-utils v0.8.19
[INFO] [stderr]     Checking log v0.4.20
[INFO] [stderr]     Checking allocator-api2 v0.2.16
[INFO] [stderr]     Checking pin-utils v0.1.0
[INFO] [stderr]    Compiling block-buffer v0.10.4
[INFO] [stderr]    Compiling crypto-common v0.1.6
[INFO] [stderr]     Checking futures-task v0.3.30
[INFO] [stderr]    Compiling digest v0.10.7
[INFO] [stderr]     Checking futures-util v0.3.30
[INFO] [stderr]    Compiling cpufeatures v0.2.12
[INFO] [stderr]    Compiling tinyvec_macros v0.1.1
[INFO] [stderr]     Checking hashbrown v0.14.3
[INFO] [stderr]    Compiling thiserror v1.0.56
[INFO] [stderr]     Checking equivalent v1.0.1
[INFO] [stderr]    Compiling tinyvec v1.6.0
[INFO] [stderr]    Compiling sha2 v0.10.8
[INFO] [stderr]    Compiling paste v1.0.14
[INFO] [stderr]    Compiling byteorder v1.5.0
[INFO] [stderr]    Compiling syn v1.0.109
[INFO] [stderr]    Compiling rustversion v1.0.14
[INFO] [stderr]     Checking http v1.0.0
[INFO] [stderr]     Checking socket2 v0.5.5
[INFO] [stderr]     Checking num_cpus v1.16.0
[INFO] [stderr]     Checking signal-hook-registry v1.4.1
[INFO] [stderr]     Checking mio v0.8.10
[INFO] [stderr]    Compiling unicode-normalization v0.1.22
[INFO] [stderr]    Compiling bitflags v2.4.1
[INFO] [stderr]     Checking percent-encoding v2.3.1
[INFO] [stderr]    Compiling unicode-bidi v0.3.14
[INFO] [stderr]     Checking ryu v1.0.16
[INFO] [stderr]     Checking form_urlencoded v1.2.1
[INFO] [stderr]    Compiling rand_core v0.6.4
[INFO] [stderr]     Checking futures-channel v0.3.30
[INFO] [stderr]    Compiling aho-corasick v1.1.2
[INFO] [stderr]    Compiling unicase v2.7.0
[INFO] [stderr]    Compiling regex-syntax v0.8.2
[INFO] [stderr]    Compiling ppv-lite86 v0.2.17
[INFO] [stderr]    Compiling minimal-lexical v0.2.1
[INFO] [stderr]    Compiling crc32fast v1.3.2
[INFO] [stderr]    Compiling nom v7.1.3
[INFO] [stderr]    Compiling rand_chacha v0.3.1
[INFO] [stderr]    Compiling idna v0.5.0
[INFO] [stderr]     Checking http-body v1.0.0
[INFO] [stderr]    Compiling regex-automata v0.4.3
[INFO] [stderr]    Compiling proc-macro-error-attr v1.0.4
[INFO] [stderr]    Compiling httparse v1.8.0
[INFO] [stderr]    Compiling adler v1.0.2
[INFO] [stderr]    Compiling unicode_categories v0.1.1
[INFO] [stderr]    Compiling serde_derive v1.0.195
[INFO] [stderr]    Compiling tracing-attributes v0.1.27
[INFO] [stderr]    Compiling thiserror-impl v1.0.56
[INFO] [stderr]    Compiling tokio-macros v2.2.0
[INFO] [stderr]    Compiling crc-catalog v2.4.0
[INFO] [stderr]    Compiling rustix v0.38.28
[INFO] [stderr]    Compiling crc v3.0.1
[INFO] [stderr]     Checking tokio v1.35.1
[INFO] [stderr]    Compiling indexmap v2.1.0
[INFO] [stderr]    Compiling miniz_oxide v0.7.1
[INFO] [stderr]    Compiling regex v1.10.2
[INFO] [stderr]    Compiling crossbeam-queue v0.3.11
[INFO] [stderr]    Compiling atoi v2.0.0
[INFO] [stderr]    Compiling url v2.5.0
[INFO] [stderr]     Checking tracing v0.1.40
[INFO] [stderr]    Compiling rand v0.8.5
[INFO] [stderr]    Compiling futures-intrusive v0.5.0
[INFO] [stderr]    Compiling hashlink v0.8.4
[INFO] [stderr]    Compiling hmac v0.12.1
[INFO] [stderr]    Compiling proc-macro-error v1.0.4
[INFO] [stderr]    Compiling dotenvy v0.15.7
[INFO] [stderr]    Compiling event-listener v2.5.3
[INFO] [stderr]    Compiling finl_unicode v1.2.0
[INFO] [stderr]    Compiling hex v0.4.3
[INFO] [stderr]    Compiling same-file v1.0.6
[INFO] [stderr]    Compiling linux-raw-sys v0.4.12
[INFO] [stderr]    Compiling async-trait v0.1.77
[INFO] [stderr]    Compiling stringprep v0.1.4
[INFO] [stderr]    Compiling walkdir v2.4.0
[INFO] [stderr]    Compiling hkdf v0.12.4
[INFO] [stderr]    Compiling flate2 v1.0.28
[INFO] [stderr]    Compiling pin-project-internal v1.1.3
[INFO] [stderr]    Compiling axum-core v0.4.2
[INFO] [stderr]    Compiling nix v0.27.1
[INFO] [stderr]     Checking tokio-util v0.7.10
[INFO] [stderr]    Compiling md-5 v0.10.6
[INFO] [stderr]    Compiling sha1 v0.10.6
[INFO] [stderr]     Checking tower-service v0.3.2
[INFO] [stderr]    Compiling base64 v0.21.7
[INFO] [stderr]     Checking mime v0.3.17
[INFO] [stderr]    Compiling fastrand v2.0.1
[INFO] [stderr]    Compiling unicode-segmentation v1.10.1
[INFO] [stderr]    Compiling home v0.5.9
[INFO] [stderr]     Checking tower-layer v0.3.2
[INFO] [stderr]     Checking httpdate v1.0.3
[INFO] [stderr]    Compiling whoami v1.4.1
[INFO] [stderr]    Compiling heck v0.4.1
[INFO] [stderr]     Checking pin-project v1.1.3
[INFO] [stderr]    Compiling tempfile v3.9.0
[INFO] [stderr]    Compiling atomic-write-file v0.1.2
[INFO] [stderr]    Compiling mime_guess v2.0.4
[INFO] [stderr]    Compiling zip v0.6.6
[INFO] [stderr]    Compiling rust-embed-utils v8.2.0
[INFO] [stderr]     Checking http-body-util v0.1.0
[INFO] [stderr]    Compiling axum v0.7.3
[INFO] [stderr]     Checking either v1.9.0
[INFO] [stderr]     Checking itertools v0.12.0
[INFO] [stderr]     Checking h2 v0.4.0
[INFO] [stderr]     Checking sync_wrapper v0.1.2
[INFO] [stderr]    Compiling uuid v1.6.1
[INFO] [stderr]    Compiling utoipa-gen v4.1.0
[INFO] [stderr]    Compiling utoipa-swagger-ui v6.0.0
[INFO] [stderr]     Checking serde_path_to_error v0.1.15
[INFO] [stderr]     Checking serde_urlencoded v0.7.1
[INFO] [stderr]     Checking sqlformat v0.2.3
[INFO] [stderr]    Compiling rust-embed-impl v8.2.0
[INFO] [stderr]     Checking tower v0.4.13
[INFO] [stderr]    Compiling anyhow v1.0.79
[INFO] [stderr]     Checking sqlx-core v0.7.3
[INFO] [stderr]     Checking matchit v0.7.3
[INFO] [stderr]     Checking rust-embed v8.2.0
[INFO] [stderr]     Checking dotenv v0.15.0
[INFO] [stderr]     Checking hyper v1.1.0
[INFO] [stderr]     Checking sqlx-postgres v0.7.3
[INFO] [stderr]     Checking hyper-util v0.1.2
[INFO] [stderr]     Checking utoipa v4.1.0
[INFO] [stderr]    Compiling sqlx-macros-core v0.7.3
[INFO] [stderr]    Compiling sqlx-macros v0.7.3
[INFO] [stderr]     Checking sqlx v0.7.3
[INFO] [stderr]     Checking rust-api v0.1.0 (/opt/rustwide/workdir)
[INFO] [stdout] warning: unused import: `TodoError`
[INFO] [stdout]  --> src/controllers/todo.rs:1:33
[INFO] [stdout]   |
[INFO] [stdout] 1 | use crate::models::todo::{Todo, TodoError};
[INFO] [stdout]   |                                 ^^^^^^^^^
[INFO] [stdout]   |
[INFO] [stdout]   = note: `#[warn(unused_imports)]` on by default
[INFO] [stdout] 
[INFO] [stdout] 
[INFO] [stdout] warning: unused import: `TodoError`
[INFO] [stdout]  --> src/controllers/todo.rs:1:33
[INFO] [stdout]   |
[INFO] [stdout] 1 | use crate::models::todo::{Todo, TodoError};
[INFO] [stdout]   |                                 ^^^^^^^^^
[INFO] [stdout]   |
[INFO] [stdout]   = note: `#[warn(unused_imports)]` on by default
[INFO] [stdout] 
[INFO] [stdout] 
[INFO] [stdout] warning: unused variable: `query`
[INFO] [stdout]   --> src/controllers/todo.rs:52:27
[INFO] [stdout]    |
[INFO] [stdout] 52 | pub async fn search_todos(query: Query<TodoSearchQuery>) -> Json<Vec<Todo>> {
[INFO] [stdout]    |                           ^^^^^ help: if this is intentional, prefix it with an underscore: `_query`
[INFO] [stdout]    |
[INFO] [stdout]    = note: `#[warn(unused_variables)]` on by default
[INFO] [stdout] 
[INFO] [stdout] 
[INFO] [stdout] warning: unused variable: `query`
[INFO] [stdout]   --> src/controllers/todo.rs:52:27
[INFO] [stdout]    |
[INFO] [stdout] 52 | pub async fn search_todos(query: Query<TodoSearchQuery>) -> Json<Vec<Todo>> {
[INFO] [stdout]    |                           ^^^^^ help: if this is intentional, prefix it with an underscore: `_query`
[INFO] [stdout]    |
[INFO] [stdout]    = note: `#[warn(unused_variables)]` on by default
[INFO] [stdout] 
[INFO] [stdout] 
[INFO] [stdout] warning: fields `value` and `done` are never read
[INFO] [stdout]   --> src/controllers/todo.rs:35:5
[INFO] [stdout]    |
[INFO] [stdout] 33 | pub struct TodoSearchQuery {
[INFO] [stdout]    |            --------------- fields in this struct
[INFO] [stdout] 34 |     /// Search by value. Search is case insensitive.
[INFO] [stdout] 35 |     value: Option<String>,
[INFO] [stdout]    |     ^^^^^
[INFO] [stdout] 36 |     /// Search by `done` status.
[INFO] [stdout] 37 |     done: Option<bool>,
[INFO] [stdout]    |     ^^^^
[INFO] [stdout]    |
[INFO] [stdout]    = note: `#[warn(dead_code)]` on by default
[INFO] [stdout] 
[INFO] [stdout] 
[INFO] [stdout] warning: fields `value` and `done` are never read
[INFO] [stdout]   --> src/controllers/todo.rs:35:5
[INFO] [stdout]    |
[INFO] [stdout] 33 | pub struct TodoSearchQuery {
[INFO] [stdout]    |            --------------- fields in this struct
[INFO] [stdout] 34 |     /// Search by value. Search is case insensitive.
[INFO] [stdout] 35 |     value: Option<String>,
[INFO] [stdout]    |     ^^^^^
[INFO] [stdout] 36 |     /// Search by `done` status.
[INFO] [stdout] 37 |     done: Option<bool>,
[INFO] [stdout]    |     ^^^^
[INFO] [stdout]    |
[INFO] [stdout]    = note: `#[warn(dead_code)]` on by default
[INFO] [stdout] 
[INFO] [stdout] 
[INFO] [stdout] warning: 3 warnings emitted
[INFO] [stdout] 
[INFO] [stdout] 
[INFO] [stdout] warning: 3 warnings emitted
[INFO] [stdout] 
[INFO] [stdout] 
[INFO] [stdout] error[E0432]: unresolved imports `crate::config`, `crate::http`
[INFO] [stdout]  --> src/main.rs:1:13
[INFO] [stdout]   |
[INFO] [stdout] 1 | use crate::{config::Config, http};
[INFO] [stdout]   |             ^^^^^^          ^^^^ no `http` in the root
[INFO] [stdout]   |             |
[INFO] [stdout]   |             unresolved import
[INFO] [stdout]   |             help: a similar path exists: `rust_api::config`
[INFO] [stdout]   |
[INFO] [stdout]   = help: consider importing one of these items instead:
[INFO] [stdout]           axum::http
[INFO] [stdout]           rust_api::http
[INFO] [stdout] 
[INFO] [stdout] 
[INFO] [stdout] error[E0432]: unresolved imports `crate::config`, `crate::http`
[INFO] [stdout]  --> src/main.rs:1:13
[INFO] [stdout]   |
[INFO] [stdout] 1 | use crate::{config::Config, http};
[INFO] [stdout]   |             ^^^^^^          ^^^^ no `http` in the root
[INFO] [stdout]   |             |
[INFO] [stdout]   |             unresolved import
[INFO] [stdout]   |             help: a similar path exists: `rust_api::config`
[INFO] [stdout]   |
[INFO] [stdout]   = help: consider importing one of these items instead:
[INFO] [stdout]           axum::http
[INFO] [stdout]           rust_api::http
[INFO] [stdout] 
[INFO] [stdout] 
[INFO] [stdout] error[E0425]: cannot find value `db_url` in this scope
[INFO] [stdout]   --> src/main.rs:11:19
[INFO] [stdout]    |
[INFO] [stdout] 11 |         .connect(&db_url)
[INFO] [stdout]    |                   ^^^^^^ not found in this scope
[INFO] [stdout] 
[INFO] [stdout] 
[INFO] [stdout] error[E0425]: cannot find value `db_url` in this scope
[INFO] [stdout]   --> src/main.rs:11:19
[INFO] [stdout]    |
[INFO] [stdout] 11 |         .connect(&db_url)
[INFO] [stdout]    |                   ^^^^^^ not found in this scope
[INFO] [stdout] 
[INFO] [stdout] 
[INFO] [stdout] warning: unused imports: `Json`, `Router`, `extract::State`, `http::StatusCode`, `routing::get`
[INFO] [stdout]  --> src/main.rs:3:12
[INFO] [stdout]   |
[INFO] [stdout] 3 | use axum::{extract::State, http::StatusCode, routing::get, Json, Router};
[INFO] [stdout]   |            ^^^^^^^^^^^^^^  ^^^^^^^^^^^^^^^^  ^^^^^^^^^^^^  ^^^^  ^^^^^^
[INFO] [stdout]   |
[INFO] [stdout]   = note: `#[warn(unused_imports)]` on by default
[INFO] [stdout] 
[INFO] [stdout] 
[INFO] [stdout] warning: unused imports: `Json`, `Router`, `extract::State`, `http::StatusCode`, `routing::get`
[INFO] [stdout]  --> src/main.rs:3:12
[INFO] [stdout]   |
[INFO] [stdout] 3 | use axum::{extract::State, http::StatusCode, routing::get, Json, Router};
[INFO] [stdout]   |            ^^^^^^^^^^^^^^  ^^^^^^^^^^^^^^^^  ^^^^^^^^^^^^  ^^^^  ^^^^^^
[INFO] [stdout]   |
[INFO] [stdout]   = note: `#[warn(unused_imports)]` on by default
[INFO] [stdout] 
[INFO] [stdout] 
[INFO] [stdout] error: aborting due to 2 previous errors; 1 warning emitted
[INFO] [stdout] 
[INFO] [stdout] 
[INFO] [stdout] Some errors have detailed explanations: E0425, E0432.
[INFO] [stdout] 
[INFO] [stdout] For more information about an error, try `rustc --explain E0425`.
[INFO] [stdout] 
[INFO] [stdout] error: aborting due to 2 previous errors; 1 warning emitted
[INFO] [stdout] 
[INFO] [stdout] 
[INFO] [stdout] Some errors have detailed explanations: E0425, E0432.
[INFO] [stdout] 
[INFO] [stdout] For more information about an error, try `rustc --explain E0425`.
[INFO] [stdout] 
[INFO] [stderr] error: could not compile `rust-api` (bin "rust-api") due to 3 previous errors; 1 warning emitted
[INFO] [stderr] warning: build failed, waiting for other jobs to finish...
[INFO] [stderr] error: could not compile `rust-api` (bin "rust-api" test) due to 3 previous errors; 1 warning emitted
[INFO] running `Command { std: "docker" "inspect" "11650ec0f5bdf91ba224d8c4bcf7c0752388433d1c97be85c4d5f6f7dadd46d2", kill_on_drop: false }`
[INFO] running `Command { std: "docker" "rm" "-f" "11650ec0f5bdf91ba224d8c4bcf7c0752388433d1c97be85c4d5f6f7dadd46d2", kill_on_drop: false }`
[INFO] [stdout] 11650ec0f5bdf91ba224d8c4bcf7c0752388433d1c97be85c4d5f6f7dadd46d2
