[INFO] fetching crate rust_decimal_macro_impls 1.7.0...
[INFO] checking rust_decimal_macro_impls-1.7.0 against nightly-2024-02-05 for check-cfg
[INFO] extracting crate rust_decimal_macro_impls 1.7.0 into /workspace/builds/worker-0-tc1/source
[INFO] validating manifest of crates.io crate rust_decimal_macro_impls 1.7.0 on toolchain nightly-2024-02-05
[INFO] running `Command { std: CARGO_HOME="/workspace/cargo-home" RUSTUP_HOME="/workspace/rustup-home" "/workspace/cargo-home/bin/cargo" "+nightly-2024-02-05" "metadata" "--manifest-path" "Cargo.toml" "--no-deps", kill_on_drop: false }`
[INFO] started tweaking crates.io crate rust_decimal_macro_impls 1.7.0
[INFO] finished tweaking crates.io crate rust_decimal_macro_impls 1.7.0
[INFO] tweaked toml for crates.io crate rust_decimal_macro_impls 1.7.0 written to /workspace/builds/worker-0-tc1/source/Cargo.toml
[INFO] running `Command { std: CARGO_HOME="/workspace/cargo-home" RUSTUP_HOME="/workspace/rustup-home" "/workspace/cargo-home/bin/cargo" "+nightly-2024-02-05" "generate-lockfile" "--manifest-path" "Cargo.toml", kill_on_drop: false }`
[INFO] [stderr]     Updating crates.io index
[INFO] running `Command { std: CARGO_HOME="/workspace/cargo-home" RUSTUP_HOME="/workspace/rustup-home" "/workspace/cargo-home/bin/cargo" "+nightly-2024-02-05" "fetch" "--manifest-path" "Cargo.toml", kill_on_drop: false }`
[INFO] running `Command { std: "docker" "create" "-v" "/var/lib/crater-agent-workspace/builds/worker-0-tc1/target:/opt/rustwide/target:rw,Z" "-v" "/var/lib/crater-agent-workspace/builds/worker-0-tc1/source:/opt/rustwide/workdir:ro,Z" "-v" "/var/lib/crater-agent-workspace/cargo-home:/opt/rustwide/cargo-home:ro,Z" "-v" "/var/lib/crater-agent-workspace/rustup-home:/opt/rustwide/rustup-home:ro,Z" "-e" "SOURCE_DIR=/opt/rustwide/workdir" "-e" "CARGO_TARGET_DIR=/opt/rustwide/target" "-e" "CARGO_HOME=/opt/rustwide/cargo-home" "-e" "RUSTUP_HOME=/opt/rustwide/rustup-home" "-w" "/opt/rustwide/workdir" "-m" "1610612736" "--user" "0:0" "--network" "none" "ghcr.io/rust-lang/crates-build-env/linux@sha256:2788e3201cd34a07e3172128adcd8b3090168a8e3bcc40d7c032b9dda1df7d1c" "/opt/rustwide/cargo-home/bin/cargo" "+nightly-2024-02-05" "metadata" "--no-deps" "--format-version=1", kill_on_drop: false }`
[INFO] [stdout] 1400dfcc1550b9e69b81af5fb8138041178afd9367ea8bbc8773796d23a2295e
[INFO] running `Command { std: "docker" "start" "-a" "1400dfcc1550b9e69b81af5fb8138041178afd9367ea8bbc8773796d23a2295e", kill_on_drop: false }`
[INFO] running `Command { std: "docker" "inspect" "1400dfcc1550b9e69b81af5fb8138041178afd9367ea8bbc8773796d23a2295e", kill_on_drop: false }`
[INFO] running `Command { std: "docker" "rm" "-f" "1400dfcc1550b9e69b81af5fb8138041178afd9367ea8bbc8773796d23a2295e", kill_on_drop: false }`
[INFO] [stdout] 1400dfcc1550b9e69b81af5fb8138041178afd9367ea8bbc8773796d23a2295e
[INFO] running `Command { std: "docker" "create" "-v" "/var/lib/crater-agent-workspace/builds/worker-0-tc1/target:/opt/rustwide/target:rw,Z" "-v" "/var/lib/crater-agent-workspace/builds/worker-0-tc1/source:/opt/rustwide/workdir:ro,Z" "-v" "/var/lib/crater-agent-workspace/cargo-home:/opt/rustwide/cargo-home:ro,Z" "-v" "/var/lib/crater-agent-workspace/rustup-home:/opt/rustwide/rustup-home:ro,Z" "-e" "SOURCE_DIR=/opt/rustwide/workdir" "-e" "CARGO_TARGET_DIR=/opt/rustwide/target" "-e" "CARGO_INCREMENTAL=0" "-e" "RUST_BACKTRACE=full" "-e" "RUSTFLAGS=--cap-lints=forbid" "-e" "RUSTDOCFLAGS=--cap-lints=forbid" "-e" "CARGO_HOME=/opt/rustwide/cargo-home" "-e" "RUSTUP_HOME=/opt/rustwide/rustup-home" "-w" "/opt/rustwide/workdir" "-m" "1610612736" "--user" "0:0" "--network" "none" "ghcr.io/rust-lang/crates-build-env/linux@sha256:2788e3201cd34a07e3172128adcd8b3090168a8e3bcc40d7c032b9dda1df7d1c" "/opt/rustwide/cargo-home/bin/cargo" "+nightly-2024-02-05" "check" "--frozen" "--all" "--all-targets" "--message-format=json", kill_on_drop: false }`
[INFO] [stdout] 262f300bef573381c165eda683fb0cda2e9cab31a8c7efe419c2bfbd4de5e0b7
[INFO] running `Command { std: "docker" "start" "-a" "262f300bef573381c165eda683fb0cda2e9cab31a8c7efe419c2bfbd4de5e0b7", kill_on_drop: false }`
[INFO] [stderr]    Compiling num-traits v0.2.17
[INFO] [stderr]    Compiling serde v1.0.196
[INFO] [stderr]    Compiling rust_decimal v1.34.2
[INFO] [stderr]    Compiling proc-macro-hack v0.5.20+deprecated
[INFO] [stderr]     Checking unicode-ident v1.0.12
[INFO] [stderr]     Checking arrayvec v0.7.4
[INFO] [stderr]     Checking proc-macro2 v1.0.78
[INFO] [stderr]     Checking quote v1.0.35
[INFO] [stderr]     Checking rust_decimal_macro_impls v1.7.0 (/opt/rustwide/workdir)
[INFO] [stdout] error[E0609]: no field `is_negative` on type `rust_decimal::decimal::UnpackedDecimal`
[INFO] [stdout]   --> src/lib.rs:33:29
[INFO] [stdout]    |
[INFO] [stdout] 33 |     let negative = unpacked.is_negative;
[INFO] [stdout]    |                             ^^^^^^^^^^^ unknown field
[INFO] [stdout]    |
[INFO] [stdout] help: a field with a similar name exists
[INFO] [stdout]    |
[INFO] [stdout] 33 |     let negative = unpacked.negative;
[INFO] [stdout]    |                             ~~~~~~~~
[INFO] [stdout] 
[INFO] [stdout] 
[INFO] [stdout] error[E0609]: no field `is_negative` on type `rust_decimal::decimal::UnpackedDecimal`
[INFO] [stdout]   --> src/lib.rs:33:29
[INFO] [stdout]    |
[INFO] [stdout] 33 |     let negative = unpacked.is_negative;
[INFO] [stdout]    |                             ^^^^^^^^^^^ unknown field
[INFO] [stdout]    |
[INFO] [stdout] help: a field with a similar name exists
[INFO] [stdout]    |
[INFO] [stdout] 33 |     let negative = unpacked.negative;
[INFO] [stdout]    |                             ~~~~~~~~
[INFO] [stdout] 
[INFO] [stdout] 
[INFO] [stdout] error: aborting due to 1 previous error
[INFO] [stdout] 
[INFO] [stdout] 
[INFO] [stdout] For more information about this error, try `rustc --explain E0609`.
[INFO] [stdout] 
[INFO] [stdout] error: aborting due to 1 previous error
[INFO] [stdout] 
[INFO] [stdout] 
[INFO] [stdout] For more information about this error, try `rustc --explain E0609`.
[INFO] [stdout] 
[INFO] [stderr] error: could not compile `rust_decimal_macro_impls` (lib) due to 2 previous errors
[INFO] [stderr] warning: build failed, waiting for other jobs to finish...
[INFO] [stderr] error: could not compile `rust_decimal_macro_impls` (lib test) due to 2 previous errors
[INFO] running `Command { std: "docker" "inspect" "262f300bef573381c165eda683fb0cda2e9cab31a8c7efe419c2bfbd4de5e0b7", kill_on_drop: false }`
[INFO] running `Command { std: "docker" "rm" "-f" "262f300bef573381c165eda683fb0cda2e9cab31a8c7efe419c2bfbd4de5e0b7", kill_on_drop: false }`
[INFO] [stdout] 262f300bef573381c165eda683fb0cda2e9cab31a8c7efe419c2bfbd4de5e0b7
[INFO] checking rust_decimal_macro_impls-1.7.0 against nightly-2024-02-05+rustflags=-Dunexpected_cfgs+cargoflags=-Zcheck-cfg for check-cfg
[INFO] extracting crate rust_decimal_macro_impls 1.7.0 into /workspace/builds/worker-0-tc2/source
[INFO] validating manifest of crates.io crate rust_decimal_macro_impls 1.7.0 on toolchain nightly-2024-02-05
[INFO] running `Command { std: CARGO_HOME="/workspace/cargo-home" RUSTUP_HOME="/workspace/rustup-home" "/workspace/cargo-home/bin/cargo" "+nightly-2024-02-05" "metadata" "--manifest-path" "Cargo.toml" "--no-deps", kill_on_drop: false }`
[INFO] started tweaking crates.io crate rust_decimal_macro_impls 1.7.0
[INFO] finished tweaking crates.io crate rust_decimal_macro_impls 1.7.0
[INFO] tweaked toml for crates.io crate rust_decimal_macro_impls 1.7.0 written to /workspace/builds/worker-0-tc2/source/Cargo.toml
[INFO] running `Command { std: CARGO_HOME="/workspace/cargo-home" RUSTUP_HOME="/workspace/rustup-home" "/workspace/cargo-home/bin/cargo" "+nightly-2024-02-05" "generate-lockfile" "--manifest-path" "Cargo.toml", kill_on_drop: false }`
[INFO] [stderr]     Updating crates.io index
[INFO] running `Command { std: CARGO_HOME="/workspace/cargo-home" RUSTUP_HOME="/workspace/rustup-home" "/workspace/cargo-home/bin/cargo" "+nightly-2024-02-05" "fetch" "--manifest-path" "Cargo.toml", kill_on_drop: false }`
[INFO] running `Command { std: "docker" "create" "-v" "/var/lib/crater-agent-workspace/builds/worker-0-tc2/target:/opt/rustwide/target:rw,Z" "-v" "/var/lib/crater-agent-workspace/builds/worker-0-tc2/source:/opt/rustwide/workdir:ro,Z" "-v" "/var/lib/crater-agent-workspace/cargo-home:/opt/rustwide/cargo-home:ro,Z" "-v" "/var/lib/crater-agent-workspace/rustup-home:/opt/rustwide/rustup-home:ro,Z" "-e" "SOURCE_DIR=/opt/rustwide/workdir" "-e" "CARGO_TARGET_DIR=/opt/rustwide/target" "-e" "CARGO_HOME=/opt/rustwide/cargo-home" "-e" "RUSTUP_HOME=/opt/rustwide/rustup-home" "-w" "/opt/rustwide/workdir" "-m" "1610612736" "--user" "0:0" "--network" "none" "ghcr.io/rust-lang/crates-build-env/linux@sha256:2788e3201cd34a07e3172128adcd8b3090168a8e3bcc40d7c032b9dda1df7d1c" "/opt/rustwide/cargo-home/bin/cargo" "+nightly-2024-02-05" "metadata" "--no-deps" "--format-version=1", kill_on_drop: false }`
[INFO] [stdout] 2dc14ca9f55ee00662cae7dd661acc31f0b9fdd276d30a61f522d60ffdb82ed5
[INFO] running `Command { std: "docker" "start" "-a" "2dc14ca9f55ee00662cae7dd661acc31f0b9fdd276d30a61f522d60ffdb82ed5", kill_on_drop: false }`
[INFO] running `Command { std: "docker" "inspect" "2dc14ca9f55ee00662cae7dd661acc31f0b9fdd276d30a61f522d60ffdb82ed5", kill_on_drop: false }`
[INFO] running `Command { std: "docker" "rm" "-f" "2dc14ca9f55ee00662cae7dd661acc31f0b9fdd276d30a61f522d60ffdb82ed5", kill_on_drop: false }`
[INFO] [stdout] 2dc14ca9f55ee00662cae7dd661acc31f0b9fdd276d30a61f522d60ffdb82ed5
[INFO] running `Command { std: "docker" "create" "-v" "/var/lib/crater-agent-workspace/builds/worker-0-tc2/target:/opt/rustwide/target:rw,Z" "-v" "/var/lib/crater-agent-workspace/builds/worker-0-tc2/source:/opt/rustwide/workdir:ro,Z" "-v" "/var/lib/crater-agent-workspace/cargo-home:/opt/rustwide/cargo-home:ro,Z" "-v" "/var/lib/crater-agent-workspace/rustup-home:/opt/rustwide/rustup-home:ro,Z" "-e" "SOURCE_DIR=/opt/rustwide/workdir" "-e" "CARGO_TARGET_DIR=/opt/rustwide/target" "-e" "CARGO_INCREMENTAL=0" "-e" "RUST_BACKTRACE=full" "-e" "RUSTFLAGS=--cap-lints=forbid -Dunexpected_cfgs" "-e" "RUSTDOCFLAGS=--cap-lints=forbid" "-e" "CARGO_HOME=/opt/rustwide/cargo-home" "-e" "RUSTUP_HOME=/opt/rustwide/rustup-home" "-w" "/opt/rustwide/workdir" "-m" "1610612736" "--user" "0:0" "--network" "none" "ghcr.io/rust-lang/crates-build-env/linux@sha256:2788e3201cd34a07e3172128adcd8b3090168a8e3bcc40d7c032b9dda1df7d1c" "/opt/rustwide/cargo-home/bin/cargo" "+nightly-2024-02-05" "check" "--frozen" "--all" "--all-targets" "--message-format=json" "-Zcheck-cfg", kill_on_drop: false }`
[INFO] [stdout] ff7b29547408b28c3f7d497780e44fe3a34938f9f734dd8177ce92bd38b49504
[INFO] running `Command { std: "docker" "start" "-a" "ff7b29547408b28c3f7d497780e44fe3a34938f9f734dd8177ce92bd38b49504", kill_on_drop: false }`
[INFO] [stderr]    Compiling num-traits v0.2.17
[INFO] [stderr]    Compiling serde v1.0.196
[INFO] [stderr]    Compiling proc-macro-hack v0.5.20+deprecated
[INFO] [stderr]    Compiling rust_decimal v1.34.2
[INFO] [stderr]     Checking unicode-ident v1.0.12
[INFO] [stderr]     Checking arrayvec v0.7.4
[INFO] [stderr]     Checking proc-macro2 v1.0.78
[INFO] [stderr]     Checking quote v1.0.35
[INFO] [stderr]     Checking rust_decimal_macro_impls v1.7.0 (/opt/rustwide/workdir)
[INFO] [stdout] error[E0609]: no field `is_negative` on type `rust_decimal::decimal::UnpackedDecimal`
[INFO] [stdout]   --> src/lib.rs:33:29
[INFO] [stdout]    |
[INFO] [stdout] 33 |     let negative = unpacked.is_negative;
[INFO] [stdout]    |                             ^^^^^^^^^^^ unknown field
[INFO] [stdout]    |
[INFO] [stdout] help: a field with a similar name exists
[INFO] [stdout]    |
[INFO] [stdout] 33 |     let negative = unpacked.negative;
[INFO] [stdout]    |                             ~~~~~~~~
[INFO] [stdout] 
[INFO] [stdout] 
[INFO] [stdout] error[E0609]: no field `is_negative` on type `rust_decimal::decimal::UnpackedDecimal`
[INFO] [stdout]   --> src/lib.rs:33:29
[INFO] [stdout]    |
[INFO] [stdout] 33 |     let negative = unpacked.is_negative;
[INFO] [stdout]    |                             ^^^^^^^^^^^ unknown field
[INFO] [stdout]    |
[INFO] [stdout] help: a field with a similar name exists
[INFO] [stdout]    |
[INFO] [stdout] 33 |     let negative = unpacked.negative;
[INFO] [stdout]    |                             ~~~~~~~~
[INFO] [stdout] 
[INFO] [stdout] 
[INFO] [stdout] error: aborting due to 1 previous error
[INFO] [stdout] 
[INFO] [stdout] 
[INFO] [stdout] For more information about this error, try `rustc --explain E0609`.
[INFO] [stdout] 
[INFO] [stdout] error: aborting due to 1 previous error
[INFO] [stdout] 
[INFO] [stdout] 
[INFO] [stdout] For more information about this error, try `rustc --explain E0609`.
[INFO] [stdout] 
[INFO] [stderr] error: could not compile `rust_decimal_macro_impls` (lib) due to 2 previous errors
[INFO] [stderr] warning: build failed, waiting for other jobs to finish...
[INFO] [stderr] error: could not compile `rust_decimal_macro_impls` (lib test) due to 2 previous errors
[INFO] running `Command { std: "docker" "inspect" "ff7b29547408b28c3f7d497780e44fe3a34938f9f734dd8177ce92bd38b49504", kill_on_drop: false }`
[INFO] running `Command { std: "docker" "rm" "-f" "ff7b29547408b28c3f7d497780e44fe3a34938f9f734dd8177ce92bd38b49504", kill_on_drop: false }`
[INFO] [stdout] ff7b29547408b28c3f7d497780e44fe3a34938f9f734dd8177ce92bd38b49504
