[INFO] fetching crate rust-json-parse 0.6.4...
[INFO] checking rust-json-parse-0.6.4 against nightly-2024-02-05 for check-cfg
[INFO] extracting crate rust-json-parse 0.6.4 into /workspace/builds/worker-7-tc1/source
[INFO] validating manifest of crates.io crate rust-json-parse 0.6.4 on toolchain nightly-2024-02-05
[INFO] running `Command { std: CARGO_HOME="/workspace/cargo-home" RUSTUP_HOME="/workspace/rustup-home" "/workspace/cargo-home/bin/cargo" "+nightly-2024-02-05" "metadata" "--manifest-path" "Cargo.toml" "--no-deps", kill_on_drop: false }`
[INFO] started tweaking crates.io crate rust-json-parse 0.6.4
[INFO] finished tweaking crates.io crate rust-json-parse 0.6.4
[INFO] tweaked toml for crates.io crate rust-json-parse 0.6.4 written to /workspace/builds/worker-7-tc1/source/Cargo.toml
[INFO] running `Command { std: CARGO_HOME="/workspace/cargo-home" RUSTUP_HOME="/workspace/rustup-home" "/workspace/cargo-home/bin/cargo" "+nightly-2024-02-05" "generate-lockfile" "--manifest-path" "Cargo.toml", kill_on_drop: false }`
[INFO] [stderr]     Updating crates.io index
[INFO] running `Command { std: CARGO_HOME="/workspace/cargo-home" RUSTUP_HOME="/workspace/rustup-home" "/workspace/cargo-home/bin/cargo" "+nightly-2024-02-05" "fetch" "--manifest-path" "Cargo.toml", kill_on_drop: false }`
[INFO] running `Command { std: "docker" "create" "-v" "/var/lib/crater-agent-workspace/builds/worker-7-tc1/target:/opt/rustwide/target:rw,Z" "-v" "/var/lib/crater-agent-workspace/builds/worker-7-tc1/source:/opt/rustwide/workdir:ro,Z" "-v" "/var/lib/crater-agent-workspace/cargo-home:/opt/rustwide/cargo-home:ro,Z" "-v" "/var/lib/crater-agent-workspace/rustup-home:/opt/rustwide/rustup-home:ro,Z" "-e" "SOURCE_DIR=/opt/rustwide/workdir" "-e" "CARGO_TARGET_DIR=/opt/rustwide/target" "-e" "CARGO_HOME=/opt/rustwide/cargo-home" "-e" "RUSTUP_HOME=/opt/rustwide/rustup-home" "-w" "/opt/rustwide/workdir" "-m" "1610612736" "--user" "0:0" "--network" "none" "ghcr.io/rust-lang/crates-build-env/linux@sha256:2788e3201cd34a07e3172128adcd8b3090168a8e3bcc40d7c032b9dda1df7d1c" "/opt/rustwide/cargo-home/bin/cargo" "+nightly-2024-02-05" "metadata" "--no-deps" "--format-version=1", kill_on_drop: false }`
[INFO] [stdout] 3adecd3e232bfd3e44fbd96edd5d6a8f927051457ff3ce9c9082fc1a79fe6bab
[INFO] running `Command { std: "docker" "start" "-a" "3adecd3e232bfd3e44fbd96edd5d6a8f927051457ff3ce9c9082fc1a79fe6bab", kill_on_drop: false }`
[INFO] running `Command { std: "docker" "inspect" "3adecd3e232bfd3e44fbd96edd5d6a8f927051457ff3ce9c9082fc1a79fe6bab", kill_on_drop: false }`
[INFO] running `Command { std: "docker" "rm" "-f" "3adecd3e232bfd3e44fbd96edd5d6a8f927051457ff3ce9c9082fc1a79fe6bab", kill_on_drop: false }`
[INFO] [stdout] 3adecd3e232bfd3e44fbd96edd5d6a8f927051457ff3ce9c9082fc1a79fe6bab
[INFO] running `Command { std: "docker" "create" "-v" "/var/lib/crater-agent-workspace/builds/worker-7-tc1/target:/opt/rustwide/target:rw,Z" "-v" "/var/lib/crater-agent-workspace/builds/worker-7-tc1/source:/opt/rustwide/workdir:ro,Z" "-v" "/var/lib/crater-agent-workspace/cargo-home:/opt/rustwide/cargo-home:ro,Z" "-v" "/var/lib/crater-agent-workspace/rustup-home:/opt/rustwide/rustup-home:ro,Z" "-e" "SOURCE_DIR=/opt/rustwide/workdir" "-e" "CARGO_TARGET_DIR=/opt/rustwide/target" "-e" "CARGO_INCREMENTAL=0" "-e" "RUST_BACKTRACE=full" "-e" "RUSTFLAGS=--cap-lints=forbid" "-e" "RUSTDOCFLAGS=--cap-lints=forbid" "-e" "CARGO_HOME=/opt/rustwide/cargo-home" "-e" "RUSTUP_HOME=/opt/rustwide/rustup-home" "-w" "/opt/rustwide/workdir" "-m" "1610612736" "--user" "0:0" "--network" "none" "ghcr.io/rust-lang/crates-build-env/linux@sha256:2788e3201cd34a07e3172128adcd8b3090168a8e3bcc40d7c032b9dda1df7d1c" "/opt/rustwide/cargo-home/bin/cargo" "+nightly-2024-02-05" "check" "--frozen" "--all" "--all-targets" "--message-format=json", kill_on_drop: false }`
[INFO] [stdout] d2f460a7c1ef7dacee13ed8e929212e3b4d55adb4ee3fd94675158c663763bcd
[INFO] running `Command { std: "docker" "start" "-a" "d2f460a7c1ef7dacee13ed8e929212e3b4d55adb4ee3fd94675158c663763bcd", kill_on_drop: false }`
[INFO] [stderr]     Checking once_cell v1.19.0
[INFO] [stderr]     Checking bumpalo v3.14.0
[INFO] [stderr]     Checking simdutf8 v0.1.4
[INFO] [stderr]    Compiling syn v2.0.48
[INFO] [stderr]     Checking ahash v0.8.7
[INFO] [stderr]     Checking hashbrown v0.13.2
[INFO] [stderr]    Compiling thiserror-impl v1.0.56
[INFO] [stderr]     Checking thiserror v1.0.56
[INFO] [stderr]     Checking rust-json-parse v0.6.4 (/opt/rustwide/workdir)
[INFO] [stdout] error[E0432]: unresolved import `std::simd::SimdPartialEq`
[INFO] [stdout]  --> src/slice_iter.rs:1:24
[INFO] [stdout]   |
[INFO] [stdout] 1 | use std::simd::{u8x16, SimdPartialEq};
[INFO] [stdout]   |                        ^^^^^^^^^^^^^ no `SimdPartialEq` in `simd`
[INFO] [stdout]   |
[INFO] [stdout]   = help: consider importing one of these items instead:
[INFO] [stdout]           core::simd::prelude::SimdPartialEq
[INFO] [stdout]           std::simd::prelude::SimdPartialEq
[INFO] [stdout] 
[INFO] [stdout] 
[INFO] [stdout] error[E0432]: unresolved import `std::simd::SimdPartialEq`
[INFO] [stdout]  --> src/slice_iter.rs:1:24
[INFO] [stdout]   |
[INFO] [stdout] 1 | use std::simd::{u8x16, SimdPartialEq};
[INFO] [stdout]   |                        ^^^^^^^^^^^^^ no `SimdPartialEq` in `simd`
[INFO] [stdout]   |
[INFO] [stdout]   = help: consider importing one of these items instead:
[INFO] [stdout]           core::simd::prelude::SimdPartialEq
[INFO] [stdout]           std::simd::prelude::SimdPartialEq
[INFO] [stdout] 
[INFO] [stdout] 
[INFO] [stdout] error[E0599]: no method named `simd_eq` found for struct `Simd` in the current scope
[INFO] [stdout]    --> src/slice_iter.rs:179:27
[INFO] [stdout]     |
[INFO] [stdout] 179 |                 if vector.simd_eq(condition).any() {
[INFO] [stdout]     |                           ^^^^^^^ method not found in `Simd<u8, 16>`
[INFO] [stdout]    --> /rustc/268dbbbc4b3fd71c5f360a4d0728295252430b5b/library/core/src/../../portable-simd/crates/core_simd/src/simd/cmp/eq.rs:14:8
[INFO] [stdout]     |
[INFO] [stdout]     = note: the method is available for `Simd<u8, 16>` here
[INFO] [stdout]     |
[INFO] [stdout]     = help: items from traits can only be used if the trait is in scope
[INFO] [stdout] help: the following trait is implemented but not in scope; perhaps add a `use` for it:
[INFO] [stdout]     |
[INFO] [stdout] 1   + use std::simd::cmp::SimdPartialEq;
[INFO] [stdout]     |
[INFO] [stdout] 
[INFO] [stdout] 
[INFO] [stdout] error[E0599]: no method named `simd_eq` found for struct `Simd` in the current scope
[INFO] [stdout]    --> src/slice_iter.rs:179:27
[INFO] [stdout]     |
[INFO] [stdout] 179 |                 if vector.simd_eq(condition).any() {
[INFO] [stdout]     |                           ^^^^^^^ method not found in `Simd<u8, 16>`
[INFO] [stdout]    --> /rustc/268dbbbc4b3fd71c5f360a4d0728295252430b5b/library/core/src/../../portable-simd/crates/core_simd/src/simd/cmp/eq.rs:14:8
[INFO] [stdout]     |
[INFO] [stdout]     = note: the method is available for `Simd<u8, 16>` here
[INFO] [stdout]     |
[INFO] [stdout]     = help: items from traits can only be used if the trait is in scope
[INFO] [stdout] help: the following trait is implemented but not in scope; perhaps add a `use` for it:
[INFO] [stdout]     |
[INFO] [stdout] 1   + use std::simd::cmp::SimdPartialEq;
[INFO] [stdout]     |
[INFO] [stdout] 
[INFO] [stdout] 
[INFO] [stdout] error: aborting due to 2 previous errors
[INFO] [stdout] 
[INFO] [stdout] 
[INFO] [stdout] Some errors have detailed explanations: E0432, E0599.
[INFO] [stdout] 
[INFO] [stdout] For more information about an error, try `rustc --explain E0432`.
[INFO] [stdout] 
[INFO] [stdout] error: aborting due to 2 previous errors
[INFO] [stdout] 
[INFO] [stdout] 
[INFO] [stdout] Some errors have detailed explanations: E0432, E0599.
[INFO] [stdout] 
[INFO] [stdout] For more information about an error, try `rustc --explain E0432`.
[INFO] [stdout] 
[INFO] [stderr] error: could not compile `rust-json-parse` (lib) due to 3 previous errors
[INFO] [stderr] warning: build failed, waiting for other jobs to finish...
[INFO] [stderr] error: could not compile `rust-json-parse` (lib test) due to 3 previous errors
[INFO] running `Command { std: "docker" "inspect" "d2f460a7c1ef7dacee13ed8e929212e3b4d55adb4ee3fd94675158c663763bcd", kill_on_drop: false }`
[INFO] running `Command { std: "docker" "rm" "-f" "d2f460a7c1ef7dacee13ed8e929212e3b4d55adb4ee3fd94675158c663763bcd", kill_on_drop: false }`
[INFO] [stdout] d2f460a7c1ef7dacee13ed8e929212e3b4d55adb4ee3fd94675158c663763bcd
