[INFO] fetching crate rust-gl 0.1.7...
[INFO] checking rust-gl-0.1.7 against nightly-2024-02-05 for check-cfg
[INFO] extracting crate rust-gl 0.1.7 into /workspace/builds/worker-4-tc1/source
[INFO] validating manifest of crates.io crate rust-gl 0.1.7 on toolchain nightly-2024-02-05
[INFO] running `Command { std: CARGO_HOME="/workspace/cargo-home" RUSTUP_HOME="/workspace/rustup-home" "/workspace/cargo-home/bin/cargo" "+nightly-2024-02-05" "metadata" "--manifest-path" "Cargo.toml" "--no-deps", kill_on_drop: false }`
[INFO] started tweaking crates.io crate rust-gl 0.1.7
[INFO] finished tweaking crates.io crate rust-gl 0.1.7
[INFO] tweaked toml for crates.io crate rust-gl 0.1.7 written to /workspace/builds/worker-4-tc1/source/Cargo.toml
[INFO] running `Command { std: CARGO_HOME="/workspace/cargo-home" RUSTUP_HOME="/workspace/rustup-home" "/workspace/cargo-home/bin/cargo" "+nightly-2024-02-05" "generate-lockfile" "--manifest-path" "Cargo.toml", kill_on_drop: false }`
[INFO] [stderr]     Updating crates.io index
[INFO] running `Command { std: CARGO_HOME="/workspace/cargo-home" RUSTUP_HOME="/workspace/rustup-home" "/workspace/cargo-home/bin/cargo" "+nightly-2024-02-05" "fetch" "--manifest-path" "Cargo.toml", kill_on_drop: false }`
[INFO] [stderr]     Blocking waiting for file lock on package cache
[INFO] [stderr]  Downloading crates ...
[INFO] [stderr]   Downloaded rust-gl-proc v0.1.6
[INFO] [stderr]   Downloaded obj-rs v0.6.4
[INFO] running `Command { std: "docker" "create" "-v" "/var/lib/crater-agent-workspace/builds/worker-4-tc1/target:/opt/rustwide/target:rw,Z" "-v" "/var/lib/crater-agent-workspace/builds/worker-4-tc1/source:/opt/rustwide/workdir:ro,Z" "-v" "/var/lib/crater-agent-workspace/cargo-home:/opt/rustwide/cargo-home:ro,Z" "-v" "/var/lib/crater-agent-workspace/rustup-home:/opt/rustwide/rustup-home:ro,Z" "-e" "SOURCE_DIR=/opt/rustwide/workdir" "-e" "CARGO_TARGET_DIR=/opt/rustwide/target" "-e" "CARGO_HOME=/opt/rustwide/cargo-home" "-e" "RUSTUP_HOME=/opt/rustwide/rustup-home" "-w" "/opt/rustwide/workdir" "-m" "1610612736" "--user" "0:0" "--network" "none" "ghcr.io/rust-lang/crates-build-env/linux@sha256:2788e3201cd34a07e3172128adcd8b3090168a8e3bcc40d7c032b9dda1df7d1c" "/opt/rustwide/cargo-home/bin/cargo" "+nightly-2024-02-05" "metadata" "--no-deps" "--format-version=1", kill_on_drop: false }`
[INFO] [stdout] 4b893b39e701c56f64f5d6fda553ed9b5b80461206e701b9652c8f8034bffdd5
[INFO] running `Command { std: "docker" "start" "-a" "4b893b39e701c56f64f5d6fda553ed9b5b80461206e701b9652c8f8034bffdd5", kill_on_drop: false }`
[INFO] running `Command { std: "docker" "inspect" "4b893b39e701c56f64f5d6fda553ed9b5b80461206e701b9652c8f8034bffdd5", kill_on_drop: false }`
[INFO] running `Command { std: "docker" "rm" "-f" "4b893b39e701c56f64f5d6fda553ed9b5b80461206e701b9652c8f8034bffdd5", kill_on_drop: false }`
[INFO] [stdout] 4b893b39e701c56f64f5d6fda553ed9b5b80461206e701b9652c8f8034bffdd5
[INFO] running `Command { std: "docker" "create" "-v" "/var/lib/crater-agent-workspace/builds/worker-4-tc1/target:/opt/rustwide/target:rw,Z" "-v" "/var/lib/crater-agent-workspace/builds/worker-4-tc1/source:/opt/rustwide/workdir:ro,Z" "-v" "/var/lib/crater-agent-workspace/cargo-home:/opt/rustwide/cargo-home:ro,Z" "-v" "/var/lib/crater-agent-workspace/rustup-home:/opt/rustwide/rustup-home:ro,Z" "-e" "SOURCE_DIR=/opt/rustwide/workdir" "-e" "CARGO_TARGET_DIR=/opt/rustwide/target" "-e" "CARGO_INCREMENTAL=0" "-e" "RUST_BACKTRACE=full" "-e" "RUSTFLAGS=--cap-lints=forbid" "-e" "RUSTDOCFLAGS=--cap-lints=forbid" "-e" "CARGO_HOME=/opt/rustwide/cargo-home" "-e" "RUSTUP_HOME=/opt/rustwide/rustup-home" "-w" "/opt/rustwide/workdir" "-m" "1610612736" "--user" "0:0" "--network" "none" "ghcr.io/rust-lang/crates-build-env/linux@sha256:2788e3201cd34a07e3172128adcd8b3090168a8e3bcc40d7c032b9dda1df7d1c" "/opt/rustwide/cargo-home/bin/cargo" "+nightly-2024-02-05" "check" "--frozen" "--all" "--all-targets" "--message-format=json", kill_on_drop: false }`
[INFO] [stdout] 089f1d2efbbc91cd7837dfff94db07e0a4295ab2e3330f5258ca33cb5f8cb1ba
[INFO] running `Command { std: "docker" "start" "-a" "089f1d2efbbc91cd7837dfff94db07e0a4295ab2e3330f5258ca33cb5f8cb1ba", kill_on_drop: false }`
[INFO] [stderr]    Compiling wasm-bindgen-shared v0.2.90
[INFO] [stderr]    Compiling bumpalo v3.14.0
[INFO] [stderr]    Compiling log v0.4.20
[INFO] [stderr]    Compiling wasm-bindgen v0.2.90
[INFO] [stderr]    Compiling num-traits v0.2.17
[INFO] [stderr]    Compiling syn v2.0.48
[INFO] [stderr]    Compiling convert_case v0.4.0
[INFO] [stderr]    Compiling derive_more v0.99.17
[INFO] [stderr]    Compiling rust-gl-proc v0.1.6
[INFO] [stderr]    Compiling wasm-bindgen-backend v0.2.90
[INFO] [stderr]    Compiling serde_derive v1.0.196
[INFO] [stderr]    Compiling wasm-bindgen-macro-support v0.2.90
[INFO] [stderr]    Compiling wasm-bindgen-macro v0.2.90
[INFO] [stderr]     Checking js-sys v0.3.67
[INFO] [stderr]     Checking serde v1.0.196
[INFO] [stderr]     Checking web-sys v0.3.67
[INFO] [stderr]     Checking obj-rs v0.6.4
[INFO] [stderr]     Checking rust-gl v0.1.7 (/opt/rustwide/workdir)
[INFO] [stdout] error[E0557]: feature has been removed
[INFO] [stdout]  --> src/lib.rs:5:5
[INFO] [stdout]   |
[INFO] [stdout] 5 |     const_generics,
[INFO] [stdout]   |     ^^^^^^^^^^^^^^ feature has been removed
[INFO] [stdout]   |
[INFO] [stdout]   = note: removed in favor of `#![feature(adt_const_params)]` and `#![feature(generic_const_exprs)]`
[INFO] [stdout] 
[INFO] [stdout] 
[INFO] [stdout] error[E0557]: feature has been removed
[INFO] [stdout]  --> src/lib.rs:5:5
[INFO] [stdout]   |
[INFO] [stdout] 5 |     const_generics,
[INFO] [stdout]   |     ^^^^^^^^^^^^^^ feature has been removed
[INFO] [stdout]   |
[INFO] [stdout]   = note: removed in favor of `#![feature(adt_const_params)]` and `#![feature(generic_const_exprs)]`
[INFO] [stdout] 
[INFO] [stdout] 
[INFO] [stdout] error: private item shadows public glob re-export
[INFO] [stdout]   --> src/attribute/mod.rs:17:5
[INFO] [stdout]    |
[INFO] [stdout] 17 | use std::error::Error;
[INFO] [stdout]    |     ^^^^^^^^^^^^^^^^^
[INFO] [stdout]    |
[INFO] [stdout] note: the name `Error` in the type namespace is supposed to be publicly re-exported here
[INFO] [stdout]   --> src/attribute/mod.rs:2:9
[INFO] [stdout]    |
[INFO] [stdout] 2  | pub use gltype::*;
[INFO] [stdout]    |         ^^^^^^^^^
[INFO] [stdout] note: but the private item here shadows it
[INFO] [stdout]   --> src/attribute/mod.rs:17:5
[INFO] [stdout]    |
[INFO] [stdout] 17 | use std::error::Error;
[INFO] [stdout]    |     ^^^^^^^^^^^^^^^^^
[INFO] [stdout] note: the lint level is defined here
[INFO] [stdout]   --> src/lib.rs:1:9
[INFO] [stdout]    |
[INFO] [stdout] 1  | #![deny(warnings)]
[INFO] [stdout]    |         ^^^^^^^^
[INFO] [stdout]    = note: `#[deny(hidden_glob_reexports)]` implied by `#[deny(warnings)]`
[INFO] [stdout] 
[INFO] [stdout] 
[INFO] [stdout] error: ambiguous glob re-exports
[INFO] [stdout]  --> src/math/mod.rs:2:9
[INFO] [stdout]   |
[INFO] [stdout] 2 | pub use vector::*;
[INFO] [stdout]   |         ^^^^^^^^^ the name `defined` in the type namespace is first re-exported here
[INFO] [stdout] 3 | pub mod matrix;
[INFO] [stdout] 4 | pub use matrix::*;
[INFO] [stdout]   |         --------- but the name `defined` in the type namespace is also re-exported here
[INFO] [stdout]   |
[INFO] [stdout]   = note: `#[deny(ambiguous_glob_reexports)]` implied by `#[deny(warnings)]`
[INFO] [stdout] 
[INFO] [stdout] 
[INFO] [stdout] error: ambiguous glob re-exports
[INFO] [stdout]  --> src/program/mod.rs:2:9
[INFO] [stdout]   |
[INFO] [stdout] 2 | pub use builder::*;
[INFO] [stdout]   |         ^^^^^^^^^^ the name `Error` in the type namespace is first re-exported here
[INFO] [stdout] ...
[INFO] [stdout] 5 | pub use shader::*;
[INFO] [stdout]   |         --------- but the name `Error` in the type namespace is also re-exported here
[INFO] [stdout] 
[INFO] [stdout] 
[INFO] [stdout] error: ambiguous glob re-exports
[INFO] [stdout]  --> src/uniform/mod.rs:5:9
[INFO] [stdout]   |
[INFO] [stdout] 5 | pub use base::*;
[INFO] [stdout]   |         ^^^^^^^ the name `Error` in the type namespace is first re-exported here
[INFO] [stdout] ...
[INFO] [stdout] 8 | pub use gltype::*;
[INFO] [stdout]   |         --------- but the name `Error` in the type namespace is also re-exported here
[INFO] [stdout] 
[INFO] [stdout] 
[INFO] [stdout] error: private item shadows public glob re-export
[INFO] [stdout]   --> src/attribute/mod.rs:17:5
[INFO] [stdout]    |
[INFO] [stdout] 17 | use std::error::Error;
[INFO] [stdout]    |     ^^^^^^^^^^^^^^^^^
[INFO] [stdout]    |
[INFO] [stdout] note: the name `Error` in the type namespace is supposed to be publicly re-exported here
[INFO] [stdout]   --> src/attribute/mod.rs:2:9
[INFO] [stdout]    |
[INFO] [stdout] 2  | pub use gltype::*;
[INFO] [stdout]    |         ^^^^^^^^^
[INFO] [stdout] note: but the private item here shadows it
[INFO] [stdout]   --> src/attribute/mod.rs:17:5
[INFO] [stdout]    |
[INFO] [stdout] 17 | use std::error::Error;
[INFO] [stdout]    |     ^^^^^^^^^^^^^^^^^
[INFO] [stdout] note: the lint level is defined here
[INFO] [stdout]   --> src/lib.rs:1:9
[INFO] [stdout]    |
[INFO] [stdout] 1  | #![deny(warnings)]
[INFO] [stdout]    |         ^^^^^^^^
[INFO] [stdout]    = note: `#[deny(hidden_glob_reexports)]` implied by `#[deny(warnings)]`
[INFO] [stdout] 
[INFO] [stdout] 
[INFO] [stdout] error: ambiguous glob re-exports
[INFO] [stdout]  --> src/math/mod.rs:2:9
[INFO] [stdout]   |
[INFO] [stdout] 2 | pub use vector::*;
[INFO] [stdout]   |         ^^^^^^^^^ the name `defined` in the type namespace is first re-exported here
[INFO] [stdout] 3 | pub mod matrix;
[INFO] [stdout] 4 | pub use matrix::*;
[INFO] [stdout]   |         --------- but the name `defined` in the type namespace is also re-exported here
[INFO] [stdout]   |
[INFO] [stdout]   = note: `#[deny(ambiguous_glob_reexports)]` implied by `#[deny(warnings)]`
[INFO] [stdout] 
[INFO] [stdout] 
[INFO] [stdout] error: ambiguous glob re-exports
[INFO] [stdout]  --> src/program/mod.rs:2:9
[INFO] [stdout]   |
[INFO] [stdout] 2 | pub use builder::*;
[INFO] [stdout]   |         ^^^^^^^^^^ the name `Error` in the type namespace is first re-exported here
[INFO] [stdout] ...
[INFO] [stdout] 5 | pub use shader::*;
[INFO] [stdout]   |         --------- but the name `Error` in the type namespace is also re-exported here
[INFO] [stdout] 
[INFO] [stdout] 
[INFO] [stdout] error: ambiguous glob re-exports
[INFO] [stdout]  --> src/uniform/mod.rs:5:9
[INFO] [stdout]   |
[INFO] [stdout] 5 | pub use base::*;
[INFO] [stdout]   |         ^^^^^^^ the name `Error` in the type namespace is first re-exported here
[INFO] [stdout] ...
[INFO] [stdout] 8 | pub use gltype::*;
[INFO] [stdout]   |         --------- but the name `Error` in the type namespace is also re-exported here
[INFO] [stdout] 
[INFO] [stdout] 
[INFO] [stdout] error: the feature `array_map` has been stable since 1.55.0 and no longer requires an attribute to enable
[INFO] [stdout]  --> src/lib.rs:4:5
[INFO] [stdout]   |
[INFO] [stdout] 4 |     array_map,
[INFO] [stdout]   |     ^^^^^^^^^
[INFO] [stdout]   |
[INFO] [stdout]   = note: `#[deny(stable_features)]` implied by `#[deny(warnings)]`
[INFO] [stdout] 
[INFO] [stdout] 
[INFO] [stdout] error: the feature `vec_spare_capacity` has been stable since 1.60.0 and no longer requires an attribute to enable
[INFO] [stdout]  --> src/lib.rs:6:5
[INFO] [stdout]   |
[INFO] [stdout] 6 |     vec_spare_capacity,
[INFO] [stdout]   |     ^^^^^^^^^^^^^^^^^^
[INFO] [stdout] 
[INFO] [stdout] 
[INFO] [stdout] error: the feature `array_map` has been stable since 1.55.0 and no longer requires an attribute to enable
[INFO] [stdout]  --> src/lib.rs:4:5
[INFO] [stdout]   |
[INFO] [stdout] 4 |     array_map,
[INFO] [stdout]   |     ^^^^^^^^^
[INFO] [stdout]   |
[INFO] [stdout]   = note: `#[deny(stable_features)]` implied by `#[deny(warnings)]`
[INFO] [stdout] 
[INFO] [stdout] 
[INFO] [stdout] error: the feature `vec_spare_capacity` has been stable since 1.60.0 and no longer requires an attribute to enable
[INFO] [stdout]  --> src/lib.rs:6:5
[INFO] [stdout]   |
[INFO] [stdout] 6 |     vec_spare_capacity,
[INFO] [stdout]   |     ^^^^^^^^^^^^^^^^^^
[INFO] [stdout] 
[INFO] [stdout] 
[INFO] [stdout] error: aborting due to 7 previous errors
[INFO] [stdout] 
[INFO] [stdout] 
[INFO] [stdout] For more information about this error, try `rustc --explain E0557`.
[INFO] [stdout] 
[INFO] [stdout] error: aborting due to 7 previous errors
[INFO] [stdout] 
[INFO] [stdout] 
[INFO] [stdout] For more information about this error, try `rustc --explain E0557`.
[INFO] [stdout] 
[INFO] [stderr] error: could not compile `rust-gl` (lib) due to 8 previous errors
[INFO] [stderr] warning: build failed, waiting for other jobs to finish...
[INFO] [stderr] error: could not compile `rust-gl` (lib test) due to 8 previous errors
[INFO] running `Command { std: "docker" "inspect" "089f1d2efbbc91cd7837dfff94db07e0a4295ab2e3330f5258ca33cb5f8cb1ba", kill_on_drop: false }`
[INFO] running `Command { std: "docker" "rm" "-f" "089f1d2efbbc91cd7837dfff94db07e0a4295ab2e3330f5258ca33cb5f8cb1ba", kill_on_drop: false }`
[INFO] [stdout] 089f1d2efbbc91cd7837dfff94db07e0a4295ab2e3330f5258ca33cb5f8cb1ba
[INFO] checking rust-gl-0.1.7 against nightly-2024-02-05+rustflags=-Dunexpected_cfgs+cargoflags=-Zcheck-cfg for check-cfg
[INFO] extracting crate rust-gl 0.1.7 into /workspace/builds/worker-4-tc2/source
[INFO] validating manifest of crates.io crate rust-gl 0.1.7 on toolchain nightly-2024-02-05
[INFO] running `Command { std: CARGO_HOME="/workspace/cargo-home" RUSTUP_HOME="/workspace/rustup-home" "/workspace/cargo-home/bin/cargo" "+nightly-2024-02-05" "metadata" "--manifest-path" "Cargo.toml" "--no-deps", kill_on_drop: false }`
[INFO] started tweaking crates.io crate rust-gl 0.1.7
[INFO] finished tweaking crates.io crate rust-gl 0.1.7
[INFO] tweaked toml for crates.io crate rust-gl 0.1.7 written to /workspace/builds/worker-4-tc2/source/Cargo.toml
[INFO] running `Command { std: CARGO_HOME="/workspace/cargo-home" RUSTUP_HOME="/workspace/rustup-home" "/workspace/cargo-home/bin/cargo" "+nightly-2024-02-05" "generate-lockfile" "--manifest-path" "Cargo.toml", kill_on_drop: false }`
[INFO] [stderr]     Updating crates.io index
[INFO] running `Command { std: CARGO_HOME="/workspace/cargo-home" RUSTUP_HOME="/workspace/rustup-home" "/workspace/cargo-home/bin/cargo" "+nightly-2024-02-05" "fetch" "--manifest-path" "Cargo.toml", kill_on_drop: false }`
[INFO] running `Command { std: "docker" "create" "-v" "/var/lib/crater-agent-workspace/builds/worker-4-tc2/target:/opt/rustwide/target:rw,Z" "-v" "/var/lib/crater-agent-workspace/builds/worker-4-tc2/source:/opt/rustwide/workdir:ro,Z" "-v" "/var/lib/crater-agent-workspace/cargo-home:/opt/rustwide/cargo-home:ro,Z" "-v" "/var/lib/crater-agent-workspace/rustup-home:/opt/rustwide/rustup-home:ro,Z" "-e" "SOURCE_DIR=/opt/rustwide/workdir" "-e" "CARGO_TARGET_DIR=/opt/rustwide/target" "-e" "CARGO_HOME=/opt/rustwide/cargo-home" "-e" "RUSTUP_HOME=/opt/rustwide/rustup-home" "-w" "/opt/rustwide/workdir" "-m" "1610612736" "--user" "0:0" "--network" "none" "ghcr.io/rust-lang/crates-build-env/linux@sha256:2788e3201cd34a07e3172128adcd8b3090168a8e3bcc40d7c032b9dda1df7d1c" "/opt/rustwide/cargo-home/bin/cargo" "+nightly-2024-02-05" "metadata" "--no-deps" "--format-version=1", kill_on_drop: false }`
[INFO] [stdout] 9c1b27a1dccd68ab3973481330ca6f48e1f7f6041e9ed3429e1388e574d6a2c1
[INFO] running `Command { std: "docker" "start" "-a" "9c1b27a1dccd68ab3973481330ca6f48e1f7f6041e9ed3429e1388e574d6a2c1", kill_on_drop: false }`
[INFO] running `Command { std: "docker" "inspect" "9c1b27a1dccd68ab3973481330ca6f48e1f7f6041e9ed3429e1388e574d6a2c1", kill_on_drop: false }`
[INFO] running `Command { std: "docker" "rm" "-f" "9c1b27a1dccd68ab3973481330ca6f48e1f7f6041e9ed3429e1388e574d6a2c1", kill_on_drop: false }`
[INFO] [stdout] 9c1b27a1dccd68ab3973481330ca6f48e1f7f6041e9ed3429e1388e574d6a2c1
[INFO] running `Command { std: "docker" "create" "-v" "/var/lib/crater-agent-workspace/builds/worker-4-tc2/target:/opt/rustwide/target:rw,Z" "-v" "/var/lib/crater-agent-workspace/builds/worker-4-tc2/source:/opt/rustwide/workdir:ro,Z" "-v" "/var/lib/crater-agent-workspace/cargo-home:/opt/rustwide/cargo-home:ro,Z" "-v" "/var/lib/crater-agent-workspace/rustup-home:/opt/rustwide/rustup-home:ro,Z" "-e" "SOURCE_DIR=/opt/rustwide/workdir" "-e" "CARGO_TARGET_DIR=/opt/rustwide/target" "-e" "CARGO_INCREMENTAL=0" "-e" "RUST_BACKTRACE=full" "-e" "RUSTFLAGS=--cap-lints=forbid -Dunexpected_cfgs" "-e" "RUSTDOCFLAGS=--cap-lints=forbid" "-e" "CARGO_HOME=/opt/rustwide/cargo-home" "-e" "RUSTUP_HOME=/opt/rustwide/rustup-home" "-w" "/opt/rustwide/workdir" "-m" "1610612736" "--user" "0:0" "--network" "none" "ghcr.io/rust-lang/crates-build-env/linux@sha256:2788e3201cd34a07e3172128adcd8b3090168a8e3bcc40d7c032b9dda1df7d1c" "/opt/rustwide/cargo-home/bin/cargo" "+nightly-2024-02-05" "check" "--frozen" "--all" "--all-targets" "--message-format=json" "-Zcheck-cfg", kill_on_drop: false }`
[INFO] [stdout] b2ec8317266f99c72ea05f3ade8901fab6e31ebe2934e91ee819c46a19d2771a
[INFO] running `Command { std: "docker" "start" "-a" "b2ec8317266f99c72ea05f3ade8901fab6e31ebe2934e91ee819c46a19d2771a", kill_on_drop: false }`
[INFO] [stderr]    Compiling wasm-bindgen-shared v0.2.90
[INFO] [stderr]    Compiling log v0.4.20
[INFO] [stderr]    Compiling bumpalo v3.14.0
[INFO] [stderr]    Compiling wasm-bindgen v0.2.90
[INFO] [stderr]    Compiling num-traits v0.2.17
[INFO] [stderr]    Compiling syn v2.0.48
[INFO] [stderr]    Compiling convert_case v0.4.0
[INFO] [stderr]    Compiling derive_more v0.99.17
[INFO] [stderr]    Compiling rust-gl-proc v0.1.6
[INFO] [stderr]    Compiling wasm-bindgen-backend v0.2.90
[INFO] [stderr]    Compiling serde_derive v1.0.196
[INFO] [stderr]    Compiling wasm-bindgen-macro-support v0.2.90
[INFO] [stderr]    Compiling wasm-bindgen-macro v0.2.90
[INFO] [stderr]     Checking js-sys v0.3.67
[INFO] [stderr]     Checking serde v1.0.196
[INFO] [stderr]     Checking web-sys v0.3.67
[INFO] [stderr]     Checking obj-rs v0.6.4
[INFO] [stderr]     Checking rust-gl v0.1.7 (/opt/rustwide/workdir)
[INFO] [stdout] error[E0557]: feature has been removed
[INFO] [stdout]  --> src/lib.rs:5:5
[INFO] [stdout]   |
[INFO] [stdout] 5 |     const_generics,
[INFO] [stdout]   |     ^^^^^^^^^^^^^^ feature has been removed
[INFO] [stdout]   |
[INFO] [stdout]   = note: removed in favor of `#![feature(adt_const_params)]` and `#![feature(generic_const_exprs)]`
[INFO] [stdout] 
[INFO] [stdout] 
[INFO] [stdout] error[E0557]: feature has been removed
[INFO] [stdout]  --> src/lib.rs:5:5
[INFO] [stdout]   |
[INFO] [stdout] 5 |     const_generics,
[INFO] [stdout]   |     ^^^^^^^^^^^^^^ feature has been removed
[INFO] [stdout]   |
[INFO] [stdout]   = note: removed in favor of `#![feature(adt_const_params)]` and `#![feature(generic_const_exprs)]`
[INFO] [stdout] 
[INFO] [stdout] 
[INFO] [stdout] error: private item shadows public glob re-export
[INFO] [stdout]   --> src/attribute/mod.rs:17:5
[INFO] [stdout]    |
[INFO] [stdout] 17 | use std::error::Error;
[INFO] [stdout]    |     ^^^^^^^^^^^^^^^^^
[INFO] [stdout]    |
[INFO] [stdout] note: the name `Error` in the type namespace is supposed to be publicly re-exported here
[INFO] [stdout]   --> src/attribute/mod.rs:2:9
[INFO] [stdout]    |
[INFO] [stdout] 2  | pub use gltype::*;
[INFO] [stdout]    |         ^^^^^^^^^
[INFO] [stdout] note: but the private item here shadows it
[INFO] [stdout]   --> src/attribute/mod.rs:17:5
[INFO] [stdout]    |
[INFO] [stdout] 17 | use std::error::Error;
[INFO] [stdout]    |     ^^^^^^^^^^^^^^^^^
[INFO] [stdout] note: the lint level is defined here
[INFO] [stdout]   --> src/lib.rs:1:9
[INFO] [stdout]    |
[INFO] [stdout] 1  | #![deny(warnings)]
[INFO] [stdout]    |         ^^^^^^^^
[INFO] [stdout]    = note: `#[deny(hidden_glob_reexports)]` implied by `#[deny(warnings)]`
[INFO] [stdout] 
[INFO] [stdout] 
[INFO] [stdout] error: ambiguous glob re-exports
[INFO] [stdout]  --> src/math/mod.rs:2:9
[INFO] [stdout]   |
[INFO] [stdout] 2 | pub use vector::*;
[INFO] [stdout]   |         ^^^^^^^^^ the name `defined` in the type namespace is first re-exported here
[INFO] [stdout] 3 | pub mod matrix;
[INFO] [stdout] 4 | pub use matrix::*;
[INFO] [stdout]   |         --------- but the name `defined` in the type namespace is also re-exported here
[INFO] [stdout]   |
[INFO] [stdout]   = note: `#[deny(ambiguous_glob_reexports)]` implied by `#[deny(warnings)]`
[INFO] [stdout] 
[INFO] [stdout] 
[INFO] [stdout] error: ambiguous glob re-exports
[INFO] [stdout]  --> src/program/mod.rs:2:9
[INFO] [stdout]   |
[INFO] [stdout] 2 | pub use builder::*;
[INFO] [stdout]   |         ^^^^^^^^^^ the name `Error` in the type namespace is first re-exported here
[INFO] [stdout] ...
[INFO] [stdout] 5 | pub use shader::*;
[INFO] [stdout]   |         --------- but the name `Error` in the type namespace is also re-exported here
[INFO] [stdout] 
[INFO] [stdout] 
[INFO] [stdout] error: ambiguous glob re-exports
[INFO] [stdout]  --> src/uniform/mod.rs:5:9
[INFO] [stdout]   |
[INFO] [stdout] 5 | pub use base::*;
[INFO] [stdout]   |         ^^^^^^^ the name `Error` in the type namespace is first re-exported here
[INFO] [stdout] ...
[INFO] [stdout] 8 | pub use gltype::*;
[INFO] [stdout]   |         --------- but the name `Error` in the type namespace is also re-exported here
[INFO] [stdout] 
[INFO] [stdout] 
[INFO] [stdout] error: private item shadows public glob re-export
[INFO] [stdout]   --> src/attribute/mod.rs:17:5
[INFO] [stdout]    |
[INFO] [stdout] 17 | use std::error::Error;
[INFO] [stdout]    |     ^^^^^^^^^^^^^^^^^
[INFO] [stdout]    |
[INFO] [stdout] note: the name `Error` in the type namespace is supposed to be publicly re-exported here
[INFO] [stdout]   --> src/attribute/mod.rs:2:9
[INFO] [stdout]    |
[INFO] [stdout] 2  | pub use gltype::*;
[INFO] [stdout]    |         ^^^^^^^^^
[INFO] [stdout] note: but the private item here shadows it
[INFO] [stdout]   --> src/attribute/mod.rs:17:5
[INFO] [stdout]    |
[INFO] [stdout] 17 | use std::error::Error;
[INFO] [stdout]    |     ^^^^^^^^^^^^^^^^^
[INFO] [stdout] note: the lint level is defined here
[INFO] [stdout]   --> src/lib.rs:1:9
[INFO] [stdout]    |
[INFO] [stdout] 1  | #![deny(warnings)]
[INFO] [stdout]    |         ^^^^^^^^
[INFO] [stdout]    = note: `#[deny(hidden_glob_reexports)]` implied by `#[deny(warnings)]`
[INFO] [stdout] 
[INFO] [stdout] 
[INFO] [stdout] error: ambiguous glob re-exports
[INFO] [stdout]  --> src/math/mod.rs:2:9
[INFO] [stdout]   |
[INFO] [stdout] 2 | pub use vector::*;
[INFO] [stdout]   |         ^^^^^^^^^ the name `defined` in the type namespace is first re-exported here
[INFO] [stdout] 3 | pub mod matrix;
[INFO] [stdout] 4 | pub use matrix::*;
[INFO] [stdout]   |         --------- but the name `defined` in the type namespace is also re-exported here
[INFO] [stdout]   |
[INFO] [stdout]   = note: `#[deny(ambiguous_glob_reexports)]` implied by `#[deny(warnings)]`
[INFO] [stdout] 
[INFO] [stdout] 
[INFO] [stdout] error: ambiguous glob re-exports
[INFO] [stdout]  --> src/program/mod.rs:2:9
[INFO] [stdout]   |
[INFO] [stdout] 2 | pub use builder::*;
[INFO] [stdout]   |         ^^^^^^^^^^ the name `Error` in the type namespace is first re-exported here
[INFO] [stdout] ...
[INFO] [stdout] 5 | pub use shader::*;
[INFO] [stdout]   |         --------- but the name `Error` in the type namespace is also re-exported here
[INFO] [stdout] 
[INFO] [stdout] 
[INFO] [stdout] error: ambiguous glob re-exports
[INFO] [stdout]  --> src/uniform/mod.rs:5:9
[INFO] [stdout]   |
[INFO] [stdout] 5 | pub use base::*;
[INFO] [stdout]   |         ^^^^^^^ the name `Error` in the type namespace is first re-exported here
[INFO] [stdout] ...
[INFO] [stdout] 8 | pub use gltype::*;
[INFO] [stdout]   |         --------- but the name `Error` in the type namespace is also re-exported here
[INFO] [stdout] 
[INFO] [stdout] 
[INFO] [stdout] error: the feature `array_map` has been stable since 1.55.0 and no longer requires an attribute to enable
[INFO] [stdout]  --> src/lib.rs:4:5
[INFO] [stdout]   |
[INFO] [stdout] 4 |     array_map,
[INFO] [stdout]   |     ^^^^^^^^^
[INFO] [stdout]   |
[INFO] [stdout]   = note: `#[deny(stable_features)]` implied by `#[deny(warnings)]`
[INFO] [stdout] 
[INFO] [stdout] 
[INFO] [stdout] error: the feature `vec_spare_capacity` has been stable since 1.60.0 and no longer requires an attribute to enable
[INFO] [stdout]  --> src/lib.rs:6:5
[INFO] [stdout]   |
[INFO] [stdout] 6 |     vec_spare_capacity,
[INFO] [stdout]   |     ^^^^^^^^^^^^^^^^^^
[INFO] [stdout] 
[INFO] [stdout] 
[INFO] [stdout] error: the feature `array_map` has been stable since 1.55.0 and no longer requires an attribute to enable
[INFO] [stdout]  --> src/lib.rs:4:5
[INFO] [stdout]   |
[INFO] [stdout] 4 |     array_map,
[INFO] [stdout]   |     ^^^^^^^^^
[INFO] [stdout]   |
[INFO] [stdout]   = note: `#[deny(stable_features)]` implied by `#[deny(warnings)]`
[INFO] [stdout] 
[INFO] [stdout] 
[INFO] [stdout] error: the feature `vec_spare_capacity` has been stable since 1.60.0 and no longer requires an attribute to enable
[INFO] [stdout]  --> src/lib.rs:6:5
[INFO] [stdout]   |
[INFO] [stdout] 6 |     vec_spare_capacity,
[INFO] [stdout]   |     ^^^^^^^^^^^^^^^^^^
[INFO] [stdout] 
[INFO] [stdout] 
[INFO] [stdout] error: aborting due to 7 previous errors
[INFO] [stdout] 
[INFO] [stdout] 
[INFO] [stdout] For more information about this error, try `rustc --explain E0557`.
[INFO] [stdout] 
[INFO] [stdout] error: aborting due to 7 previous errors
[INFO] [stdout] 
[INFO] [stdout] 
[INFO] [stdout] For more information about this error, try `rustc --explain E0557`.
[INFO] [stdout] 
[INFO] [stderr] error: could not compile `rust-gl` (lib) due to 8 previous errors
[INFO] [stderr] warning: build failed, waiting for other jobs to finish...
[INFO] [stderr] error: could not compile `rust-gl` (lib test) due to 8 previous errors
[INFO] running `Command { std: "docker" "inspect" "b2ec8317266f99c72ea05f3ade8901fab6e31ebe2934e91ee819c46a19d2771a", kill_on_drop: false }`
[INFO] running `Command { std: "docker" "rm" "-f" "b2ec8317266f99c72ea05f3ade8901fab6e31ebe2934e91ee819c46a19d2771a", kill_on_drop: false }`
[INFO] [stdout] b2ec8317266f99c72ea05f3ade8901fab6e31ebe2934e91ee819c46a19d2771a
