[INFO] fetching crate rust-fixed-point-decimal 0.1.2...
[INFO] checking rust-fixed-point-decimal-0.1.2 against nightly-2024-02-05 for check-cfg
[INFO] extracting crate rust-fixed-point-decimal 0.1.2 into /workspace/builds/worker-3-tc1/source
[INFO] validating manifest of crates.io crate rust-fixed-point-decimal 0.1.2 on toolchain nightly-2024-02-05
[INFO] running `Command { std: CARGO_HOME="/workspace/cargo-home" RUSTUP_HOME="/workspace/rustup-home" "/workspace/cargo-home/bin/cargo" "+nightly-2024-02-05" "metadata" "--manifest-path" "Cargo.toml" "--no-deps", kill_on_drop: false }`
[INFO] started tweaking crates.io crate rust-fixed-point-decimal 0.1.2
[INFO] finished tweaking crates.io crate rust-fixed-point-decimal 0.1.2
[INFO] tweaked toml for crates.io crate rust-fixed-point-decimal 0.1.2 written to /workspace/builds/worker-3-tc1/source/Cargo.toml
[INFO] running `Command { std: CARGO_HOME="/workspace/cargo-home" RUSTUP_HOME="/workspace/rustup-home" "/workspace/cargo-home/bin/cargo" "+nightly-2024-02-05" "generate-lockfile" "--manifest-path" "Cargo.toml", kill_on_drop: false }`
[INFO] [stderr]     Updating crates.io index
[INFO] running `Command { std: CARGO_HOME="/workspace/cargo-home" RUSTUP_HOME="/workspace/rustup-home" "/workspace/cargo-home/bin/cargo" "+nightly-2024-02-05" "fetch" "--manifest-path" "Cargo.toml", kill_on_drop: false }`
[INFO] [stderr]  Downloading crates ...
[INFO] [stderr]   Downloaded rust-fixed-point-decimal-core v0.1.2
[INFO] [stderr]   Downloaded rust-fixed-point-decimal-macros v0.1.2
[INFO] running `Command { std: "docker" "create" "-v" "/var/lib/crater-agent-workspace/builds/worker-3-tc1/target:/opt/rustwide/target:rw,Z" "-v" "/var/lib/crater-agent-workspace/builds/worker-3-tc1/source:/opt/rustwide/workdir:ro,Z" "-v" "/var/lib/crater-agent-workspace/cargo-home:/opt/rustwide/cargo-home:ro,Z" "-v" "/var/lib/crater-agent-workspace/rustup-home:/opt/rustwide/rustup-home:ro,Z" "-e" "SOURCE_DIR=/opt/rustwide/workdir" "-e" "CARGO_TARGET_DIR=/opt/rustwide/target" "-e" "CARGO_HOME=/opt/rustwide/cargo-home" "-e" "RUSTUP_HOME=/opt/rustwide/rustup-home" "-w" "/opt/rustwide/workdir" "-m" "1610612736" "--user" "0:0" "--network" "none" "ghcr.io/rust-lang/crates-build-env/linux@sha256:2788e3201cd34a07e3172128adcd8b3090168a8e3bcc40d7c032b9dda1df7d1c" "/opt/rustwide/cargo-home/bin/cargo" "+nightly-2024-02-05" "metadata" "--no-deps" "--format-version=1", kill_on_drop: false }`
[INFO] [stdout] f4af07147220fa2e41b447969cb73b7d5bc30bfa01070ae75d9ac99df896ce42
[INFO] running `Command { std: "docker" "start" "-a" "f4af07147220fa2e41b447969cb73b7d5bc30bfa01070ae75d9ac99df896ce42", kill_on_drop: false }`
[INFO] running `Command { std: "docker" "inspect" "f4af07147220fa2e41b447969cb73b7d5bc30bfa01070ae75d9ac99df896ce42", kill_on_drop: false }`
[INFO] running `Command { std: "docker" "rm" "-f" "f4af07147220fa2e41b447969cb73b7d5bc30bfa01070ae75d9ac99df896ce42", kill_on_drop: false }`
[INFO] [stdout] f4af07147220fa2e41b447969cb73b7d5bc30bfa01070ae75d9ac99df896ce42
[INFO] running `Command { std: "docker" "create" "-v" "/var/lib/crater-agent-workspace/builds/worker-3-tc1/target:/opt/rustwide/target:rw,Z" "-v" "/var/lib/crater-agent-workspace/builds/worker-3-tc1/source:/opt/rustwide/workdir:ro,Z" "-v" "/var/lib/crater-agent-workspace/cargo-home:/opt/rustwide/cargo-home:ro,Z" "-v" "/var/lib/crater-agent-workspace/rustup-home:/opt/rustwide/rustup-home:ro,Z" "-e" "SOURCE_DIR=/opt/rustwide/workdir" "-e" "CARGO_TARGET_DIR=/opt/rustwide/target" "-e" "CARGO_INCREMENTAL=0" "-e" "RUST_BACKTRACE=full" "-e" "RUSTFLAGS=--cap-lints=forbid" "-e" "RUSTDOCFLAGS=--cap-lints=forbid" "-e" "CARGO_HOME=/opt/rustwide/cargo-home" "-e" "RUSTUP_HOME=/opt/rustwide/rustup-home" "-w" "/opt/rustwide/workdir" "-m" "1610612736" "--user" "0:0" "--network" "none" "ghcr.io/rust-lang/crates-build-env/linux@sha256:2788e3201cd34a07e3172128adcd8b3090168a8e3bcc40d7c032b9dda1df7d1c" "/opt/rustwide/cargo-home/bin/cargo" "+nightly-2024-02-05" "check" "--frozen" "--all" "--all-targets" "--message-format=json", kill_on_drop: false }`
[INFO] [stdout] 4a3b0e398f1542e06e399e73abdcddfb9183ebaa2df1b7102f4a2eabaa6a409a
[INFO] running `Command { std: "docker" "start" "-a" "4a3b0e398f1542e06e399e73abdcddfb9183ebaa2df1b7102f4a2eabaa6a409a", kill_on_drop: false }`
[INFO] [stderr]    Compiling num-traits v0.2.17
[INFO] [stderr]    Compiling num-integer v0.1.45
[INFO] [stderr]    Compiling num-bigint v0.4.4
[INFO] [stderr]    Compiling proc-macro2 v1.0.78
[INFO] [stderr]    Compiling num-iter v0.1.43
[INFO] [stderr]    Compiling num-rational v0.4.1
[INFO] [stderr]    Compiling rust-fixed-point-decimal-core v0.1.2
[INFO] [stderr]    Compiling quote v1.0.35
[INFO] [stderr]    Compiling rust-fixed-point-decimal-macros v0.1.2
[INFO] [stderr]     Checking num-complex v0.4.4
[INFO] [stderr]     Checking num v0.4.1
[INFO] [stderr]     Checking rust-fixed-point-decimal v0.1.2 (/opt/rustwide/workdir)
[INFO] [stdout] error[E0308]: mismatched types
[INFO] [stdout]   --> src/unops.rs:89:45
[INFO] [stdout]    |
[INFO] [stdout] 89 |                 coeff: self.coeff.div_floor(&ten_pow(P)) * ten_pow(P),
[INFO] [stdout]    |                                   --------- ^^^^^^^^^^^ expected `i128`, found `&i128`
[INFO] [stdout]    |                                   |
[INFO] [stdout]    |                                   arguments to this method are incorrect
[INFO] [stdout]    |
[INFO] [stdout] note: method defined here
[INFO] [stdout]   --> /rustc/268dbbbc4b3fd71c5f360a4d0728295252430b5b/library/core/src/num/mod.rs:393:5
[INFO] [stdout]    = note: this error originates in the macro `int_impl` (in Nightly builds, run with -Z macro-backtrace for more info)
[INFO] [stdout] help: consider removing the borrow
[INFO] [stdout]    |
[INFO] [stdout] 89 -                 coeff: self.coeff.div_floor(&ten_pow(P)) * ten_pow(P),
[INFO] [stdout] 89 +                 coeff: self.coeff.div_floor(ten_pow(P)) * ten_pow(P),
[INFO] [stdout]    |
[INFO] [stdout] 
[INFO] [stdout] 
[INFO] [stdout] error[E0308]: mismatched types
[INFO] [stdout]    --> src/unops.rs:117:44
[INFO] [stdout]     |
[INFO] [stdout] 117 |                 coeff: self.coeff.div_ceil(&ten_pow(P)) * ten_pow(P),
[INFO] [stdout]     |                                   -------- ^^^^^^^^^^^ expected `i128`, found `&i128`
[INFO] [stdout]     |                                   |
[INFO] [stdout]     |                                   arguments to this method are incorrect
[INFO] [stdout]     |
[INFO] [stdout] note: method defined here
[INFO] [stdout]    --> /rustc/268dbbbc4b3fd71c5f360a4d0728295252430b5b/library/core/src/num/mod.rs:393:5
[INFO] [stdout]     = note: this error originates in the macro `int_impl` (in Nightly builds, run with -Z macro-backtrace for more info)
[INFO] [stdout] help: consider removing the borrow
[INFO] [stdout]     |
[INFO] [stdout] 117 -                 coeff: self.coeff.div_ceil(&ten_pow(P)) * ten_pow(P),
[INFO] [stdout] 117 +                 coeff: self.coeff.div_ceil(ten_pow(P)) * ten_pow(P),
[INFO] [stdout]     |
[INFO] [stdout] 
[INFO] [stdout] 
[INFO] [stdout] warning: unused import: `num::Integer`
[INFO] [stdout]   --> src/unops.rs:12:5
[INFO] [stdout]    |
[INFO] [stdout] 12 | use num::Integer;
[INFO] [stdout]    |     ^^^^^^^^^^^^
[INFO] [stdout]    |
[INFO] [stdout]    = note: `#[warn(unused_imports)]` on by default
[INFO] [stdout] 
[INFO] [stdout] 
[INFO] [stdout] error: aborting due to 2 previous errors; 1 warning emitted
[INFO] [stdout] 
[INFO] [stdout] 
[INFO] [stdout] For more information about this error, try `rustc --explain E0308`.
[INFO] [stdout] 
[INFO] [stderr] error: could not compile `rust-fixed-point-decimal` (lib) due to 3 previous errors; 1 warning emitted
[INFO] [stderr] warning: build failed, waiting for other jobs to finish...
[INFO] [stdout] error[E0308]: mismatched types
[INFO] [stdout]   --> src/unops.rs:89:45
[INFO] [stdout]    |
[INFO] [stdout] 89 |                 coeff: self.coeff.div_floor(&ten_pow(P)) * ten_pow(P),
[INFO] [stdout]    |                                   --------- ^^^^^^^^^^^ expected `i128`, found `&i128`
[INFO] [stdout]    |                                   |
[INFO] [stdout]    |                                   arguments to this method are incorrect
[INFO] [stdout]    |
[INFO] [stdout] note: method defined here
[INFO] [stdout]   --> /rustc/268dbbbc4b3fd71c5f360a4d0728295252430b5b/library/core/src/num/mod.rs:393:5
[INFO] [stdout]    = note: this error originates in the macro `int_impl` (in Nightly builds, run with -Z macro-backtrace for more info)
[INFO] [stdout] help: consider removing the borrow
[INFO] [stdout]    |
[INFO] [stdout] 89 -                 coeff: self.coeff.div_floor(&ten_pow(P)) * ten_pow(P),
[INFO] [stdout] 89 +                 coeff: self.coeff.div_floor(ten_pow(P)) * ten_pow(P),
[INFO] [stdout]    |
[INFO] [stdout] 
[INFO] [stdout] 
[INFO] [stdout] error[E0308]: mismatched types
[INFO] [stdout]    --> src/unops.rs:117:44
[INFO] [stdout]     |
[INFO] [stdout] 117 |                 coeff: self.coeff.div_ceil(&ten_pow(P)) * ten_pow(P),
[INFO] [stdout]     |                                   -------- ^^^^^^^^^^^ expected `i128`, found `&i128`
[INFO] [stdout]     |                                   |
[INFO] [stdout]     |                                   arguments to this method are incorrect
[INFO] [stdout]     |
[INFO] [stdout] note: method defined here
[INFO] [stdout]    --> /rustc/268dbbbc4b3fd71c5f360a4d0728295252430b5b/library/core/src/num/mod.rs:393:5
[INFO] [stdout]     = note: this error originates in the macro `int_impl` (in Nightly builds, run with -Z macro-backtrace for more info)
[INFO] [stdout] help: consider removing the borrow
[INFO] [stdout]     |
[INFO] [stdout] 117 -                 coeff: self.coeff.div_ceil(&ten_pow(P)) * ten_pow(P),
[INFO] [stdout] 117 +                 coeff: self.coeff.div_ceil(ten_pow(P)) * ten_pow(P),
[INFO] [stdout]     |
[INFO] [stdout] 
[INFO] [stdout] 
[INFO] [stdout] warning: unused import: `num::Integer`
[INFO] [stdout]   --> src/unops.rs:12:5
[INFO] [stdout]    |
[INFO] [stdout] 12 | use num::Integer;
[INFO] [stdout]    |     ^^^^^^^^^^^^
[INFO] [stdout]    |
[INFO] [stdout]    = note: `#[warn(unused_imports)]` on by default
[INFO] [stdout] 
[INFO] [stdout] 
[INFO] [stdout] error: aborting due to 2 previous errors; 1 warning emitted
[INFO] [stdout] 
[INFO] [stdout] 
[INFO] [stdout] For more information about this error, try `rustc --explain E0308`.
[INFO] [stdout] 
[INFO] [stderr] error: could not compile `rust-fixed-point-decimal` (lib test) due to 3 previous errors; 1 warning emitted
[INFO] running `Command { std: "docker" "inspect" "4a3b0e398f1542e06e399e73abdcddfb9183ebaa2df1b7102f4a2eabaa6a409a", kill_on_drop: false }`
[INFO] running `Command { std: "docker" "rm" "-f" "4a3b0e398f1542e06e399e73abdcddfb9183ebaa2df1b7102f4a2eabaa6a409a", kill_on_drop: false }`
[INFO] [stdout] 4a3b0e398f1542e06e399e73abdcddfb9183ebaa2df1b7102f4a2eabaa6a409a
[INFO] checking rust-fixed-point-decimal-0.1.2 against nightly-2024-02-05+rustflags=-Dunexpected_cfgs+cargoflags=-Zcheck-cfg for check-cfg
[INFO] extracting crate rust-fixed-point-decimal 0.1.2 into /workspace/builds/worker-3-tc2/source
[INFO] validating manifest of crates.io crate rust-fixed-point-decimal 0.1.2 on toolchain nightly-2024-02-05
[INFO] running `Command { std: CARGO_HOME="/workspace/cargo-home" RUSTUP_HOME="/workspace/rustup-home" "/workspace/cargo-home/bin/cargo" "+nightly-2024-02-05" "metadata" "--manifest-path" "Cargo.toml" "--no-deps", kill_on_drop: false }`
[INFO] started tweaking crates.io crate rust-fixed-point-decimal 0.1.2
[INFO] finished tweaking crates.io crate rust-fixed-point-decimal 0.1.2
[INFO] tweaked toml for crates.io crate rust-fixed-point-decimal 0.1.2 written to /workspace/builds/worker-3-tc2/source/Cargo.toml
[INFO] running `Command { std: CARGO_HOME="/workspace/cargo-home" RUSTUP_HOME="/workspace/rustup-home" "/workspace/cargo-home/bin/cargo" "+nightly-2024-02-05" "generate-lockfile" "--manifest-path" "Cargo.toml", kill_on_drop: false }`
[INFO] [stderr]     Updating crates.io index
[INFO] running `Command { std: CARGO_HOME="/workspace/cargo-home" RUSTUP_HOME="/workspace/rustup-home" "/workspace/cargo-home/bin/cargo" "+nightly-2024-02-05" "fetch" "--manifest-path" "Cargo.toml", kill_on_drop: false }`
[INFO] running `Command { std: "docker" "create" "-v" "/var/lib/crater-agent-workspace/builds/worker-3-tc2/target:/opt/rustwide/target:rw,Z" "-v" "/var/lib/crater-agent-workspace/builds/worker-3-tc2/source:/opt/rustwide/workdir:ro,Z" "-v" "/var/lib/crater-agent-workspace/cargo-home:/opt/rustwide/cargo-home:ro,Z" "-v" "/var/lib/crater-agent-workspace/rustup-home:/opt/rustwide/rustup-home:ro,Z" "-e" "SOURCE_DIR=/opt/rustwide/workdir" "-e" "CARGO_TARGET_DIR=/opt/rustwide/target" "-e" "CARGO_HOME=/opt/rustwide/cargo-home" "-e" "RUSTUP_HOME=/opt/rustwide/rustup-home" "-w" "/opt/rustwide/workdir" "-m" "1610612736" "--user" "0:0" "--network" "none" "ghcr.io/rust-lang/crates-build-env/linux@sha256:2788e3201cd34a07e3172128adcd8b3090168a8e3bcc40d7c032b9dda1df7d1c" "/opt/rustwide/cargo-home/bin/cargo" "+nightly-2024-02-05" "metadata" "--no-deps" "--format-version=1", kill_on_drop: false }`
[INFO] [stdout] 368d91cbb44d72b577a76bb6d56d3452da815d6bb50245d80f661ac314787403
[INFO] running `Command { std: "docker" "start" "-a" "368d91cbb44d72b577a76bb6d56d3452da815d6bb50245d80f661ac314787403", kill_on_drop: false }`
[INFO] running `Command { std: "docker" "inspect" "368d91cbb44d72b577a76bb6d56d3452da815d6bb50245d80f661ac314787403", kill_on_drop: false }`
[INFO] running `Command { std: "docker" "rm" "-f" "368d91cbb44d72b577a76bb6d56d3452da815d6bb50245d80f661ac314787403", kill_on_drop: false }`
[INFO] [stdout] 368d91cbb44d72b577a76bb6d56d3452da815d6bb50245d80f661ac314787403
[INFO] running `Command { std: "docker" "create" "-v" "/var/lib/crater-agent-workspace/builds/worker-3-tc2/target:/opt/rustwide/target:rw,Z" "-v" "/var/lib/crater-agent-workspace/builds/worker-3-tc2/source:/opt/rustwide/workdir:ro,Z" "-v" "/var/lib/crater-agent-workspace/cargo-home:/opt/rustwide/cargo-home:ro,Z" "-v" "/var/lib/crater-agent-workspace/rustup-home:/opt/rustwide/rustup-home:ro,Z" "-e" "SOURCE_DIR=/opt/rustwide/workdir" "-e" "CARGO_TARGET_DIR=/opt/rustwide/target" "-e" "CARGO_INCREMENTAL=0" "-e" "RUST_BACKTRACE=full" "-e" "RUSTFLAGS=--cap-lints=forbid -Dunexpected_cfgs" "-e" "RUSTDOCFLAGS=--cap-lints=forbid" "-e" "CARGO_HOME=/opt/rustwide/cargo-home" "-e" "RUSTUP_HOME=/opt/rustwide/rustup-home" "-w" "/opt/rustwide/workdir" "-m" "1610612736" "--user" "0:0" "--network" "none" "ghcr.io/rust-lang/crates-build-env/linux@sha256:2788e3201cd34a07e3172128adcd8b3090168a8e3bcc40d7c032b9dda1df7d1c" "/opt/rustwide/cargo-home/bin/cargo" "+nightly-2024-02-05" "check" "--frozen" "--all" "--all-targets" "--message-format=json" "-Zcheck-cfg", kill_on_drop: false }`
[INFO] [stdout] 804f78bf4147d06356972b6f2ede36a625f7bd50a67c4b72c1b0ca54ff296172
[INFO] running `Command { std: "docker" "start" "-a" "804f78bf4147d06356972b6f2ede36a625f7bd50a67c4b72c1b0ca54ff296172", kill_on_drop: false }`
[INFO] [stderr]    Compiling num-traits v0.2.17
[INFO] [stderr]    Compiling num-integer v0.1.45
[INFO] [stderr]    Compiling num-bigint v0.4.4
[INFO] [stderr]    Compiling proc-macro2 v1.0.78
[INFO] [stderr]    Compiling num-iter v0.1.43
[INFO] [stderr]    Compiling num-rational v0.4.1
[INFO] [stderr]    Compiling rust-fixed-point-decimal-core v0.1.2
[INFO] [stderr]    Compiling quote v1.0.35
[INFO] [stderr]    Compiling rust-fixed-point-decimal-macros v0.1.2
[INFO] [stderr]     Checking num-complex v0.4.4
[INFO] [stderr]     Checking num v0.4.1
[INFO] [stderr]     Checking rust-fixed-point-decimal v0.1.2 (/opt/rustwide/workdir)
[INFO] [stdout] error[E0308]: mismatched types
[INFO] [stdout]   --> src/unops.rs:89:45
[INFO] [stdout]    |
[INFO] [stdout] 89 |                 coeff: self.coeff.div_floor(&ten_pow(P)) * ten_pow(P),
[INFO] [stdout]    |                                   --------- ^^^^^^^^^^^ expected `i128`, found `&i128`
[INFO] [stdout]    |                                   |
[INFO] [stdout]    |                                   arguments to this method are incorrect
[INFO] [stdout]    |
[INFO] [stdout] note: method defined here
[INFO] [stdout]   --> /rustc/268dbbbc4b3fd71c5f360a4d0728295252430b5b/library/core/src/num/mod.rs:393:5
[INFO] [stdout]    = note: this error originates in the macro `int_impl` (in Nightly builds, run with -Z macro-backtrace for more info)
[INFO] [stdout] help: consider removing the borrow
[INFO] [stdout]    |
[INFO] [stdout] 89 -                 coeff: self.coeff.div_floor(&ten_pow(P)) * ten_pow(P),
[INFO] [stdout] 89 +                 coeff: self.coeff.div_floor(ten_pow(P)) * ten_pow(P),
[INFO] [stdout]    |
[INFO] [stdout] 
[INFO] [stdout] 
[INFO] [stdout] error[E0308]: mismatched types
[INFO] [stdout]    --> src/unops.rs:117:44
[INFO] [stdout]     |
[INFO] [stdout] 117 |                 coeff: self.coeff.div_ceil(&ten_pow(P)) * ten_pow(P),
[INFO] [stdout]     |                                   -------- ^^^^^^^^^^^ expected `i128`, found `&i128`
[INFO] [stdout]     |                                   |
[INFO] [stdout]     |                                   arguments to this method are incorrect
[INFO] [stdout]     |
[INFO] [stdout] note: method defined here
[INFO] [stdout]    --> /rustc/268dbbbc4b3fd71c5f360a4d0728295252430b5b/library/core/src/num/mod.rs:393:5
[INFO] [stdout]     = note: this error originates in the macro `int_impl` (in Nightly builds, run with -Z macro-backtrace for more info)
[INFO] [stdout] help: consider removing the borrow
[INFO] [stdout]     |
[INFO] [stdout] 117 -                 coeff: self.coeff.div_ceil(&ten_pow(P)) * ten_pow(P),
[INFO] [stdout] 117 +                 coeff: self.coeff.div_ceil(ten_pow(P)) * ten_pow(P),
[INFO] [stdout]     |
[INFO] [stdout] 
[INFO] [stdout] 
[INFO] [stdout] warning: unused import: `num::Integer`
[INFO] [stdout]   --> src/unops.rs:12:5
[INFO] [stdout]    |
[INFO] [stdout] 12 | use num::Integer;
[INFO] [stdout]    |     ^^^^^^^^^^^^
[INFO] [stdout]    |
[INFO] [stdout]    = note: `#[warn(unused_imports)]` on by default
[INFO] [stdout] 
[INFO] [stdout] 
[INFO] [stdout] error: aborting due to 2 previous errors; 1 warning emitted
[INFO] [stdout] 
[INFO] [stdout] 
[INFO] [stdout] For more information about this error, try `rustc --explain E0308`.
[INFO] [stdout] 
[INFO] [stderr] error: could not compile `rust-fixed-point-decimal` (lib) due to 3 previous errors; 1 warning emitted
[INFO] [stderr] warning: build failed, waiting for other jobs to finish...
[INFO] [stdout] error[E0308]: mismatched types
[INFO] [stdout]   --> src/unops.rs:89:45
[INFO] [stdout]    |
[INFO] [stdout] 89 |                 coeff: self.coeff.div_floor(&ten_pow(P)) * ten_pow(P),
[INFO] [stdout]    |                                   --------- ^^^^^^^^^^^ expected `i128`, found `&i128`
[INFO] [stdout]    |                                   |
[INFO] [stdout]    |                                   arguments to this method are incorrect
[INFO] [stdout]    |
[INFO] [stdout] note: method defined here
[INFO] [stdout]   --> /rustc/268dbbbc4b3fd71c5f360a4d0728295252430b5b/library/core/src/num/mod.rs:393:5
[INFO] [stdout]    = note: this error originates in the macro `int_impl` (in Nightly builds, run with -Z macro-backtrace for more info)
[INFO] [stdout] help: consider removing the borrow
[INFO] [stdout]    |
[INFO] [stdout] 89 -                 coeff: self.coeff.div_floor(&ten_pow(P)) * ten_pow(P),
[INFO] [stdout] 89 +                 coeff: self.coeff.div_floor(ten_pow(P)) * ten_pow(P),
[INFO] [stdout]    |
[INFO] [stdout] 
[INFO] [stdout] 
[INFO] [stdout] error[E0308]: mismatched types
[INFO] [stdout]    --> src/unops.rs:117:44
[INFO] [stdout]     |
[INFO] [stdout] 117 |                 coeff: self.coeff.div_ceil(&ten_pow(P)) * ten_pow(P),
[INFO] [stdout]     |                                   -------- ^^^^^^^^^^^ expected `i128`, found `&i128`
[INFO] [stdout]     |                                   |
[INFO] [stdout]     |                                   arguments to this method are incorrect
[INFO] [stdout]     |
[INFO] [stdout] note: method defined here
[INFO] [stdout]    --> /rustc/268dbbbc4b3fd71c5f360a4d0728295252430b5b/library/core/src/num/mod.rs:393:5
[INFO] [stdout]     = note: this error originates in the macro `int_impl` (in Nightly builds, run with -Z macro-backtrace for more info)
[INFO] [stdout] help: consider removing the borrow
[INFO] [stdout]     |
[INFO] [stdout] 117 -                 coeff: self.coeff.div_ceil(&ten_pow(P)) * ten_pow(P),
[INFO] [stdout] 117 +                 coeff: self.coeff.div_ceil(ten_pow(P)) * ten_pow(P),
[INFO] [stdout]     |
[INFO] [stdout] 
[INFO] [stdout] 
[INFO] [stdout] warning: unused import: `num::Integer`
[INFO] [stdout]   --> src/unops.rs:12:5
[INFO] [stdout]    |
[INFO] [stdout] 12 | use num::Integer;
[INFO] [stdout]    |     ^^^^^^^^^^^^
[INFO] [stdout]    |
[INFO] [stdout]    = note: `#[warn(unused_imports)]` on by default
[INFO] [stdout] 
[INFO] [stdout] 
[INFO] [stdout] error: aborting due to 2 previous errors; 1 warning emitted
[INFO] [stdout] 
[INFO] [stdout] 
[INFO] [stdout] For more information about this error, try `rustc --explain E0308`.
[INFO] [stdout] 
[INFO] [stderr] error: could not compile `rust-fixed-point-decimal` (lib test) due to 3 previous errors; 1 warning emitted
[INFO] running `Command { std: "docker" "inspect" "804f78bf4147d06356972b6f2ede36a625f7bd50a67c4b72c1b0ca54ff296172", kill_on_drop: false }`
[INFO] running `Command { std: "docker" "rm" "-f" "804f78bf4147d06356972b6f2ede36a625f7bd50a67c4b72c1b0ca54ff296172", kill_on_drop: false }`
[INFO] [stdout] 804f78bf4147d06356972b6f2ede36a625f7bd50a67c4b72c1b0ca54ff296172
