[INFO] fetching crate rust-embed-for-web-impl 11.1.4...
[INFO] checking rust-embed-for-web-impl-11.1.4 against nightly-2024-02-05 for check-cfg
[INFO] extracting crate rust-embed-for-web-impl 11.1.4 into /workspace/builds/worker-6-tc1/source
[INFO] validating manifest of crates.io crate rust-embed-for-web-impl 11.1.4 on toolchain nightly-2024-02-05
[INFO] running `Command { std: CARGO_HOME="/workspace/cargo-home" RUSTUP_HOME="/workspace/rustup-home" "/workspace/cargo-home/bin/cargo" "+nightly-2024-02-05" "metadata" "--manifest-path" "Cargo.toml" "--no-deps", kill_on_drop: false }`
[INFO] started tweaking crates.io crate rust-embed-for-web-impl 11.1.4
[INFO] finished tweaking crates.io crate rust-embed-for-web-impl 11.1.4
[INFO] tweaked toml for crates.io crate rust-embed-for-web-impl 11.1.4 written to /workspace/builds/worker-6-tc1/source/Cargo.toml
[INFO] running `Command { std: CARGO_HOME="/workspace/cargo-home" RUSTUP_HOME="/workspace/rustup-home" "/workspace/cargo-home/bin/cargo" "+nightly-2024-02-05" "generate-lockfile" "--manifest-path" "Cargo.toml", kill_on_drop: false }`
[INFO] [stderr]     Updating crates.io index
[INFO] running `Command { std: CARGO_HOME="/workspace/cargo-home" RUSTUP_HOME="/workspace/rustup-home" "/workspace/cargo-home/bin/cargo" "+nightly-2024-02-05" "fetch" "--manifest-path" "Cargo.toml", kill_on_drop: false }`
[INFO] [stderr]  Downloading crates ...
[INFO] [stderr]   Downloaded base85rs v0.1.2
[INFO] [stderr]   Downloaded new_mime_guess v4.0.1
[INFO] [stderr]   Downloaded rust-embed-for-web-utils v11.2.0
[INFO] running `Command { std: "docker" "create" "-v" "/var/lib/crater-agent-workspace/builds/worker-6-tc1/target:/opt/rustwide/target:rw,Z" "-v" "/var/lib/crater-agent-workspace/builds/worker-6-tc1/source:/opt/rustwide/workdir:ro,Z" "-v" "/var/lib/crater-agent-workspace/cargo-home:/opt/rustwide/cargo-home:ro,Z" "-v" "/var/lib/crater-agent-workspace/rustup-home:/opt/rustwide/rustup-home:ro,Z" "-e" "SOURCE_DIR=/opt/rustwide/workdir" "-e" "CARGO_TARGET_DIR=/opt/rustwide/target" "-e" "CARGO_HOME=/opt/rustwide/cargo-home" "-e" "RUSTUP_HOME=/opt/rustwide/rustup-home" "-w" "/opt/rustwide/workdir" "-m" "1610612736" "--user" "0:0" "--network" "none" "ghcr.io/rust-lang/crates-build-env/linux@sha256:2788e3201cd34a07e3172128adcd8b3090168a8e3bcc40d7c032b9dda1df7d1c" "/opt/rustwide/cargo-home/bin/cargo" "+nightly-2024-02-05" "metadata" "--no-deps" "--format-version=1", kill_on_drop: false }`
[INFO] [stdout] e46b92af66c8952da5222907fbcc8d0f582636b096ce0b895c77c5a68ec2a96e
[INFO] running `Command { std: "docker" "start" "-a" "e46b92af66c8952da5222907fbcc8d0f582636b096ce0b895c77c5a68ec2a96e", kill_on_drop: false }`
[INFO] running `Command { std: "docker" "inspect" "e46b92af66c8952da5222907fbcc8d0f582636b096ce0b895c77c5a68ec2a96e", kill_on_drop: false }`
[INFO] running `Command { std: "docker" "rm" "-f" "e46b92af66c8952da5222907fbcc8d0f582636b096ce0b895c77c5a68ec2a96e", kill_on_drop: false }`
[INFO] [stdout] e46b92af66c8952da5222907fbcc8d0f582636b096ce0b895c77c5a68ec2a96e
[INFO] running `Command { std: "docker" "create" "-v" "/var/lib/crater-agent-workspace/builds/worker-6-tc1/target:/opt/rustwide/target:rw,Z" "-v" "/var/lib/crater-agent-workspace/builds/worker-6-tc1/source:/opt/rustwide/workdir:ro,Z" "-v" "/var/lib/crater-agent-workspace/cargo-home:/opt/rustwide/cargo-home:ro,Z" "-v" "/var/lib/crater-agent-workspace/rustup-home:/opt/rustwide/rustup-home:ro,Z" "-e" "SOURCE_DIR=/opt/rustwide/workdir" "-e" "CARGO_TARGET_DIR=/opt/rustwide/target" "-e" "CARGO_INCREMENTAL=0" "-e" "RUST_BACKTRACE=full" "-e" "RUSTFLAGS=--cap-lints=forbid" "-e" "RUSTDOCFLAGS=--cap-lints=forbid" "-e" "CARGO_HOME=/opt/rustwide/cargo-home" "-e" "RUSTUP_HOME=/opt/rustwide/rustup-home" "-w" "/opt/rustwide/workdir" "-m" "1610612736" "--user" "0:0" "--network" "none" "ghcr.io/rust-lang/crates-build-env/linux@sha256:2788e3201cd34a07e3172128adcd8b3090168a8e3bcc40d7c032b9dda1df7d1c" "/opt/rustwide/cargo-home/bin/cargo" "+nightly-2024-02-05" "check" "--frozen" "--all" "--all-targets" "--message-format=json", kill_on_drop: false }`
[INFO] [stdout] 035e61a91946a0031207ea0a6469fff06608a75c24195aaf881284a91a300518
[INFO] running `Command { std: "docker" "start" "-a" "035e61a91946a0031207ea0a6469fff06608a75c24195aaf881284a91a300518", kill_on_drop: false }`
[INFO] [stderr]    Compiling typenum v1.17.0
[INFO] [stderr]     Checking cfg-if v1.0.0
[INFO] [stderr]     Checking alloc-no-stdlib v2.0.4
[INFO] [stderr]     Checking cpufeatures v0.2.12
[INFO] [stderr]     Checking same-file v1.0.6
[INFO] [stderr]     Checking adler v1.0.2
[INFO] [stderr]     Checking mime v0.3.17
[INFO] [stderr]     Checking base85rs v0.1.2
[INFO] [stderr]    Compiling unicase v2.7.0
[INFO] [stderr]    Compiling generic-array v0.14.7
[INFO] [stderr]    Compiling crc32fast v1.3.2
[INFO] [stderr]    Compiling num-traits v0.2.17
[INFO] [stderr]     Checking syn v2.0.48
[INFO] [stderr]     Checking miniz_oxide v0.7.2
[INFO] [stderr]     Checking alloc-stdlib v0.2.2
[INFO] [stderr]     Checking walkdir v2.4.0
[INFO] [stderr]     Checking brotli-decompressor v2.5.1
[INFO] [stderr]    Compiling new_mime_guess v4.0.1
[INFO] [stderr]     Checking flate2 v1.0.28
[INFO] [stderr]     Checking chrono v0.4.33
[INFO] [stderr]     Checking brotli v3.4.0
[INFO] [stderr]     Checking crypto-common v0.1.6
[INFO] [stderr]     Checking block-buffer v0.10.4
[INFO] [stderr]     Checking digest v0.10.7
[INFO] [stderr]     Checking sha2 v0.10.8
[INFO] [stderr]     Checking rust-embed-for-web-utils v11.2.0
[INFO] [stderr]     Checking rust-embed-for-web-impl v11.1.4 (/opt/rustwide/workdir)
[INFO] [stdout] error[E0061]: this function takes 3 arguments but 2 arguments were supplied
[INFO] [stdout]    --> src/embed.rs:101:37
[INFO] [stdout]     |
[INFO] [stdout] 101 |     let embeds: Vec<TokenStream2> = get_files(folder_path, config)
[INFO] [stdout]     |                                     ^^^^^^^^^--------------------- an argument of type `&str` is missing
[INFO] [stdout]     |
[INFO] [stdout] note: function defined here
[INFO] [stdout]    --> /opt/rustwide/cargo-home/registry/src/index.crates.io-6f17d22bba15001f/rust-embed-for-web-utils-11.2.0/src/lib.rs:18:8
[INFO] [stdout]     |
[INFO] [stdout] 18  | pub fn get_files<'t>(
[INFO] [stdout]     |        ^^^^^^^^^
[INFO] [stdout] help: provide the argument
[INFO] [stdout]     |
[INFO] [stdout] 101 |     let embeds: Vec<TokenStream2> = get_files(folder_path, config, /* &str */)
[INFO] [stdout]     |                                              ~~~~~~~~~~~~~~~~~~~~~~~~~~~~~~~~~
[INFO] [stdout] 
[INFO] [stdout] 
[INFO] [stdout] error[E0061]: this function takes 3 arguments but 2 arguments were supplied
[INFO] [stdout]    --> src/embed.rs:101:37
[INFO] [stdout]     |
[INFO] [stdout] 101 |     let embeds: Vec<TokenStream2> = get_files(folder_path, config)
[INFO] [stdout]     |                                     ^^^^^^^^^--------------------- an argument of type `&str` is missing
[INFO] [stdout]     |
[INFO] [stdout] note: function defined here
[INFO] [stdout]    --> /opt/rustwide/cargo-home/registry/src/index.crates.io-6f17d22bba15001f/rust-embed-for-web-utils-11.2.0/src/lib.rs:18:8
[INFO] [stdout]     |
[INFO] [stdout] 18  | pub fn get_files<'t>(
[INFO] [stdout]     |        ^^^^^^^^^
[INFO] [stdout] help: provide the argument
[INFO] [stdout]     |
[INFO] [stdout] 101 |     let embeds: Vec<TokenStream2> = get_files(folder_path, config, /* &str */)
[INFO] [stdout]     |                                              ~~~~~~~~~~~~~~~~~~~~~~~~~~~~~~~~~
[INFO] [stdout] 
[INFO] [stdout] 
[INFO] [stdout] error: aborting due to 1 previous error
[INFO] [stdout] 
[INFO] [stdout] 
[INFO] [stdout] For more information about this error, try `rustc --explain E0061`.
[INFO] [stdout] 
[INFO] [stdout] error: aborting due to 1 previous error
[INFO] [stdout] 
[INFO] [stdout] 
[INFO] [stdout] For more information about this error, try `rustc --explain E0061`.
[INFO] [stdout] 
[INFO] [stderr] error: could not compile `rust-embed-for-web-impl` (lib) due to 2 previous errors
[INFO] [stderr] warning: build failed, waiting for other jobs to finish...
[INFO] [stderr] error: could not compile `rust-embed-for-web-impl` (lib test) due to 2 previous errors
[INFO] running `Command { std: "docker" "inspect" "035e61a91946a0031207ea0a6469fff06608a75c24195aaf881284a91a300518", kill_on_drop: false }`
[INFO] running `Command { std: "docker" "rm" "-f" "035e61a91946a0031207ea0a6469fff06608a75c24195aaf881284a91a300518", kill_on_drop: false }`
[INFO] [stdout] 035e61a91946a0031207ea0a6469fff06608a75c24195aaf881284a91a300518
[INFO] checking rust-embed-for-web-impl-11.1.4 against nightly-2024-02-05+rustflags=-Dunexpected_cfgs+cargoflags=-Zcheck-cfg for check-cfg
[INFO] extracting crate rust-embed-for-web-impl 11.1.4 into /workspace/builds/worker-6-tc2/source
[INFO] validating manifest of crates.io crate rust-embed-for-web-impl 11.1.4 on toolchain nightly-2024-02-05
[INFO] running `Command { std: CARGO_HOME="/workspace/cargo-home" RUSTUP_HOME="/workspace/rustup-home" "/workspace/cargo-home/bin/cargo" "+nightly-2024-02-05" "metadata" "--manifest-path" "Cargo.toml" "--no-deps", kill_on_drop: false }`
[INFO] started tweaking crates.io crate rust-embed-for-web-impl 11.1.4
[INFO] finished tweaking crates.io crate rust-embed-for-web-impl 11.1.4
[INFO] tweaked toml for crates.io crate rust-embed-for-web-impl 11.1.4 written to /workspace/builds/worker-6-tc2/source/Cargo.toml
[INFO] running `Command { std: CARGO_HOME="/workspace/cargo-home" RUSTUP_HOME="/workspace/rustup-home" "/workspace/cargo-home/bin/cargo" "+nightly-2024-02-05" "generate-lockfile" "--manifest-path" "Cargo.toml", kill_on_drop: false }`
[INFO] [stderr]     Updating crates.io index
[INFO] running `Command { std: CARGO_HOME="/workspace/cargo-home" RUSTUP_HOME="/workspace/rustup-home" "/workspace/cargo-home/bin/cargo" "+nightly-2024-02-05" "fetch" "--manifest-path" "Cargo.toml", kill_on_drop: false }`
[INFO] running `Command { std: "docker" "create" "-v" "/var/lib/crater-agent-workspace/builds/worker-6-tc2/target:/opt/rustwide/target:rw,Z" "-v" "/var/lib/crater-agent-workspace/builds/worker-6-tc2/source:/opt/rustwide/workdir:ro,Z" "-v" "/var/lib/crater-agent-workspace/cargo-home:/opt/rustwide/cargo-home:ro,Z" "-v" "/var/lib/crater-agent-workspace/rustup-home:/opt/rustwide/rustup-home:ro,Z" "-e" "SOURCE_DIR=/opt/rustwide/workdir" "-e" "CARGO_TARGET_DIR=/opt/rustwide/target" "-e" "CARGO_HOME=/opt/rustwide/cargo-home" "-e" "RUSTUP_HOME=/opt/rustwide/rustup-home" "-w" "/opt/rustwide/workdir" "-m" "1610612736" "--user" "0:0" "--network" "none" "ghcr.io/rust-lang/crates-build-env/linux@sha256:2788e3201cd34a07e3172128adcd8b3090168a8e3bcc40d7c032b9dda1df7d1c" "/opt/rustwide/cargo-home/bin/cargo" "+nightly-2024-02-05" "metadata" "--no-deps" "--format-version=1", kill_on_drop: false }`
[INFO] [stdout] 96770c369b51d29d28e22c23449aa2d57384da719c651a94452c4f7564894a87
[INFO] running `Command { std: "docker" "start" "-a" "96770c369b51d29d28e22c23449aa2d57384da719c651a94452c4f7564894a87", kill_on_drop: false }`
[INFO] running `Command { std: "docker" "inspect" "96770c369b51d29d28e22c23449aa2d57384da719c651a94452c4f7564894a87", kill_on_drop: false }`
[INFO] running `Command { std: "docker" "rm" "-f" "96770c369b51d29d28e22c23449aa2d57384da719c651a94452c4f7564894a87", kill_on_drop: false }`
[INFO] [stdout] 96770c369b51d29d28e22c23449aa2d57384da719c651a94452c4f7564894a87
[INFO] running `Command { std: "docker" "create" "-v" "/var/lib/crater-agent-workspace/builds/worker-6-tc2/target:/opt/rustwide/target:rw,Z" "-v" "/var/lib/crater-agent-workspace/builds/worker-6-tc2/source:/opt/rustwide/workdir:ro,Z" "-v" "/var/lib/crater-agent-workspace/cargo-home:/opt/rustwide/cargo-home:ro,Z" "-v" "/var/lib/crater-agent-workspace/rustup-home:/opt/rustwide/rustup-home:ro,Z" "-e" "SOURCE_DIR=/opt/rustwide/workdir" "-e" "CARGO_TARGET_DIR=/opt/rustwide/target" "-e" "CARGO_INCREMENTAL=0" "-e" "RUST_BACKTRACE=full" "-e" "RUSTFLAGS=--cap-lints=forbid -Dunexpected_cfgs" "-e" "RUSTDOCFLAGS=--cap-lints=forbid" "-e" "CARGO_HOME=/opt/rustwide/cargo-home" "-e" "RUSTUP_HOME=/opt/rustwide/rustup-home" "-w" "/opt/rustwide/workdir" "-m" "1610612736" "--user" "0:0" "--network" "none" "ghcr.io/rust-lang/crates-build-env/linux@sha256:2788e3201cd34a07e3172128adcd8b3090168a8e3bcc40d7c032b9dda1df7d1c" "/opt/rustwide/cargo-home/bin/cargo" "+nightly-2024-02-05" "check" "--frozen" "--all" "--all-targets" "--message-format=json" "-Zcheck-cfg", kill_on_drop: false }`
[INFO] [stdout] 5e400f3bc46dbe9a17778e876cd006394ee0cbb3f5e649d95f8365f7d3198993
[INFO] running `Command { std: "docker" "start" "-a" "5e400f3bc46dbe9a17778e876cd006394ee0cbb3f5e649d95f8365f7d3198993", kill_on_drop: false }`
[INFO] [stderr]    Compiling typenum v1.17.0
[INFO] [stderr]     Checking cfg-if v1.0.0
[INFO] [stderr]     Checking alloc-no-stdlib v2.0.4
[INFO] [stderr]     Checking same-file v1.0.6
[INFO] [stderr]     Checking mime v0.3.17
[INFO] [stderr]     Checking cpufeatures v0.2.12
[INFO] [stderr]     Checking adler v1.0.2
[INFO] [stderr]    Compiling unicase v2.7.0
[INFO] [stderr]    Compiling generic-array v0.14.7
[INFO] [stderr]    Compiling crc32fast v1.3.2
[INFO] [stderr]     Checking base85rs v0.1.2
[INFO] [stderr]    Compiling num-traits v0.2.17
[INFO] [stderr]     Checking syn v2.0.48
[INFO] [stderr]     Checking alloc-stdlib v0.2.2
[INFO] [stderr]     Checking walkdir v2.4.0
[INFO] [stderr]     Checking miniz_oxide v0.7.2
[INFO] [stderr]     Checking brotli-decompressor v2.5.1
[INFO] [stderr]    Compiling new_mime_guess v4.0.1
[INFO] [stderr]     Checking flate2 v1.0.28
[INFO] [stderr]     Checking chrono v0.4.33
[INFO] [stderr]     Checking brotli v3.4.0
[INFO] [stderr]     Checking block-buffer v0.10.4
[INFO] [stderr]     Checking crypto-common v0.1.6
[INFO] [stderr]     Checking digest v0.10.7
[INFO] [stderr]     Checking sha2 v0.10.8
[INFO] [stderr]     Checking rust-embed-for-web-utils v11.2.0
[INFO] [stderr]     Checking rust-embed-for-web-impl v11.1.4 (/opt/rustwide/workdir)
[INFO] [stdout] error[E0061]: this function takes 3 arguments but 2 arguments were supplied
[INFO] [stdout]    --> src/embed.rs:101:37
[INFO] [stdout]     |
[INFO] [stdout] 101 |     let embeds: Vec<TokenStream2> = get_files(folder_path, config)
[INFO] [stdout]     |                                     ^^^^^^^^^--------------------- an argument of type `&str` is missing
[INFO] [stdout]     |
[INFO] [stdout] note: function defined here
[INFO] [stdout]    --> /opt/rustwide/cargo-home/registry/src/index.crates.io-6f17d22bba15001f/rust-embed-for-web-utils-11.2.0/src/lib.rs:18:8
[INFO] [stdout]     |
[INFO] [stdout] 18  | pub fn get_files<'t>(
[INFO] [stdout]     |        ^^^^^^^^^
[INFO] [stdout] help: provide the argument
[INFO] [stdout]     |
[INFO] [stdout] 101 |     let embeds: Vec<TokenStream2> = get_files(folder_path, config, /* &str */)
[INFO] [stdout]     |                                              ~~~~~~~~~~~~~~~~~~~~~~~~~~~~~~~~~
[INFO] [stdout] 
[INFO] [stdout] 
[INFO] [stdout] error[E0061]: this function takes 3 arguments but 2 arguments were supplied
[INFO] [stdout]    --> src/embed.rs:101:37
[INFO] [stdout]     |
[INFO] [stdout] 101 |     let embeds: Vec<TokenStream2> = get_files(folder_path, config)
[INFO] [stdout]     |                                     ^^^^^^^^^--------------------- an argument of type `&str` is missing
[INFO] [stdout]     |
[INFO] [stdout] note: function defined here
[INFO] [stdout]    --> /opt/rustwide/cargo-home/registry/src/index.crates.io-6f17d22bba15001f/rust-embed-for-web-utils-11.2.0/src/lib.rs:18:8
[INFO] [stdout]     |
[INFO] [stdout] 18  | pub fn get_files<'t>(
[INFO] [stdout]     |        ^^^^^^^^^
[INFO] [stdout] help: provide the argument
[INFO] [stdout]     |
[INFO] [stdout] 101 |     let embeds: Vec<TokenStream2> = get_files(folder_path, config, /* &str */)
[INFO] [stdout]     |                                              ~~~~~~~~~~~~~~~~~~~~~~~~~~~~~~~~~
[INFO] [stdout] 
[INFO] [stdout] 
[INFO] [stdout] error: aborting due to 1 previous error
[INFO] [stdout] 
[INFO] [stdout] 
[INFO] [stdout] For more information about this error, try `rustc --explain E0061`.
[INFO] [stdout] 
[INFO] [stdout] error: aborting due to 1 previous error
[INFO] [stdout] 
[INFO] [stdout] 
[INFO] [stdout] For more information about this error, try `rustc --explain E0061`.
[INFO] [stdout] 
[INFO] [stderr] error: could not compile `rust-embed-for-web-impl` (lib) due to 2 previous errors
[INFO] [stderr] warning: build failed, waiting for other jobs to finish...
[INFO] [stderr] error: could not compile `rust-embed-for-web-impl` (lib test) due to 2 previous errors
[INFO] running `Command { std: "docker" "inspect" "5e400f3bc46dbe9a17778e876cd006394ee0cbb3f5e649d95f8365f7d3198993", kill_on_drop: false }`
[INFO] running `Command { std: "docker" "rm" "-f" "5e400f3bc46dbe9a17778e876cd006394ee0cbb3f5e649d95f8365f7d3198993", kill_on_drop: false }`
[INFO] [stdout] 5e400f3bc46dbe9a17778e876cd006394ee0cbb3f5e649d95f8365f7d3198993
