[INFO] fetching crate rust-ad-macros 0.8.0...
[INFO] checking rust-ad-macros-0.8.0 against nightly-2024-02-05 for check-cfg
[INFO] extracting crate rust-ad-macros 0.8.0 into /workspace/builds/worker-4-tc1/source
[INFO] validating manifest of crates.io crate rust-ad-macros 0.8.0 on toolchain nightly-2024-02-05
[INFO] running `Command { std: CARGO_HOME="/workspace/cargo-home" RUSTUP_HOME="/workspace/rustup-home" "/workspace/cargo-home/bin/cargo" "+nightly-2024-02-05" "metadata" "--manifest-path" "Cargo.toml" "--no-deps", kill_on_drop: false }`
[INFO] started tweaking crates.io crate rust-ad-macros 0.8.0
[INFO] finished tweaking crates.io crate rust-ad-macros 0.8.0
[INFO] tweaked toml for crates.io crate rust-ad-macros 0.8.0 written to /workspace/builds/worker-4-tc1/source/Cargo.toml
[INFO] running `Command { std: CARGO_HOME="/workspace/cargo-home" RUSTUP_HOME="/workspace/rustup-home" "/workspace/cargo-home/bin/cargo" "+nightly-2024-02-05" "generate-lockfile" "--manifest-path" "Cargo.toml", kill_on_drop: false }`
[INFO] [stderr]     Updating crates.io index
[INFO] running `Command { std: CARGO_HOME="/workspace/cargo-home" RUSTUP_HOME="/workspace/rustup-home" "/workspace/cargo-home/bin/cargo" "+nightly-2024-02-05" "fetch" "--manifest-path" "Cargo.toml", kill_on_drop: false }`
[INFO] [stderr]  Downloading crates ...
[INFO] [stderr]   Downloaded rust-ad-consts v0.8.0
[INFO] [stderr]   Downloaded rust-ad-core v0.8.0
[INFO] [stderr]   Downloaded rust-ad-core-macros v0.8.0
[INFO] running `Command { std: "docker" "create" "-v" "/var/lib/crater-agent-workspace/builds/worker-4-tc1/target:/opt/rustwide/target:rw,Z" "-v" "/var/lib/crater-agent-workspace/builds/worker-4-tc1/source:/opt/rustwide/workdir:ro,Z" "-v" "/var/lib/crater-agent-workspace/cargo-home:/opt/rustwide/cargo-home:ro,Z" "-v" "/var/lib/crater-agent-workspace/rustup-home:/opt/rustwide/rustup-home:ro,Z" "-e" "SOURCE_DIR=/opt/rustwide/workdir" "-e" "CARGO_TARGET_DIR=/opt/rustwide/target" "-e" "CARGO_HOME=/opt/rustwide/cargo-home" "-e" "RUSTUP_HOME=/opt/rustwide/rustup-home" "-w" "/opt/rustwide/workdir" "-m" "1610612736" "--user" "0:0" "--network" "none" "ghcr.io/rust-lang/crates-build-env/linux@sha256:2788e3201cd34a07e3172128adcd8b3090168a8e3bcc40d7c032b9dda1df7d1c" "/opt/rustwide/cargo-home/bin/cargo" "+nightly-2024-02-05" "metadata" "--no-deps" "--format-version=1", kill_on_drop: false }`
[INFO] [stdout] 550d9615241ec32bda196eee8cf6d0ecd5ef67fac319dbf24c3a3a6628239a1e
[INFO] running `Command { std: "docker" "start" "-a" "550d9615241ec32bda196eee8cf6d0ecd5ef67fac319dbf24c3a3a6628239a1e", kill_on_drop: false }`
[INFO] running `Command { std: "docker" "inspect" "550d9615241ec32bda196eee8cf6d0ecd5ef67fac319dbf24c3a3a6628239a1e", kill_on_drop: false }`
[INFO] running `Command { std: "docker" "rm" "-f" "550d9615241ec32bda196eee8cf6d0ecd5ef67fac319dbf24c3a3a6628239a1e", kill_on_drop: false }`
[INFO] [stdout] 550d9615241ec32bda196eee8cf6d0ecd5ef67fac319dbf24c3a3a6628239a1e
[INFO] running `Command { std: "docker" "create" "-v" "/var/lib/crater-agent-workspace/builds/worker-4-tc1/target:/opt/rustwide/target:rw,Z" "-v" "/var/lib/crater-agent-workspace/builds/worker-4-tc1/source:/opt/rustwide/workdir:ro,Z" "-v" "/var/lib/crater-agent-workspace/cargo-home:/opt/rustwide/cargo-home:ro,Z" "-v" "/var/lib/crater-agent-workspace/rustup-home:/opt/rustwide/rustup-home:ro,Z" "-e" "SOURCE_DIR=/opt/rustwide/workdir" "-e" "CARGO_TARGET_DIR=/opt/rustwide/target" "-e" "CARGO_INCREMENTAL=0" "-e" "RUST_BACKTRACE=full" "-e" "RUSTFLAGS=--cap-lints=forbid" "-e" "RUSTDOCFLAGS=--cap-lints=forbid" "-e" "CARGO_HOME=/opt/rustwide/cargo-home" "-e" "RUSTUP_HOME=/opt/rustwide/rustup-home" "-w" "/opt/rustwide/workdir" "-m" "1610612736" "--user" "0:0" "--network" "none" "ghcr.io/rust-lang/crates-build-env/linux@sha256:2788e3201cd34a07e3172128adcd8b3090168a8e3bcc40d7c032b9dda1df7d1c" "/opt/rustwide/cargo-home/bin/cargo" "+nightly-2024-02-05" "check" "--frozen" "--all" "--all-targets" "--message-format=json", kill_on_drop: false }`
[INFO] [stdout] eb8059cd6b3d08be82d409f7c6a45ea4390db72c62a8e6e57a678c271f1366a5
[INFO] running `Command { std: "docker" "start" "-a" "eb8059cd6b3d08be82d409f7c6a45ea4390db72c62a8e6e57a678c271f1366a5", kill_on_drop: false }`
[INFO] [stderr]    Compiling proc-macro2 v1.0.78
[INFO] [stderr]    Compiling unicode-ident v1.0.12
[INFO] [stderr]    Compiling unicode-xid v0.2.4
[INFO] [stderr]    Compiling syn v1.0.109
[INFO] [stderr]     Checking lazy_static v1.4.0
[INFO] [stderr]     Checking quote v1.0.35
[INFO] [stderr]    Compiling const_format_proc_macros v0.2.32
[INFO] [stderr]    Compiling const_format v0.2.32
[INFO] [stderr]    Compiling rust-ad-consts v0.8.0
[INFO] [stderr]    Compiling rust-ad-core-macros v0.8.0
[INFO] [stderr]     Checking rust-ad-core v0.8.0
[INFO] [stdout] error[E0741]: `&'static [for<'a> fn(&'a [derivatives::Arg]) -> std::string::String]` can't be used as a const parameter type
[INFO] [stdout]    --> /opt/rustwide/cargo-home/registry/src/index.crates.io-6f17d22bba15001f/rust-ad-core-0.8.0/src/derivatives/mod.rs:233:70
[INFO] [stdout]     |
[INFO] [stdout] 233 | pub fn fgd<const DEFAULT: &'static str, const TRANSLATION_FUNCTIONS: &'static [DFn]>(
[INFO] [stdout]     |                                                                      ^^^^^^^^^^^^^^
[INFO] [stdout]     |
[INFO] [stdout]     = note: `for<'a> fn(&'a [derivatives::Arg]) -> std::string::String` must implement `ConstParamTy`, but it does not
[INFO] [stdout]     = note: `[for<'a> fn(&'a [derivatives::Arg]) -> std::string::String]` must implement `ConstParamTy`, but it does not
[INFO] [stdout] 
[INFO] [stdout] 
[INFO] [stdout] error[E0741]: `&'static [for<'a> fn(&'a [derivatives::Arg]) -> std::string::String]` can't be used as a const parameter type
[INFO] [stdout]    --> /opt/rustwide/cargo-home/registry/src/index.crates.io-6f17d22bba15001f/rust-ad-core-0.8.0/src/derivatives/mod.rs:342:70
[INFO] [stdout]     |
[INFO] [stdout] 342 | pub fn rgd<const DEFAULT: &'static str, const TRANSLATION_FUNCTIONS: &'static [DFn]>(
[INFO] [stdout]     |                                                                      ^^^^^^^^^^^^^^
[INFO] [stdout]     |
[INFO] [stdout]     = note: `for<'a> fn(&'a [derivatives::Arg]) -> std::string::String` must implement `ConstParamTy`, but it does not
[INFO] [stdout]     = note: `[for<'a> fn(&'a [derivatives::Arg]) -> std::string::String]` must implement `ConstParamTy`, but it does not
[INFO] [stdout] 
[INFO] [stdout] 
[INFO] [stdout] error: aborting due to 2 previous errors
[INFO] [stdout] 
[INFO] [stdout] 
[INFO] [stdout] For more information about this error, try `rustc --explain E0741`.
[INFO] [stdout] 
[INFO] [stderr] error: could not compile `rust-ad-core` (lib) due to 3 previous errors
[INFO] running `Command { std: "docker" "inspect" "eb8059cd6b3d08be82d409f7c6a45ea4390db72c62a8e6e57a678c271f1366a5", kill_on_drop: false }`
[INFO] running `Command { std: "docker" "rm" "-f" "eb8059cd6b3d08be82d409f7c6a45ea4390db72c62a8e6e57a678c271f1366a5", kill_on_drop: false }`
[INFO] [stdout] eb8059cd6b3d08be82d409f7c6a45ea4390db72c62a8e6e57a678c271f1366a5
[INFO] checking rust-ad-macros-0.8.0 against nightly-2024-02-05+rustflags=-Dunexpected_cfgs+cargoflags=-Zcheck-cfg for check-cfg
[INFO] extracting crate rust-ad-macros 0.8.0 into /workspace/builds/worker-4-tc2/source
[INFO] validating manifest of crates.io crate rust-ad-macros 0.8.0 on toolchain nightly-2024-02-05
[INFO] running `Command { std: CARGO_HOME="/workspace/cargo-home" RUSTUP_HOME="/workspace/rustup-home" "/workspace/cargo-home/bin/cargo" "+nightly-2024-02-05" "metadata" "--manifest-path" "Cargo.toml" "--no-deps", kill_on_drop: false }`
[INFO] started tweaking crates.io crate rust-ad-macros 0.8.0
[INFO] finished tweaking crates.io crate rust-ad-macros 0.8.0
[INFO] tweaked toml for crates.io crate rust-ad-macros 0.8.0 written to /workspace/builds/worker-4-tc2/source/Cargo.toml
[INFO] running `Command { std: CARGO_HOME="/workspace/cargo-home" RUSTUP_HOME="/workspace/rustup-home" "/workspace/cargo-home/bin/cargo" "+nightly-2024-02-05" "generate-lockfile" "--manifest-path" "Cargo.toml", kill_on_drop: false }`
[INFO] [stderr]     Updating crates.io index
[INFO] running `Command { std: CARGO_HOME="/workspace/cargo-home" RUSTUP_HOME="/workspace/rustup-home" "/workspace/cargo-home/bin/cargo" "+nightly-2024-02-05" "fetch" "--manifest-path" "Cargo.toml", kill_on_drop: false }`
[INFO] running `Command { std: "docker" "create" "-v" "/var/lib/crater-agent-workspace/builds/worker-4-tc2/target:/opt/rustwide/target:rw,Z" "-v" "/var/lib/crater-agent-workspace/builds/worker-4-tc2/source:/opt/rustwide/workdir:ro,Z" "-v" "/var/lib/crater-agent-workspace/cargo-home:/opt/rustwide/cargo-home:ro,Z" "-v" "/var/lib/crater-agent-workspace/rustup-home:/opt/rustwide/rustup-home:ro,Z" "-e" "SOURCE_DIR=/opt/rustwide/workdir" "-e" "CARGO_TARGET_DIR=/opt/rustwide/target" "-e" "CARGO_HOME=/opt/rustwide/cargo-home" "-e" "RUSTUP_HOME=/opt/rustwide/rustup-home" "-w" "/opt/rustwide/workdir" "-m" "1610612736" "--user" "0:0" "--network" "none" "ghcr.io/rust-lang/crates-build-env/linux@sha256:2788e3201cd34a07e3172128adcd8b3090168a8e3bcc40d7c032b9dda1df7d1c" "/opt/rustwide/cargo-home/bin/cargo" "+nightly-2024-02-05" "metadata" "--no-deps" "--format-version=1", kill_on_drop: false }`
[INFO] [stdout] 759b75868e7606680608c13bf48b24287578210c72c75e96a010d76f23497a7e
[INFO] running `Command { std: "docker" "start" "-a" "759b75868e7606680608c13bf48b24287578210c72c75e96a010d76f23497a7e", kill_on_drop: false }`
[INFO] running `Command { std: "docker" "inspect" "759b75868e7606680608c13bf48b24287578210c72c75e96a010d76f23497a7e", kill_on_drop: false }`
[INFO] running `Command { std: "docker" "rm" "-f" "759b75868e7606680608c13bf48b24287578210c72c75e96a010d76f23497a7e", kill_on_drop: false }`
[INFO] [stdout] 759b75868e7606680608c13bf48b24287578210c72c75e96a010d76f23497a7e
[INFO] running `Command { std: "docker" "create" "-v" "/var/lib/crater-agent-workspace/builds/worker-4-tc2/target:/opt/rustwide/target:rw,Z" "-v" "/var/lib/crater-agent-workspace/builds/worker-4-tc2/source:/opt/rustwide/workdir:ro,Z" "-v" "/var/lib/crater-agent-workspace/cargo-home:/opt/rustwide/cargo-home:ro,Z" "-v" "/var/lib/crater-agent-workspace/rustup-home:/opt/rustwide/rustup-home:ro,Z" "-e" "SOURCE_DIR=/opt/rustwide/workdir" "-e" "CARGO_TARGET_DIR=/opt/rustwide/target" "-e" "CARGO_INCREMENTAL=0" "-e" "RUST_BACKTRACE=full" "-e" "RUSTFLAGS=--cap-lints=forbid -Dunexpected_cfgs" "-e" "RUSTDOCFLAGS=--cap-lints=forbid" "-e" "CARGO_HOME=/opt/rustwide/cargo-home" "-e" "RUSTUP_HOME=/opt/rustwide/rustup-home" "-w" "/opt/rustwide/workdir" "-m" "1610612736" "--user" "0:0" "--network" "none" "ghcr.io/rust-lang/crates-build-env/linux@sha256:2788e3201cd34a07e3172128adcd8b3090168a8e3bcc40d7c032b9dda1df7d1c" "/opt/rustwide/cargo-home/bin/cargo" "+nightly-2024-02-05" "check" "--frozen" "--all" "--all-targets" "--message-format=json" "-Zcheck-cfg", kill_on_drop: false }`
[INFO] [stdout] 8a759f915662dcf585eba9600d796bb0c45c06b15c56d0e7d10ce4c4f4b443ea
[INFO] running `Command { std: "docker" "start" "-a" "8a759f915662dcf585eba9600d796bb0c45c06b15c56d0e7d10ce4c4f4b443ea", kill_on_drop: false }`
[INFO] [stderr]    Compiling proc-macro2 v1.0.78
[INFO] [stderr]    Compiling unicode-ident v1.0.12
[INFO] [stderr]    Compiling unicode-xid v0.2.4
[INFO] [stderr]    Compiling syn v1.0.109
[INFO] [stderr]     Checking lazy_static v1.4.0
[INFO] [stderr]     Checking quote v1.0.35
[INFO] [stderr]    Compiling const_format_proc_macros v0.2.32
[INFO] [stderr]    Compiling const_format v0.2.32
[INFO] [stderr]    Compiling rust-ad-consts v0.8.0
[INFO] [stderr]    Compiling rust-ad-core-macros v0.8.0
[INFO] [stderr]     Checking rust-ad-core v0.8.0
[INFO] [stdout] error[E0741]: `&'static [for<'a> fn(&'a [derivatives::Arg]) -> std::string::String]` can't be used as a const parameter type
[INFO] [stdout]    --> /opt/rustwide/cargo-home/registry/src/index.crates.io-6f17d22bba15001f/rust-ad-core-0.8.0/src/derivatives/mod.rs:233:70
[INFO] [stdout]     |
[INFO] [stdout] 233 | pub fn fgd<const DEFAULT: &'static str, const TRANSLATION_FUNCTIONS: &'static [DFn]>(
[INFO] [stdout]     |                                                                      ^^^^^^^^^^^^^^
[INFO] [stdout]     |
[INFO] [stdout]     = note: `for<'a> fn(&'a [derivatives::Arg]) -> std::string::String` must implement `ConstParamTy`, but it does not
[INFO] [stdout]     = note: `[for<'a> fn(&'a [derivatives::Arg]) -> std::string::String]` must implement `ConstParamTy`, but it does not
[INFO] [stdout] 
[INFO] [stdout] 
[INFO] [stdout] error[E0741]: `&'static [for<'a> fn(&'a [derivatives::Arg]) -> std::string::String]` can't be used as a const parameter type
[INFO] [stdout]    --> /opt/rustwide/cargo-home/registry/src/index.crates.io-6f17d22bba15001f/rust-ad-core-0.8.0/src/derivatives/mod.rs:342:70
[INFO] [stdout]     |
[INFO] [stdout] 342 | pub fn rgd<const DEFAULT: &'static str, const TRANSLATION_FUNCTIONS: &'static [DFn]>(
[INFO] [stdout]     |                                                                      ^^^^^^^^^^^^^^
[INFO] [stdout]     |
[INFO] [stdout]     = note: `for<'a> fn(&'a [derivatives::Arg]) -> std::string::String` must implement `ConstParamTy`, but it does not
[INFO] [stdout]     = note: `[for<'a> fn(&'a [derivatives::Arg]) -> std::string::String]` must implement `ConstParamTy`, but it does not
[INFO] [stdout] 
[INFO] [stdout] 
[INFO] [stdout] error: aborting due to 2 previous errors
[INFO] [stdout] 
[INFO] [stdout] 
[INFO] [stdout] For more information about this error, try `rustc --explain E0741`.
[INFO] [stdout] 
[INFO] [stderr] error: could not compile `rust-ad-core` (lib) due to 3 previous errors
[INFO] running `Command { std: "docker" "inspect" "8a759f915662dcf585eba9600d796bb0c45c06b15c56d0e7d10ce4c4f4b443ea", kill_on_drop: false }`
[INFO] running `Command { std: "docker" "rm" "-f" "8a759f915662dcf585eba9600d796bb0c45c06b15c56d0e7d10ce4c4f4b443ea", kill_on_drop: false }`
[INFO] [stdout] 8a759f915662dcf585eba9600d796bb0c45c06b15c56d0e7d10ce4c4f4b443ea
