[INFO] fetching crate rust-ad-core 0.8.0...
[INFO] checking rust-ad-core-0.8.0 against nightly-2024-02-05 for check-cfg
[INFO] extracting crate rust-ad-core 0.8.0 into /workspace/builds/worker-0-tc1/source
[INFO] validating manifest of crates.io crate rust-ad-core 0.8.0 on toolchain nightly-2024-02-05
[INFO] running `Command { std: CARGO_HOME="/workspace/cargo-home" RUSTUP_HOME="/workspace/rustup-home" "/workspace/cargo-home/bin/cargo" "+nightly-2024-02-05" "metadata" "--manifest-path" "Cargo.toml" "--no-deps", kill_on_drop: false }`
[INFO] started tweaking crates.io crate rust-ad-core 0.8.0
[INFO] finished tweaking crates.io crate rust-ad-core 0.8.0
[INFO] tweaked toml for crates.io crate rust-ad-core 0.8.0 written to /workspace/builds/worker-0-tc1/source/Cargo.toml
[INFO] running `Command { std: CARGO_HOME="/workspace/cargo-home" RUSTUP_HOME="/workspace/rustup-home" "/workspace/cargo-home/bin/cargo" "+nightly-2024-02-05" "generate-lockfile" "--manifest-path" "Cargo.toml", kill_on_drop: false }`
[INFO] [stderr]     Updating crates.io index
[INFO] running `Command { std: CARGO_HOME="/workspace/cargo-home" RUSTUP_HOME="/workspace/rustup-home" "/workspace/cargo-home/bin/cargo" "+nightly-2024-02-05" "fetch" "--manifest-path" "Cargo.toml", kill_on_drop: false }`
[INFO] [stderr]  Downloading crates ...
[INFO] [stderr]   Downloaded rust-ad-consts v0.8.0
[INFO] [stderr]   Downloaded rust-ad-core-macros v0.8.0
[INFO] running `Command { std: "docker" "create" "-v" "/var/lib/crater-agent-workspace/builds/worker-0-tc1/target:/opt/rustwide/target:rw,Z" "-v" "/var/lib/crater-agent-workspace/builds/worker-0-tc1/source:/opt/rustwide/workdir:ro,Z" "-v" "/var/lib/crater-agent-workspace/cargo-home:/opt/rustwide/cargo-home:ro,Z" "-v" "/var/lib/crater-agent-workspace/rustup-home:/opt/rustwide/rustup-home:ro,Z" "-e" "SOURCE_DIR=/opt/rustwide/workdir" "-e" "CARGO_TARGET_DIR=/opt/rustwide/target" "-e" "CARGO_HOME=/opt/rustwide/cargo-home" "-e" "RUSTUP_HOME=/opt/rustwide/rustup-home" "-w" "/opt/rustwide/workdir" "-m" "1610612736" "--user" "0:0" "--network" "none" "ghcr.io/rust-lang/crates-build-env/linux@sha256:2788e3201cd34a07e3172128adcd8b3090168a8e3bcc40d7c032b9dda1df7d1c" "/opt/rustwide/cargo-home/bin/cargo" "+nightly-2024-02-05" "metadata" "--no-deps" "--format-version=1", kill_on_drop: false }`
[INFO] [stdout] 8ba5fb99549c925d68c3a97682f88dd9465a06cf152270202fa6ee77f0149747
[INFO] running `Command { std: "docker" "start" "-a" "8ba5fb99549c925d68c3a97682f88dd9465a06cf152270202fa6ee77f0149747", kill_on_drop: false }`
[INFO] running `Command { std: "docker" "inspect" "8ba5fb99549c925d68c3a97682f88dd9465a06cf152270202fa6ee77f0149747", kill_on_drop: false }`
[INFO] running `Command { std: "docker" "rm" "-f" "8ba5fb99549c925d68c3a97682f88dd9465a06cf152270202fa6ee77f0149747", kill_on_drop: false }`
[INFO] [stdout] 8ba5fb99549c925d68c3a97682f88dd9465a06cf152270202fa6ee77f0149747
[INFO] running `Command { std: "docker" "create" "-v" "/var/lib/crater-agent-workspace/builds/worker-0-tc1/target:/opt/rustwide/target:rw,Z" "-v" "/var/lib/crater-agent-workspace/builds/worker-0-tc1/source:/opt/rustwide/workdir:ro,Z" "-v" "/var/lib/crater-agent-workspace/cargo-home:/opt/rustwide/cargo-home:ro,Z" "-v" "/var/lib/crater-agent-workspace/rustup-home:/opt/rustwide/rustup-home:ro,Z" "-e" "SOURCE_DIR=/opt/rustwide/workdir" "-e" "CARGO_TARGET_DIR=/opt/rustwide/target" "-e" "CARGO_INCREMENTAL=0" "-e" "RUST_BACKTRACE=full" "-e" "RUSTFLAGS=--cap-lints=forbid" "-e" "RUSTDOCFLAGS=--cap-lints=forbid" "-e" "CARGO_HOME=/opt/rustwide/cargo-home" "-e" "RUSTUP_HOME=/opt/rustwide/rustup-home" "-w" "/opt/rustwide/workdir" "-m" "1610612736" "--user" "0:0" "--network" "none" "ghcr.io/rust-lang/crates-build-env/linux@sha256:2788e3201cd34a07e3172128adcd8b3090168a8e3bcc40d7c032b9dda1df7d1c" "/opt/rustwide/cargo-home/bin/cargo" "+nightly-2024-02-05" "check" "--frozen" "--all" "--all-targets" "--message-format=json", kill_on_drop: false }`
[INFO] [stdout] acedf223677929dc8f418c177fdcd85d58df542f7a8ac59005c28e4ab6820f84
[INFO] running `Command { std: "docker" "start" "-a" "acedf223677929dc8f418c177fdcd85d58df542f7a8ac59005c28e4ab6820f84", kill_on_drop: false }`
[INFO] [stderr]    Compiling unicode-xid v0.2.4
[INFO] [stderr]    Compiling proc-macro2 v1.0.78
[INFO] [stderr]    Compiling syn v1.0.109
[INFO] [stderr]    Compiling const_format_proc_macros v0.2.32
[INFO] [stderr]     Checking quote v1.0.35
[INFO] [stderr]    Compiling const_format v0.2.32
[INFO] [stderr]    Compiling rust-ad-consts v0.8.0
[INFO] [stderr]    Compiling rust-ad-core-macros v0.8.0
[INFO] [stderr]     Checking rust-ad-core v0.8.0 (/opt/rustwide/workdir)
[INFO] [stdout] error[E0741]: `&'static [for<'a> fn(&'a [derivatives::Arg]) -> std::string::String]` can't be used as a const parameter type
[INFO] [stdout]    --> src/derivatives/mod.rs:233:70
[INFO] [stdout]     |
[INFO] [stdout] 233 | pub fn fgd<const DEFAULT: &'static str, const TRANSLATION_FUNCTIONS: &'static [DFn]>(
[INFO] [stdout]     |                                                                      ^^^^^^^^^^^^^^
[INFO] [stdout]     |
[INFO] [stdout]     = note: `for<'a> fn(&'a [derivatives::Arg]) -> std::string::String` must implement `ConstParamTy`, but it does not
[INFO] [stdout]     = note: `[for<'a> fn(&'a [derivatives::Arg]) -> std::string::String]` must implement `ConstParamTy`, but it does not
[INFO] [stdout] 
[INFO] [stdout] 
[INFO] [stdout] error[E0741]: `&'static [for<'a> fn(&'a [derivatives::Arg]) -> std::string::String]` can't be used as a const parameter type
[INFO] [stdout]    --> src/derivatives/mod.rs:342:70
[INFO] [stdout]     |
[INFO] [stdout] 342 | pub fn rgd<const DEFAULT: &'static str, const TRANSLATION_FUNCTIONS: &'static [DFn]>(
[INFO] [stdout]     |                                                                      ^^^^^^^^^^^^^^
[INFO] [stdout]     |
[INFO] [stdout]     = note: `for<'a> fn(&'a [derivatives::Arg]) -> std::string::String` must implement `ConstParamTy`, but it does not
[INFO] [stdout]     = note: `[for<'a> fn(&'a [derivatives::Arg]) -> std::string::String]` must implement `ConstParamTy`, but it does not
[INFO] [stdout] 
[INFO] [stdout] 
[INFO] [stdout] error[E0741]: `&'static [for<'a> fn(&'a [derivatives::Arg]) -> std::string::String]` can't be used as a const parameter type
[INFO] [stdout]    --> src/derivatives/mod.rs:233:70
[INFO] [stdout]     |
[INFO] [stdout] 233 | pub fn fgd<const DEFAULT: &'static str, const TRANSLATION_FUNCTIONS: &'static [DFn]>(
[INFO] [stdout]     |                                                                      ^^^^^^^^^^^^^^
[INFO] [stdout]     |
[INFO] [stdout]     = note: `for<'a> fn(&'a [derivatives::Arg]) -> std::string::String` must implement `ConstParamTy`, but it does not
[INFO] [stdout]     = note: `[for<'a> fn(&'a [derivatives::Arg]) -> std::string::String]` must implement `ConstParamTy`, but it does not
[INFO] [stdout] 
[INFO] [stdout] 
[INFO] [stdout] error[E0741]: `&'static [for<'a> fn(&'a [derivatives::Arg]) -> std::string::String]` can't be used as a const parameter type
[INFO] [stdout]    --> src/derivatives/mod.rs:342:70
[INFO] [stdout]     |
[INFO] [stdout] 342 | pub fn rgd<const DEFAULT: &'static str, const TRANSLATION_FUNCTIONS: &'static [DFn]>(
[INFO] [stdout]     |                                                                      ^^^^^^^^^^^^^^
[INFO] [stdout]     |
[INFO] [stdout]     = note: `for<'a> fn(&'a [derivatives::Arg]) -> std::string::String` must implement `ConstParamTy`, but it does not
[INFO] [stdout]     = note: `[for<'a> fn(&'a [derivatives::Arg]) -> std::string::String]` must implement `ConstParamTy`, but it does not
[INFO] [stdout] 
[INFO] [stdout] 
[INFO] [stdout] error: aborting due to 2 previous errors
[INFO] [stdout] 
[INFO] [stdout] 
[INFO] [stdout] For more information about this error, try `rustc --explain E0741`.
[INFO] [stdout] 
[INFO] [stderr] error: could not compile `rust-ad-core` (lib test) due to 3 previous errors
[INFO] [stderr] warning: build failed, waiting for other jobs to finish...
[INFO] [stdout] error: aborting due to 2 previous errors
[INFO] [stdout] 
[INFO] [stdout] 
[INFO] [stdout] For more information about this error, try `rustc --explain E0741`.
[INFO] [stdout] 
[INFO] [stderr] error: could not compile `rust-ad-core` (lib) due to 3 previous errors
[INFO] running `Command { std: "docker" "inspect" "acedf223677929dc8f418c177fdcd85d58df542f7a8ac59005c28e4ab6820f84", kill_on_drop: false }`
[INFO] running `Command { std: "docker" "rm" "-f" "acedf223677929dc8f418c177fdcd85d58df542f7a8ac59005c28e4ab6820f84", kill_on_drop: false }`
[INFO] [stdout] acedf223677929dc8f418c177fdcd85d58df542f7a8ac59005c28e4ab6820f84
