[INFO] fetching crate russh-agent 0.2.1...
[INFO] checking russh-agent-0.2.1 against nightly-2024-02-05 for check-cfg
[INFO] extracting crate russh-agent 0.2.1 into /workspace/builds/worker-5-tc1/source
[INFO] validating manifest of crates.io crate russh-agent 0.2.1 on toolchain nightly-2024-02-05
[INFO] running `Command { std: CARGO_HOME="/workspace/cargo-home" RUSTUP_HOME="/workspace/rustup-home" "/workspace/cargo-home/bin/cargo" "+nightly-2024-02-05" "metadata" "--manifest-path" "Cargo.toml" "--no-deps", kill_on_drop: false }`
[INFO] started tweaking crates.io crate russh-agent 0.2.1
[INFO] finished tweaking crates.io crate russh-agent 0.2.1
[INFO] tweaked toml for crates.io crate russh-agent 0.2.1 written to /workspace/builds/worker-5-tc1/source/Cargo.toml
[INFO] running `Command { std: CARGO_HOME="/workspace/cargo-home" RUSTUP_HOME="/workspace/rustup-home" "/workspace/cargo-home/bin/cargo" "+nightly-2024-02-05" "generate-lockfile" "--manifest-path" "Cargo.toml", kill_on_drop: false }`
[INFO] [stderr]     Updating crates.io index
[INFO] running `Command { std: CARGO_HOME="/workspace/cargo-home" RUSTUP_HOME="/workspace/rustup-home" "/workspace/cargo-home/bin/cargo" "+nightly-2024-02-05" "fetch" "--manifest-path" "Cargo.toml", kill_on_drop: false }`
[INFO] [stderr]  Downloading crates ...
[INFO] [stderr]   Downloaded hxdmp v0.2.1
[INFO] [stderr]   Downloaded ed25519-dalek v1.0.0-pre.3
[INFO] [stderr]   Downloaded slog-try v0.2.0
[INFO] [stderr]   Downloaded bytes v0.6.0
[INFO] running `Command { std: "docker" "create" "-v" "/var/lib/crater-agent-workspace/builds/worker-5-tc1/target:/opt/rustwide/target:rw,Z" "-v" "/var/lib/crater-agent-workspace/builds/worker-5-tc1/source:/opt/rustwide/workdir:ro,Z" "-v" "/var/lib/crater-agent-workspace/cargo-home:/opt/rustwide/cargo-home:ro,Z" "-v" "/var/lib/crater-agent-workspace/rustup-home:/opt/rustwide/rustup-home:ro,Z" "-e" "SOURCE_DIR=/opt/rustwide/workdir" "-e" "CARGO_TARGET_DIR=/opt/rustwide/target" "-e" "CARGO_HOME=/opt/rustwide/cargo-home" "-e" "RUSTUP_HOME=/opt/rustwide/rustup-home" "-w" "/opt/rustwide/workdir" "-m" "1610612736" "--user" "0:0" "--network" "none" "ghcr.io/rust-lang/crates-build-env/linux@sha256:2788e3201cd34a07e3172128adcd8b3090168a8e3bcc40d7c032b9dda1df7d1c" "/opt/rustwide/cargo-home/bin/cargo" "+nightly-2024-02-05" "metadata" "--no-deps" "--format-version=1", kill_on_drop: false }`
[INFO] [stdout] f18b27b3ebcced86c181f3c0d5ca382e375102edfe20c0578881b85e8a193822
[INFO] running `Command { std: "docker" "start" "-a" "f18b27b3ebcced86c181f3c0d5ca382e375102edfe20c0578881b85e8a193822", kill_on_drop: false }`
[INFO] running `Command { std: "docker" "inspect" "f18b27b3ebcced86c181f3c0d5ca382e375102edfe20c0578881b85e8a193822", kill_on_drop: false }`
[INFO] running `Command { std: "docker" "rm" "-f" "f18b27b3ebcced86c181f3c0d5ca382e375102edfe20c0578881b85e8a193822", kill_on_drop: false }`
[INFO] [stdout] f18b27b3ebcced86c181f3c0d5ca382e375102edfe20c0578881b85e8a193822
[INFO] running `Command { std: "docker" "create" "-v" "/var/lib/crater-agent-workspace/builds/worker-5-tc1/target:/opt/rustwide/target:rw,Z" "-v" "/var/lib/crater-agent-workspace/builds/worker-5-tc1/source:/opt/rustwide/workdir:ro,Z" "-v" "/var/lib/crater-agent-workspace/cargo-home:/opt/rustwide/cargo-home:ro,Z" "-v" "/var/lib/crater-agent-workspace/rustup-home:/opt/rustwide/rustup-home:ro,Z" "-e" "SOURCE_DIR=/opt/rustwide/workdir" "-e" "CARGO_TARGET_DIR=/opt/rustwide/target" "-e" "CARGO_INCREMENTAL=0" "-e" "RUST_BACKTRACE=full" "-e" "RUSTFLAGS=--cap-lints=forbid" "-e" "RUSTDOCFLAGS=--cap-lints=forbid" "-e" "CARGO_HOME=/opt/rustwide/cargo-home" "-e" "RUSTUP_HOME=/opt/rustwide/rustup-home" "-w" "/opt/rustwide/workdir" "-m" "1610612736" "--user" "0:0" "--network" "none" "ghcr.io/rust-lang/crates-build-env/linux@sha256:2788e3201cd34a07e3172128adcd8b3090168a8e3bcc40d7c032b9dda1df7d1c" "/opt/rustwide/cargo-home/bin/cargo" "+nightly-2024-02-05" "check" "--frozen" "--all" "--all-targets" "--message-format=json", kill_on_drop: false }`
[INFO] [stdout] 67469621cc6fccad9c35328d92b09d994b600e01a0bfdc2d9788dc48d413a08e
[INFO] running `Command { std: "docker" "start" "-a" "67469621cc6fccad9c35328d92b09d994b600e01a0bfdc2d9788dc48d413a08e", kill_on_drop: false }`
[INFO] [stderr]    Compiling getrandom v0.1.16
[INFO] [stderr]    Compiling slog v2.7.0
[INFO] [stderr]    Compiling libc v0.2.153
[INFO] [stderr]     Checking generic-array v0.12.4
[INFO] [stderr]    Compiling syn v1.0.109
[INFO] [stderr]     Checking net2 v0.2.39
[INFO] [stderr]     Checking iovec v0.1.4
[INFO] [stderr]    Compiling crossbeam-utils v0.8.19
[INFO] [stderr]     Checking byte-tools v0.3.1
[INFO] [stderr]     Checking block-padding v0.1.5
[INFO] [stderr]     Checking mio v0.6.23
[INFO] [stderr]     Checking getrandom v0.2.12
[INFO] [stderr]     Checking digest v0.8.1
[INFO] [stderr]     Checking dirs-sys-next v0.1.2
[INFO] [stderr]    Compiling time-macros v0.2.17
[INFO] [stderr]     Checking dirs-next v2.0.0
[INFO] [stderr]     Checking rand_core v0.6.4
[INFO] [stderr]     Checking rand_core v0.5.1
[INFO] [stderr]     Checking block-buffer v0.7.3
[INFO] [stderr]    Compiling cc v1.0.83
[INFO] [stderr]     Checking rand_chacha v0.2.2
[INFO] [stderr]     Checking pin-project-lite v0.1.12
[INFO] [stderr]     Checking mio-uds v0.6.8
[INFO] [stderr]     Checking bytes v0.5.6
[INFO] [stderr]     Checking zeroize v1.7.0
[INFO] [stderr]     Checking fake-simd v0.1.2
[INFO] [stderr]     Checking subtle v2.5.0
[INFO] [stderr]     Checking opaque-debug v0.2.3
[INFO] [stderr]    Compiling slog-async v2.8.0
[INFO] [stderr]     Checking sha2 v0.8.2
[INFO] [stderr]     Checking crossbeam-channel v0.5.11
[INFO] [stderr]     Checking curve25519-dalek v2.1.3
[INFO] [stderr]     Checking rand v0.7.3
[INFO] [stderr]     Checking slog-try v0.2.0
[INFO] [stderr]     Checking rand_chacha v0.3.1
[INFO] [stderr]     Checking term v0.7.0
[INFO] [stderr]     Checking atty v0.2.14
[INFO] [stderr]     Checking take_mut v0.2.2
[INFO] [stderr]     Checking bytes v0.6.0
[INFO] [stderr]     Checking rand v0.8.5
[INFO] [stderr]     Checking hxdmp v0.2.1
[INFO] [stderr]    Compiling clear_on_drop v0.2.5
[INFO] [stderr]     Checking time v0.3.34
[INFO] [stderr]    Compiling proc-macro-error v1.0.4
[INFO] [stderr]     Checking ed25519-dalek v1.0.0-pre.3
[INFO] [stderr]    Compiling tokio-macros v0.2.6
[INFO] [stderr]    Compiling getset v0.1.2
[INFO] [stderr]     Checking slog-term v2.9.0
[INFO] [stderr]     Checking tokio v0.2.25
[INFO] [stderr]     Checking russh-agent v0.2.1 (/opt/rustwide/workdir)
[INFO] [stdout] error[E0557]: feature has been removed
[INFO] [stdout]   --> src/lib.rs:18:27
[INFO] [stdout]    |
[INFO] [stdout] 18 | #![feature(async_closure, crate_visibility_modifier, error_iter)]
[INFO] [stdout]    |                           ^^^^^^^^^^^^^^^^^^^^^^^^^ feature has been removed
[INFO] [stdout]    |
[INFO] [stdout]    = note: removed in favor of `pub(crate)`
[INFO] [stdout] 
[INFO] [stdout] 
[INFO] [stdout] error[E0557]: feature has been removed
[INFO] [stdout]   --> src/lib.rs:18:27
[INFO] [stdout]    |
[INFO] [stdout] 18 | #![feature(async_closure, crate_visibility_modifier, error_iter)]
[INFO] [stdout]    |                           ^^^^^^^^^^^^^^^^^^^^^^^^^ feature has been removed
[INFO] [stdout]    |
[INFO] [stdout]    = note: removed in favor of `pub(crate)`
[INFO] [stdout] 
[INFO] [stdout] 
[INFO] [stdout] error: expected one of `!` or `::`, found keyword `use`
[INFO] [stdout]   --> src/error/mod.rs:13:7
[INFO] [stdout]    |
[INFO] [stdout] 13 | crate use codes::ErrCode;
[INFO] [stdout]    |       ^^^ expected one of `!` or `::`
[INFO] [stdout] 
[INFO] [stdout] 
[INFO] [stdout] error: expected one of `!` or `::`, found keyword `use`
[INFO] [stdout]   --> src/error/mod.rs:13:7
[INFO] [stdout]    |
[INFO] [stdout] 13 | crate use codes::ErrCode;
[INFO] [stdout]    |       ^^^ expected one of `!` or `::`
[INFO] [stdout] 
[INFO] [stdout] 
[INFO] [stdout] error: expected one of `!` or `::`, found keyword `mod`
[INFO] [stdout]   --> src/packet/mod.rs:11:7
[INFO] [stdout]    |
[INFO] [stdout] 11 | crate mod identity;
[INFO] [stdout]    |       ^^^ expected one of `!` or `::`
[INFO] [stdout] 
[INFO] [stdout] 
[INFO] [stdout] error: expected one of `!` or `::`, found keyword `mod`
[INFO] [stdout]   --> src/packet/mod.rs:11:7
[INFO] [stdout]    |
[INFO] [stdout] 11 | crate mod identity;
[INFO] [stdout]    |       ^^^ expected one of `!` or `::`
[INFO] [stdout] 
[INFO] [stdout] 
[INFO] [stdout] error: expected one of `!` or `::`, found keyword `fn`
[INFO] [stdout]   --> src/utils.rs:19:7
[INFO] [stdout]    |
[INFO] [stdout] 19 | crate fn put_string<T>(buffer: &mut T, bytes: &[u8]) -> Result<()>
[INFO] [stdout]    |       ^^ expected one of `!` or `::`
[INFO] [stdout] 
[INFO] [stdout] 
[INFO] [stdout] error: expected one of `!` or `::`, found keyword `fn`
[INFO] [stdout]   --> src/utils.rs:19:7
[INFO] [stdout]    |
[INFO] [stdout] 19 | crate fn put_string<T>(buffer: &mut T, bytes: &[u8]) -> Result<()>
[INFO] [stdout]    |       ^^ expected one of `!` or `::`
[INFO] [stdout] 
[INFO] [stdout] 
[INFO] [stdout] error[E0432]: unresolved imports `crate::error::Result`, `crate::packet::identity`, `crate::packet::lock`, `crate::packet::sign`, `crate::packet::unlock`, `crate::packet::IntoPacket`, `crate::packet::Packet`
[INFO] [stdout]   --> src/client/mod.rs:70:5
[INFO] [stdout]    |
[INFO] [stdout] 70 |     error::Result,
[INFO] [stdout]    |     ^^^^^^^^^^^^^ no `Result` in `error`
[INFO] [stdout] 71 |     packet::{
[INFO] [stdout] 72 |         identity::{
[INFO] [stdout]    |         ^^^^^^^^ could not find `identity` in `packet`
[INFO] [stdout] ...
[INFO] [stdout] 75 |         lock::Lock,
[INFO] [stdout]    |         ^^^^ could not find `lock` in `packet`
[INFO] [stdout] 76 |         sign::SignRequest,
[INFO] [stdout]    |         ^^^^ could not find `sign` in `packet`
[INFO] [stdout] 77 |         unlock::Unlock,
[INFO] [stdout]    |         ^^^^^^ could not find `unlock` in `packet`
[INFO] [stdout] 78 |         IntoPacket, Packet,
[INFO] [stdout]    |         ^^^^^^^^^^  ^^^^^^ no `Packet` in `packet`
[INFO] [stdout]    |         |
[INFO] [stdout]    |         no `IntoPacket` in `packet`
[INFO] [stdout]    |
[INFO] [stdout]    = help: consider importing one of these items instead:
[INFO] [stdout]            core::fmt::Result
[INFO] [stdout]            core::result::Result
[INFO] [stdout]            slog::Result
[INFO] [stdout]            std::fmt::Result
[INFO] [stdout]            std::io::Result
[INFO] [stdout]            std::result::Result
[INFO] [stdout]            std::thread::Result
[INFO] [stdout]            tokio::io::Result
[INFO] [stdout] 
[INFO] [stdout] 
[INFO] [stdout] error[E0432]: unresolved import `error::ErrSource`
[INFO] [stdout]    --> src/lib.rs:112:9
[INFO] [stdout]     |
[INFO] [stdout] 112 | pub use error::ErrSource;
[INFO] [stdout]     |         ^^^^^^^^^^^^^^^^ no `ErrSource` in `error`
[INFO] [stdout] 
[INFO] [stdout] 
[INFO] [stdout] error[E0432]: unresolved import `error::Error`
[INFO] [stdout]    --> src/lib.rs:113:9
[INFO] [stdout]     |
[INFO] [stdout] 113 | pub use error::Error;
[INFO] [stdout]     |         ^^^^^^^^^^^^ no `Error` in `error`
[INFO] [stdout]     |
[INFO] [stdout] help: consider importing one of these items instead
[INFO] [stdout]     |
[INFO] [stdout] 113 | pub use core::error::Error;
[INFO] [stdout]     |         ~~~~~~~~~~~~~~~~~~
[INFO] [stdout] 113 | pub use core::fmt::Error;
[INFO] [stdout]     |         ~~~~~~~~~~~~~~~~
[INFO] [stdout] 113 | pub use slog::Error;
[INFO] [stdout]     |         ~~~~~~~~~~~
[INFO] [stdout] 113 | pub use slog::FilterLevel::Error;
[INFO] [stdout]     |         ~~~~~~~~~~~~~~~~~~~~~~~~
[INFO] [stdout]       and 6 other candidates
[INFO] [stdout] 
[INFO] [stdout] 
[INFO] [stdout] error[E0432]: unresolved import `error::Result`
[INFO] [stdout]    --> src/lib.rs:114:9
[INFO] [stdout]     |
[INFO] [stdout] 114 | pub use error::Result;
[INFO] [stdout]     |         ^^^^^^^^^^^^^ no `Result` in `error`
[INFO] [stdout]     |
[INFO] [stdout] help: consider importing one of these items instead
[INFO] [stdout]     |
[INFO] [stdout] 114 | pub use core::fmt::Result;
[INFO] [stdout]     |         ~~~~~~~~~~~~~~~~~
[INFO] [stdout] 114 | pub use core::result::Result;
[INFO] [stdout]     |         ~~~~~~~~~~~~~~~~~~~~
[INFO] [stdout] 114 | pub use slog::Result;
[INFO] [stdout]     |         ~~~~~~~~~~~~
[INFO] [stdout] 114 | pub use std::fmt::Result;
[INFO] [stdout]     |         ~~~~~~~~~~~~~~~~
[INFO] [stdout]       and 4 other candidates
[INFO] [stdout] 
[INFO] [stdout] 
[INFO] [stdout] warning: lint `intra_doc_link_resolution_failure` has been removed: use `rustdoc::broken_intra_doc_links` instead
[INFO] [stdout]   --> src/lib.rs:39:5
[INFO] [stdout]    |
[INFO] [stdout] 39 |     intra_doc_link_resolution_failure,
[INFO] [stdout]    |     ^^^^^^^^^^^^^^^^^^^^^^^^^^^^^^^^^
[INFO] [stdout]    |
[INFO] [stdout]    = note: `#[warn(renamed_and_removed_lints)]` on by default
[INFO] [stdout] 
[INFO] [stdout] 
[INFO] [stdout] warning: lint `mutable_borrow_reservation_conflict` has been removed: now allowed, see issue #59159 <https://github.com/rust-lang/rust/issues/59159> for more information
[INFO] [stdout]   --> src/lib.rs:50:5
[INFO] [stdout]    |
[INFO] [stdout] 50 |     mutable_borrow_reservation_conflict,
[INFO] [stdout]    |     ^^^^^^^^^^^^^^^^^^^^^^^^^^^^^^^^^^^
[INFO] [stdout] 
[INFO] [stdout] 
[INFO] [stdout] warning: lint `overlapping_patterns` has been renamed to `overlapping_range_endpoints`
[INFO] [stdout]   --> src/lib.rs:57:5
[INFO] [stdout]    |
[INFO] [stdout] 57 |     overlapping_patterns,
[INFO] [stdout]    |     ^^^^^^^^^^^^^^^^^^^^ help: use the new name: `overlapping_range_endpoints`
[INFO] [stdout] 
[INFO] [stdout] 
[INFO] [stdout] warning: lint `private_in_public` has been removed: replaced with another group of lints, see RFC <https://rust-lang.github.io/rfcs/2145-type-privacy.html> for more information
[INFO] [stdout]   --> src/lib.rs:60:5
[INFO] [stdout]    |
[INFO] [stdout] 60 |     private_in_public,
[INFO] [stdout]    |     ^^^^^^^^^^^^^^^^^
[INFO] [stdout] 
[INFO] [stdout] 
[INFO] [stdout] error: lint `safe_packed_borrows` has been removed: converted into hard error, see issue #82523 <https://github.com/rust-lang/rust/issues/82523> for more information
[INFO] [stdout]   --> src/lib.rs:64:5
[INFO] [stdout]    |
[INFO] [stdout] 64 |     safe_packed_borrows,
[INFO] [stdout]    |     ^^^^^^^^^^^^^^^^^^^
[INFO] [stdout]    |
[INFO] [stdout] note: the lint level is defined here
[INFO] [stdout]   --> src/lib.rs:63:5
[INFO] [stdout]    |
[INFO] [stdout] 63 |     renamed_and_removed_lints,
[INFO] [stdout]    |     ^^^^^^^^^^^^^^^^^^^^^^^^^
[INFO] [stdout] 
[INFO] [stdout] 
[INFO] [stdout] error[E0432]: unresolved import `crate::error::Result`
[INFO] [stdout]   --> src/client/message.rs:85:9
[INFO] [stdout]    |
[INFO] [stdout] 85 |     use crate::error::Result;
[INFO] [stdout]    |         ^^^^^^^^^^^^^^^^^^^^ no `Result` in `error`
[INFO] [stdout]    |
[INFO] [stdout] help: consider importing one of these items instead
[INFO] [stdout]    |
[INFO] [stdout] 85 |     use core::fmt::Result;
[INFO] [stdout]    |         ~~~~~~~~~~~~~~~~~
[INFO] [stdout] 85 |     use core::result::Result;
[INFO] [stdout]    |         ~~~~~~~~~~~~~~~~~~~~
[INFO] [stdout] 85 |     use crate::client::message::fmt::Result;
[INFO] [stdout]    |         ~~~~~~~~~~~~~~~~~~~~~~~~~~~~~~~~~~~
[INFO] [stdout] 85 |     use slog::Result;
[INFO] [stdout]    |         ~~~~~~~~~~~~
[INFO] [stdout]      and 5 other candidates
[INFO] [stdout] 
[INFO] [stdout] 
[INFO] [stdout] error[E0432]: unresolved imports `crate::error::Result`, `crate::packet::identity`, `crate::packet::lock`, `crate::packet::sign`, `crate::packet::unlock`, `crate::packet::IntoPacket`, `crate::packet::Packet`
[INFO] [stdout]   --> src/client/mod.rs:70:5
[INFO] [stdout]    |
[INFO] [stdout] 70 |     error::Result,
[INFO] [stdout]    |     ^^^^^^^^^^^^^ no `Result` in `error`
[INFO] [stdout] 71 |     packet::{
[INFO] [stdout] 72 |         identity::{
[INFO] [stdout]    |         ^^^^^^^^ could not find `identity` in `packet`
[INFO] [stdout] ...
[INFO] [stdout] 75 |         lock::Lock,
[INFO] [stdout]    |         ^^^^ could not find `lock` in `packet`
[INFO] [stdout] 76 |         sign::SignRequest,
[INFO] [stdout]    |         ^^^^ could not find `sign` in `packet`
[INFO] [stdout] 77 |         unlock::Unlock,
[INFO] [stdout]    |         ^^^^^^ could not find `unlock` in `packet`
[INFO] [stdout] 78 |         IntoPacket, Packet,
[INFO] [stdout]    |         ^^^^^^^^^^  ^^^^^^ no `Packet` in `packet`
[INFO] [stdout]    |         |
[INFO] [stdout]    |         no `IntoPacket` in `packet`
[INFO] [stdout]    |
[INFO] [stdout]    = help: consider importing one of these items instead:
[INFO] [stdout]            core::fmt::Result
[INFO] [stdout]            core::result::Result
[INFO] [stdout]            slog::Result
[INFO] [stdout]            std::fmt::Result
[INFO] [stdout]            std::io::Result
[INFO] [stdout]            std::result::Result
[INFO] [stdout]            std::thread::Result
[INFO] [stdout]            tokio::io::Result
[INFO] [stdout] 
[INFO] [stdout] 
[INFO] [stdout] error[E0432]: unresolved imports `crate::error::Result`, `crate::utils::hexy`, `crate::utils::put_string`
[INFO] [stdout]    --> src/client/mod.rs:186:9
[INFO] [stdout]     |
[INFO] [stdout] 186 |         error::Result,
[INFO] [stdout]     |         ^^^^^^^^^^^^^ no `Result` in `error`
[INFO] [stdout] 187 |         utils::hexy,
[INFO] [stdout]     |         ^^^^^^^^^^^ no `hexy` in `utils`
[INFO] [stdout] 188 |         utils::put_string,
[INFO] [stdout]     |         ^^^^^^^^^^^^^^^^^ no `put_string` in `utils`
[INFO] [stdout]     |
[INFO] [stdout]     = help: consider importing one of these items instead:
[INFO] [stdout]             core::fmt::Result
[INFO] [stdout]             core::result::Result
[INFO] [stdout]             crate::client::Result
[INFO] [stdout]             slog::Result
[INFO] [stdout]             std::fmt::Result
[INFO] [stdout]             std::io::Result
[INFO] [stdout]             std::result::Result
[INFO] [stdout]             std::thread::Result
[INFO] [stdout]             tokio::io::Result
[INFO] [stdout] 
[INFO] [stdout] 
[INFO] [stdout] error[E0432]: unresolved import `error::ErrSource`
[INFO] [stdout]    --> src/lib.rs:112:9
[INFO] [stdout]     |
[INFO] [stdout] 112 | pub use error::ErrSource;
[INFO] [stdout]     |         ^^^^^^^^^^^^^^^^ no `ErrSource` in `error`
[INFO] [stdout] 
[INFO] [stdout] 
[INFO] [stdout] error[E0432]: unresolved import `error::Error`
[INFO] [stdout]    --> src/lib.rs:113:9
[INFO] [stdout]     |
[INFO] [stdout] 113 | pub use error::Error;
[INFO] [stdout]     |         ^^^^^^^^^^^^ no `Error` in `error`
[INFO] [stdout]     |
[INFO] [stdout] help: consider importing one of these items instead
[INFO] [stdout]     |
[INFO] [stdout] 113 | pub use core::error::Error;
[INFO] [stdout]     |         ~~~~~~~~~~~~~~~~~~
[INFO] [stdout] 113 | pub use core::fmt::Error;
[INFO] [stdout]     |         ~~~~~~~~~~~~~~~~
[INFO] [stdout] 113 | pub use rand::Error;
[INFO] [stdout]     |         ~~~~~~~~~~~
[INFO] [stdout] 113 | pub use slog::Error;
[INFO] [stdout]     |         ~~~~~~~~~~~
[INFO] [stdout]       and 7 other candidates
[INFO] [stdout] 
[INFO] [stdout] 
[INFO] [stdout] error[E0432]: unresolved import `error::Result`
[INFO] [stdout]    --> src/lib.rs:114:9
[INFO] [stdout]     |
[INFO] [stdout] 114 | pub use error::Result;
[INFO] [stdout]     |         ^^^^^^^^^^^^^ no `Result` in `error`
[INFO] [stdout]     |
[INFO] [stdout] help: consider importing one of these items instead
[INFO] [stdout]     |
[INFO] [stdout] 114 | pub use core::fmt::Result;
[INFO] [stdout]     |         ~~~~~~~~~~~~~~~~~
[INFO] [stdout] 114 | pub use core::result::Result;
[INFO] [stdout]     |         ~~~~~~~~~~~~~~~~~~~~
[INFO] [stdout] 114 | pub use slog::Result;
[INFO] [stdout]     |         ~~~~~~~~~~~~
[INFO] [stdout] 114 | pub use std::fmt::Result;
[INFO] [stdout]     |         ~~~~~~~~~~~~~~~~
[INFO] [stdout]       and 4 other candidates
[INFO] [stdout] 
[INFO] [stdout] 
[INFO] [stdout] warning: lint `intra_doc_link_resolution_failure` has been removed: use `rustdoc::broken_intra_doc_links` instead
[INFO] [stdout]   --> src/lib.rs:39:5
[INFO] [stdout]    |
[INFO] [stdout] 39 |     intra_doc_link_resolution_failure,
[INFO] [stdout]    |     ^^^^^^^^^^^^^^^^^^^^^^^^^^^^^^^^^
[INFO] [stdout]    |
[INFO] [stdout]    = note: `#[warn(renamed_and_removed_lints)]` on by default
[INFO] [stdout] 
[INFO] [stdout] 
[INFO] [stdout] warning: lint `mutable_borrow_reservation_conflict` has been removed: now allowed, see issue #59159 <https://github.com/rust-lang/rust/issues/59159> for more information
[INFO] [stdout]   --> src/lib.rs:50:5
[INFO] [stdout]    |
[INFO] [stdout] 50 |     mutable_borrow_reservation_conflict,
[INFO] [stdout]    |     ^^^^^^^^^^^^^^^^^^^^^^^^^^^^^^^^^^^
[INFO] [stdout] 
[INFO] [stdout] 
[INFO] [stdout] warning: lint `overlapping_patterns` has been renamed to `overlapping_range_endpoints`
[INFO] [stdout]   --> src/lib.rs:57:5
[INFO] [stdout]    |
[INFO] [stdout] 57 |     overlapping_patterns,
[INFO] [stdout]    |     ^^^^^^^^^^^^^^^^^^^^ help: use the new name: `overlapping_range_endpoints`
[INFO] [stdout] 
[INFO] [stdout] 
[INFO] [stdout] warning: lint `private_in_public` has been removed: replaced with another group of lints, see RFC <https://rust-lang.github.io/rfcs/2145-type-privacy.html> for more information
[INFO] [stdout]   --> src/lib.rs:60:5
[INFO] [stdout]    |
[INFO] [stdout] 60 |     private_in_public,
[INFO] [stdout]    |     ^^^^^^^^^^^^^^^^^
[INFO] [stdout] 
[INFO] [stdout] 
[INFO] [stdout] error: lint `safe_packed_borrows` has been removed: converted into hard error, see issue #82523 <https://github.com/rust-lang/rust/issues/82523> for more information
[INFO] [stdout]   --> src/lib.rs:64:5
[INFO] [stdout]    |
[INFO] [stdout] 64 |     safe_packed_borrows,
[INFO] [stdout]    |     ^^^^^^^^^^^^^^^^^^^
[INFO] [stdout]    |
[INFO] [stdout] note: the lint level is defined here
[INFO] [stdout]   --> src/lib.rs:63:5
[INFO] [stdout]    |
[INFO] [stdout] 63 |     renamed_and_removed_lints,
[INFO] [stdout]    |     ^^^^^^^^^^^^^^^^^^^^^^^^^
[INFO] [stdout] 
[INFO] [stdout] 
[INFO] [stdout] error[E0282]: type annotations needed
[INFO] [stdout]    --> src/client/mod.rs:131:13
[INFO] [stdout]     |
[INFO] [stdout] 131 | /             tokio::select! {
[INFO] [stdout] 132 | |                 msg_opt = self.receiver.recv() => {
[INFO] [stdout] 133 | |                     if let Some(msg) = msg_opt {
[INFO] [stdout] 134 | |                         try_trace!(self.logger, "Agent <= {}", msg);
[INFO] [stdout] ...   |
[INFO] [stdout] 173 | |                 }
[INFO] [stdout] 174 | |             }
[INFO] [stdout]     | |_____________^ cannot infer type
[INFO] [stdout]     |
[INFO] [stdout]     = note: this error originates in the macro `$crate::select` which comes from the expansion of the macro `tokio::select` (in Nightly builds, run with -Z macro-backtrace for more info)
[INFO] [stdout] 
[INFO] [stdout] 
[INFO] [stdout] error[E0599]: no method named `poll` found for struct `Pin<_>` in the current scope
[INFO] [stdout]    --> src/client/mod.rs:131:13
[INFO] [stdout]     |
[INFO] [stdout] 131 | /             tokio::select! {
[INFO] [stdout] 132 | |                 msg_opt = self.receiver.recv() => {
[INFO] [stdout] 133 | |                     if let Some(msg) = msg_opt {
[INFO] [stdout] 134 | |                         try_trace!(self.logger, "Agent <= {}", msg);
[INFO] [stdout] ...   |
[INFO] [stdout] 173 | |                 }
[INFO] [stdout] 174 | |             }
[INFO] [stdout]     | |_____________^ method not found in `Pin<_>`
[INFO] [stdout]     |
[INFO] [stdout] note: method is available for `Pin<&mut _>`
[INFO] [stdout]    --> /rustc/268dbbbc4b3fd71c5f360a4d0728295252430b5b/library/core/src/future/future.rs:104:5
[INFO] [stdout] note: method is available for `Pin<&_>`
[INFO] [stdout]    --> /rustc/268dbbbc4b3fd71c5f360a4d0728295252430b5b/library/core/src/future/future.rs:104:5
[INFO] [stdout]     = note: this error originates in the macro `$crate::select` which comes from the expansion of the macro `tokio::select` (in Nightly builds, run with -Z macro-backtrace for more info)
[INFO] [stdout] 
[INFO] [stdout] 
[INFO] [stdout] error[E0282]: type annotations needed
[INFO] [stdout]    --> src/client/mod.rs:131:13
[INFO] [stdout]     |
[INFO] [stdout] 131 | /             tokio::select! {
[INFO] [stdout] 132 | |                 msg_opt = self.receiver.recv() => {
[INFO] [stdout] 133 | |                     if let Some(msg) = msg_opt {
[INFO] [stdout] 134 | |                         try_trace!(self.logger, "Agent <= {}", msg);
[INFO] [stdout] ...   |
[INFO] [stdout] 173 | |                 }
[INFO] [stdout] 174 | |             }
[INFO] [stdout]     | |_____________^ cannot infer type
[INFO] [stdout]     |
[INFO] [stdout]     = note: this error originates in the macro `$crate::select` which comes from the expansion of the macro `tokio::select` (in Nightly builds, run with -Z macro-backtrace for more info)
[INFO] [stdout] 
[INFO] [stdout] 
[INFO] [stdout] error[E0599]: no method named `poll` found for struct `Pin<_>` in the current scope
[INFO] [stdout]    --> src/client/mod.rs:131:13
[INFO] [stdout]     |
[INFO] [stdout] 131 | /             tokio::select! {
[INFO] [stdout] 132 | |                 msg_opt = self.receiver.recv() => {
[INFO] [stdout] 133 | |                     if let Some(msg) = msg_opt {
[INFO] [stdout] 134 | |                         try_trace!(self.logger, "Agent <= {}", msg);
[INFO] [stdout] ...   |
[INFO] [stdout] 173 | |                 }
[INFO] [stdout] 174 | |             }
[INFO] [stdout]     | |_____________^ method not found in `Pin<_>`
[INFO] [stdout]     |
[INFO] [stdout] note: method is available for `Pin<&mut _>`
[INFO] [stdout]    --> /rustc/268dbbbc4b3fd71c5f360a4d0728295252430b5b/library/core/src/future/future.rs:104:5
[INFO] [stdout] note: method is available for `Pin<&_>`
[INFO] [stdout]    --> /rustc/268dbbbc4b3fd71c5f360a4d0728295252430b5b/library/core/src/future/future.rs:104:5
[INFO] [stdout]     = note: this error originates in the macro `$crate::select` which comes from the expansion of the macro `tokio::select` (in Nightly builds, run with -Z macro-backtrace for more info)
[INFO] [stdout] 
[INFO] [stdout] 
[INFO] [stdout] error: aborting due to 11 previous errors; 4 warnings emitted
[INFO] [stdout] 
[INFO] [stdout] 
[INFO] [stdout] Some errors have detailed explanations: E0282, E0432, E0557, E0599.
[INFO] [stdout] 
[INFO] [stdout] For more information about an error, try `rustc --explain E0282`.
[INFO] [stdout] 
[INFO] [stderr] error: could not compile `russh-agent` (lib) due to 12 previous errors; 4 warnings emitted
[INFO] [stderr] warning: build failed, waiting for other jobs to finish...
[INFO] [stdout] error[E0277]: the size for values of type `[u8]` cannot be known at compilation time
[INFO] [stdout]    --> src/client/mod.rs:241:19
[INFO] [stdout]     |
[INFO] [stdout] 241 |         if let Ok(pk) = add_identity(&mut sender, None).await {
[INFO] [stdout]     |                   ^^ doesn't have a size known at compile-time
[INFO] [stdout]     |
[INFO] [stdout]     = help: the trait `Sized` is not implemented for `[u8]`
[INFO] [stdout]     = note: all local variables must have a statically known size
[INFO] [stdout]     = help: unsized locals are gated as an unstable feature
[INFO] [stdout] 
[INFO] [stdout] 
[INFO] [stdout] error[E0277]: the size for values of type `[u8]` cannot be known at compilation time
[INFO] [stdout]    --> src/client/mod.rs:241:16
[INFO] [stdout]     |
[INFO] [stdout] 241 |         if let Ok(pk) = add_identity(&mut sender, None).await {
[INFO] [stdout]     |                ^^^^^^ doesn't have a size known at compile-time
[INFO] [stdout]     |
[INFO] [stdout]     = help: the trait `Sized` is not implemented for `[u8]`
[INFO] [stdout] note: required by a bound in `Ok`
[INFO] [stdout]    --> /rustc/268dbbbc4b3fd71c5f360a4d0728295252430b5b/library/core/src/result.rs:506:5
[INFO] [stdout] 
[INFO] [stdout] 
[INFO] [stdout] error[E0277]: the size for values of type `[u8]` cannot be known at compilation time
[INFO] [stdout]    --> src/client/mod.rs:258:19
[INFO] [stdout]     |
[INFO] [stdout] 258 |         if let Ok(pk) = add_identity(&mut sender, Some(constraint.payload().clone())).await {
[INFO] [stdout]     |                   ^^ doesn't have a size known at compile-time
[INFO] [stdout]     |
[INFO] [stdout]     = help: the trait `Sized` is not implemented for `[u8]`
[INFO] [stdout]     = note: all local variables must have a statically known size
[INFO] [stdout]     = help: unsized locals are gated as an unstable feature
[INFO] [stdout] 
[INFO] [stdout] 
[INFO] [stdout] error[E0277]: the size for values of type `[u8]` cannot be known at compilation time
[INFO] [stdout]    --> src/client/mod.rs:258:16
[INFO] [stdout]     |
[INFO] [stdout] 258 |         if let Ok(pk) = add_identity(&mut sender, Some(constraint.payload().clone())).await {
[INFO] [stdout]     |                ^^^^^^ doesn't have a size known at compile-time
[INFO] [stdout]     |
[INFO] [stdout]     = help: the trait `Sized` is not implemented for `[u8]`
[INFO] [stdout] note: required by a bound in `Ok`
[INFO] [stdout]    --> /rustc/268dbbbc4b3fd71c5f360a4d0728295252430b5b/library/core/src/result.rs:506:5
[INFO] [stdout] 
[INFO] [stdout] 
[INFO] [stdout] error[E0277]: the trait bound `OsRng: rand_core::CryptoRng` is not satisfied
[INFO] [stdout]    --> src/client/mod.rs:300:41
[INFO] [stdout]     |
[INFO] [stdout] 300 |         let keypair = Keypair::generate(&mut csprng);
[INFO] [stdout]     |                       ----------------- ^^^^^^^^^^^ the trait `rand_core::CryptoRng` is not implemented for `OsRng`
[INFO] [stdout]     |                       |
[INFO] [stdout]     |                       required by a bound introduced by this call
[INFO] [stdout]     |
[INFO] [stdout]     = help: the following other types implement trait `rand_core::CryptoRng`:
[INFO] [stdout]               rand_chacha::chacha::ChaCha20Core
[INFO] [stdout]               rand_chacha::chacha::ChaCha20Rng
[INFO] [stdout]               rand_chacha::chacha::ChaCha12Core
[INFO] [stdout]               rand_chacha::chacha::ChaCha12Rng
[INFO] [stdout]               rand_core::block::BlockRng<R>
[INFO] [stdout]               rand_chacha::chacha::ChaCha8Core
[INFO] [stdout]               rand_chacha::chacha::ChaCha8Rng
[INFO] [stdout]               rand_core::os::OsRng
[INFO] [stdout]             and 6 others
[INFO] [stdout] note: required by a bound in `Keypair::generate`
[INFO] [stdout]    --> /opt/rustwide/cargo-home/registry/src/index.crates.io-6f17d22bba15001f/ed25519-dalek-1.0.0-pre.3/src/ed25519.rs:130:12
[INFO] [stdout]     |
[INFO] [stdout] 128 |     pub fn generate<R>(csprng: &mut R) -> Keypair
[INFO] [stdout]     |            -------- required by a bound in this associated function
[INFO] [stdout] 129 |     where
[INFO] [stdout] 130 |         R: CryptoRng + RngCore,
[INFO] [stdout]     |            ^^^^^^^^^ required by this bound in `Keypair::generate`
[INFO] [stdout] 
[INFO] [stdout] 
[INFO] [stdout] error[E0277]: the trait bound `OsRng: rand_core::RngCore` is not satisfied
[INFO] [stdout]    --> src/client/mod.rs:300:41
[INFO] [stdout]     |
[INFO] [stdout] 300 |         let keypair = Keypair::generate(&mut csprng);
[INFO] [stdout]     |                       ----------------- ^^^^^^^^^^^ the trait `rand_core::RngCore` is not implemented for `OsRng`
[INFO] [stdout]     |                       |
[INFO] [stdout]     |                       required by a bound introduced by this call
[INFO] [stdout]     |
[INFO] [stdout]     = help: the following other types implement trait `rand_core::RngCore`:
[INFO] [stdout]               rand_chacha::chacha::ChaCha20Rng
[INFO] [stdout]               rand_chacha::chacha::ChaCha12Rng
[INFO] [stdout]               rand_core::block::BlockRng<R>
[INFO] [stdout]               rand_core::block::BlockRng64<R>
[INFO] [stdout]               rand_chacha::chacha::ChaCha8Rng
[INFO] [stdout]               rand_core::os::OsRng
[INFO] [stdout]               Box<R>
[INFO] [stdout]               rand::rngs::adapter::read::ReadRng<R>
[INFO] [stdout]             and 6 others
[INFO] [stdout] note: required by a bound in `Keypair::generate`
[INFO] [stdout]    --> /opt/rustwide/cargo-home/registry/src/index.crates.io-6f17d22bba15001f/ed25519-dalek-1.0.0-pre.3/src/ed25519.rs:130:24
[INFO] [stdout]     |
[INFO] [stdout] 128 |     pub fn generate<R>(csprng: &mut R) -> Keypair
[INFO] [stdout]     |            -------- required by a bound in this associated function
[INFO] [stdout] 129 |     where
[INFO] [stdout] 130 |         R: CryptoRng + RngCore,
[INFO] [stdout]     |                        ^^^^^^^ required by this bound in `Keypair::generate`
[INFO] [stdout] 
[INFO] [stdout] 
[INFO] [stdout] error[E0282]: type annotations needed
[INFO] [stdout]    --> src/client/mod.rs:234:21
[INFO] [stdout]     |
[INFO] [stdout] 234 |             let _ = join!(client, receive, send);
[INFO] [stdout]     |                     ^^^^^^^^^^^^^^^^^^^^^^^^^^^^ cannot infer type
[INFO] [stdout]     |
[INFO] [stdout]     = note: this error originates in the macro `$crate::join` which comes from the expansion of the macro `join` (in Nightly builds, run with -Z macro-backtrace for more info)
[INFO] [stdout] 
[INFO] [stdout] 
[INFO] [stdout] error[E0599]: no method named `poll` found for struct `Pin<_>` in the current scope
[INFO] [stdout]    --> src/client/mod.rs:234:21
[INFO] [stdout]     |
[INFO] [stdout] 234 |             let _ = join!(client, receive, send);
[INFO] [stdout]     |                     ^^^^^^^^^^^^^^^^^^^^^^^^^^^^ method not found in `Pin<_>`
[INFO] [stdout]     |
[INFO] [stdout] note: method is available for `Pin<&mut _>`
[INFO] [stdout]    --> /rustc/268dbbbc4b3fd71c5f360a4d0728295252430b5b/library/core/src/future/future.rs:104:5
[INFO] [stdout] note: method is available for `Pin<&_>`
[INFO] [stdout]    --> /rustc/268dbbbc4b3fd71c5f360a4d0728295252430b5b/library/core/src/future/future.rs:104:5
[INFO] [stdout]     = note: this error originates in the macro `$crate::join` which comes from the expansion of the macro `join` (in Nightly builds, run with -Z macro-backtrace for more info)
[INFO] [stdout] 
[INFO] [stdout] 
[INFO] [stdout] error[E0282]: type annotations needed
[INFO] [stdout]    --> src/client/mod.rs:234:21
[INFO] [stdout]     |
[INFO] [stdout] 234 |             let _ = join!(client, receive, send);
[INFO] [stdout]     |                     ^^^^^^^^^^^^^^^^^^^^^^^^^^^^ cannot infer type
[INFO] [stdout]     |
[INFO] [stdout]     = note: this error originates in the macro `$crate::join` which comes from the expansion of the macro `join` (in Nightly builds, run with -Z macro-backtrace for more info)
[INFO] [stdout] 
[INFO] [stdout] 
[INFO] [stdout] error[E0599]: no method named `take_output` found for struct `Pin<_>` in the current scope
[INFO] [stdout]    --> src/client/mod.rs:234:21
[INFO] [stdout]     |
[INFO] [stdout] 234 |             let _ = join!(client, receive, send);
[INFO] [stdout]     |                     ^^^^^^^^^^^^^^^^^^^^^^^^^^^^ method not found in `Pin<_>`
[INFO] [stdout]     |
[INFO] [stdout]     = note: this error originates in the macro `$crate::join` which comes from the expansion of the macro `join` (in Nightly builds, run with -Z macro-backtrace for more info)
[INFO] [stdout] 
[INFO] [stdout] 
[INFO] [stdout] error: aborting due to 23 previous errors; 4 warnings emitted
[INFO] [stdout] 
[INFO] [stdout] 
[INFO] [stdout] Some errors have detailed explanations: E0277, E0282, E0432, E0557, E0599.
[INFO] [stdout] 
[INFO] [stdout] For more information about an error, try `rustc --explain E0277`.
[INFO] [stdout] 
[INFO] [stderr] error: could not compile `russh-agent` (lib test) due to 24 previous errors; 4 warnings emitted
[INFO] running `Command { std: "docker" "inspect" "67469621cc6fccad9c35328d92b09d994b600e01a0bfdc2d9788dc48d413a08e", kill_on_drop: false }`
[INFO] running `Command { std: "docker" "rm" "-f" "67469621cc6fccad9c35328d92b09d994b600e01a0bfdc2d9788dc48d413a08e", kill_on_drop: false }`
[INFO] [stdout] 67469621cc6fccad9c35328d92b09d994b600e01a0bfdc2d9788dc48d413a08e
[INFO] checking russh-agent-0.2.1 against nightly-2024-02-05+rustflags=-Dunexpected_cfgs+cargoflags=-Zcheck-cfg for check-cfg
[INFO] extracting crate russh-agent 0.2.1 into /workspace/builds/worker-5-tc2/source
[INFO] validating manifest of crates.io crate russh-agent 0.2.1 on toolchain nightly-2024-02-05
[INFO] running `Command { std: CARGO_HOME="/workspace/cargo-home" RUSTUP_HOME="/workspace/rustup-home" "/workspace/cargo-home/bin/cargo" "+nightly-2024-02-05" "metadata" "--manifest-path" "Cargo.toml" "--no-deps", kill_on_drop: false }`
[INFO] started tweaking crates.io crate russh-agent 0.2.1
[INFO] finished tweaking crates.io crate russh-agent 0.2.1
[INFO] tweaked toml for crates.io crate russh-agent 0.2.1 written to /workspace/builds/worker-5-tc2/source/Cargo.toml
[INFO] running `Command { std: CARGO_HOME="/workspace/cargo-home" RUSTUP_HOME="/workspace/rustup-home" "/workspace/cargo-home/bin/cargo" "+nightly-2024-02-05" "generate-lockfile" "--manifest-path" "Cargo.toml", kill_on_drop: false }`
[INFO] [stderr]     Updating crates.io index
[INFO] running `Command { std: CARGO_HOME="/workspace/cargo-home" RUSTUP_HOME="/workspace/rustup-home" "/workspace/cargo-home/bin/cargo" "+nightly-2024-02-05" "fetch" "--manifest-path" "Cargo.toml", kill_on_drop: false }`
[INFO] running `Command { std: "docker" "create" "-v" "/var/lib/crater-agent-workspace/builds/worker-5-tc2/target:/opt/rustwide/target:rw,Z" "-v" "/var/lib/crater-agent-workspace/builds/worker-5-tc2/source:/opt/rustwide/workdir:ro,Z" "-v" "/var/lib/crater-agent-workspace/cargo-home:/opt/rustwide/cargo-home:ro,Z" "-v" "/var/lib/crater-agent-workspace/rustup-home:/opt/rustwide/rustup-home:ro,Z" "-e" "SOURCE_DIR=/opt/rustwide/workdir" "-e" "CARGO_TARGET_DIR=/opt/rustwide/target" "-e" "CARGO_HOME=/opt/rustwide/cargo-home" "-e" "RUSTUP_HOME=/opt/rustwide/rustup-home" "-w" "/opt/rustwide/workdir" "-m" "1610612736" "--user" "0:0" "--network" "none" "ghcr.io/rust-lang/crates-build-env/linux@sha256:2788e3201cd34a07e3172128adcd8b3090168a8e3bcc40d7c032b9dda1df7d1c" "/opt/rustwide/cargo-home/bin/cargo" "+nightly-2024-02-05" "metadata" "--no-deps" "--format-version=1", kill_on_drop: false }`
[INFO] [stdout] b8cae18885c8c3f9e42f7fcf23d1b55db44f2d62020186c4dac8527c8dcbacc8
[INFO] running `Command { std: "docker" "start" "-a" "b8cae18885c8c3f9e42f7fcf23d1b55db44f2d62020186c4dac8527c8dcbacc8", kill_on_drop: false }`
[INFO] running `Command { std: "docker" "inspect" "b8cae18885c8c3f9e42f7fcf23d1b55db44f2d62020186c4dac8527c8dcbacc8", kill_on_drop: false }`
[INFO] running `Command { std: "docker" "rm" "-f" "b8cae18885c8c3f9e42f7fcf23d1b55db44f2d62020186c4dac8527c8dcbacc8", kill_on_drop: false }`
[INFO] [stdout] b8cae18885c8c3f9e42f7fcf23d1b55db44f2d62020186c4dac8527c8dcbacc8
[INFO] running `Command { std: "docker" "create" "-v" "/var/lib/crater-agent-workspace/builds/worker-5-tc2/target:/opt/rustwide/target:rw,Z" "-v" "/var/lib/crater-agent-workspace/builds/worker-5-tc2/source:/opt/rustwide/workdir:ro,Z" "-v" "/var/lib/crater-agent-workspace/cargo-home:/opt/rustwide/cargo-home:ro,Z" "-v" "/var/lib/crater-agent-workspace/rustup-home:/opt/rustwide/rustup-home:ro,Z" "-e" "SOURCE_DIR=/opt/rustwide/workdir" "-e" "CARGO_TARGET_DIR=/opt/rustwide/target" "-e" "CARGO_INCREMENTAL=0" "-e" "RUST_BACKTRACE=full" "-e" "RUSTFLAGS=--cap-lints=forbid -Dunexpected_cfgs" "-e" "RUSTDOCFLAGS=--cap-lints=forbid" "-e" "CARGO_HOME=/opt/rustwide/cargo-home" "-e" "RUSTUP_HOME=/opt/rustwide/rustup-home" "-w" "/opt/rustwide/workdir" "-m" "1610612736" "--user" "0:0" "--network" "none" "ghcr.io/rust-lang/crates-build-env/linux@sha256:2788e3201cd34a07e3172128adcd8b3090168a8e3bcc40d7c032b9dda1df7d1c" "/opt/rustwide/cargo-home/bin/cargo" "+nightly-2024-02-05" "check" "--frozen" "--all" "--all-targets" "--message-format=json" "-Zcheck-cfg", kill_on_drop: false }`
[INFO] [stdout] 7a02246b7abd0483975c91d5c7f3b544783e1de01c6888a5b1a43295fd50f05b
[INFO] running `Command { std: "docker" "start" "-a" "7a02246b7abd0483975c91d5c7f3b544783e1de01c6888a5b1a43295fd50f05b", kill_on_drop: false }`
[INFO] [stderr]    Compiling getrandom v0.1.16
[INFO] [stderr]    Compiling slog v2.7.0
[INFO] [stderr]    Compiling libc v0.2.153
[INFO] [stderr]     Checking generic-array v0.12.4
[INFO] [stderr]    Compiling syn v1.0.109
[INFO] [stderr]     Checking net2 v0.2.39
[INFO] [stderr]     Checking iovec v0.1.4
[INFO] [stderr]    Compiling crossbeam-utils v0.8.19
[INFO] [stderr]     Checking byte-tools v0.3.1
[INFO] [stderr]     Checking block-padding v0.1.5
[INFO] [stderr]     Checking getrandom v0.2.12
[INFO] [stderr]     Checking digest v0.8.1
[INFO] [stderr]     Checking mio v0.6.23
[INFO] [stderr]     Checking dirs-sys-next v0.1.2
[INFO] [stderr]    Compiling time-macros v0.2.17
[INFO] [stderr]     Checking dirs-next v2.0.0
[INFO] [stderr]     Checking rand_core v0.5.1
[INFO] [stderr]     Checking rand_core v0.6.4
[INFO] [stderr]     Checking block-buffer v0.7.3
[INFO] [stderr]     Checking rand_chacha v0.2.2
[INFO] [stderr]     Checking fake-simd v0.1.2
[INFO] [stderr]     Checking bytes v0.5.6
[INFO] [stderr]     Checking subtle v2.5.0
[INFO] [stderr]     Checking zeroize v1.7.0
[INFO] [stderr]    Compiling cc v1.0.83
[INFO] [stderr]    Compiling slog-async v2.8.0
[INFO] [stderr]     Checking mio-uds v0.6.8
[INFO] [stderr]     Checking pin-project-lite v0.1.12
[INFO] [stderr]     Checking opaque-debug v0.2.3
[INFO] [stderr]     Checking curve25519-dalek v2.1.3
[INFO] [stderr]     Checking sha2 v0.8.2
[INFO] [stderr]     Checking crossbeam-channel v0.5.11
[INFO] [stderr]     Checking rand v0.7.3
[INFO] [stderr]     Checking rand_chacha v0.3.1
[INFO] [stderr]     Checking slog-try v0.2.0
[INFO] [stderr]     Checking term v0.7.0
[INFO] [stderr]     Checking atty v0.2.14
[INFO] [stderr]     Checking take_mut v0.2.2
[INFO] [stderr]     Checking bytes v0.6.0
[INFO] [stderr]     Checking rand v0.8.5
[INFO] [stderr]     Checking hxdmp v0.2.1
[INFO] [stderr]    Compiling clear_on_drop v0.2.5
[INFO] [stderr]     Checking time v0.3.34
[INFO] [stderr]     Checking ed25519-dalek v1.0.0-pre.3
[INFO] [stderr]    Compiling proc-macro-error v1.0.4
[INFO] [stderr]     Checking slog-term v2.9.0
[INFO] [stderr]    Compiling tokio-macros v0.2.6
[INFO] [stderr]    Compiling getset v0.1.2
[INFO] [stderr]     Checking tokio v0.2.25
[INFO] [stderr]     Checking russh-agent v0.2.1 (/opt/rustwide/workdir)
[INFO] [stdout] error[E0557]: feature has been removed
[INFO] [stdout]   --> src/lib.rs:18:27
[INFO] [stdout]    |
[INFO] [stdout] 18 | #![feature(async_closure, crate_visibility_modifier, error_iter)]
[INFO] [stdout]    |                           ^^^^^^^^^^^^^^^^^^^^^^^^^ feature has been removed
[INFO] [stdout]    |
[INFO] [stdout]    = note: removed in favor of `pub(crate)`
[INFO] [stdout] 
[INFO] [stdout] 
[INFO] [stdout] error[E0557]: feature has been removed
[INFO] [stdout]   --> src/lib.rs:18:27
[INFO] [stdout]    |
[INFO] [stdout] 18 | #![feature(async_closure, crate_visibility_modifier, error_iter)]
[INFO] [stdout]    |                           ^^^^^^^^^^^^^^^^^^^^^^^^^ feature has been removed
[INFO] [stdout]    |
[INFO] [stdout]    = note: removed in favor of `pub(crate)`
[INFO] [stdout] 
[INFO] [stdout] 
[INFO] [stdout] error: expected one of `!` or `::`, found keyword `use`
[INFO] [stdout]   --> src/error/mod.rs:13:7
[INFO] [stdout]    |
[INFO] [stdout] 13 | crate use codes::ErrCode;
[INFO] [stdout]    |       ^^^ expected one of `!` or `::`
[INFO] [stdout] 
[INFO] [stdout] 
[INFO] [stdout] error: expected one of `!` or `::`, found keyword `use`
[INFO] [stdout]   --> src/error/mod.rs:13:7
[INFO] [stdout]    |
[INFO] [stdout] 13 | crate use codes::ErrCode;
[INFO] [stdout]    |       ^^^ expected one of `!` or `::`
[INFO] [stdout] 
[INFO] [stdout] 
[INFO] [stdout] error: expected one of `!` or `::`, found keyword `mod`
[INFO] [stdout]   --> src/packet/mod.rs:11:7
[INFO] [stdout]    |
[INFO] [stdout] 11 | crate mod identity;
[INFO] [stdout]    |       ^^^ expected one of `!` or `::`
[INFO] [stdout] 
[INFO] [stdout] 
[INFO] [stdout] error: expected one of `!` or `::`, found keyword `fn`
[INFO] [stdout]   --> src/utils.rs:19:7
[INFO] [stdout]    |
[INFO] [stdout] 19 | crate fn put_string<T>(buffer: &mut T, bytes: &[u8]) -> Result<()>
[INFO] [stdout]    |       ^^ expected one of `!` or `::`
[INFO] [stdout] 
[INFO] [stdout] 
[INFO] [stdout] error: expected one of `!` or `::`, found keyword `mod`
[INFO] [stdout]   --> src/packet/mod.rs:11:7
[INFO] [stdout]    |
[INFO] [stdout] 11 | crate mod identity;
[INFO] [stdout]    |       ^^^ expected one of `!` or `::`
[INFO] [stdout] 
[INFO] [stdout] 
[INFO] [stdout] error: expected one of `!` or `::`, found keyword `fn`
[INFO] [stdout]   --> src/utils.rs:19:7
[INFO] [stdout]    |
[INFO] [stdout] 19 | crate fn put_string<T>(buffer: &mut T, bytes: &[u8]) -> Result<()>
[INFO] [stdout]    |       ^^ expected one of `!` or `::`
[INFO] [stdout] 
[INFO] [stdout] 
[INFO] [stdout] error[E0432]: unresolved imports `crate::error::Result`, `crate::packet::identity`, `crate::packet::lock`, `crate::packet::sign`, `crate::packet::unlock`, `crate::packet::IntoPacket`, `crate::packet::Packet`
[INFO] [stdout]   --> src/client/mod.rs:70:5
[INFO] [stdout]    |
[INFO] [stdout] 70 |     error::Result,
[INFO] [stdout]    |     ^^^^^^^^^^^^^ no `Result` in `error`
[INFO] [stdout] 71 |     packet::{
[INFO] [stdout] 72 |         identity::{
[INFO] [stdout]    |         ^^^^^^^^ could not find `identity` in `packet`
[INFO] [stdout] ...
[INFO] [stdout] 75 |         lock::Lock,
[INFO] [stdout]    |         ^^^^ could not find `lock` in `packet`
[INFO] [stdout] 76 |         sign::SignRequest,
[INFO] [stdout]    |         ^^^^ could not find `sign` in `packet`
[INFO] [stdout] 77 |         unlock::Unlock,
[INFO] [stdout]    |         ^^^^^^ could not find `unlock` in `packet`
[INFO] [stdout] 78 |         IntoPacket, Packet,
[INFO] [stdout]    |         ^^^^^^^^^^  ^^^^^^ no `Packet` in `packet`
[INFO] [stdout]    |         |
[INFO] [stdout]    |         no `IntoPacket` in `packet`
[INFO] [stdout]    |
[INFO] [stdout]    = help: consider importing one of these items instead:
[INFO] [stdout]            core::fmt::Result
[INFO] [stdout]            core::result::Result
[INFO] [stdout]            slog::Result
[INFO] [stdout]            std::fmt::Result
[INFO] [stdout]            std::io::Result
[INFO] [stdout]            std::result::Result
[INFO] [stdout]            std::thread::Result
[INFO] [stdout]            tokio::io::Result
[INFO] [stdout] 
[INFO] [stdout] 
[INFO] [stdout] error[E0432]: unresolved import `error::ErrSource`
[INFO] [stdout]    --> src/lib.rs:112:9
[INFO] [stdout]     |
[INFO] [stdout] 112 | pub use error::ErrSource;
[INFO] [stdout]     |         ^^^^^^^^^^^^^^^^ no `ErrSource` in `error`
[INFO] [stdout] 
[INFO] [stdout] 
[INFO] [stdout] error[E0432]: unresolved import `error::Error`
[INFO] [stdout]    --> src/lib.rs:113:9
[INFO] [stdout]     |
[INFO] [stdout] 113 | pub use error::Error;
[INFO] [stdout]     |         ^^^^^^^^^^^^ no `Error` in `error`
[INFO] [stdout]     |
[INFO] [stdout] help: consider importing one of these items instead
[INFO] [stdout]     |
[INFO] [stdout] 113 | pub use core::error::Error;
[INFO] [stdout]     |         ~~~~~~~~~~~~~~~~~~
[INFO] [stdout] 113 | pub use core::fmt::Error;
[INFO] [stdout]     |         ~~~~~~~~~~~~~~~~
[INFO] [stdout] 113 | pub use slog::Error;
[INFO] [stdout]     |         ~~~~~~~~~~~
[INFO] [stdout] 113 | pub use slog::FilterLevel::Error;
[INFO] [stdout]     |         ~~~~~~~~~~~~~~~~~~~~~~~~
[INFO] [stdout]       and 6 other candidates
[INFO] [stdout] 
[INFO] [stdout] 
[INFO] [stdout] error[E0432]: unresolved import `error::Result`
[INFO] [stdout]    --> src/lib.rs:114:9
[INFO] [stdout]     |
[INFO] [stdout] 114 | pub use error::Result;
[INFO] [stdout]     |         ^^^^^^^^^^^^^ no `Result` in `error`
[INFO] [stdout]     |
[INFO] [stdout] help: consider importing one of these items instead
[INFO] [stdout]     |
[INFO] [stdout] 114 | pub use core::fmt::Result;
[INFO] [stdout]     |         ~~~~~~~~~~~~~~~~~
[INFO] [stdout] 114 | pub use core::result::Result;
[INFO] [stdout]     |         ~~~~~~~~~~~~~~~~~~~~
[INFO] [stdout] 114 | pub use slog::Result;
[INFO] [stdout]     |         ~~~~~~~~~~~~
[INFO] [stdout] 114 | pub use std::fmt::Result;
[INFO] [stdout]     |         ~~~~~~~~~~~~~~~~
[INFO] [stdout]       and 4 other candidates
[INFO] [stdout] 
[INFO] [stdout] 
[INFO] [stdout] warning: lint `intra_doc_link_resolution_failure` has been removed: use `rustdoc::broken_intra_doc_links` instead
[INFO] [stdout]   --> src/lib.rs:39:5
[INFO] [stdout]    |
[INFO] [stdout] 39 |     intra_doc_link_resolution_failure,
[INFO] [stdout]    |     ^^^^^^^^^^^^^^^^^^^^^^^^^^^^^^^^^
[INFO] [stdout]    |
[INFO] [stdout]    = note: `#[warn(renamed_and_removed_lints)]` on by default
[INFO] [stdout] 
[INFO] [stdout] 
[INFO] [stdout] warning: lint `mutable_borrow_reservation_conflict` has been removed: now allowed, see issue #59159 <https://github.com/rust-lang/rust/issues/59159> for more information
[INFO] [stdout]   --> src/lib.rs:50:5
[INFO] [stdout]    |
[INFO] [stdout] 50 |     mutable_borrow_reservation_conflict,
[INFO] [stdout]    |     ^^^^^^^^^^^^^^^^^^^^^^^^^^^^^^^^^^^
[INFO] [stdout] 
[INFO] [stdout] 
[INFO] [stdout] warning: lint `overlapping_patterns` has been renamed to `overlapping_range_endpoints`
[INFO] [stdout]   --> src/lib.rs:57:5
[INFO] [stdout]    |
[INFO] [stdout] 57 |     overlapping_patterns,
[INFO] [stdout]    |     ^^^^^^^^^^^^^^^^^^^^ help: use the new name: `overlapping_range_endpoints`
[INFO] [stdout] 
[INFO] [stdout] 
[INFO] [stdout] warning: lint `private_in_public` has been removed: replaced with another group of lints, see RFC <https://rust-lang.github.io/rfcs/2145-type-privacy.html> for more information
[INFO] [stdout]   --> src/lib.rs:60:5
[INFO] [stdout]    |
[INFO] [stdout] 60 |     private_in_public,
[INFO] [stdout]    |     ^^^^^^^^^^^^^^^^^
[INFO] [stdout] 
[INFO] [stdout] 
[INFO] [stdout] error: lint `safe_packed_borrows` has been removed: converted into hard error, see issue #82523 <https://github.com/rust-lang/rust/issues/82523> for more information
[INFO] [stdout]   --> src/lib.rs:64:5
[INFO] [stdout]    |
[INFO] [stdout] 64 |     safe_packed_borrows,
[INFO] [stdout]    |     ^^^^^^^^^^^^^^^^^^^
[INFO] [stdout]    |
[INFO] [stdout] note: the lint level is defined here
[INFO] [stdout]   --> src/lib.rs:63:5
[INFO] [stdout]    |
[INFO] [stdout] 63 |     renamed_and_removed_lints,
[INFO] [stdout]    |     ^^^^^^^^^^^^^^^^^^^^^^^^^
[INFO] [stdout] 
[INFO] [stdout] 
[INFO] [stdout] error[E0432]: unresolved import `crate::error::Result`
[INFO] [stdout]   --> src/client/message.rs:85:9
[INFO] [stdout]    |
[INFO] [stdout] 85 |     use crate::error::Result;
[INFO] [stdout]    |         ^^^^^^^^^^^^^^^^^^^^ no `Result` in `error`
[INFO] [stdout]    |
[INFO] [stdout] help: consider importing one of these items instead
[INFO] [stdout]    |
[INFO] [stdout] 85 |     use core::fmt::Result;
[INFO] [stdout]    |         ~~~~~~~~~~~~~~~~~
[INFO] [stdout] 85 |     use core::result::Result;
[INFO] [stdout]    |         ~~~~~~~~~~~~~~~~~~~~
[INFO] [stdout] 85 |     use crate::client::message::fmt::Result;
[INFO] [stdout]    |         ~~~~~~~~~~~~~~~~~~~~~~~~~~~~~~~~~~~
[INFO] [stdout] 85 |     use slog::Result;
[INFO] [stdout]    |         ~~~~~~~~~~~~
[INFO] [stdout]      and 5 other candidates
[INFO] [stdout] 
[INFO] [stdout] 
[INFO] [stdout] error[E0432]: unresolved imports `crate::error::Result`, `crate::packet::identity`, `crate::packet::lock`, `crate::packet::sign`, `crate::packet::unlock`, `crate::packet::IntoPacket`, `crate::packet::Packet`
[INFO] [stdout]   --> src/client/mod.rs:70:5
[INFO] [stdout]    |
[INFO] [stdout] 70 |     error::Result,
[INFO] [stdout]    |     ^^^^^^^^^^^^^ no `Result` in `error`
[INFO] [stdout] 71 |     packet::{
[INFO] [stdout] 72 |         identity::{
[INFO] [stdout]    |         ^^^^^^^^ could not find `identity` in `packet`
[INFO] [stdout] ...
[INFO] [stdout] 75 |         lock::Lock,
[INFO] [stdout]    |         ^^^^ could not find `lock` in `packet`
[INFO] [stdout] 76 |         sign::SignRequest,
[INFO] [stdout]    |         ^^^^ could not find `sign` in `packet`
[INFO] [stdout] 77 |         unlock::Unlock,
[INFO] [stdout]    |         ^^^^^^ could not find `unlock` in `packet`
[INFO] [stdout] 78 |         IntoPacket, Packet,
[INFO] [stdout]    |         ^^^^^^^^^^  ^^^^^^ no `Packet` in `packet`
[INFO] [stdout]    |         |
[INFO] [stdout]    |         no `IntoPacket` in `packet`
[INFO] [stdout]    |
[INFO] [stdout]    = help: consider importing one of these items instead:
[INFO] [stdout]            core::fmt::Result
[INFO] [stdout]            core::result::Result
[INFO] [stdout]            slog::Result
[INFO] [stdout]            std::fmt::Result
[INFO] [stdout]            std::io::Result
[INFO] [stdout]            std::result::Result
[INFO] [stdout]            std::thread::Result
[INFO] [stdout]            tokio::io::Result
[INFO] [stdout] 
[INFO] [stdout] 
[INFO] [stdout] error[E0432]: unresolved imports `crate::error::Result`, `crate::utils::hexy`, `crate::utils::put_string`
[INFO] [stdout]    --> src/client/mod.rs:186:9
[INFO] [stdout]     |
[INFO] [stdout] 186 |         error::Result,
[INFO] [stdout]     |         ^^^^^^^^^^^^^ no `Result` in `error`
[INFO] [stdout] 187 |         utils::hexy,
[INFO] [stdout]     |         ^^^^^^^^^^^ no `hexy` in `utils`
[INFO] [stdout] 188 |         utils::put_string,
[INFO] [stdout]     |         ^^^^^^^^^^^^^^^^^ no `put_string` in `utils`
[INFO] [stdout]     |
[INFO] [stdout]     = help: consider importing one of these items instead:
[INFO] [stdout]             core::fmt::Result
[INFO] [stdout]             core::result::Result
[INFO] [stdout]             crate::client::Result
[INFO] [stdout]             slog::Result
[INFO] [stdout]             std::fmt::Result
[INFO] [stdout]             std::io::Result
[INFO] [stdout]             std::result::Result
[INFO] [stdout]             std::thread::Result
[INFO] [stdout]             tokio::io::Result
[INFO] [stdout] 
[INFO] [stdout] 
[INFO] [stdout] error[E0432]: unresolved import `error::ErrSource`
[INFO] [stdout]    --> src/lib.rs:112:9
[INFO] [stdout]     |
[INFO] [stdout] 112 | pub use error::ErrSource;
[INFO] [stdout]     |         ^^^^^^^^^^^^^^^^ no `ErrSource` in `error`
[INFO] [stdout] 
[INFO] [stdout] 
[INFO] [stdout] error[E0432]: unresolved import `error::Error`
[INFO] [stdout]    --> src/lib.rs:113:9
[INFO] [stdout]     |
[INFO] [stdout] 113 | pub use error::Error;
[INFO] [stdout]     |         ^^^^^^^^^^^^ no `Error` in `error`
[INFO] [stdout]     |
[INFO] [stdout] help: consider importing one of these items instead
[INFO] [stdout]     |
[INFO] [stdout] 113 | pub use core::error::Error;
[INFO] [stdout]     |         ~~~~~~~~~~~~~~~~~~
[INFO] [stdout] 113 | pub use core::fmt::Error;
[INFO] [stdout]     |         ~~~~~~~~~~~~~~~~
[INFO] [stdout] 113 | pub use rand::Error;
[INFO] [stdout]     |         ~~~~~~~~~~~
[INFO] [stdout] 113 | pub use slog::Error;
[INFO] [stdout]     |         ~~~~~~~~~~~
[INFO] [stdout]       and 7 other candidates
[INFO] [stdout] 
[INFO] [stdout] 
[INFO] [stdout] error[E0432]: unresolved import `error::Result`
[INFO] [stdout]    --> src/lib.rs:114:9
[INFO] [stdout]     |
[INFO] [stdout] 114 | pub use error::Result;
[INFO] [stdout]     |         ^^^^^^^^^^^^^ no `Result` in `error`
[INFO] [stdout]     |
[INFO] [stdout] help: consider importing one of these items instead
[INFO] [stdout]     |
[INFO] [stdout] 114 | pub use core::fmt::Result;
[INFO] [stdout]     |         ~~~~~~~~~~~~~~~~~
[INFO] [stdout] 114 | pub use core::result::Result;
[INFO] [stdout]     |         ~~~~~~~~~~~~~~~~~~~~
[INFO] [stdout] 114 | pub use slog::Result;
[INFO] [stdout]     |         ~~~~~~~~~~~~
[INFO] [stdout] 114 | pub use std::fmt::Result;
[INFO] [stdout]     |         ~~~~~~~~~~~~~~~~
[INFO] [stdout]       and 4 other candidates
[INFO] [stdout] 
[INFO] [stdout] 
[INFO] [stdout] warning: lint `intra_doc_link_resolution_failure` has been removed: use `rustdoc::broken_intra_doc_links` instead
[INFO] [stdout]   --> src/lib.rs:39:5
[INFO] [stdout]    |
[INFO] [stdout] 39 |     intra_doc_link_resolution_failure,
[INFO] [stdout]    |     ^^^^^^^^^^^^^^^^^^^^^^^^^^^^^^^^^
[INFO] [stdout]    |
[INFO] [stdout]    = note: `#[warn(renamed_and_removed_lints)]` on by default
[INFO] [stdout] 
[INFO] [stdout] 
[INFO] [stdout] warning: lint `mutable_borrow_reservation_conflict` has been removed: now allowed, see issue #59159 <https://github.com/rust-lang/rust/issues/59159> for more information
[INFO] [stdout]   --> src/lib.rs:50:5
[INFO] [stdout]    |
[INFO] [stdout] 50 |     mutable_borrow_reservation_conflict,
[INFO] [stdout]    |     ^^^^^^^^^^^^^^^^^^^^^^^^^^^^^^^^^^^
[INFO] [stdout] 
[INFO] [stdout] 
[INFO] [stdout] warning: lint `overlapping_patterns` has been renamed to `overlapping_range_endpoints`
[INFO] [stdout]   --> src/lib.rs:57:5
[INFO] [stdout]    |
[INFO] [stdout] 57 |     overlapping_patterns,
[INFO] [stdout]    |     ^^^^^^^^^^^^^^^^^^^^ help: use the new name: `overlapping_range_endpoints`
[INFO] [stdout] 
[INFO] [stdout] 
[INFO] [stdout] warning: lint `private_in_public` has been removed: replaced with another group of lints, see RFC <https://rust-lang.github.io/rfcs/2145-type-privacy.html> for more information
[INFO] [stdout]   --> src/lib.rs:60:5
[INFO] [stdout]    |
[INFO] [stdout] 60 |     private_in_public,
[INFO] [stdout]    |     ^^^^^^^^^^^^^^^^^
[INFO] [stdout] 
[INFO] [stdout] 
[INFO] [stdout] error: lint `safe_packed_borrows` has been removed: converted into hard error, see issue #82523 <https://github.com/rust-lang/rust/issues/82523> for more information
[INFO] [stdout]   --> src/lib.rs:64:5
[INFO] [stdout]    |
[INFO] [stdout] 64 |     safe_packed_borrows,
[INFO] [stdout]    |     ^^^^^^^^^^^^^^^^^^^
[INFO] [stdout]    |
[INFO] [stdout] note: the lint level is defined here
[INFO] [stdout]   --> src/lib.rs:63:5
[INFO] [stdout]    |
[INFO] [stdout] 63 |     renamed_and_removed_lints,
[INFO] [stdout]    |     ^^^^^^^^^^^^^^^^^^^^^^^^^
[INFO] [stdout] 
[INFO] [stdout] 
[INFO] [stdout] error[E0282]: type annotations needed
[INFO] [stdout]    --> src/client/mod.rs:131:13
[INFO] [stdout]     |
[INFO] [stdout] 131 | /             tokio::select! {
[INFO] [stdout] 132 | |                 msg_opt = self.receiver.recv() => {
[INFO] [stdout] 133 | |                     if let Some(msg) = msg_opt {
[INFO] [stdout] 134 | |                         try_trace!(self.logger, "Agent <= {}", msg);
[INFO] [stdout] ...   |
[INFO] [stdout] 173 | |                 }
[INFO] [stdout] 174 | |             }
[INFO] [stdout]     | |_____________^ cannot infer type
[INFO] [stdout]     |
[INFO] [stdout]     = note: this error originates in the macro `$crate::select` which comes from the expansion of the macro `tokio::select` (in Nightly builds, run with -Z macro-backtrace for more info)
[INFO] [stdout] 
[INFO] [stdout] 
[INFO] [stdout] error[E0599]: no method named `poll` found for struct `Pin<_>` in the current scope
[INFO] [stdout]    --> src/client/mod.rs:131:13
[INFO] [stdout]     |
[INFO] [stdout] 131 | /             tokio::select! {
[INFO] [stdout] 132 | |                 msg_opt = self.receiver.recv() => {
[INFO] [stdout] 133 | |                     if let Some(msg) = msg_opt {
[INFO] [stdout] 134 | |                         try_trace!(self.logger, "Agent <= {}", msg);
[INFO] [stdout] ...   |
[INFO] [stdout] 173 | |                 }
[INFO] [stdout] 174 | |             }
[INFO] [stdout]     | |_____________^ method not found in `Pin<_>`
[INFO] [stdout]     |
[INFO] [stdout] note: method is available for `Pin<&mut _>`
[INFO] [stdout]    --> /rustc/268dbbbc4b3fd71c5f360a4d0728295252430b5b/library/core/src/future/future.rs:104:5
[INFO] [stdout] note: method is available for `Pin<&_>`
[INFO] [stdout]    --> /rustc/268dbbbc4b3fd71c5f360a4d0728295252430b5b/library/core/src/future/future.rs:104:5
[INFO] [stdout]     = note: this error originates in the macro `$crate::select` which comes from the expansion of the macro `tokio::select` (in Nightly builds, run with -Z macro-backtrace for more info)
[INFO] [stdout] 
[INFO] [stdout] 
[INFO] [stdout] error[E0282]: type annotations needed
[INFO] [stdout]    --> src/client/mod.rs:131:13
[INFO] [stdout]     |
[INFO] [stdout] 131 | /             tokio::select! {
[INFO] [stdout] 132 | |                 msg_opt = self.receiver.recv() => {
[INFO] [stdout] 133 | |                     if let Some(msg) = msg_opt {
[INFO] [stdout] 134 | |                         try_trace!(self.logger, "Agent <= {}", msg);
[INFO] [stdout] ...   |
[INFO] [stdout] 173 | |                 }
[INFO] [stdout] 174 | |             }
[INFO] [stdout]     | |_____________^ cannot infer type
[INFO] [stdout]     |
[INFO] [stdout]     = note: this error originates in the macro `$crate::select` which comes from the expansion of the macro `tokio::select` (in Nightly builds, run with -Z macro-backtrace for more info)
[INFO] [stdout] 
[INFO] [stdout] 
[INFO] [stdout] error[E0599]: no method named `poll` found for struct `Pin<_>` in the current scope
[INFO] [stdout]    --> src/client/mod.rs:131:13
[INFO] [stdout]     |
[INFO] [stdout] 131 | /             tokio::select! {
[INFO] [stdout] 132 | |                 msg_opt = self.receiver.recv() => {
[INFO] [stdout] 133 | |                     if let Some(msg) = msg_opt {
[INFO] [stdout] 134 | |                         try_trace!(self.logger, "Agent <= {}", msg);
[INFO] [stdout] ...   |
[INFO] [stdout] 173 | |                 }
[INFO] [stdout] 174 | |             }
[INFO] [stdout]     | |_____________^ method not found in `Pin<_>`
[INFO] [stdout]     |
[INFO] [stdout] note: method is available for `Pin<&mut _>`
[INFO] [stdout]    --> /rustc/268dbbbc4b3fd71c5f360a4d0728295252430b5b/library/core/src/future/future.rs:104:5
[INFO] [stdout] note: method is available for `Pin<&_>`
[INFO] [stdout]    --> /rustc/268dbbbc4b3fd71c5f360a4d0728295252430b5b/library/core/src/future/future.rs:104:5
[INFO] [stdout]     = note: this error originates in the macro `$crate::select` which comes from the expansion of the macro `tokio::select` (in Nightly builds, run with -Z macro-backtrace for more info)
[INFO] [stdout] 
[INFO] [stdout] 
[INFO] [stdout] error: aborting due to 11 previous errors; 4 warnings emitted
[INFO] [stdout] 
[INFO] [stdout] 
[INFO] [stdout] Some errors have detailed explanations: E0282, E0432, E0557, E0599.
[INFO] [stdout] 
[INFO] [stdout] For more information about an error, try `rustc --explain E0282`.
[INFO] [stdout] 
[INFO] [stderr] error: could not compile `russh-agent` (lib) due to 12 previous errors; 4 warnings emitted
[INFO] [stderr] warning: build failed, waiting for other jobs to finish...
[INFO] [stdout] error[E0277]: the size for values of type `[u8]` cannot be known at compilation time
[INFO] [stdout]    --> src/client/mod.rs:241:19
[INFO] [stdout]     |
[INFO] [stdout] 241 |         if let Ok(pk) = add_identity(&mut sender, None).await {
[INFO] [stdout]     |                   ^^ doesn't have a size known at compile-time
[INFO] [stdout]     |
[INFO] [stdout]     = help: the trait `Sized` is not implemented for `[u8]`
[INFO] [stdout]     = note: all local variables must have a statically known size
[INFO] [stdout]     = help: unsized locals are gated as an unstable feature
[INFO] [stdout] 
[INFO] [stdout] 
[INFO] [stdout] error[E0277]: the size for values of type `[u8]` cannot be known at compilation time
[INFO] [stdout]    --> src/client/mod.rs:241:16
[INFO] [stdout]     |
[INFO] [stdout] 241 |         if let Ok(pk) = add_identity(&mut sender, None).await {
[INFO] [stdout]     |                ^^^^^^ doesn't have a size known at compile-time
[INFO] [stdout]     |
[INFO] [stdout]     = help: the trait `Sized` is not implemented for `[u8]`
[INFO] [stdout] note: required by a bound in `Ok`
[INFO] [stdout]    --> /rustc/268dbbbc4b3fd71c5f360a4d0728295252430b5b/library/core/src/result.rs:506:5
[INFO] [stdout] 
[INFO] [stdout] 
[INFO] [stdout] error[E0277]: the size for values of type `[u8]` cannot be known at compilation time
[INFO] [stdout]    --> src/client/mod.rs:258:19
[INFO] [stdout]     |
[INFO] [stdout] 258 |         if let Ok(pk) = add_identity(&mut sender, Some(constraint.payload().clone())).await {
[INFO] [stdout]     |                   ^^ doesn't have a size known at compile-time
[INFO] [stdout]     |
[INFO] [stdout]     = help: the trait `Sized` is not implemented for `[u8]`
[INFO] [stdout]     = note: all local variables must have a statically known size
[INFO] [stdout]     = help: unsized locals are gated as an unstable feature
[INFO] [stdout] 
[INFO] [stdout] 
[INFO] [stdout] error[E0277]: the size for values of type `[u8]` cannot be known at compilation time
[INFO] [stdout]    --> src/client/mod.rs:258:16
[INFO] [stdout]     |
[INFO] [stdout] 258 |         if let Ok(pk) = add_identity(&mut sender, Some(constraint.payload().clone())).await {
[INFO] [stdout]     |                ^^^^^^ doesn't have a size known at compile-time
[INFO] [stdout]     |
[INFO] [stdout]     = help: the trait `Sized` is not implemented for `[u8]`
[INFO] [stdout] note: required by a bound in `Ok`
[INFO] [stdout]    --> /rustc/268dbbbc4b3fd71c5f360a4d0728295252430b5b/library/core/src/result.rs:506:5
[INFO] [stdout] 
[INFO] [stdout] 
[INFO] [stdout] error[E0277]: the trait bound `OsRng: rand_core::CryptoRng` is not satisfied
[INFO] [stdout]    --> src/client/mod.rs:300:41
[INFO] [stdout]     |
[INFO] [stdout] 300 |         let keypair = Keypair::generate(&mut csprng);
[INFO] [stdout]     |                       ----------------- ^^^^^^^^^^^ the trait `rand_core::CryptoRng` is not implemented for `OsRng`
[INFO] [stdout]     |                       |
[INFO] [stdout]     |                       required by a bound introduced by this call
[INFO] [stdout]     |
[INFO] [stdout]     = help: the following other types implement trait `rand_core::CryptoRng`:
[INFO] [stdout]               rand_chacha::chacha::ChaCha20Core
[INFO] [stdout]               rand_chacha::chacha::ChaCha20Rng
[INFO] [stdout]               rand_chacha::chacha::ChaCha12Core
[INFO] [stdout]               rand_chacha::chacha::ChaCha12Rng
[INFO] [stdout]               rand_core::block::BlockRng<R>
[INFO] [stdout]               rand_chacha::chacha::ChaCha8Core
[INFO] [stdout]               rand_chacha::chacha::ChaCha8Rng
[INFO] [stdout]               rand_core::os::OsRng
[INFO] [stdout]             and 6 others
[INFO] [stdout] note: required by a bound in `Keypair::generate`
[INFO] [stdout]    --> /opt/rustwide/cargo-home/registry/src/index.crates.io-6f17d22bba15001f/ed25519-dalek-1.0.0-pre.3/src/ed25519.rs:130:12
[INFO] [stdout]     |
[INFO] [stdout] 128 |     pub fn generate<R>(csprng: &mut R) -> Keypair
[INFO] [stdout]     |            -------- required by a bound in this associated function
[INFO] [stdout] 129 |     where
[INFO] [stdout] 130 |         R: CryptoRng + RngCore,
[INFO] [stdout]     |            ^^^^^^^^^ required by this bound in `Keypair::generate`
[INFO] [stdout] 
[INFO] [stdout] 
[INFO] [stdout] error[E0277]: the trait bound `OsRng: rand_core::RngCore` is not satisfied
[INFO] [stdout]    --> src/client/mod.rs:300:41
[INFO] [stdout]     |
[INFO] [stdout] 300 |         let keypair = Keypair::generate(&mut csprng);
[INFO] [stdout]     |                       ----------------- ^^^^^^^^^^^ the trait `rand_core::RngCore` is not implemented for `OsRng`
[INFO] [stdout]     |                       |
[INFO] [stdout]     |                       required by a bound introduced by this call
[INFO] [stdout]     |
[INFO] [stdout]     = help: the following other types implement trait `rand_core::RngCore`:
[INFO] [stdout]               rand_chacha::chacha::ChaCha20Rng
[INFO] [stdout]               rand_chacha::chacha::ChaCha12Rng
[INFO] [stdout]               rand_core::block::BlockRng<R>
[INFO] [stdout]               rand_core::block::BlockRng64<R>
[INFO] [stdout]               rand_chacha::chacha::ChaCha8Rng
[INFO] [stdout]               rand_core::os::OsRng
[INFO] [stdout]               Box<R>
[INFO] [stdout]               rand::rngs::adapter::read::ReadRng<R>
[INFO] [stdout]             and 6 others
[INFO] [stdout] note: required by a bound in `Keypair::generate`
[INFO] [stdout]    --> /opt/rustwide/cargo-home/registry/src/index.crates.io-6f17d22bba15001f/ed25519-dalek-1.0.0-pre.3/src/ed25519.rs:130:24
[INFO] [stdout]     |
[INFO] [stdout] 128 |     pub fn generate<R>(csprng: &mut R) -> Keypair
[INFO] [stdout]     |            -------- required by a bound in this associated function
[INFO] [stdout] 129 |     where
[INFO] [stdout] 130 |         R: CryptoRng + RngCore,
[INFO] [stdout]     |                        ^^^^^^^ required by this bound in `Keypair::generate`
[INFO] [stdout] 
[INFO] [stdout] 
[INFO] [stdout] error[E0282]: type annotations needed
[INFO] [stdout]    --> src/client/mod.rs:234:21
[INFO] [stdout]     |
[INFO] [stdout] 234 |             let _ = join!(client, receive, send);
[INFO] [stdout]     |                     ^^^^^^^^^^^^^^^^^^^^^^^^^^^^ cannot infer type
[INFO] [stdout]     |
[INFO] [stdout]     = note: this error originates in the macro `$crate::join` which comes from the expansion of the macro `join` (in Nightly builds, run with -Z macro-backtrace for more info)
[INFO] [stdout] 
[INFO] [stdout] 
[INFO] [stdout] error[E0599]: no method named `poll` found for struct `Pin<_>` in the current scope
[INFO] [stdout]    --> src/client/mod.rs:234:21
[INFO] [stdout]     |
[INFO] [stdout] 234 |             let _ = join!(client, receive, send);
[INFO] [stdout]     |                     ^^^^^^^^^^^^^^^^^^^^^^^^^^^^ method not found in `Pin<_>`
[INFO] [stdout]     |
[INFO] [stdout] note: method is available for `Pin<&mut _>`
[INFO] [stdout]    --> /rustc/268dbbbc4b3fd71c5f360a4d0728295252430b5b/library/core/src/future/future.rs:104:5
[INFO] [stdout] note: method is available for `Pin<&_>`
[INFO] [stdout]    --> /rustc/268dbbbc4b3fd71c5f360a4d0728295252430b5b/library/core/src/future/future.rs:104:5
[INFO] [stdout]     = note: this error originates in the macro `$crate::join` which comes from the expansion of the macro `join` (in Nightly builds, run with -Z macro-backtrace for more info)
[INFO] [stdout] 
[INFO] [stdout] 
[INFO] [stdout] error[E0282]: type annotations needed
[INFO] [stdout]    --> src/client/mod.rs:234:21
[INFO] [stdout]     |
[INFO] [stdout] 234 |             let _ = join!(client, receive, send);
[INFO] [stdout]     |                     ^^^^^^^^^^^^^^^^^^^^^^^^^^^^ cannot infer type
[INFO] [stdout]     |
[INFO] [stdout]     = note: this error originates in the macro `$crate::join` which comes from the expansion of the macro `join` (in Nightly builds, run with -Z macro-backtrace for more info)
[INFO] [stdout] 
[INFO] [stdout] 
[INFO] [stdout] error[E0599]: no method named `take_output` found for struct `Pin<_>` in the current scope
[INFO] [stdout]    --> src/client/mod.rs:234:21
[INFO] [stdout]     |
[INFO] [stdout] 234 |             let _ = join!(client, receive, send);
[INFO] [stdout]     |                     ^^^^^^^^^^^^^^^^^^^^^^^^^^^^ method not found in `Pin<_>`
[INFO] [stdout]     |
[INFO] [stdout]     = note: this error originates in the macro `$crate::join` which comes from the expansion of the macro `join` (in Nightly builds, run with -Z macro-backtrace for more info)
[INFO] [stdout] 
[INFO] [stdout] 
[INFO] [stdout] error: aborting due to 23 previous errors; 4 warnings emitted
[INFO] [stdout] 
[INFO] [stdout] 
[INFO] [stdout] Some errors have detailed explanations: E0277, E0282, E0432, E0557, E0599.
[INFO] [stdout] 
[INFO] [stdout] For more information about an error, try `rustc --explain E0277`.
[INFO] [stdout] 
[INFO] [stderr] error: could not compile `russh-agent` (lib test) due to 24 previous errors; 4 warnings emitted
[INFO] running `Command { std: "docker" "inspect" "7a02246b7abd0483975c91d5c7f3b544783e1de01c6888a5b1a43295fd50f05b", kill_on_drop: false }`
[INFO] running `Command { std: "docker" "rm" "-f" "7a02246b7abd0483975c91d5c7f3b544783e1de01c6888a5b1a43295fd50f05b", kill_on_drop: false }`
[INFO] [stdout] 7a02246b7abd0483975c91d5c7f3b544783e1de01c6888a5b1a43295fd50f05b
