[INFO] fetching crate rusqlite_migration 1.1.0-alpha.2...
[INFO] checking rusqlite_migration-1.1.0-alpha.2 against nightly-2024-02-05 for check-cfg
[INFO] extracting crate rusqlite_migration 1.1.0-alpha.2 into /workspace/builds/worker-0-tc1/source
[INFO] validating manifest of crates.io crate rusqlite_migration 1.1.0-alpha.2 on toolchain nightly-2024-02-05
[INFO] running `Command { std: CARGO_HOME="/workspace/cargo-home" RUSTUP_HOME="/workspace/rustup-home" "/workspace/cargo-home/bin/cargo" "+nightly-2024-02-05" "metadata" "--manifest-path" "Cargo.toml" "--no-deps", kill_on_drop: false }`
[INFO] started tweaking crates.io crate rusqlite_migration 1.1.0-alpha.2
[INFO] finished tweaking crates.io crate rusqlite_migration 1.1.0-alpha.2
[INFO] tweaked toml for crates.io crate rusqlite_migration 1.1.0-alpha.2 written to /workspace/builds/worker-0-tc1/source/Cargo.toml
[INFO] running `Command { std: CARGO_HOME="/workspace/cargo-home" RUSTUP_HOME="/workspace/rustup-home" "/workspace/cargo-home/bin/cargo" "+nightly-2024-02-05" "generate-lockfile" "--manifest-path" "Cargo.toml", kill_on_drop: false }`
[INFO] [stderr]     Updating crates.io index
[INFO] running `Command { std: CARGO_HOME="/workspace/cargo-home" RUSTUP_HOME="/workspace/rustup-home" "/workspace/cargo-home/bin/cargo" "+nightly-2024-02-05" "fetch" "--manifest-path" "Cargo.toml", kill_on_drop: false }`
[INFO] [stderr]  Downloading crates ...
[INFO] [stderr]   Downloaded tokio-rusqlite v0.4.0
[INFO] [stderr]   Downloaded simple-logging v2.0.2
[INFO] [stderr]   Downloaded mktemp v0.5.1
[INFO] [stderr]   Downloaded iai v0.1.1
[INFO] running `Command { std: "docker" "create" "-v" "/var/lib/crater-agent-workspace/builds/worker-0-tc1/target:/opt/rustwide/target:rw,Z" "-v" "/var/lib/crater-agent-workspace/builds/worker-0-tc1/source:/opt/rustwide/workdir:ro,Z" "-v" "/var/lib/crater-agent-workspace/cargo-home:/opt/rustwide/cargo-home:ro,Z" "-v" "/var/lib/crater-agent-workspace/rustup-home:/opt/rustwide/rustup-home:ro,Z" "-e" "SOURCE_DIR=/opt/rustwide/workdir" "-e" "CARGO_TARGET_DIR=/opt/rustwide/target" "-e" "CARGO_HOME=/opt/rustwide/cargo-home" "-e" "RUSTUP_HOME=/opt/rustwide/rustup-home" "-w" "/opt/rustwide/workdir" "-m" "1610612736" "--user" "0:0" "--network" "none" "ghcr.io/rust-lang/crates-build-env/linux@sha256:2788e3201cd34a07e3172128adcd8b3090168a8e3bcc40d7c032b9dda1df7d1c" "/opt/rustwide/cargo-home/bin/cargo" "+nightly-2024-02-05" "metadata" "--no-deps" "--format-version=1", kill_on_drop: false }`
[INFO] [stdout] 7472e9749f4dba64daf91ccf673bf3a34db684c32df89c0123be55b8ddcd616d
[INFO] running `Command { std: "docker" "start" "-a" "7472e9749f4dba64daf91ccf673bf3a34db684c32df89c0123be55b8ddcd616d", kill_on_drop: false }`
[INFO] running `Command { std: "docker" "inspect" "7472e9749f4dba64daf91ccf673bf3a34db684c32df89c0123be55b8ddcd616d", kill_on_drop: false }`
[INFO] running `Command { std: "docker" "rm" "-f" "7472e9749f4dba64daf91ccf673bf3a34db684c32df89c0123be55b8ddcd616d", kill_on_drop: false }`
[INFO] [stdout] 7472e9749f4dba64daf91ccf673bf3a34db684c32df89c0123be55b8ddcd616d
[INFO] running `Command { std: "docker" "create" "-v" "/var/lib/crater-agent-workspace/builds/worker-0-tc1/target:/opt/rustwide/target:rw,Z" "-v" "/var/lib/crater-agent-workspace/builds/worker-0-tc1/source:/opt/rustwide/workdir:ro,Z" "-v" "/var/lib/crater-agent-workspace/cargo-home:/opt/rustwide/cargo-home:ro,Z" "-v" "/var/lib/crater-agent-workspace/rustup-home:/opt/rustwide/rustup-home:ro,Z" "-e" "SOURCE_DIR=/opt/rustwide/workdir" "-e" "CARGO_TARGET_DIR=/opt/rustwide/target" "-e" "CARGO_INCREMENTAL=0" "-e" "RUST_BACKTRACE=full" "-e" "RUSTFLAGS=--cap-lints=forbid" "-e" "RUSTDOCFLAGS=--cap-lints=forbid" "-e" "CARGO_HOME=/opt/rustwide/cargo-home" "-e" "RUSTUP_HOME=/opt/rustwide/rustup-home" "-w" "/opt/rustwide/workdir" "-m" "1610612736" "--user" "0:0" "--network" "none" "ghcr.io/rust-lang/crates-build-env/linux@sha256:2788e3201cd34a07e3172128adcd8b3090168a8e3bcc40d7c032b9dda1df7d1c" "/opt/rustwide/cargo-home/bin/cargo" "+nightly-2024-02-05" "check" "--frozen" "--all" "--all-targets" "--message-format=json", kill_on_drop: false }`
[INFO] [stdout] d53ba0d08815a7391a883f1333876ef589ecf1199b746f40840f49314939c1b5
[INFO] running `Command { std: "docker" "start" "-a" "d53ba0d08815a7391a883f1333876ef589ecf1199b746f40840f49314939c1b5", kill_on_drop: false }`
[INFO] [stderr]     Checking zerocopy v0.7.32
[INFO] [stderr]    Compiling ahash v0.8.7
[INFO] [stderr]    Compiling libsqlite3-sys v0.26.0
[INFO] [stderr]     Checking allocator-api2 v0.2.16
[INFO] [stderr]     Checking parking_lot_core v0.9.9
[INFO] [stderr]     Checking regex-automata v0.4.5
[INFO] [stderr]    Compiling async-stream-impl v0.3.5
[INFO] [stderr]     Checking getrandom v0.2.12
[INFO] [stderr]     Checking serde v1.0.196
[INFO] [stderr]     Checking fallible-streaming-iterator v0.1.9
[INFO] [stderr]     Checking fallible-iterator v0.2.0
[INFO] [stderr]    Compiling anyhow v1.0.79
[INFO] [stderr]     Checking rayon v1.8.1
[INFO] [stderr]     Checking thread-id v3.3.0
[INFO] [stderr]     Checking humantime v2.1.0
[INFO] [stderr]     Checking termcolor v1.4.1
[INFO] [stderr]     Checking simple-logging v2.0.2
[INFO] [stderr]     Checking uuid v1.4.1
[INFO] [stderr]     Checking iai v0.1.1
[INFO] [stderr]     Checking parking_lot v0.12.1
[INFO] [stderr]     Checking mktemp v0.5.1
[INFO] [stderr]     Checking tokio v1.36.0
[INFO] [stderr]     Checking hashbrown v0.14.3
[INFO] [stderr]     Checking async-stream v0.3.5
[INFO] [stderr]     Checking hashlink v0.8.4
[INFO] [stderr]     Checking rusqlite v0.29.0
[INFO] [stderr]     Checking regex v1.10.3
[INFO] [stderr]     Checking rusqlite_migration v1.1.0-alpha.2 (/opt/rustwide/workdir)
[INFO] [stderr]     Checking env_logger v0.10.2
[INFO] [stderr]     Checking serde_json v1.0.113
[INFO] [stderr]     Checking ciborium v0.2.2
[INFO] [stderr]     Checking tinytemplate v1.2.1
[INFO] [stderr]     Checking criterion v0.5.1
[INFO] [stderr]     Checking tokio-stream v0.1.14
[INFO] [stderr]     Checking tokio-test v0.4.3
[INFO] [stdout] error[E0432]: unresolved import `include_dir`
[INFO] [stdout]   --> benches/from_directory.rs:18:5
[INFO] [stdout]    |
[INFO] [stdout] 18 | use include_dir::{include_dir, Dir};
[INFO] [stdout]    |     ^^^^^^^^^^^ use of undeclared crate or module `include_dir`
[INFO] [stdout] 
[INFO] [stdout] 
[INFO] [stdout] error: aborting due to 1 previous error
[INFO] [stdout] 
[INFO] [stdout] 
[INFO] [stdout] For more information about this error, try `rustc --explain E0432`.
[INFO] [stdout] 
[INFO] [stderr] error: could not compile `rusqlite_migration` (bench "from_directory") due to 2 previous errors
[INFO] [stderr] warning: build failed, waiting for other jobs to finish...
[INFO] [stdout] error[E0432]: unresolved import `crate::AsyncMigrations`
[INFO] [stdout]    --> src/tests/asynch.rs:3:13
[INFO] [stdout]     |
[INFO] [stdout] 3   | use crate::{AsyncMigrations, Error, MigrationDefinitionError, M};
[INFO] [stdout]     |             ^^^^^^^^^^^^^^^
[INFO] [stdout]     |             |
[INFO] [stdout]     |             no `AsyncMigrations` in the root
[INFO] [stdout]     |             help: a similar name exists in the module: `Migrations`
[INFO] [stdout]     |
[INFO] [stdout] note: found an item that was configured out
[INFO] [stdout]    --> src/lib.rs:129:17
[INFO] [stdout]     |
[INFO] [stdout] 129 | pub use asynch::AsyncMigrations;
[INFO] [stdout]     |                 ^^^^^^^^^^^^^^^
[INFO] [stdout]     = note: the item is gated behind the `async-tokio-rusqlite` feature
[INFO] [stdout] 
[INFO] [stdout] 
[INFO] [stdout] error[E0432]: unresolved import `tokio_rusqlite`
[INFO] [stdout]  --> src/tests/asynch.rs:4:5
[INFO] [stdout]   |
[INFO] [stdout] 4 | use tokio_rusqlite::Connection as AsyncConnection;
[INFO] [stdout]   |     ^^^^^^^^^^^^^^ use of undeclared crate or module `tokio_rusqlite`
[INFO] [stdout] 
[INFO] [stdout] 
[INFO] [stdout] error[E0432]: unresolved import `crate::MigrationsBuilder`
[INFO] [stdout]    --> src/tests/builder.rs:3:13
[INFO] [stdout]     |
[INFO] [stdout] 3   | use crate::{MigrationsBuilder, M};
[INFO] [stdout]     |             ^^^^^^^^^^^^^^^^^ no `MigrationsBuilder` in the root
[INFO] [stdout]     |
[INFO] [stdout] note: found an item that was configured out
[INFO] [stdout]    --> src/lib.rs:119:18
[INFO] [stdout]     |
[INFO] [stdout] 119 | pub use builder::MigrationsBuilder;
[INFO] [stdout]     |                  ^^^^^^^^^^^^^^^^^
[INFO] [stdout]     = note: the item is gated behind the `from-directory` feature
[INFO] [stdout] 
[INFO] [stdout] 
[INFO] [stdout] warning: unused import: `std::iter::FromIterator`
[INFO] [stdout]  --> src/tests/asynch.rs:1:5
[INFO] [stdout]   |
[INFO] [stdout] 1 | use std::iter::FromIterator;
[INFO] [stdout]   |     ^^^^^^^^^^^^^^^^^^^^^^^
[INFO] [stdout]   |
[INFO] [stdout]   = note: `#[warn(unused_imports)]` on by default
[INFO] [stdout] 
[INFO] [stdout] 
[INFO] [stdout] warning: unused import: `std::iter::FromIterator`
[INFO] [stdout]  --> src/tests/builder.rs:1:5
[INFO] [stdout]   |
[INFO] [stdout] 1 | use std::iter::FromIterator;
[INFO] [stdout]   |     ^^^^^^^^^^^^^^^^^^^^^^^
[INFO] [stdout] 
[INFO] [stdout] 
[INFO] [stdout] error[E0283]: type annotations needed
[INFO] [stdout]    --> src/tests/synch.rs:311:67
[INFO] [stdout]     |
[INFO] [stdout] 311 |     assert_eq!(1usize, migrations.current_version(&conn).unwrap().into());
[INFO] [stdout]     |                                                                   ^^^^
[INFO] [stdout]     |
[INFO] [stdout]     = note: cannot satisfy `_: From<SchemaVersion>`
[INFO] [stdout]     = note: required for `SchemaVersion` to implement `Into<_>`
[INFO] [stdout] help: try using a fully qualified path to specify the expected types
[INFO] [stdout]     |
[INFO] [stdout] 311 |     assert_eq!(1usize, <SchemaVersion as Into<T>>::into(migrations.current_version(&conn).unwrap()));
[INFO] [stdout]     |                        +++++++++++++++++++++++++++++++++                                          ~
[INFO] [stdout] 
[INFO] [stdout] 
[INFO] [stdout] error[E0283]: type annotations needed
[INFO] [stdout]    --> src/tests/synch.rs:311:67
[INFO] [stdout]     |
[INFO] [stdout] 311 |     assert_eq!(1usize, migrations.current_version(&conn).unwrap().into());
[INFO] [stdout]     |     --------------------------------------------------------------^^^^--- type must be known at this point
[INFO] [stdout]     |
[INFO] [stdout]     = note: multiple `impl`s satisfying `usize: PartialEq<_>` found in the following crates: `core`, `serde_json`:
[INFO] [stdout]             - impl PartialEq<serde_json::Value> for usize;
[INFO] [stdout]             - impl<host> PartialEq for usize
[INFO] [stdout]               where the constant `host` has type `bool`;
[INFO] [stdout] help: try using a fully qualified path to specify the expected types
[INFO] [stdout]     |
[INFO] [stdout] 311 |     assert_eq!(1usize, <SchemaVersion as Into<T>>::into(migrations.current_version(&conn).unwrap()));
[INFO] [stdout]     |                        +++++++++++++++++++++++++++++++++                                          ~
[INFO] [stdout] 
[INFO] [stdout] 
[INFO] [stdout] error: aborting due to 5 previous errors; 2 warnings emitted
[INFO] [stdout] 
[INFO] [stdout] 
[INFO] [stdout] Some errors have detailed explanations: E0283, E0432.
[INFO] [stdout] 
[INFO] [stdout] For more information about an error, try `rustc --explain E0283`.
[INFO] [stdout] 
[INFO] [stderr] error: could not compile `rusqlite_migration` (lib test) due to 6 previous errors; 2 warnings emitted
[INFO] running `Command { std: "docker" "inspect" "d53ba0d08815a7391a883f1333876ef589ecf1199b746f40840f49314939c1b5", kill_on_drop: false }`
[INFO] running `Command { std: "docker" "rm" "-f" "d53ba0d08815a7391a883f1333876ef589ecf1199b746f40840f49314939c1b5", kill_on_drop: false }`
[INFO] [stdout] d53ba0d08815a7391a883f1333876ef589ecf1199b746f40840f49314939c1b5
[INFO] checking rusqlite_migration-1.1.0-alpha.2 against nightly-2024-02-05+rustflags=-Dunexpected_cfgs+cargoflags=-Zcheck-cfg for check-cfg
[INFO] extracting crate rusqlite_migration 1.1.0-alpha.2 into /workspace/builds/worker-0-tc2/source
[INFO] validating manifest of crates.io crate rusqlite_migration 1.1.0-alpha.2 on toolchain nightly-2024-02-05
[INFO] running `Command { std: CARGO_HOME="/workspace/cargo-home" RUSTUP_HOME="/workspace/rustup-home" "/workspace/cargo-home/bin/cargo" "+nightly-2024-02-05" "metadata" "--manifest-path" "Cargo.toml" "--no-deps", kill_on_drop: false }`
[INFO] started tweaking crates.io crate rusqlite_migration 1.1.0-alpha.2
[INFO] finished tweaking crates.io crate rusqlite_migration 1.1.0-alpha.2
[INFO] tweaked toml for crates.io crate rusqlite_migration 1.1.0-alpha.2 written to /workspace/builds/worker-0-tc2/source/Cargo.toml
[INFO] running `Command { std: CARGO_HOME="/workspace/cargo-home" RUSTUP_HOME="/workspace/rustup-home" "/workspace/cargo-home/bin/cargo" "+nightly-2024-02-05" "generate-lockfile" "--manifest-path" "Cargo.toml", kill_on_drop: false }`
[INFO] [stderr]     Updating crates.io index
[INFO] running `Command { std: CARGO_HOME="/workspace/cargo-home" RUSTUP_HOME="/workspace/rustup-home" "/workspace/cargo-home/bin/cargo" "+nightly-2024-02-05" "fetch" "--manifest-path" "Cargo.toml", kill_on_drop: false }`
[INFO] running `Command { std: "docker" "create" "-v" "/var/lib/crater-agent-workspace/builds/worker-0-tc2/target:/opt/rustwide/target:rw,Z" "-v" "/var/lib/crater-agent-workspace/builds/worker-0-tc2/source:/opt/rustwide/workdir:ro,Z" "-v" "/var/lib/crater-agent-workspace/cargo-home:/opt/rustwide/cargo-home:ro,Z" "-v" "/var/lib/crater-agent-workspace/rustup-home:/opt/rustwide/rustup-home:ro,Z" "-e" "SOURCE_DIR=/opt/rustwide/workdir" "-e" "CARGO_TARGET_DIR=/opt/rustwide/target" "-e" "CARGO_HOME=/opt/rustwide/cargo-home" "-e" "RUSTUP_HOME=/opt/rustwide/rustup-home" "-w" "/opt/rustwide/workdir" "-m" "1610612736" "--user" "0:0" "--network" "none" "ghcr.io/rust-lang/crates-build-env/linux@sha256:2788e3201cd34a07e3172128adcd8b3090168a8e3bcc40d7c032b9dda1df7d1c" "/opt/rustwide/cargo-home/bin/cargo" "+nightly-2024-02-05" "metadata" "--no-deps" "--format-version=1", kill_on_drop: false }`
[INFO] [stdout] d07d3bdd1cb2ba4f4597eb9fdfa3c13acfbb24067cee1cf4fb15d1f08ac969d9
[INFO] running `Command { std: "docker" "start" "-a" "d07d3bdd1cb2ba4f4597eb9fdfa3c13acfbb24067cee1cf4fb15d1f08ac969d9", kill_on_drop: false }`
[INFO] running `Command { std: "docker" "inspect" "d07d3bdd1cb2ba4f4597eb9fdfa3c13acfbb24067cee1cf4fb15d1f08ac969d9", kill_on_drop: false }`
[INFO] running `Command { std: "docker" "rm" "-f" "d07d3bdd1cb2ba4f4597eb9fdfa3c13acfbb24067cee1cf4fb15d1f08ac969d9", kill_on_drop: false }`
[INFO] [stdout] d07d3bdd1cb2ba4f4597eb9fdfa3c13acfbb24067cee1cf4fb15d1f08ac969d9
[INFO] running `Command { std: "docker" "create" "-v" "/var/lib/crater-agent-workspace/builds/worker-0-tc2/target:/opt/rustwide/target:rw,Z" "-v" "/var/lib/crater-agent-workspace/builds/worker-0-tc2/source:/opt/rustwide/workdir:ro,Z" "-v" "/var/lib/crater-agent-workspace/cargo-home:/opt/rustwide/cargo-home:ro,Z" "-v" "/var/lib/crater-agent-workspace/rustup-home:/opt/rustwide/rustup-home:ro,Z" "-e" "SOURCE_DIR=/opt/rustwide/workdir" "-e" "CARGO_TARGET_DIR=/opt/rustwide/target" "-e" "CARGO_INCREMENTAL=0" "-e" "RUST_BACKTRACE=full" "-e" "RUSTFLAGS=--cap-lints=forbid -Dunexpected_cfgs" "-e" "RUSTDOCFLAGS=--cap-lints=forbid" "-e" "CARGO_HOME=/opt/rustwide/cargo-home" "-e" "RUSTUP_HOME=/opt/rustwide/rustup-home" "-w" "/opt/rustwide/workdir" "-m" "1610612736" "--user" "0:0" "--network" "none" "ghcr.io/rust-lang/crates-build-env/linux@sha256:2788e3201cd34a07e3172128adcd8b3090168a8e3bcc40d7c032b9dda1df7d1c" "/opt/rustwide/cargo-home/bin/cargo" "+nightly-2024-02-05" "check" "--frozen" "--all" "--all-targets" "--message-format=json" "-Zcheck-cfg", kill_on_drop: false }`
[INFO] [stdout] be48c166ca77e30118cdbacb57c3a4ebee65e7fb1417ca9f644da3aab8f39a9b
[INFO] running `Command { std: "docker" "start" "-a" "be48c166ca77e30118cdbacb57c3a4ebee65e7fb1417ca9f644da3aab8f39a9b", kill_on_drop: false }`
[INFO] [stderr]    Compiling ahash v0.8.7
[INFO] [stderr]     Checking zerocopy v0.7.32
[INFO] [stderr]    Compiling libsqlite3-sys v0.26.0
[INFO] [stderr]     Checking allocator-api2 v0.2.16
[INFO] [stderr]     Checking parking_lot_core v0.9.9
[INFO] [stderr]     Checking regex-automata v0.4.5
[INFO] [stderr]    Compiling async-stream-impl v0.3.5
[INFO] [stderr]     Checking serde v1.0.196
[INFO] [stderr]     Checking getrandom v0.2.12
[INFO] [stderr]    Compiling anyhow v1.0.79
[INFO] [stderr]     Checking fallible-iterator v0.2.0
[INFO] [stderr]     Checking fallible-streaming-iterator v0.1.9
[INFO] [stderr]     Checking rayon v1.8.1
[INFO] [stderr]     Checking thread-id v3.3.0
[INFO] [stderr]     Checking humantime v2.1.0
[INFO] [stderr]     Checking termcolor v1.4.1
[INFO] [stderr]     Checking simple-logging v2.0.2
[INFO] [stderr]     Checking uuid v1.4.1
[INFO] [stderr]     Checking iai v0.1.1
[INFO] [stderr]     Checking parking_lot v0.12.1
[INFO] [stderr]     Checking mktemp v0.5.1
[INFO] [stderr]     Checking tokio v1.36.0
[INFO] [stderr]     Checking hashbrown v0.14.3
[INFO] [stderr]     Checking async-stream v0.3.5
[INFO] [stderr]     Checking hashlink v0.8.4
[INFO] [stderr]     Checking rusqlite v0.29.0
[INFO] [stderr]     Checking rusqlite_migration v1.1.0-alpha.2 (/opt/rustwide/workdir)
[INFO] [stderr]     Checking regex v1.10.3
[INFO] [stderr]     Checking env_logger v0.10.2
[INFO] [stderr]     Checking serde_json v1.0.113
[INFO] [stderr]     Checking ciborium v0.2.2
[INFO] [stderr]     Checking tinytemplate v1.2.1
[INFO] [stderr]     Checking criterion v0.5.1
[INFO] [stderr]     Checking tokio-stream v0.1.14
[INFO] [stderr]     Checking tokio-test v0.4.3
[INFO] [stdout] error[E0432]: unresolved import `include_dir`
[INFO] [stdout]   --> benches/from_directory.rs:18:5
[INFO] [stdout]    |
[INFO] [stdout] 18 | use include_dir::{include_dir, Dir};
[INFO] [stdout]    |     ^^^^^^^^^^^ use of undeclared crate or module `include_dir`
[INFO] [stdout] 
[INFO] [stdout] 
[INFO] [stdout] error: aborting due to 1 previous error
[INFO] [stdout] 
[INFO] [stdout] 
[INFO] [stdout] For more information about this error, try `rustc --explain E0432`.
[INFO] [stdout] 
[INFO] [stderr] error: could not compile `rusqlite_migration` (bench "from_directory") due to 2 previous errors
[INFO] [stderr] warning: build failed, waiting for other jobs to finish...
[INFO] [stdout] error[E0432]: unresolved import `crate::AsyncMigrations`
[INFO] [stdout]    --> src/tests/asynch.rs:3:13
[INFO] [stdout]     |
[INFO] [stdout] 3   | use crate::{AsyncMigrations, Error, MigrationDefinitionError, M};
[INFO] [stdout]     |             ^^^^^^^^^^^^^^^
[INFO] [stdout]     |             |
[INFO] [stdout]     |             no `AsyncMigrations` in the root
[INFO] [stdout]     |             help: a similar name exists in the module: `Migrations`
[INFO] [stdout]     |
[INFO] [stdout] note: found an item that was configured out
[INFO] [stdout]    --> src/lib.rs:129:17
[INFO] [stdout]     |
[INFO] [stdout] 129 | pub use asynch::AsyncMigrations;
[INFO] [stdout]     |                 ^^^^^^^^^^^^^^^
[INFO] [stdout]     = note: the item is gated behind the `async-tokio-rusqlite` feature
[INFO] [stdout] 
[INFO] [stdout] 
[INFO] [stdout] error[E0432]: unresolved import `tokio_rusqlite`
[INFO] [stdout]  --> src/tests/asynch.rs:4:5
[INFO] [stdout]   |
[INFO] [stdout] 4 | use tokio_rusqlite::Connection as AsyncConnection;
[INFO] [stdout]   |     ^^^^^^^^^^^^^^ use of undeclared crate or module `tokio_rusqlite`
[INFO] [stdout] 
[INFO] [stdout] 
[INFO] [stdout] error[E0432]: unresolved import `crate::MigrationsBuilder`
[INFO] [stdout]    --> src/tests/builder.rs:3:13
[INFO] [stdout]     |
[INFO] [stdout] 3   | use crate::{MigrationsBuilder, M};
[INFO] [stdout]     |             ^^^^^^^^^^^^^^^^^ no `MigrationsBuilder` in the root
[INFO] [stdout]     |
[INFO] [stdout] note: found an item that was configured out
[INFO] [stdout]    --> src/lib.rs:119:18
[INFO] [stdout]     |
[INFO] [stdout] 119 | pub use builder::MigrationsBuilder;
[INFO] [stdout]     |                  ^^^^^^^^^^^^^^^^^
[INFO] [stdout]     = note: the item is gated behind the `from-directory` feature
[INFO] [stdout] 
[INFO] [stdout] 
[INFO] [stdout] warning: unused import: `std::iter::FromIterator`
[INFO] [stdout]  --> src/tests/asynch.rs:1:5
[INFO] [stdout]   |
[INFO] [stdout] 1 | use std::iter::FromIterator;
[INFO] [stdout]   |     ^^^^^^^^^^^^^^^^^^^^^^^
[INFO] [stdout]   |
[INFO] [stdout]   = note: `#[warn(unused_imports)]` on by default
[INFO] [stdout] 
[INFO] [stdout] 
[INFO] [stdout] warning: unused import: `std::iter::FromIterator`
[INFO] [stdout]  --> src/tests/builder.rs:1:5
[INFO] [stdout]   |
[INFO] [stdout] 1 | use std::iter::FromIterator;
[INFO] [stdout]   |     ^^^^^^^^^^^^^^^^^^^^^^^
[INFO] [stdout] 
[INFO] [stdout] 
[INFO] [stdout] error[E0283]: type annotations needed
[INFO] [stdout]    --> src/tests/synch.rs:311:67
[INFO] [stdout]     |
[INFO] [stdout] 311 |     assert_eq!(1usize, migrations.current_version(&conn).unwrap().into());
[INFO] [stdout]     |                                                                   ^^^^
[INFO] [stdout]     |
[INFO] [stdout]     = note: cannot satisfy `_: From<SchemaVersion>`
[INFO] [stdout]     = note: required for `SchemaVersion` to implement `Into<_>`
[INFO] [stdout] help: try using a fully qualified path to specify the expected types
[INFO] [stdout]     |
[INFO] [stdout] 311 |     assert_eq!(1usize, <SchemaVersion as Into<T>>::into(migrations.current_version(&conn).unwrap()));
[INFO] [stdout]     |                        +++++++++++++++++++++++++++++++++                                          ~
[INFO] [stdout] 
[INFO] [stdout] 
[INFO] [stdout] error[E0283]: type annotations needed
[INFO] [stdout]    --> src/tests/synch.rs:311:67
[INFO] [stdout]     |
[INFO] [stdout] 311 |     assert_eq!(1usize, migrations.current_version(&conn).unwrap().into());
[INFO] [stdout]     |     --------------------------------------------------------------^^^^--- type must be known at this point
[INFO] [stdout]     |
[INFO] [stdout]     = note: multiple `impl`s satisfying `usize: PartialEq<_>` found in the following crates: `core`, `serde_json`:
[INFO] [stdout]             - impl PartialEq<serde_json::Value> for usize;
[INFO] [stdout]             - impl<host> PartialEq for usize
[INFO] [stdout]               where the constant `host` has type `bool`;
[INFO] [stdout] help: try using a fully qualified path to specify the expected types
[INFO] [stdout]     |
[INFO] [stdout] 311 |     assert_eq!(1usize, <SchemaVersion as Into<T>>::into(migrations.current_version(&conn).unwrap()));
[INFO] [stdout]     |                        +++++++++++++++++++++++++++++++++                                          ~
[INFO] [stdout] 
[INFO] [stdout] 
[INFO] [stdout] error: aborting due to 5 previous errors; 2 warnings emitted
[INFO] [stdout] 
[INFO] [stdout] 
[INFO] [stdout] Some errors have detailed explanations: E0283, E0432.
[INFO] [stdout] 
[INFO] [stdout] For more information about an error, try `rustc --explain E0283`.
[INFO] [stdout] 
[INFO] [stderr] error: could not compile `rusqlite_migration` (lib test) due to 6 previous errors; 2 warnings emitted
[INFO] running `Command { std: "docker" "inspect" "be48c166ca77e30118cdbacb57c3a4ebee65e7fb1417ca9f644da3aab8f39a9b", kill_on_drop: false }`
[INFO] running `Command { std: "docker" "rm" "-f" "be48c166ca77e30118cdbacb57c3a4ebee65e7fb1417ca9f644da3aab8f39a9b", kill_on_drop: false }`
[INFO] [stdout] be48c166ca77e30118cdbacb57c3a4ebee65e7fb1417ca9f644da3aab8f39a9b
