[INFO] fetching crate ruspiro-mmu 0.1.1...
[INFO] checking ruspiro-mmu-0.1.1 against nightly-2024-02-05 for check-cfg
[INFO] extracting crate ruspiro-mmu 0.1.1 into /workspace/builds/worker-0-tc1/source
[INFO] validating manifest of crates.io crate ruspiro-mmu 0.1.1 on toolchain nightly-2024-02-05
[INFO] running `Command { std: CARGO_HOME="/workspace/cargo-home" RUSTUP_HOME="/workspace/rustup-home" "/workspace/cargo-home/bin/cargo" "+nightly-2024-02-05" "metadata" "--manifest-path" "Cargo.toml" "--no-deps", kill_on_drop: false }`
[INFO] started tweaking crates.io crate ruspiro-mmu 0.1.1
[INFO] finished tweaking crates.io crate ruspiro-mmu 0.1.1
[INFO] tweaked toml for crates.io crate ruspiro-mmu 0.1.1 written to /workspace/builds/worker-0-tc1/source/Cargo.toml
[INFO] running `Command { std: CARGO_HOME="/workspace/cargo-home" RUSTUP_HOME="/workspace/rustup-home" "/workspace/cargo-home/bin/cargo" "+nightly-2024-02-05" "generate-lockfile" "--manifest-path" "Cargo.toml", kill_on_drop: false }`
[INFO] [stderr]     Updating crates.io index
[INFO] running `Command { std: CARGO_HOME="/workspace/cargo-home" RUSTUP_HOME="/workspace/rustup-home" "/workspace/cargo-home/bin/cargo" "+nightly-2024-02-05" "fetch" "--manifest-path" "Cargo.toml", kill_on_drop: false }`
[INFO] [stderr]  Downloading crates ...
[INFO] [stderr]   Downloaded ruspiro-register v0.5.5
[INFO] [stderr]   Downloaded ruspiro-arch-aarch64 v0.1.7
[INFO] running `Command { std: "docker" "create" "-v" "/var/lib/crater-agent-workspace/builds/worker-0-tc1/target:/opt/rustwide/target:rw,Z" "-v" "/var/lib/crater-agent-workspace/builds/worker-0-tc1/source:/opt/rustwide/workdir:ro,Z" "-v" "/var/lib/crater-agent-workspace/cargo-home:/opt/rustwide/cargo-home:ro,Z" "-v" "/var/lib/crater-agent-workspace/rustup-home:/opt/rustwide/rustup-home:ro,Z" "-e" "SOURCE_DIR=/opt/rustwide/workdir" "-e" "CARGO_TARGET_DIR=/opt/rustwide/target" "-e" "CARGO_HOME=/opt/rustwide/cargo-home" "-e" "RUSTUP_HOME=/opt/rustwide/rustup-home" "-w" "/opt/rustwide/workdir" "-m" "1610612736" "--user" "0:0" "--network" "none" "ghcr.io/rust-lang/crates-build-env/linux@sha256:2788e3201cd34a07e3172128adcd8b3090168a8e3bcc40d7c032b9dda1df7d1c" "/opt/rustwide/cargo-home/bin/cargo" "+nightly-2024-02-05" "metadata" "--no-deps" "--format-version=1", kill_on_drop: false }`
[INFO] [stdout] 7ef89f854d70f51ae443c9f0abbf28dba2a54b1ef6de3950838105b44178f872
[INFO] running `Command { std: "docker" "start" "-a" "7ef89f854d70f51ae443c9f0abbf28dba2a54b1ef6de3950838105b44178f872", kill_on_drop: false }`
[INFO] running `Command { std: "docker" "inspect" "7ef89f854d70f51ae443c9f0abbf28dba2a54b1ef6de3950838105b44178f872", kill_on_drop: false }`
[INFO] running `Command { std: "docker" "rm" "-f" "7ef89f854d70f51ae443c9f0abbf28dba2a54b1ef6de3950838105b44178f872", kill_on_drop: false }`
[INFO] [stdout] 7ef89f854d70f51ae443c9f0abbf28dba2a54b1ef6de3950838105b44178f872
[INFO] running `Command { std: "docker" "create" "-v" "/var/lib/crater-agent-workspace/builds/worker-0-tc1/target:/opt/rustwide/target:rw,Z" "-v" "/var/lib/crater-agent-workspace/builds/worker-0-tc1/source:/opt/rustwide/workdir:ro,Z" "-v" "/var/lib/crater-agent-workspace/cargo-home:/opt/rustwide/cargo-home:ro,Z" "-v" "/var/lib/crater-agent-workspace/rustup-home:/opt/rustwide/rustup-home:ro,Z" "-e" "SOURCE_DIR=/opt/rustwide/workdir" "-e" "CARGO_TARGET_DIR=/opt/rustwide/target" "-e" "CARGO_INCREMENTAL=0" "-e" "RUST_BACKTRACE=full" "-e" "RUSTFLAGS=--cap-lints=forbid" "-e" "RUSTDOCFLAGS=--cap-lints=forbid" "-e" "CARGO_HOME=/opt/rustwide/cargo-home" "-e" "RUSTUP_HOME=/opt/rustwide/rustup-home" "-w" "/opt/rustwide/workdir" "-m" "1610612736" "--user" "0:0" "--network" "none" "ghcr.io/rust-lang/crates-build-env/linux@sha256:2788e3201cd34a07e3172128adcd8b3090168a8e3bcc40d7c032b9dda1df7d1c" "/opt/rustwide/cargo-home/bin/cargo" "+nightly-2024-02-05" "check" "--frozen" "--all" "--all-targets" "--message-format=json", kill_on_drop: false }`
[INFO] [stdout] 51461a3a1b556568f8a00c9181548f7cc7c0ec3b90841a2d5d1923069eb72454
[INFO] running `Command { std: "docker" "start" "-a" "51461a3a1b556568f8a00c9181548f7cc7c0ec3b90841a2d5d1923069eb72454", kill_on_drop: false }`
[INFO] [stderr]    Compiling ruspiro-mmu v0.1.1 (/opt/rustwide/workdir)
[INFO] [stderr]     Checking ruspiro-register v0.5.5
[INFO] [stderr]     Checking ruspiro-arch-aarch64 v0.1.7
[INFO] [stdout] error: cannot find macro `llvm_asm` in this scope
[INFO] [stdout]   --> src/el1.rs:75:5
[INFO] [stdout]    |
[INFO] [stdout] 75 |     llvm_asm!("tlbi  vmalle1");
[INFO] [stdout]    |     ^^^^^^^^
[INFO] [stdout] 
[INFO] [stdout] 
[INFO] [stdout] error: cannot find macro `llvm_asm` in this scope
[INFO] [stdout]   --> src/el1.rs:82:5
[INFO] [stdout]    |
[INFO] [stdout] 82 |     llvm_asm!("tlbi  vmalle1");
[INFO] [stdout]    |     ^^^^^^^^
[INFO] [stdout] 
[INFO] [stdout] 
[INFO] [stdout] error: cannot find macro `llvm_asm` in this scope
[INFO] [stdout]   --> src/el2.rs:59:5
[INFO] [stdout]    |
[INFO] [stdout] 59 |     llvm_asm!("tlbi  alle2");
[INFO] [stdout]    |     ^^^^^^^^
[INFO] [stdout] 
[INFO] [stdout] 
[INFO] [stdout] error: cannot find macro `llvm_asm` in this scope
[INFO] [stdout]   --> src/el2.rs:66:5
[INFO] [stdout]    |
[INFO] [stdout] 66 |     llvm_asm!("tlbi  alle2");
[INFO] [stdout]    |     ^^^^^^^^
[INFO] [stdout] 
[INFO] [stdout] 
[INFO] [stdout] error: cannot find macro `llvm_asm` in this scope
[INFO] [stdout]   --> src/el1.rs:75:5
[INFO] [stdout]    |
[INFO] [stdout] 75 |     llvm_asm!("tlbi  vmalle1");
[INFO] [stdout]    |     ^^^^^^^^
[INFO] [stdout] 
[INFO] [stdout] 
[INFO] [stdout] error: cannot find macro `llvm_asm` in this scope
[INFO] [stdout]    --> src/ttbr0.rs:133:5
[INFO] [stdout]     |
[INFO] [stdout] 133 |     llvm_asm!("dsb   ishst");
[INFO] [stdout]     |     ^^^^^^^^
[INFO] [stdout] 
[INFO] [stdout] 
[INFO] [stdout] error: cannot find macro `llvm_asm` in this scope
[INFO] [stdout]   --> src/ttbr1.rs:57:5
[INFO] [stdout]    |
[INFO] [stdout] 57 |     llvm_asm!("dsb   ishst");
[INFO] [stdout]    |     ^^^^^^^^
[INFO] [stdout] 
[INFO] [stdout] 
[INFO] [stdout] error: cannot find macro `llvm_asm` in this scope
[INFO] [stdout]   --> src/el1.rs:82:5
[INFO] [stdout]    |
[INFO] [stdout] 82 |     llvm_asm!("tlbi  vmalle1");
[INFO] [stdout]    |     ^^^^^^^^
[INFO] [stdout] 
[INFO] [stdout] 
[INFO] [stdout] error: cannot find macro `llvm_asm` in this scope
[INFO] [stdout]   --> src/ttbr1.rs:96:5
[INFO] [stdout]    |
[INFO] [stdout] 96 |     llvm_asm!("dsb   ishst
[INFO] [stdout]    |     ^^^^^^^^
[INFO] [stdout] 
[INFO] [stdout] 
[INFO] [stdout] error: cannot find macro `llvm_asm` in this scope
[INFO] [stdout]   --> src/el2.rs:59:5
[INFO] [stdout]    |
[INFO] [stdout] 59 |     llvm_asm!("tlbi  alle2");
[INFO] [stdout]    |     ^^^^^^^^
[INFO] [stdout] 
[INFO] [stdout] 
[INFO] [stdout] error: cannot find macro `llvm_asm` in this scope
[INFO] [stdout]   --> src/el2.rs:66:5
[INFO] [stdout]    |
[INFO] [stdout] 66 |     llvm_asm!("tlbi  alle2");
[INFO] [stdout]    |     ^^^^^^^^
[INFO] [stdout] 
[INFO] [stdout] 
[INFO] [stdout] error: cannot find macro `llvm_asm` in this scope
[INFO] [stdout]    --> src/ttbr0.rs:133:5
[INFO] [stdout]     |
[INFO] [stdout] 133 |     llvm_asm!("dsb   ishst");
[INFO] [stdout]     |     ^^^^^^^^
[INFO] [stdout] 
[INFO] [stdout] 
[INFO] [stdout] error: cannot find macro `llvm_asm` in this scope
[INFO] [stdout]   --> src/ttbr1.rs:57:5
[INFO] [stdout]    |
[INFO] [stdout] 57 |     llvm_asm!("dsb   ishst");
[INFO] [stdout]    |     ^^^^^^^^
[INFO] [stdout] 
[INFO] [stdout] 
[INFO] [stdout] error: cannot find macro `llvm_asm` in this scope
[INFO] [stdout]   --> src/ttbr1.rs:96:5
[INFO] [stdout]    |
[INFO] [stdout] 96 |     llvm_asm!("dsb   ishst
[INFO] [stdout]    |     ^^^^^^^^
[INFO] [stdout] 
[INFO] [stdout] 
[INFO] [stdout] error[E0635]: unknown feature `llvm_asm`
[INFO] [stdout]  --> src/lib.rs:9:12
[INFO] [stdout]   |
[INFO] [stdout] 9 | #![feature(llvm_asm)]
[INFO] [stdout]   |            ^^^^^^^^
[INFO] [stdout] 
[INFO] [stdout] 
[INFO] [stdout] error[E0635]: unknown feature `llvm_asm`
[INFO] [stdout]  --> src/lib.rs:9:12
[INFO] [stdout]   |
[INFO] [stdout] 9 | #![feature(llvm_asm)]
[INFO] [stdout]   |            ^^^^^^^^
[INFO] [stdout] 
[INFO] [stdout] 
[INFO] [stdout] error: aborting due to 8 previous errors
[INFO] [stdout] 
[INFO] [stdout] 
[INFO] [stdout] For more information about this error, try `rustc --explain E0635`.
[INFO] [stdout] 
[INFO] [stdout] error: aborting due to 8 previous errors
[INFO] [stdout] 
[INFO] [stdout] 
[INFO] [stdout] For more information about this error, try `rustc --explain E0635`.
[INFO] [stdout] 
[INFO] [stderr] error: could not compile `ruspiro-mmu` (lib) due to 9 previous errors
[INFO] [stderr] warning: build failed, waiting for other jobs to finish...
[INFO] [stderr] error: could not compile `ruspiro-mmu` (lib test) due to 9 previous errors
[INFO] running `Command { std: "docker" "inspect" "51461a3a1b556568f8a00c9181548f7cc7c0ec3b90841a2d5d1923069eb72454", kill_on_drop: false }`
[INFO] running `Command { std: "docker" "rm" "-f" "51461a3a1b556568f8a00c9181548f7cc7c0ec3b90841a2d5d1923069eb72454", kill_on_drop: false }`
[INFO] [stdout] 51461a3a1b556568f8a00c9181548f7cc7c0ec3b90841a2d5d1923069eb72454
[INFO] checking ruspiro-mmu-0.1.1 against nightly-2024-02-05+rustflags=-Dunexpected_cfgs+cargoflags=-Zcheck-cfg for check-cfg
[INFO] extracting crate ruspiro-mmu 0.1.1 into /workspace/builds/worker-0-tc2/source
[INFO] validating manifest of crates.io crate ruspiro-mmu 0.1.1 on toolchain nightly-2024-02-05
[INFO] running `Command { std: CARGO_HOME="/workspace/cargo-home" RUSTUP_HOME="/workspace/rustup-home" "/workspace/cargo-home/bin/cargo" "+nightly-2024-02-05" "metadata" "--manifest-path" "Cargo.toml" "--no-deps", kill_on_drop: false }`
[INFO] started tweaking crates.io crate ruspiro-mmu 0.1.1
[INFO] finished tweaking crates.io crate ruspiro-mmu 0.1.1
[INFO] tweaked toml for crates.io crate ruspiro-mmu 0.1.1 written to /workspace/builds/worker-0-tc2/source/Cargo.toml
[INFO] running `Command { std: CARGO_HOME="/workspace/cargo-home" RUSTUP_HOME="/workspace/rustup-home" "/workspace/cargo-home/bin/cargo" "+nightly-2024-02-05" "generate-lockfile" "--manifest-path" "Cargo.toml", kill_on_drop: false }`
[INFO] [stderr]     Updating crates.io index
[INFO] running `Command { std: CARGO_HOME="/workspace/cargo-home" RUSTUP_HOME="/workspace/rustup-home" "/workspace/cargo-home/bin/cargo" "+nightly-2024-02-05" "fetch" "--manifest-path" "Cargo.toml", kill_on_drop: false }`
[INFO] running `Command { std: "docker" "create" "-v" "/var/lib/crater-agent-workspace/builds/worker-0-tc2/target:/opt/rustwide/target:rw,Z" "-v" "/var/lib/crater-agent-workspace/builds/worker-0-tc2/source:/opt/rustwide/workdir:ro,Z" "-v" "/var/lib/crater-agent-workspace/cargo-home:/opt/rustwide/cargo-home:ro,Z" "-v" "/var/lib/crater-agent-workspace/rustup-home:/opt/rustwide/rustup-home:ro,Z" "-e" "SOURCE_DIR=/opt/rustwide/workdir" "-e" "CARGO_TARGET_DIR=/opt/rustwide/target" "-e" "CARGO_HOME=/opt/rustwide/cargo-home" "-e" "RUSTUP_HOME=/opt/rustwide/rustup-home" "-w" "/opt/rustwide/workdir" "-m" "1610612736" "--user" "0:0" "--network" "none" "ghcr.io/rust-lang/crates-build-env/linux@sha256:2788e3201cd34a07e3172128adcd8b3090168a8e3bcc40d7c032b9dda1df7d1c" "/opt/rustwide/cargo-home/bin/cargo" "+nightly-2024-02-05" "metadata" "--no-deps" "--format-version=1", kill_on_drop: false }`
[INFO] [stdout] 96a853e0a7a20cbfae0ce52a5126952cddf448f0f7bf1a03701e03752eb3edae
[INFO] running `Command { std: "docker" "start" "-a" "96a853e0a7a20cbfae0ce52a5126952cddf448f0f7bf1a03701e03752eb3edae", kill_on_drop: false }`
[INFO] running `Command { std: "docker" "inspect" "96a853e0a7a20cbfae0ce52a5126952cddf448f0f7bf1a03701e03752eb3edae", kill_on_drop: false }`
[INFO] running `Command { std: "docker" "rm" "-f" "96a853e0a7a20cbfae0ce52a5126952cddf448f0f7bf1a03701e03752eb3edae", kill_on_drop: false }`
[INFO] [stdout] 96a853e0a7a20cbfae0ce52a5126952cddf448f0f7bf1a03701e03752eb3edae
[INFO] running `Command { std: "docker" "create" "-v" "/var/lib/crater-agent-workspace/builds/worker-0-tc2/target:/opt/rustwide/target:rw,Z" "-v" "/var/lib/crater-agent-workspace/builds/worker-0-tc2/source:/opt/rustwide/workdir:ro,Z" "-v" "/var/lib/crater-agent-workspace/cargo-home:/opt/rustwide/cargo-home:ro,Z" "-v" "/var/lib/crater-agent-workspace/rustup-home:/opt/rustwide/rustup-home:ro,Z" "-e" "SOURCE_DIR=/opt/rustwide/workdir" "-e" "CARGO_TARGET_DIR=/opt/rustwide/target" "-e" "CARGO_INCREMENTAL=0" "-e" "RUST_BACKTRACE=full" "-e" "RUSTFLAGS=--cap-lints=forbid -Dunexpected_cfgs" "-e" "RUSTDOCFLAGS=--cap-lints=forbid" "-e" "CARGO_HOME=/opt/rustwide/cargo-home" "-e" "RUSTUP_HOME=/opt/rustwide/rustup-home" "-w" "/opt/rustwide/workdir" "-m" "1610612736" "--user" "0:0" "--network" "none" "ghcr.io/rust-lang/crates-build-env/linux@sha256:2788e3201cd34a07e3172128adcd8b3090168a8e3bcc40d7c032b9dda1df7d1c" "/opt/rustwide/cargo-home/bin/cargo" "+nightly-2024-02-05" "check" "--frozen" "--all" "--all-targets" "--message-format=json" "-Zcheck-cfg", kill_on_drop: false }`
[INFO] [stdout] 0011f6df60b310ffdefe39e1b3b627ee89eeeb7a05542d37c30b5e1801eea7d2
[INFO] running `Command { std: "docker" "start" "-a" "0011f6df60b310ffdefe39e1b3b627ee89eeeb7a05542d37c30b5e1801eea7d2", kill_on_drop: false }`
[INFO] [stderr]     Checking ruspiro-register v0.5.5
[INFO] [stderr]    Compiling ruspiro-mmu v0.1.1 (/opt/rustwide/workdir)
[INFO] [stderr]     Checking ruspiro-arch-aarch64 v0.1.7
[INFO] [stdout] error: cannot find macro `llvm_asm` in this scope
[INFO] [stdout]   --> src/el1.rs:75:5
[INFO] [stdout]    |
[INFO] [stdout] 75 |     llvm_asm!("tlbi  vmalle1");
[INFO] [stdout]    |     ^^^^^^^^
[INFO] [stdout] 
[INFO] [stdout] 
[INFO] [stdout] error: cannot find macro `llvm_asm` in this scope
[INFO] [stdout]   --> src/el1.rs:82:5
[INFO] [stdout]    |
[INFO] [stdout] 82 |     llvm_asm!("tlbi  vmalle1");
[INFO] [stdout]    |     ^^^^^^^^
[INFO] [stdout] 
[INFO] [stdout] 
[INFO] [stdout] error: cannot find macro `llvm_asm` in this scope
[INFO] [stdout]   --> src/el2.rs:59:5
[INFO] [stdout]    |
[INFO] [stdout] 59 |     llvm_asm!("tlbi  alle2");
[INFO] [stdout]    |     ^^^^^^^^
[INFO] [stdout] 
[INFO] [stdout] 
[INFO] [stdout] error: cannot find macro `llvm_asm` in this scope
[INFO] [stdout]   --> src/el2.rs:66:5
[INFO] [stdout]    |
[INFO] [stdout] 66 |     llvm_asm!("tlbi  alle2");
[INFO] [stdout]    |     ^^^^^^^^
[INFO] [stdout] 
[INFO] [stdout] 
[INFO] [stdout] error: cannot find macro `llvm_asm` in this scope
[INFO] [stdout]    --> src/ttbr0.rs:133:5
[INFO] [stdout]     |
[INFO] [stdout] 133 |     llvm_asm!("dsb   ishst");
[INFO] [stdout]     |     ^^^^^^^^
[INFO] [stdout] 
[INFO] [stdout] 
[INFO] [stdout] error: cannot find macro `llvm_asm` in this scope
[INFO] [stdout]   --> src/ttbr1.rs:57:5
[INFO] [stdout]    |
[INFO] [stdout] 57 |     llvm_asm!("dsb   ishst");
[INFO] [stdout]    |     ^^^^^^^^
[INFO] [stdout] 
[INFO] [stdout] 
[INFO] [stdout] error: cannot find macro `llvm_asm` in this scope
[INFO] [stdout]   --> src/ttbr1.rs:96:5
[INFO] [stdout]    |
[INFO] [stdout] 96 |     llvm_asm!("dsb   ishst
[INFO] [stdout]    |     ^^^^^^^^
[INFO] [stdout] 
[INFO] [stdout] 
[INFO] [stdout] error: cannot find macro `llvm_asm` in this scope
[INFO] [stdout]   --> src/el1.rs:75:5
[INFO] [stdout]    |
[INFO] [stdout] 75 |     llvm_asm!("tlbi  vmalle1");
[INFO] [stdout]    |     ^^^^^^^^
[INFO] [stdout] 
[INFO] [stdout] 
[INFO] [stdout] error: cannot find macro `llvm_asm` in this scope
[INFO] [stdout]   --> src/el1.rs:82:5
[INFO] [stdout]    |
[INFO] [stdout] 82 |     llvm_asm!("tlbi  vmalle1");
[INFO] [stdout]    |     ^^^^^^^^
[INFO] [stdout] 
[INFO] [stdout] 
[INFO] [stdout] error: cannot find macro `llvm_asm` in this scope
[INFO] [stdout]   --> src/el2.rs:59:5
[INFO] [stdout]    |
[INFO] [stdout] 59 |     llvm_asm!("tlbi  alle2");
[INFO] [stdout]    |     ^^^^^^^^
[INFO] [stdout] 
[INFO] [stdout] 
[INFO] [stdout] error: cannot find macro `llvm_asm` in this scope
[INFO] [stdout]   --> src/el2.rs:66:5
[INFO] [stdout]    |
[INFO] [stdout] 66 |     llvm_asm!("tlbi  alle2");
[INFO] [stdout]    |     ^^^^^^^^
[INFO] [stdout] 
[INFO] [stdout] 
[INFO] [stdout] error: cannot find macro `llvm_asm` in this scope
[INFO] [stdout]    --> src/ttbr0.rs:133:5
[INFO] [stdout]     |
[INFO] [stdout] 133 |     llvm_asm!("dsb   ishst");
[INFO] [stdout]     |     ^^^^^^^^
[INFO] [stdout] 
[INFO] [stdout] 
[INFO] [stdout] error: cannot find macro `llvm_asm` in this scope
[INFO] [stdout]   --> src/ttbr1.rs:57:5
[INFO] [stdout]    |
[INFO] [stdout] 57 |     llvm_asm!("dsb   ishst");
[INFO] [stdout]    |     ^^^^^^^^
[INFO] [stdout] 
[INFO] [stdout] 
[INFO] [stdout] error[E0635]: unknown feature `llvm_asm`
[INFO] [stdout]  --> src/lib.rs:9:12
[INFO] [stdout]   |
[INFO] [stdout] 9 | #![feature(llvm_asm)]
[INFO] [stdout]   |            ^^^^^^^^
[INFO] [stdout] 
[INFO] [stdout] 
[INFO] [stdout] error: cannot find macro `llvm_asm` in this scope
[INFO] [stdout]   --> src/ttbr1.rs:96:5
[INFO] [stdout]    |
[INFO] [stdout] 96 |     llvm_asm!("dsb   ishst
[INFO] [stdout]    |     ^^^^^^^^
[INFO] [stdout] 
[INFO] [stdout] 
[INFO] [stdout] error[E0635]: unknown feature `llvm_asm`
[INFO] [stdout]  --> src/lib.rs:9:12
[INFO] [stdout]   |
[INFO] [stdout] 9 | #![feature(llvm_asm)]
[INFO] [stdout]   |            ^^^^^^^^
[INFO] [stdout] 
[INFO] [stdout] 
[INFO] [stdout] error: aborting due to 8 previous errors
[INFO] [stdout] 
[INFO] [stdout] 
[INFO] [stdout] For more information about this error, try `rustc --explain E0635`.
[INFO] [stdout] 
[INFO] [stdout] error: aborting due to 8 previous errors
[INFO] [stdout] 
[INFO] [stdout] 
[INFO] [stdout] For more information about this error, try `rustc --explain E0635`.
[INFO] [stdout] 
[INFO] [stderr] error: could not compile `ruspiro-mmu` (lib) due to 9 previous errors
[INFO] [stderr] warning: build failed, waiting for other jobs to finish...
[INFO] [stderr] error: could not compile `ruspiro-mmu` (lib test) due to 9 previous errors
[INFO] running `Command { std: "docker" "inspect" "0011f6df60b310ffdefe39e1b3b627ee89eeeb7a05542d37c30b5e1801eea7d2", kill_on_drop: false }`
[INFO] running `Command { std: "docker" "rm" "-f" "0011f6df60b310ffdefe39e1b3b627ee89eeeb7a05542d37c30b5e1801eea7d2", kill_on_drop: false }`
[INFO] [stdout] 0011f6df60b310ffdefe39e1b3b627ee89eeeb7a05542d37c30b5e1801eea7d2
