[INFO] fetching crate runo 0.2.1...
[INFO] checking runo-0.2.1 against nightly-2024-02-05 for check-cfg
[INFO] extracting crate runo 0.2.1 into /workspace/builds/worker-2-tc1/source
[INFO] validating manifest of crates.io crate runo 0.2.1 on toolchain nightly-2024-02-05
[INFO] running `Command { std: CARGO_HOME="/workspace/cargo-home" RUSTUP_HOME="/workspace/rustup-home" "/workspace/cargo-home/bin/cargo" "+nightly-2024-02-05" "metadata" "--manifest-path" "Cargo.toml" "--no-deps", kill_on_drop: false }`
[INFO] started tweaking crates.io crate runo 0.2.1
[INFO] finished tweaking crates.io crate runo 0.2.1
[INFO] tweaked toml for crates.io crate runo 0.2.1 written to /workspace/builds/worker-2-tc1/source/Cargo.toml
[INFO] running `Command { std: CARGO_HOME="/workspace/cargo-home" RUSTUP_HOME="/workspace/rustup-home" "/workspace/cargo-home/bin/cargo" "+nightly-2024-02-05" "generate-lockfile" "--manifest-path" "Cargo.toml", kill_on_drop: false }`
[INFO] [stderr]     Updating crates.io index
[INFO] running `Command { std: CARGO_HOME="/workspace/cargo-home" RUSTUP_HOME="/workspace/rustup-home" "/workspace/cargo-home/bin/cargo" "+nightly-2024-02-05" "fetch" "--manifest-path" "Cargo.toml", kill_on_drop: false }`
[INFO] [stderr]  Downloading crates ...
[INFO] [stderr]   Downloaded xi-unicode v0.1.0
[INFO] [stderr]   Downloaded enumset v0.3.19
[INFO] [stderr]   Downloaded enum-map-derive v0.2.10
[INFO] [stderr]   Downloaded enumset_derive v0.3.2
[INFO] [stderr]   Downloaded array-macro v1.0.5
[INFO] [stderr]   Downloaded reexport-proc-macro v1.0.7
[INFO] [stderr]   Downloaded ncurses v5.101.0
[INFO] [stderr]   Downloaded enum-map v0.2.36
[INFO] [stderr]   Downloaded pancurses v0.15.0
[INFO] [stderr]   Downloaded pancurses v0.14.0
[INFO] [stderr]   Downloaded cursive v0.8.2
[INFO] running `Command { std: "docker" "create" "-v" "/var/lib/crater-agent-workspace/builds/worker-2-tc1/target:/opt/rustwide/target:rw,Z" "-v" "/var/lib/crater-agent-workspace/builds/worker-2-tc1/source:/opt/rustwide/workdir:ro,Z" "-v" "/var/lib/crater-agent-workspace/cargo-home:/opt/rustwide/cargo-home:ro,Z" "-v" "/var/lib/crater-agent-workspace/rustup-home:/opt/rustwide/rustup-home:ro,Z" "-e" "SOURCE_DIR=/opt/rustwide/workdir" "-e" "CARGO_TARGET_DIR=/opt/rustwide/target" "-e" "CARGO_HOME=/opt/rustwide/cargo-home" "-e" "RUSTUP_HOME=/opt/rustwide/rustup-home" "-w" "/opt/rustwide/workdir" "-m" "1610612736" "--user" "0:0" "--network" "none" "ghcr.io/rust-lang/crates-build-env/linux@sha256:2788e3201cd34a07e3172128adcd8b3090168a8e3bcc40d7c032b9dda1df7d1c" "/opt/rustwide/cargo-home/bin/cargo" "+nightly-2024-02-05" "metadata" "--no-deps" "--format-version=1", kill_on_drop: false }`
[INFO] [stdout] f6079ac354b9e83b2710eca61b29d44f485f1fb8730e052728bac4c8e567bb13
[INFO] running `Command { std: "docker" "start" "-a" "f6079ac354b9e83b2710eca61b29d44f485f1fb8730e052728bac4c8e567bb13", kill_on_drop: false }`
[INFO] running `Command { std: "docker" "inspect" "f6079ac354b9e83b2710eca61b29d44f485f1fb8730e052728bac4c8e567bb13", kill_on_drop: false }`
[INFO] running `Command { std: "docker" "rm" "-f" "f6079ac354b9e83b2710eca61b29d44f485f1fb8730e052728bac4c8e567bb13", kill_on_drop: false }`
[INFO] [stdout] f6079ac354b9e83b2710eca61b29d44f485f1fb8730e052728bac4c8e567bb13
[INFO] running `Command { std: "docker" "create" "-v" "/var/lib/crater-agent-workspace/builds/worker-2-tc1/target:/opt/rustwide/target:rw,Z" "-v" "/var/lib/crater-agent-workspace/builds/worker-2-tc1/source:/opt/rustwide/workdir:ro,Z" "-v" "/var/lib/crater-agent-workspace/cargo-home:/opt/rustwide/cargo-home:ro,Z" "-v" "/var/lib/crater-agent-workspace/rustup-home:/opt/rustwide/rustup-home:ro,Z" "-e" "SOURCE_DIR=/opt/rustwide/workdir" "-e" "CARGO_TARGET_DIR=/opt/rustwide/target" "-e" "CARGO_INCREMENTAL=0" "-e" "RUST_BACKTRACE=full" "-e" "RUSTFLAGS=--cap-lints=forbid" "-e" "RUSTDOCFLAGS=--cap-lints=forbid" "-e" "CARGO_HOME=/opt/rustwide/cargo-home" "-e" "RUSTUP_HOME=/opt/rustwide/rustup-home" "-w" "/opt/rustwide/workdir" "-m" "1610612736" "--user" "0:0" "--network" "none" "ghcr.io/rust-lang/crates-build-env/linux@sha256:2788e3201cd34a07e3172128adcd8b3090168a8e3bcc40d7c032b9dda1df7d1c" "/opt/rustwide/cargo-home/bin/cargo" "+nightly-2024-02-05" "check" "--frozen" "--all" "--all-targets" "--message-format=json", kill_on_drop: false }`
[INFO] [stdout] f443ce9a80de09a6abb54e94aed410bfa745355648b3dc18f9997b373ba05e19
[INFO] running `Command { std: "docker" "start" "-a" "f443ce9a80de09a6abb54e94aed410bfa745355648b3dc18f9997b373ba05e19", kill_on_drop: false }`
[INFO] [stderr]    Compiling pkg-config v0.3.29
[INFO] [stderr]     Checking rustc-serialize v0.3.25
[INFO] [stderr]    Compiling libc v0.2.153
[INFO] [stderr]     Checking rand v0.4.6
[INFO] [stderr]    Compiling num-iter v0.1.43
[INFO] [stderr]     Checking log v0.4.20
[INFO] [stderr]    Compiling syn v0.14.9
[INFO] [stderr]    Compiling enumset_derive v0.3.2
[INFO] [stderr]     Checking log v0.3.9
[INFO] [stderr]     Checking stable_deref_trait v1.2.0
[INFO] [stderr]     Checking array-macro v1.0.5
[INFO] [stderr]     Checking reexport-proc-macro v1.0.7
[INFO] [stderr]     Checking owning_ref v0.3.3
[INFO] [stderr]     Checking toml v0.4.10
[INFO] [stderr]     Checking maplit v1.0.2
[INFO] [stderr]     Checking xi-unicode v0.1.0
[INFO] [stderr]     Checking unicode-segmentation v1.10.1
[INFO] [stderr]    Compiling cc v1.0.83
[INFO] [stderr]     Checking enumset v0.3.19
[INFO] [stderr]     Checking num-bigint v0.1.44
[INFO] [stderr]     Checking num-complex v0.1.43
[INFO] [stderr]    Compiling ncurses v5.101.0
[INFO] [stderr]    Compiling enum-map-derive v0.2.10
[INFO] [stderr]     Checking num-rational v0.1.42
[INFO] [stderr]     Checking pancurses v0.15.0
[INFO] [stderr]     Checking pancurses v0.14.0
[INFO] [stderr]     Checking enum-map v0.2.36
[INFO] [stderr]     Checking num v0.1.42
[INFO] [stdout] error[E0308]: mismatched types
[INFO] [stdout]    --> /opt/rustwide/cargo-home/registry/src/index.crates.io-6f17d22bba15001f/pancurses-0.14.0/src/unix/mod.rs:62:22
[INFO] [stdout]     |
[INFO] [stdout] 62  |         wmouse_trafo(w, y, x, to_screen as u8);
[INFO] [stdout]     |         ------------ ^ expected `*mut i8`, found `&mut *mut i8`
[INFO] [stdout]     |         |
[INFO] [stdout]     |         arguments to this function are incorrect
[INFO] [stdout]     |
[INFO] [stdout]     = note:    expected raw pointer `_`
[INFO] [stdout]             found mutable reference `&mut _`
[INFO] [stdout] note: function defined here
[INFO] [stdout]    --> /opt/rustwide/cargo-home/registry/src/index.crates.io-6f17d22bba15001f/ncurses-5.101.0/src/ll.rs:377:12
[INFO] [stdout]     |
[INFO] [stdout] 377 |     pub fn wmouse_trafo(_:WINDOW,_:*mut c_int,_:*mut c_int,_:c_bool) -> c_bool;
[INFO] [stdout]     |            ^^^^^^^^^^^^
[INFO] [stdout] 
[INFO] [stdout] 
[INFO] [stdout] error[E0308]: mismatched types
[INFO] [stdout]    --> /opt/rustwide/cargo-home/registry/src/index.crates.io-6f17d22bba15001f/pancurses-0.15.0/src/unix/mod.rs:64:22
[INFO] [stdout]     |
[INFO] [stdout] 64  |         wmouse_trafo(w, y, x, to_screen as u8);
[INFO] [stdout]     |         ------------ ^ expected `*mut i8`, found `&mut *mut i8`
[INFO] [stdout]     |         |
[INFO] [stdout]     |         arguments to this function are incorrect
[INFO] [stdout]     |
[INFO] [stdout]     = note:    expected raw pointer `_`
[INFO] [stdout]             found mutable reference `&mut _`
[INFO] [stdout] note: function defined here
[INFO] [stdout]    --> /opt/rustwide/cargo-home/registry/src/index.crates.io-6f17d22bba15001f/ncurses-5.101.0/src/ll.rs:377:12
[INFO] [stdout]     |
[INFO] [stdout] 377 |     pub fn wmouse_trafo(_:WINDOW,_:*mut c_int,_:*mut c_int,_:c_bool) -> c_bool;
[INFO] [stdout]     |            ^^^^^^^^^^^^
[INFO] [stdout] 
[INFO] [stdout] 
[INFO] [stdout] error: aborting due to 1 previous error
[INFO] [stdout] 
[INFO] [stdout] 
[INFO] [stdout] For more information about this error, try `rustc --explain E0308`.
[INFO] [stdout] 
[INFO] [stdout] error: aborting due to 1 previous error
[INFO] [stdout] 
[INFO] [stdout] 
[INFO] [stdout] For more information about this error, try `rustc --explain E0308`.
[INFO] [stdout] 
[INFO] [stderr] error: could not compile `pancurses` (lib) due to 2 previous errors
[INFO] [stderr] warning: build failed, waiting for other jobs to finish...
[INFO] [stderr] error: could not compile `pancurses` (lib) due to 2 previous errors
[INFO] running `Command { std: "docker" "inspect" "f443ce9a80de09a6abb54e94aed410bfa745355648b3dc18f9997b373ba05e19", kill_on_drop: false }`
[INFO] running `Command { std: "docker" "rm" "-f" "f443ce9a80de09a6abb54e94aed410bfa745355648b3dc18f9997b373ba05e19", kill_on_drop: false }`
[INFO] [stdout] f443ce9a80de09a6abb54e94aed410bfa745355648b3dc18f9997b373ba05e19
[INFO] checking runo-0.2.1 against nightly-2024-02-05+rustflags=-Dunexpected_cfgs+cargoflags=-Zcheck-cfg for check-cfg
[INFO] extracting crate runo 0.2.1 into /workspace/builds/worker-2-tc2/source
[INFO] validating manifest of crates.io crate runo 0.2.1 on toolchain nightly-2024-02-05
[INFO] running `Command { std: CARGO_HOME="/workspace/cargo-home" RUSTUP_HOME="/workspace/rustup-home" "/workspace/cargo-home/bin/cargo" "+nightly-2024-02-05" "metadata" "--manifest-path" "Cargo.toml" "--no-deps", kill_on_drop: false }`
[INFO] started tweaking crates.io crate runo 0.2.1
[INFO] finished tweaking crates.io crate runo 0.2.1
[INFO] tweaked toml for crates.io crate runo 0.2.1 written to /workspace/builds/worker-2-tc2/source/Cargo.toml
[INFO] running `Command { std: CARGO_HOME="/workspace/cargo-home" RUSTUP_HOME="/workspace/rustup-home" "/workspace/cargo-home/bin/cargo" "+nightly-2024-02-05" "generate-lockfile" "--manifest-path" "Cargo.toml", kill_on_drop: false }`
[INFO] [stderr]     Updating crates.io index
[INFO] running `Command { std: CARGO_HOME="/workspace/cargo-home" RUSTUP_HOME="/workspace/rustup-home" "/workspace/cargo-home/bin/cargo" "+nightly-2024-02-05" "fetch" "--manifest-path" "Cargo.toml", kill_on_drop: false }`
[INFO] running `Command { std: "docker" "create" "-v" "/var/lib/crater-agent-workspace/builds/worker-2-tc2/target:/opt/rustwide/target:rw,Z" "-v" "/var/lib/crater-agent-workspace/builds/worker-2-tc2/source:/opt/rustwide/workdir:ro,Z" "-v" "/var/lib/crater-agent-workspace/cargo-home:/opt/rustwide/cargo-home:ro,Z" "-v" "/var/lib/crater-agent-workspace/rustup-home:/opt/rustwide/rustup-home:ro,Z" "-e" "SOURCE_DIR=/opt/rustwide/workdir" "-e" "CARGO_TARGET_DIR=/opt/rustwide/target" "-e" "CARGO_HOME=/opt/rustwide/cargo-home" "-e" "RUSTUP_HOME=/opt/rustwide/rustup-home" "-w" "/opt/rustwide/workdir" "-m" "1610612736" "--user" "0:0" "--network" "none" "ghcr.io/rust-lang/crates-build-env/linux@sha256:2788e3201cd34a07e3172128adcd8b3090168a8e3bcc40d7c032b9dda1df7d1c" "/opt/rustwide/cargo-home/bin/cargo" "+nightly-2024-02-05" "metadata" "--no-deps" "--format-version=1", kill_on_drop: false }`
[INFO] [stdout] 9d54a1f9a5828816d11466e56cc4122ab1639b955c2f2fd483f621f93e44c300
[INFO] running `Command { std: "docker" "start" "-a" "9d54a1f9a5828816d11466e56cc4122ab1639b955c2f2fd483f621f93e44c300", kill_on_drop: false }`
[INFO] running `Command { std: "docker" "inspect" "9d54a1f9a5828816d11466e56cc4122ab1639b955c2f2fd483f621f93e44c300", kill_on_drop: false }`
[INFO] running `Command { std: "docker" "rm" "-f" "9d54a1f9a5828816d11466e56cc4122ab1639b955c2f2fd483f621f93e44c300", kill_on_drop: false }`
[INFO] [stdout] 9d54a1f9a5828816d11466e56cc4122ab1639b955c2f2fd483f621f93e44c300
[INFO] running `Command { std: "docker" "create" "-v" "/var/lib/crater-agent-workspace/builds/worker-2-tc2/target:/opt/rustwide/target:rw,Z" "-v" "/var/lib/crater-agent-workspace/builds/worker-2-tc2/source:/opt/rustwide/workdir:ro,Z" "-v" "/var/lib/crater-agent-workspace/cargo-home:/opt/rustwide/cargo-home:ro,Z" "-v" "/var/lib/crater-agent-workspace/rustup-home:/opt/rustwide/rustup-home:ro,Z" "-e" "SOURCE_DIR=/opt/rustwide/workdir" "-e" "CARGO_TARGET_DIR=/opt/rustwide/target" "-e" "CARGO_INCREMENTAL=0" "-e" "RUST_BACKTRACE=full" "-e" "RUSTFLAGS=--cap-lints=forbid -Dunexpected_cfgs" "-e" "RUSTDOCFLAGS=--cap-lints=forbid" "-e" "CARGO_HOME=/opt/rustwide/cargo-home" "-e" "RUSTUP_HOME=/opt/rustwide/rustup-home" "-w" "/opt/rustwide/workdir" "-m" "1610612736" "--user" "0:0" "--network" "none" "ghcr.io/rust-lang/crates-build-env/linux@sha256:2788e3201cd34a07e3172128adcd8b3090168a8e3bcc40d7c032b9dda1df7d1c" "/opt/rustwide/cargo-home/bin/cargo" "+nightly-2024-02-05" "check" "--frozen" "--all" "--all-targets" "--message-format=json" "-Zcheck-cfg", kill_on_drop: false }`
[INFO] [stdout] 7c508dab8d8930da87ded3cd574c2cf68318ae913aa2c791a8d3110babcc5b23
[INFO] running `Command { std: "docker" "start" "-a" "7c508dab8d8930da87ded3cd574c2cf68318ae913aa2c791a8d3110babcc5b23", kill_on_drop: false }`
[INFO] [stderr]    Compiling pkg-config v0.3.29
[INFO] [stderr]     Checking rustc-serialize v0.3.25
[INFO] [stderr]    Compiling libc v0.2.153
[INFO] [stderr]     Checking rand v0.4.6
[INFO] [stderr]    Compiling num-iter v0.1.43
[INFO] [stderr]     Checking log v0.4.20
[INFO] [stderr]    Compiling syn v0.14.9
[INFO] [stderr]    Compiling enumset_derive v0.3.2
[INFO] [stderr]     Checking log v0.3.9
[INFO] [stderr]     Checking stable_deref_trait v1.2.0
[INFO] [stderr]     Checking reexport-proc-macro v1.0.7
[INFO] [stderr]     Checking array-macro v1.0.5
[INFO] [stderr]     Checking owning_ref v0.3.3
[INFO] [stderr]     Checking toml v0.4.10
[INFO] [stderr]     Checking xi-unicode v0.1.0
[INFO] [stderr]     Checking unicode-segmentation v1.10.1
[INFO] [stderr]     Checking maplit v1.0.2
[INFO] [stderr]    Compiling cc v1.0.83
[INFO] [stderr]     Checking enumset v0.3.19
[INFO] [stderr]     Checking num-bigint v0.1.44
[INFO] [stderr]     Checking num-complex v0.1.43
[INFO] [stderr]    Compiling ncurses v5.101.0
[INFO] [stderr]    Compiling enum-map-derive v0.2.10
[INFO] [stderr]     Checking num-rational v0.1.42
[INFO] [stderr]     Checking pancurses v0.15.0
[INFO] [stderr]     Checking pancurses v0.14.0
[INFO] [stderr]     Checking enum-map v0.2.36
[INFO] [stderr]     Checking num v0.1.42
[INFO] [stdout] error[E0308]: mismatched types
[INFO] [stdout]    --> /opt/rustwide/cargo-home/registry/src/index.crates.io-6f17d22bba15001f/pancurses-0.14.0/src/unix/mod.rs:62:22
[INFO] [stdout]     |
[INFO] [stdout] 62  |         wmouse_trafo(w, y, x, to_screen as u8);
[INFO] [stdout]     |         ------------ ^ expected `*mut i8`, found `&mut *mut i8`
[INFO] [stdout]     |         |
[INFO] [stdout]     |         arguments to this function are incorrect
[INFO] [stdout]     |
[INFO] [stdout]     = note:    expected raw pointer `_`
[INFO] [stdout]             found mutable reference `&mut _`
[INFO] [stdout] note: function defined here
[INFO] [stdout]    --> /opt/rustwide/cargo-home/registry/src/index.crates.io-6f17d22bba15001f/ncurses-5.101.0/src/ll.rs:377:12
[INFO] [stdout]     |
[INFO] [stdout] 377 |     pub fn wmouse_trafo(_:WINDOW,_:*mut c_int,_:*mut c_int,_:c_bool) -> c_bool;
[INFO] [stdout]     |            ^^^^^^^^^^^^
[INFO] [stdout] 
[INFO] [stdout] 
[INFO] [stdout] error[E0308]: mismatched types
[INFO] [stdout]    --> /opt/rustwide/cargo-home/registry/src/index.crates.io-6f17d22bba15001f/pancurses-0.15.0/src/unix/mod.rs:64:22
[INFO] [stdout]     |
[INFO] [stdout] 64  |         wmouse_trafo(w, y, x, to_screen as u8);
[INFO] [stdout]     |         ------------ ^ expected `*mut i8`, found `&mut *mut i8`
[INFO] [stdout]     |         |
[INFO] [stdout]     |         arguments to this function are incorrect
[INFO] [stdout]     |
[INFO] [stdout]     = note:    expected raw pointer `_`
[INFO] [stdout]             found mutable reference `&mut _`
[INFO] [stdout] note: function defined here
[INFO] [stdout]    --> /opt/rustwide/cargo-home/registry/src/index.crates.io-6f17d22bba15001f/ncurses-5.101.0/src/ll.rs:377:12
[INFO] [stdout]     |
[INFO] [stdout] 377 |     pub fn wmouse_trafo(_:WINDOW,_:*mut c_int,_:*mut c_int,_:c_bool) -> c_bool;
[INFO] [stdout]     |            ^^^^^^^^^^^^
[INFO] [stdout] 
[INFO] [stdout] 
[INFO] [stdout] error: aborting due to 1 previous error
[INFO] [stdout] 
[INFO] [stdout] 
[INFO] [stdout] For more information about this error, try `rustc --explain E0308`.
[INFO] [stdout] 
[INFO] [stdout] error: aborting due to 1 previous error
[INFO] [stdout] 
[INFO] [stdout] 
[INFO] [stdout] For more information about this error, try `rustc --explain E0308`.
[INFO] [stdout] 
[INFO] [stderr] error: could not compile `pancurses` (lib) due to 2 previous errors
[INFO] [stderr] warning: build failed, waiting for other jobs to finish...
[INFO] [stderr] error: could not compile `pancurses` (lib) due to 2 previous errors
[INFO] running `Command { std: "docker" "inspect" "7c508dab8d8930da87ded3cd574c2cf68318ae913aa2c791a8d3110babcc5b23", kill_on_drop: false }`
[INFO] running `Command { std: "docker" "rm" "-f" "7c508dab8d8930da87ded3cd574c2cf68318ae913aa2c791a8d3110babcc5b23", kill_on_drop: false }`
[INFO] [stdout] 7c508dab8d8930da87ded3cd574c2cf68318ae913aa2c791a8d3110babcc5b23
