[INFO] fetching crate runestick 0.9.1...
[INFO] checking runestick-0.9.1 against nightly-2024-02-05 for check-cfg
[INFO] extracting crate runestick 0.9.1 into /workspace/builds/worker-4-tc1/source
[INFO] validating manifest of crates.io crate runestick 0.9.1 on toolchain nightly-2024-02-05
[INFO] running `Command { std: CARGO_HOME="/workspace/cargo-home" RUSTUP_HOME="/workspace/rustup-home" "/workspace/cargo-home/bin/cargo" "+nightly-2024-02-05" "metadata" "--manifest-path" "Cargo.toml" "--no-deps", kill_on_drop: false }`
[INFO] started tweaking crates.io crate runestick 0.9.1
[INFO] finished tweaking crates.io crate runestick 0.9.1
[INFO] tweaked toml for crates.io crate runestick 0.9.1 written to /workspace/builds/worker-4-tc1/source/Cargo.toml
[INFO] running `Command { std: CARGO_HOME="/workspace/cargo-home" RUSTUP_HOME="/workspace/rustup-home" "/workspace/cargo-home/bin/cargo" "+nightly-2024-02-05" "generate-lockfile" "--manifest-path" "Cargo.toml", kill_on_drop: false }`
[INFO] [stderr]     Updating crates.io index
[INFO] running `Command { std: CARGO_HOME="/workspace/cargo-home" RUSTUP_HOME="/workspace/rustup-home" "/workspace/cargo-home/bin/cargo" "+nightly-2024-02-05" "fetch" "--manifest-path" "Cargo.toml", kill_on_drop: false }`
[INFO] [stderr]  Downloading crates ...
[INFO] [stderr]   Downloaded runestick-macros v0.9.1
[INFO] [stderr]   Downloaded rune-ssa v0.9.1
[INFO] [stderr]   Downloaded runestick v0.9.1
[INFO] [stderr]   Downloaded checkers-macros v0.5.7
[INFO] [stderr]   Downloaded checkers v0.5.7
[INFO] [stderr]   Downloaded rune-macros v0.9.1
[INFO] [stderr]   Downloaded rune v0.9.1
[INFO] running `Command { std: "docker" "create" "-v" "/var/lib/crater-agent-workspace/builds/worker-4-tc1/target:/opt/rustwide/target:rw,Z" "-v" "/var/lib/crater-agent-workspace/builds/worker-4-tc1/source:/opt/rustwide/workdir:ro,Z" "-v" "/var/lib/crater-agent-workspace/cargo-home:/opt/rustwide/cargo-home:ro,Z" "-v" "/var/lib/crater-agent-workspace/rustup-home:/opt/rustwide/rustup-home:ro,Z" "-e" "SOURCE_DIR=/opt/rustwide/workdir" "-e" "CARGO_TARGET_DIR=/opt/rustwide/target" "-e" "CARGO_HOME=/opt/rustwide/cargo-home" "-e" "RUSTUP_HOME=/opt/rustwide/rustup-home" "-w" "/opt/rustwide/workdir" "-m" "1610612736" "--user" "0:0" "--network" "none" "ghcr.io/rust-lang/crates-build-env/linux@sha256:2788e3201cd34a07e3172128adcd8b3090168a8e3bcc40d7c032b9dda1df7d1c" "/opt/rustwide/cargo-home/bin/cargo" "+nightly-2024-02-05" "metadata" "--no-deps" "--format-version=1", kill_on_drop: false }`
[INFO] [stdout] 3ea32e909be83f18790dc351376f0cff5821b5313eae89fd7b10799307e45318
[INFO] running `Command { std: "docker" "start" "-a" "3ea32e909be83f18790dc351376f0cff5821b5313eae89fd7b10799307e45318", kill_on_drop: false }`
[INFO] running `Command { std: "docker" "inspect" "3ea32e909be83f18790dc351376f0cff5821b5313eae89fd7b10799307e45318", kill_on_drop: false }`
[INFO] running `Command { std: "docker" "rm" "-f" "3ea32e909be83f18790dc351376f0cff5821b5313eae89fd7b10799307e45318", kill_on_drop: false }`
[INFO] [stdout] 3ea32e909be83f18790dc351376f0cff5821b5313eae89fd7b10799307e45318
[INFO] running `Command { std: "docker" "create" "-v" "/var/lib/crater-agent-workspace/builds/worker-4-tc1/target:/opt/rustwide/target:rw,Z" "-v" "/var/lib/crater-agent-workspace/builds/worker-4-tc1/source:/opt/rustwide/workdir:ro,Z" "-v" "/var/lib/crater-agent-workspace/cargo-home:/opt/rustwide/cargo-home:ro,Z" "-v" "/var/lib/crater-agent-workspace/rustup-home:/opt/rustwide/rustup-home:ro,Z" "-e" "SOURCE_DIR=/opt/rustwide/workdir" "-e" "CARGO_TARGET_DIR=/opt/rustwide/target" "-e" "CARGO_INCREMENTAL=0" "-e" "RUST_BACKTRACE=full" "-e" "RUSTFLAGS=--cap-lints=forbid" "-e" "RUSTDOCFLAGS=--cap-lints=forbid" "-e" "CARGO_HOME=/opt/rustwide/cargo-home" "-e" "RUSTUP_HOME=/opt/rustwide/rustup-home" "-w" "/opt/rustwide/workdir" "-m" "1610612736" "--user" "0:0" "--network" "none" "ghcr.io/rust-lang/crates-build-env/linux@sha256:2788e3201cd34a07e3172128adcd8b3090168a8e3bcc40d7c032b9dda1df7d1c" "/opt/rustwide/cargo-home/bin/cargo" "+nightly-2024-02-05" "check" "--frozen" "--all" "--all-targets" "--message-format=json", kill_on_drop: false }`
[INFO] [stdout] ec902075e9853d42d8d23b0664ae98577e8447c83d6596e6868af9935dda9952
[INFO] running `Command { std: "docker" "start" "-a" "ec902075e9853d42d8d23b0664ae98577e8447c83d6596e6868af9935dda9952", kill_on_drop: false }`
[INFO] [stderr]    Compiling proc-macro2 v1.0.78
[INFO] [stderr]    Compiling num-traits v0.2.17
[INFO] [stderr]    Compiling num-integer v0.1.45
[INFO] [stderr]    Compiling syn v1.0.109
[INFO] [stderr]    Compiling num-bigint v0.4.4
[INFO] [stderr]    Compiling serde v1.0.196
[INFO] [stderr]     Checking byteorder v1.5.0
[INFO] [stderr]     Checking ahash v0.4.8
[INFO] [stderr]     Checking static_assertions v1.1.0
[INFO] [stderr]     Checking twox-hash v1.6.3
[INFO] [stderr]    Compiling num-rational v0.4.1
[INFO] [stderr]    Compiling num-iter v0.1.43
[INFO] [stderr]     Checking unicode-width v0.1.11
[INFO] [stderr]     Checking termcolor v1.4.1
[INFO] [stderr]     Checking parking_lot v0.12.1
[INFO] [stderr]     Checking fxhash v0.2.1
[INFO] [stderr]     Checking signal-hook-registry v1.4.1
[INFO] [stderr]     Checking codespan-reporting v0.11.1
[INFO] [stderr]    Compiling quote v1.0.35
[INFO] [stderr]    Compiling syn v2.0.48
[INFO] [stderr]     Checking num-complex v0.4.4
[INFO] [stderr]     Checking num v0.4.1
[INFO] [stderr]    Compiling runestick-macros v0.9.1
[INFO] [stderr]    Compiling rune-macros v0.9.1
[INFO] [stderr]    Compiling checkers-macros v0.5.7
[INFO] [stderr]    Compiling serde_derive v1.0.196
[INFO] [stderr]    Compiling pin-project-internal v1.1.4
[INFO] [stderr]    Compiling thiserror-impl v1.0.56
[INFO] [stderr]    Compiling futures-macro v0.3.30
[INFO] [stderr]    Compiling tokio-macros v2.2.0
[INFO] [stderr]     Checking checkers v0.5.7
[INFO] [stderr]     Checking tokio v1.36.0
[INFO] [stderr]     Checking futures-util v0.3.30
[INFO] [stderr]     Checking pin-project v1.1.4
[INFO] [stderr]     Checking thiserror v1.0.56
[INFO] [stderr]     Checking hashbrown v0.9.1
[INFO] [stderr]     Checking runestick v0.9.1
[INFO] [stderr]     Checking runestick v0.9.1 (/opt/rustwide/workdir)
[INFO] [stdout] warning: unused import: `hash_map`
[INFO] [stdout]    --> src/lib.rs:226:25
[INFO] [stdout]     |
[INFO] [stdout] 226 |     pub use hashbrown::{hash_map, HashMap};
[INFO] [stdout]     |                         ^^^^^^^^
[INFO] [stdout]     |
[INFO] [stdout]     = note: `#[warn(unused_imports)]` on by default
[INFO] [stdout] 
[INFO] [stdout] 
[INFO] [stdout] warning: unused import: `hash_set`
[INFO] [stdout]    --> src/lib.rs:227:25
[INFO] [stdout]     |
[INFO] [stdout] 227 |     pub use hashbrown::{hash_set, HashSet};
[INFO] [stdout]     |                         ^^^^^^^^
[INFO] [stdout] 
[INFO] [stdout] 
[INFO] [stdout] error[E0512]: cannot transmute between types of different sizes, or dependently-sized types
[INFO] [stdout]   --> src/hash.rs:54:18
[INFO] [stdout]    |
[INFO] [stdout] 54 |         unsafe { mem::transmute(type_id) }
[INFO] [stdout]    |                  ^^^^^^^^^^^^^^
[INFO] [stdout]    |
[INFO] [stdout]    = note: source type: `std::any::TypeId` (128 bits)
[INFO] [stdout]    = note: target type: `hash::Hash` (64 bits)
[INFO] [stdout] 
[INFO] [stdout] 
[INFO] [stdout] error[E0512]: cannot transmute between types of different sizes, or dependently-sized types
[INFO] [stdout]   --> /opt/rustwide/cargo-home/registry/src/index.crates.io-6f17d22bba15001f/runestick-0.9.1/src/hash.rs:54:18
[INFO] [stdout]    |
[INFO] [stdout] 54 |         unsafe { mem::transmute(type_id) }
[INFO] [stdout]    |                  ^^^^^^^^^^^^^^
[INFO] [stdout]    |
[INFO] [stdout]    = note: source type: `std::any::TypeId` (128 bits)
[INFO] [stdout]    = note: target type: `hash::Hash` (64 bits)
[INFO] [stdout] 
[INFO] [stdout] 
[INFO] [stdout] error[E0512]: cannot transmute between types of different sizes, or dependently-sized types
[INFO] [stdout]   --> src/modules/any.rs:14:14
[INFO] [stdout]    |
[INFO] [stdout] 14 |     unsafe { std::mem::transmute(item.type_hash().expect("no type known for item!")) }
[INFO] [stdout]    |              ^^^^^^^^^^^^^^^^^^^
[INFO] [stdout]    |
[INFO] [stdout]    = note: source type: `hash::Hash` (64 bits)
[INFO] [stdout]    = note: target type: `modules::any::TypeId` (128 bits)
[INFO] [stdout] 
[INFO] [stdout] 
[INFO] [stdout] error[E0512]: cannot transmute between types of different sizes, or dependently-sized types
[INFO] [stdout]   --> /opt/rustwide/cargo-home/registry/src/index.crates.io-6f17d22bba15001f/runestick-0.9.1/src/modules/any.rs:14:14
[INFO] [stdout]    |
[INFO] [stdout] 14 |     unsafe { std::mem::transmute(item.type_hash().expect("no type known for item!")) }
[INFO] [stdout]    |              ^^^^^^^^^^^^^^^^^^^
[INFO] [stdout]    |
[INFO] [stdout]    = note: source type: `hash::Hash` (64 bits)
[INFO] [stdout]    = note: target type: `modules::any::TypeId` (128 bits)
[INFO] [stdout] 
[INFO] [stdout] 
[INFO] [stdout] error: aborting due to 2 previous errors; 2 warnings emitted
[INFO] [stdout] 
[INFO] [stdout] 
[INFO] [stdout] For more information about this error, try `rustc --explain E0512`.
[INFO] [stdout] 
[INFO] [stderr] error: could not compile `runestick` (lib) due to 3 previous errors; 2 warnings emitted
[INFO] [stderr] warning: build failed, waiting for other jobs to finish...
[INFO] [stdout] error: aborting due to 2 previous errors
[INFO] [stdout] 
[INFO] [stdout] 
[INFO] [stdout] For more information about this error, try `rustc --explain E0512`.
[INFO] [stdout] 
[INFO] [stderr] error: could not compile `runestick` (lib) due to 3 previous errors
[INFO] running `Command { std: "docker" "inspect" "ec902075e9853d42d8d23b0664ae98577e8447c83d6596e6868af9935dda9952", kill_on_drop: false }`
[INFO] running `Command { std: "docker" "rm" "-f" "ec902075e9853d42d8d23b0664ae98577e8447c83d6596e6868af9935dda9952", kill_on_drop: false }`
[INFO] [stdout] ec902075e9853d42d8d23b0664ae98577e8447c83d6596e6868af9935dda9952
