[INFO] fetching crate rundo_attrsca 0.1.0...
[INFO] checking rundo_attrsca-0.1.0 against nightly-2024-02-05 for check-cfg
[INFO] extracting crate rundo_attrsca 0.1.0 into /workspace/builds/worker-3-tc1/source
[INFO] validating manifest of crates.io crate rundo_attrsca 0.1.0 on toolchain nightly-2024-02-05
[INFO] running `Command { std: CARGO_HOME="/workspace/cargo-home" RUSTUP_HOME="/workspace/rustup-home" "/workspace/cargo-home/bin/cargo" "+nightly-2024-02-05" "metadata" "--manifest-path" "Cargo.toml" "--no-deps", kill_on_drop: false }`
[INFO] started tweaking crates.io crate rundo_attrsca 0.1.0
[INFO] finished tweaking crates.io crate rundo_attrsca 0.1.0
[INFO] tweaked toml for crates.io crate rundo_attrsca 0.1.0 written to /workspace/builds/worker-3-tc1/source/Cargo.toml
[INFO] running `Command { std: CARGO_HOME="/workspace/cargo-home" RUSTUP_HOME="/workspace/rustup-home" "/workspace/cargo-home/bin/cargo" "+nightly-2024-02-05" "generate-lockfile" "--manifest-path" "Cargo.toml", kill_on_drop: false }`
[INFO] [stderr]     Updating crates.io index
[INFO] running `Command { std: CARGO_HOME="/workspace/cargo-home" RUSTUP_HOME="/workspace/rustup-home" "/workspace/cargo-home/bin/cargo" "+nightly-2024-02-05" "fetch" "--manifest-path" "Cargo.toml", kill_on_drop: false }`
[INFO] [stderr]  Downloading crates ...
[INFO] [stderr]   Downloaded rundo_types v0.1.1
[INFO] running `Command { std: "docker" "create" "-v" "/var/lib/crater-agent-workspace/builds/worker-3-tc1/target:/opt/rustwide/target:rw,Z" "-v" "/var/lib/crater-agent-workspace/builds/worker-3-tc1/source:/opt/rustwide/workdir:ro,Z" "-v" "/var/lib/crater-agent-workspace/cargo-home:/opt/rustwide/cargo-home:ro,Z" "-v" "/var/lib/crater-agent-workspace/rustup-home:/opt/rustwide/rustup-home:ro,Z" "-e" "SOURCE_DIR=/opt/rustwide/workdir" "-e" "CARGO_TARGET_DIR=/opt/rustwide/target" "-e" "CARGO_HOME=/opt/rustwide/cargo-home" "-e" "RUSTUP_HOME=/opt/rustwide/rustup-home" "-w" "/opt/rustwide/workdir" "-m" "1610612736" "--user" "0:0" "--network" "none" "ghcr.io/rust-lang/crates-build-env/linux@sha256:2788e3201cd34a07e3172128adcd8b3090168a8e3bcc40d7c032b9dda1df7d1c" "/opt/rustwide/cargo-home/bin/cargo" "+nightly-2024-02-05" "metadata" "--no-deps" "--format-version=1", kill_on_drop: false }`
[INFO] [stdout] aa652ca7f6b1c8a84ee9abd71263d47ee2c7f6712511ae5c0fc26059ac7deb00
[INFO] running `Command { std: "docker" "start" "-a" "aa652ca7f6b1c8a84ee9abd71263d47ee2c7f6712511ae5c0fc26059ac7deb00", kill_on_drop: false }`
[INFO] running `Command { std: "docker" "inspect" "aa652ca7f6b1c8a84ee9abd71263d47ee2c7f6712511ae5c0fc26059ac7deb00", kill_on_drop: false }`
[INFO] running `Command { std: "docker" "rm" "-f" "aa652ca7f6b1c8a84ee9abd71263d47ee2c7f6712511ae5c0fc26059ac7deb00", kill_on_drop: false }`
[INFO] [stdout] aa652ca7f6b1c8a84ee9abd71263d47ee2c7f6712511ae5c0fc26059ac7deb00
[INFO] running `Command { std: "docker" "create" "-v" "/var/lib/crater-agent-workspace/builds/worker-3-tc1/target:/opt/rustwide/target:rw,Z" "-v" "/var/lib/crater-agent-workspace/builds/worker-3-tc1/source:/opt/rustwide/workdir:ro,Z" "-v" "/var/lib/crater-agent-workspace/cargo-home:/opt/rustwide/cargo-home:ro,Z" "-v" "/var/lib/crater-agent-workspace/rustup-home:/opt/rustwide/rustup-home:ro,Z" "-e" "SOURCE_DIR=/opt/rustwide/workdir" "-e" "CARGO_TARGET_DIR=/opt/rustwide/target" "-e" "CARGO_INCREMENTAL=0" "-e" "RUST_BACKTRACE=full" "-e" "RUSTFLAGS=--cap-lints=forbid" "-e" "RUSTDOCFLAGS=--cap-lints=forbid" "-e" "CARGO_HOME=/opt/rustwide/cargo-home" "-e" "RUSTUP_HOME=/opt/rustwide/rustup-home" "-w" "/opt/rustwide/workdir" "-m" "1610612736" "--user" "0:0" "--network" "none" "ghcr.io/rust-lang/crates-build-env/linux@sha256:2788e3201cd34a07e3172128adcd8b3090168a8e3bcc40d7c032b9dda1df7d1c" "/opt/rustwide/cargo-home/bin/cargo" "+nightly-2024-02-05" "check" "--frozen" "--all" "--all-targets" "--message-format=json", kill_on_drop: false }`
[INFO] [stdout] cb031be673f129570bce7f4990b7b6e0e35a777c415f9ec920a8008cc1016a34
[INFO] running `Command { std: "docker" "start" "-a" "cb031be673f129570bce7f4990b7b6e0e35a777c415f9ec920a8008cc1016a34", kill_on_drop: false }`
[INFO] [stderr]     Checking unicode-xid v0.1.0
[INFO] [stderr]     Checking difference v2.0.0
[INFO] [stderr]    Compiling proc-macro2 v0.2.3
[INFO] [stderr]     Checking rundo_types v0.1.1
[INFO] [stderr]     Checking quote v0.4.2
[INFO] [stderr]     Checking syn v0.12.15
[INFO] [stderr]     Checking rundo_attrsca v0.1.0 (/opt/rustwide/workdir)
[INFO] [stdout] warning: unused import: `rundo_struct::RundoStruct`
[INFO] [stdout]  --> src/literal.rs:7:5
[INFO] [stdout]   |
[INFO] [stdout] 7 | use rundo_struct::RundoStruct;
[INFO] [stdout]   |     ^^^^^^^^^^^^^^^^^^^^^^^^^
[INFO] [stdout]   |
[INFO] [stdout]   = note: `#[warn(unused_imports)]` on by default
[INFO] [stdout] 
[INFO] [stdout] 
[INFO] [stdout] warning: unused import: `rundo_struct::RundoStruct`
[INFO] [stdout]  --> src/literal.rs:7:5
[INFO] [stdout]   |
[INFO] [stdout] 7 | use rundo_struct::RundoStruct;
[INFO] [stdout]   |     ^^^^^^^^^^^^^^^^^^^^^^^^^
[INFO] [stdout]   |
[INFO] [stdout]   = note: `#[warn(unused_imports)]` on by default
[INFO] [stdout] 
[INFO] [stdout] 
[INFO] [stdout] warning: trailing semicolon in macro used in expression position
[INFO] [stdout]   --> src/rundo_struct.rs:90:10
[INFO] [stdout]    |
[INFO] [stdout] 90 |         };
[INFO] [stdout]    |          ^
[INFO] [stdout] ...
[INFO] [stdout] 98 |     let defs = named_filed_only!(fields)
[INFO] [stdout]    |                ------------------------- in this macro invocation
[INFO] [stdout]    |
[INFO] [stdout]    = warning: this was previously accepted by the compiler but is being phased out; it will become a hard error in a future release!
[INFO] [stdout]    = note: for more information, see issue #79813 <https://github.com/rust-lang/rust/issues/79813>
[INFO] [stdout]    = note: `#[warn(semicolon_in_expressions_from_macros)]` on by default
[INFO] [stdout]    = note: this warning originates in the macro `named_filed_only` (in Nightly builds, run with -Z macro-backtrace for more info)
[INFO] [stdout] 
[INFO] [stdout] 
[INFO] [stdout] warning: trailing semicolon in macro used in expression position
[INFO] [stdout]   --> src/rundo_struct.rs:90:10
[INFO] [stdout]    |
[INFO] [stdout] 90 |         };
[INFO] [stdout]    |          ^
[INFO] [stdout] ...
[INFO] [stdout] 98 |     let defs = named_filed_only!(fields)
[INFO] [stdout]    |                ------------------------- in this macro invocation
[INFO] [stdout]    |
[INFO] [stdout]    = warning: this was previously accepted by the compiler but is being phased out; it will become a hard error in a future release!
[INFO] [stdout]    = note: for more information, see issue #79813 <https://github.com/rust-lang/rust/issues/79813>
[INFO] [stdout]    = note: `#[warn(semicolon_in_expressions_from_macros)]` on by default
[INFO] [stdout]    = note: this warning originates in the macro `named_filed_only` (in Nightly builds, run with -Z macro-backtrace for more info)
[INFO] [stdout] 
[INFO] [stdout] 
[INFO] [stdout] warning: trailing semicolon in macro used in expression position
[INFO] [stdout]    --> src/rundo_struct.rs:90:10
[INFO] [stdout]     |
[INFO] [stdout] 90  |         };
[INFO] [stdout]     |          ^
[INFO] [stdout] ...
[INFO] [stdout] 163 |         let defs = named_filed_only!(self)
[INFO] [stdout]     |                    ----------------------- in this macro invocation
[INFO] [stdout]     |
[INFO] [stdout]     = warning: this was previously accepted by the compiler but is being phased out; it will become a hard error in a future release!
[INFO] [stdout]     = note: for more information, see issue #79813 <https://github.com/rust-lang/rust/issues/79813>
[INFO] [stdout]     = note: this warning originates in the macro `named_filed_only` (in Nightly builds, run with -Z macro-backtrace for more info)
[INFO] [stdout] 
[INFO] [stdout] 
[INFO] [stdout] warning: trailing semicolon in macro used in expression position
[INFO] [stdout]    --> src/rundo_struct.rs:90:10
[INFO] [stdout]     |
[INFO] [stdout] 90  |         };
[INFO] [stdout]     |          ^
[INFO] [stdout] ...
[INFO] [stdout] 163 |         let defs = named_filed_only!(self)
[INFO] [stdout]     |                    ----------------------- in this macro invocation
[INFO] [stdout]     |
[INFO] [stdout]     = warning: this was previously accepted by the compiler but is being phased out; it will become a hard error in a future release!
[INFO] [stdout]     = note: for more information, see issue #79813 <https://github.com/rust-lang/rust/issues/79813>
[INFO] [stdout]     = note: this warning originates in the macro `named_filed_only` (in Nightly builds, run with -Z macro-backtrace for more info)
[INFO] [stdout] 
[INFO] [stdout] 
[INFO] [stdout] warning: crate-level attribute should be in the root module
[INFO] [stdout]  --> src/literal.rs:1:1
[INFO] [stdout]   |
[INFO] [stdout] 1 | #![recursion_limit = "128"]
[INFO] [stdout]   | ^^^^^^^^^^^^^^^^^^^^^^^^^^^
[INFO] [stdout]   |
[INFO] [stdout]   = note: `#[warn(unused_attributes)]` on by default
[INFO] [stdout] 
[INFO] [stdout] 
[INFO] [stdout] warning: `#[macro_use]` only has an effect on `extern crate` and modules
[INFO] [stdout]  --> src/literal.rs:3:1
[INFO] [stdout]   |
[INFO] [stdout] 3 | #[macro_use]
[INFO] [stdout]   | ^^^^^^^^^^^^
[INFO] [stdout] 
[INFO] [stdout] 
[INFO] [stdout] warning: crate-level attribute should be in the root module
[INFO] [stdout]  --> src/literal.rs:1:1
[INFO] [stdout]   |
[INFO] [stdout] 1 | #![recursion_limit = "128"]
[INFO] [stdout]   | ^^^^^^^^^^^^^^^^^^^^^^^^^^^
[INFO] [stdout]   |
[INFO] [stdout]   = note: `#[warn(unused_attributes)]` on by default
[INFO] [stdout] 
[INFO] [stdout] 
[INFO] [stdout] warning: the feature `proc_macro` has been stable since 1.29.0 and no longer requires an attribute to enable
[INFO] [stdout]  --> src/lib.rs:2:12
[INFO] [stdout]   |
[INFO] [stdout] 2 | #![feature(proc_macro)]
[INFO] [stdout]   |            ^^^^^^^^^^
[INFO] [stdout]   |
[INFO] [stdout]   = note: `#[warn(stable_features)]` on by default
[INFO] [stdout] 
[INFO] [stdout] 
[INFO] [stdout] warning: `#[macro_use]` only has an effect on `extern crate` and modules
[INFO] [stdout]  --> src/literal.rs:3:1
[INFO] [stdout]   |
[INFO] [stdout] 3 | #[macro_use]
[INFO] [stdout]   | ^^^^^^^^^^^^
[INFO] [stdout] 
[INFO] [stdout] 
[INFO] [stdout] warning: the feature `proc_macro` has been stable since 1.29.0 and no longer requires an attribute to enable
[INFO] [stdout]  --> src/lib.rs:2:12
[INFO] [stdout]   |
[INFO] [stdout] 2 | #![feature(proc_macro)]
[INFO] [stdout]   |            ^^^^^^^^^^
[INFO] [stdout]   |
[INFO] [stdout]   = note: `#[warn(stable_features)]` on by default
[INFO] [stdout] 
[INFO] [stdout] 
[INFO] [stdout] warning: unused variable: `args`
[INFO] [stdout]   --> src/lib.rs:18:14
[INFO] [stdout]    |
[INFO] [stdout] 18 | pub fn rundo(args: TokenStream, input: TokenStream) -> TokenStream {
[INFO] [stdout]    |              ^^^^ help: if this is intentional, prefix it with an underscore: `_args`
[INFO] [stdout]    |
[INFO] [stdout]    = note: `#[warn(unused_variables)]` on by default
[INFO] [stdout] 
[INFO] [stdout] 
[INFO] [stdout] warning: unused variable: `args`
[INFO] [stdout]   --> src/lib.rs:18:14
[INFO] [stdout]    |
[INFO] [stdout] 18 | pub fn rundo(args: TokenStream, input: TokenStream) -> TokenStream {
[INFO] [stdout]    |              ^^^^ help: if this is intentional, prefix it with an underscore: `_args`
[INFO] [stdout]    |
[INFO] [stdout]    = note: `#[warn(unused_variables)]` on by default
[INFO] [stdout] 
[INFO] [stdout] 
[INFO] [stdout] warning: 7 warnings emitted
[INFO] [stdout] 
[INFO] [stdout] 
[INFO] [stdout] warning: 7 warnings emitted
[INFO] [stdout] 
[INFO] [stdout] 
[INFO] [stdout] warning: unused import: `rundo_struct::RundoStruct`
[INFO] [stdout]  --> src/literal.rs:7:5
[INFO] [stdout]   |
[INFO] [stdout] 7 | use rundo_struct::RundoStruct;
[INFO] [stdout]   |     ^^^^^^^^^^^^^^^^^^^^^^^^^
[INFO] [stdout]   |
[INFO] [stdout]   = note: `#[warn(unused_imports)]` on by default
[INFO] [stdout] 
[INFO] [stdout] 
[INFO] [stdout] warning: trailing semicolon in macro used in expression position
[INFO] [stdout]   --> src/rundo_struct.rs:90:10
[INFO] [stdout]    |
[INFO] [stdout] 90 |         };
[INFO] [stdout]    |          ^
[INFO] [stdout] ...
[INFO] [stdout] 98 |     let defs = named_filed_only!(fields)
[INFO] [stdout]    |                ------------------------- in this macro invocation
[INFO] [stdout]    |
[INFO] [stdout]    = warning: this was previously accepted by the compiler but is being phased out; it will become a hard error in a future release!
[INFO] [stdout]    = note: for more information, see issue #79813 <https://github.com/rust-lang/rust/issues/79813>
[INFO] [stdout]    = note: `#[warn(semicolon_in_expressions_from_macros)]` on by default
[INFO] [stdout]    = note: this warning originates in the macro `named_filed_only` (in Nightly builds, run with -Z macro-backtrace for more info)
[INFO] [stdout] 
[INFO] [stdout] 
[INFO] [stdout] warning: trailing semicolon in macro used in expression position
[INFO] [stdout]    --> src/rundo_struct.rs:90:10
[INFO] [stdout]     |
[INFO] [stdout] 90  |         };
[INFO] [stdout]     |          ^
[INFO] [stdout] ...
[INFO] [stdout] 163 |         let defs = named_filed_only!(self)
[INFO] [stdout]     |                    ----------------------- in this macro invocation
[INFO] [stdout]     |
[INFO] [stdout]     = warning: this was previously accepted by the compiler but is being phased out; it will become a hard error in a future release!
[INFO] [stdout]     = note: for more information, see issue #79813 <https://github.com/rust-lang/rust/issues/79813>
[INFO] [stdout]     = note: this warning originates in the macro `named_filed_only` (in Nightly builds, run with -Z macro-backtrace for more info)
[INFO] [stdout] 
[INFO] [stdout] 
[INFO] [stdout] warning: crate-level attribute should be in the root module
[INFO] [stdout]  --> src/literal.rs:1:1
[INFO] [stdout]   |
[INFO] [stdout] 1 | #![recursion_limit = "128"]
[INFO] [stdout]   | ^^^^^^^^^^^^^^^^^^^^^^^^^^^
[INFO] [stdout]   |
[INFO] [stdout]   = note: `#[warn(unused_attributes)]` on by default
[INFO] [stdout] 
[INFO] [stdout] 
[INFO] [stdout] warning: `#[macro_use]` only has an effect on `extern crate` and modules
[INFO] [stdout]  --> src/literal.rs:3:1
[INFO] [stdout]   |
[INFO] [stdout] 3 | #[macro_use]
[INFO] [stdout]   | ^^^^^^^^^^^^
[INFO] [stdout] 
[INFO] [stdout] 
[INFO] [stdout] warning: the feature `proc_macro` has been stable since 1.29.0 and no longer requires an attribute to enable
[INFO] [stdout]  --> src/lib.rs:2:12
[INFO] [stdout]   |
[INFO] [stdout] 2 | #![feature(proc_macro)]
[INFO] [stdout]   |            ^^^^^^^^^^
[INFO] [stdout]   |
[INFO] [stdout]   = note: `#[warn(stable_features)]` on by default
[INFO] [stdout] 
[INFO] [stdout] 
[INFO] [stdout] warning: unused variable: `args`
[INFO] [stdout]   --> src/lib.rs:18:14
[INFO] [stdout]    |
[INFO] [stdout] 18 | pub fn rundo(args: TokenStream, input: TokenStream) -> TokenStream {
[INFO] [stdout]    |              ^^^^ help: if this is intentional, prefix it with an underscore: `_args`
[INFO] [stdout]    |
[INFO] [stdout]    = note: `#[warn(unused_variables)]` on by default
[INFO] [stdout] 
[INFO] [stdout] 
[INFO] [stdout] warning: 7 warnings emitted
[INFO] [stdout] 
[INFO] [stdout] 
[INFO] [stdout] error[E0463]: can't find crate for `rundo_attrs`
[INFO] [stdout]  --> tests/integration_test.rs:4:1
[INFO] [stdout]   |
[INFO] [stdout] 4 | extern crate rundo_attrs;
[INFO] [stdout]   | ^^^^^^^^^^^^^^^^^^^^^^^^^ can't find crate
[INFO] [stdout] 
[INFO] [stdout] 
[INFO] [stdout] error[E0463]: can't find crate for `rundo_attrs`
[INFO] [stdout]  --> tests/sample.rs:4:1
[INFO] [stdout]   |
[INFO] [stdout] 4 | extern crate rundo_attrs;
[INFO] [stdout]   | ^^^^^^^^^^^^^^^^^^^^^^^^^ can't find crate
[INFO] [stdout] 
[INFO] [stdout] 
[INFO] [stdout] error: cannot find macro `Point` in this scope
[INFO] [stdout]   --> tests/integration_test.rs:24:16
[INFO] [stdout]    |
[INFO] [stdout] 24 |   let mut pt = Point! { a: 1, b: 2 };
[INFO] [stdout]    |                ^^^^^
[INFO] [stdout]    |
[INFO] [stdout]    = note: `Point` is in scope, but it is a struct, not a macro
[INFO] [stdout] 
[INFO] [stdout] 
[INFO] [stdout] error: cannot find macro `Embed` in this scope
[INFO] [stdout]   --> tests/sample.rs:24:18
[INFO] [stdout]    |
[INFO] [stdout] 24 |     let _embed = Embed! {a: 1.0};
[INFO] [stdout]    |                  ^^^^^
[INFO] [stdout]    |
[INFO] [stdout]    = note: `Embed` is in scope, but it is a struct, not a macro
[INFO] [stdout] 
[INFO] [stdout] 
[INFO] [stdout] error: cannot find macro `Test` in this scope
[INFO] [stdout]   --> tests/sample.rs:25:14
[INFO] [stdout]    |
[INFO] [stdout] 25 |     let _t = Test! {x: 1, y: 2.0, z: Embed!{a: 1.0} };
[INFO] [stdout]    |              ^^^^
[INFO] [stdout]    |
[INFO] [stdout]    = note: `Test` is in scope, but it is a struct, not a macro
[INFO] [stdout] 
[INFO] [stdout] 
[INFO] [stdout] error: cannot find macro `Point` in this scope
[INFO] [stdout]   --> tests/integration_test.rs:43:16
[INFO] [stdout]    |
[INFO] [stdout] 43 |   let mut pt = Point! { a: 1, b: 2 };
[INFO] [stdout]    |                ^^^^^
[INFO] [stdout]    |
[INFO] [stdout]    = note: `Point` is in scope, but it is a struct, not a macro
[INFO] [stdout] 
[INFO] [stdout] 
[INFO] [stdout] error: cannot find macro `Embed` in this scope
[INFO] [stdout]   --> tests/integration_test.rs:66:19
[INFO] [stdout]    |
[INFO] [stdout] 66 |   let mut embed = Embed! {point: Point!{a:1, b:1}, c: 1.0};
[INFO] [stdout]    |                   ^^^^^
[INFO] [stdout]    |
[INFO] [stdout]    = note: `Embed` is in scope, but it is a struct, not a macro
[INFO] [stdout] 
[INFO] [stdout] 
[INFO] [stdout] warning: unused import: `rundo_types::prelude::*`
[INFO] [stdout]  --> tests/sample.rs:7:5
[INFO] [stdout]   |
[INFO] [stdout] 7 | use rundo_types::prelude::*;
[INFO] [stdout]   |     ^^^^^^^^^^^^^^^^^^^^^^^
[INFO] [stdout]   |
[INFO] [stdout]   = note: `#[warn(unused_imports)]` on by default
[INFO] [stdout] 
[INFO] [stdout] 
[INFO] [stdout] error: cannot find macro `CmplxStruct` in this scope
[INFO] [stdout]   --> tests/integration_test.rs:96:7
[INFO] [stdout]    |
[INFO] [stdout] 96 |       CmplxStruct! {
[INFO] [stdout]    |       ^^^^^^^^^^^
[INFO] [stdout]    |
[INFO] [stdout]    = note: `CmplxStruct` is in scope, but it is a struct, not a macro
[INFO] [stdout] 
[INFO] [stdout] 
[INFO] [stdout] warning: the feature `proc_macro` has been stable since 1.29.0 and no longer requires an attribute to enable
[INFO] [stdout]  --> tests/sample.rs:1:12
[INFO] [stdout]   |
[INFO] [stdout] 1 | #![feature(proc_macro)]
[INFO] [stdout]   |            ^^^^^^^^^^
[INFO] [stdout]   |
[INFO] [stdout]   = note: `#[warn(stable_features)]` on by default
[INFO] [stdout] 
[INFO] [stdout] 
[INFO] [stdout] warning: the feature `proc_macro` has been stable since 1.29.0 and no longer requires an attribute to enable
[INFO] [stdout]  --> tests/integration_test.rs:1:12
[INFO] [stdout]   |
[INFO] [stdout] 1 | #![feature(proc_macro)]
[INFO] [stdout]   |            ^^^^^^^^^^
[INFO] [stdout]   |
[INFO] [stdout]   = note: `#[warn(stable_features)]` on by default
[INFO] [stdout] 
[INFO] [stdout] 
[INFO] [stdout] error: aborting due to 3 previous errors; 2 warnings emitted
[INFO] [stdout] 
[INFO] [stdout] 
[INFO] [stdout] For more information about this error, try `rustc --explain E0463`.
[INFO] [stdout] 
[INFO] [stderr] error: could not compile `rundo_attrsca` (test "sample") due to 4 previous errors; 2 warnings emitted
[INFO] [stderr] warning: build failed, waiting for other jobs to finish...
[INFO] [stdout] error[E0614]: type `f32` cannot be dereferenced
[INFO] [stdout]    --> tests/integration_test.rs:108:14
[INFO] [stdout]     |
[INFO] [stdout] 108 |   assert_eq!(*cmplx.pub_field, 32.0);
[INFO] [stdout]     |              ^^^^^^^^^^^^^^^^
[INFO] [stdout] 
[INFO] [stdout] 
[INFO] [stdout] error[E0614]: type `f32` cannot be dereferenced
[INFO] [stdout]    --> tests/integration_test.rs:109:3
[INFO] [stdout]     |
[INFO] [stdout] 109 |   *cmplx.pub_field = 6.0;
[INFO] [stdout]     |   ^^^^^^^^^^^^^^^^
[INFO] [stdout] 
[INFO] [stdout] 
[INFO] [stdout] error[E0614]: type `f32` cannot be dereferenced
[INFO] [stdout]    --> tests/integration_test.rs:110:14
[INFO] [stdout]     |
[INFO] [stdout] 110 |   assert_eq!(*cmplx.pub_field, 6.0);
[INFO] [stdout]     |              ^^^^^^^^^^^^^^^^
[INFO] [stdout] 
[INFO] [stdout] 
[INFO] [stdout] error[E0599]: no method named `dirty` found for struct `wrap::CmplxStruct` in the current scope
[INFO] [stdout]    --> tests/integration_test.rs:112:17
[INFO] [stdout]     |
[INFO] [stdout] 88  |   pub struct CmplxStruct {
[INFO] [stdout]     |   ---------------------- method `dirty` not found for this struct
[INFO] [stdout] ...
[INFO] [stdout] 112 |   assert!(cmplx.dirty());
[INFO] [stdout]     |                 ^^^^^ method not found in `CmplxStruct`
[INFO] [stdout]     |
[INFO] [stdout]     = help: items from traits can only be used if the trait is implemented and in scope
[INFO] [stdout]     = note: the following trait defines an item `dirty`, perhaps you need to implement it:
[INFO] [stdout]             candidate #1: `rundo_types::Rundo`
[INFO] [stdout] 
[INFO] [stdout] 
[INFO] [stdout] error[E0599]: no method named `reset` found for struct `wrap::CmplxStruct` in the current scope
[INFO] [stdout]    --> tests/integration_test.rs:114:9
[INFO] [stdout]     |
[INFO] [stdout] 88  |   pub struct CmplxStruct {
[INFO] [stdout]     |   ---------------------- method `reset` not found for this struct
[INFO] [stdout] ...
[INFO] [stdout] 114 |   cmplx.reset();
[INFO] [stdout]     |         ^^^^^ method not found in `CmplxStruct`
[INFO] [stdout]     |
[INFO] [stdout]     = help: items from traits can only be used if the trait is implemented and in scope
[INFO] [stdout]     = note: the following trait defines an item `reset`, perhaps you need to implement it:
[INFO] [stdout]             candidate #1: `rundo_types::Rundo`
[INFO] [stdout] 
[INFO] [stdout] 
[INFO] [stdout] error[E0599]: no method named `dirty` found for struct `wrap::CmplxStruct` in the current scope
[INFO] [stdout]    --> tests/integration_test.rs:115:18
[INFO] [stdout]     |
[INFO] [stdout] 88  |   pub struct CmplxStruct {
[INFO] [stdout]     |   ---------------------- method `dirty` not found for this struct
[INFO] [stdout] ...
[INFO] [stdout] 115 |   assert!(!cmplx.dirty());
[INFO] [stdout]     |                  ^^^^^ method not found in `CmplxStruct`
[INFO] [stdout]     |
[INFO] [stdout]     = help: items from traits can only be used if the trait is implemented and in scope
[INFO] [stdout]     = note: the following trait defines an item `dirty`, perhaps you need to implement it:
[INFO] [stdout]             candidate #1: `rundo_types::Rundo`
[INFO] [stdout] 
[INFO] [stdout] 
[INFO] [stdout] error[E0599]: no method named `dirty` found for type `f32` in the current scope
[INFO] [stdout]    --> tests/integration_test.rs:116:28
[INFO] [stdout]     |
[INFO] [stdout] 116 |   assert!(!cmplx.pub_field.dirty());
[INFO] [stdout]     |                            ^^^^^ method not found in `f32`
[INFO] [stdout] 
[INFO] [stdout] 
[INFO] [stdout] warning: unused import: `rundo_types::prelude`
[INFO] [stdout]  --> tests/integration_test.rs:7:5
[INFO] [stdout]   |
[INFO] [stdout] 7 | use rundo_types::prelude::*;
[INFO] [stdout]   |     ^^^^^^^^^^^^^^^^^^^^
[INFO] [stdout]   |
[INFO] [stdout]   = note: `#[warn(unused_imports)]` on by default
[INFO] [stdout] 
[INFO] [stdout] 
[INFO] [stdout] error: aborting due to 12 previous errors; 2 warnings emitted
[INFO] [stdout] 
[INFO] [stdout] 
[INFO] [stdout] Some errors have detailed explanations: E0463, E0599, E0614.
[INFO] [stdout] 
[INFO] [stdout] For more information about an error, try `rustc --explain E0463`.
[INFO] [stdout] 
[INFO] [stderr] error: could not compile `rundo_attrsca` (test "integration_test") due to 13 previous errors; 2 warnings emitted
[INFO] running `Command { std: "docker" "inspect" "cb031be673f129570bce7f4990b7b6e0e35a777c415f9ec920a8008cc1016a34", kill_on_drop: false }`
[INFO] running `Command { std: "docker" "rm" "-f" "cb031be673f129570bce7f4990b7b6e0e35a777c415f9ec920a8008cc1016a34", kill_on_drop: false }`
[INFO] [stdout] cb031be673f129570bce7f4990b7b6e0e35a777c415f9ec920a8008cc1016a34
[INFO] checking rundo_attrsca-0.1.0 against nightly-2024-02-05+rustflags=-Dunexpected_cfgs+cargoflags=-Zcheck-cfg for check-cfg
[INFO] extracting crate rundo_attrsca 0.1.0 into /workspace/builds/worker-3-tc2/source
[INFO] validating manifest of crates.io crate rundo_attrsca 0.1.0 on toolchain nightly-2024-02-05
[INFO] running `Command { std: CARGO_HOME="/workspace/cargo-home" RUSTUP_HOME="/workspace/rustup-home" "/workspace/cargo-home/bin/cargo" "+nightly-2024-02-05" "metadata" "--manifest-path" "Cargo.toml" "--no-deps", kill_on_drop: false }`
[INFO] started tweaking crates.io crate rundo_attrsca 0.1.0
[INFO] finished tweaking crates.io crate rundo_attrsca 0.1.0
[INFO] tweaked toml for crates.io crate rundo_attrsca 0.1.0 written to /workspace/builds/worker-3-tc2/source/Cargo.toml
[INFO] running `Command { std: CARGO_HOME="/workspace/cargo-home" RUSTUP_HOME="/workspace/rustup-home" "/workspace/cargo-home/bin/cargo" "+nightly-2024-02-05" "generate-lockfile" "--manifest-path" "Cargo.toml", kill_on_drop: false }`
[INFO] [stderr]     Updating crates.io index
[INFO] running `Command { std: CARGO_HOME="/workspace/cargo-home" RUSTUP_HOME="/workspace/rustup-home" "/workspace/cargo-home/bin/cargo" "+nightly-2024-02-05" "fetch" "--manifest-path" "Cargo.toml", kill_on_drop: false }`
[INFO] running `Command { std: "docker" "create" "-v" "/var/lib/crater-agent-workspace/builds/worker-3-tc2/target:/opt/rustwide/target:rw,Z" "-v" "/var/lib/crater-agent-workspace/builds/worker-3-tc2/source:/opt/rustwide/workdir:ro,Z" "-v" "/var/lib/crater-agent-workspace/cargo-home:/opt/rustwide/cargo-home:ro,Z" "-v" "/var/lib/crater-agent-workspace/rustup-home:/opt/rustwide/rustup-home:ro,Z" "-e" "SOURCE_DIR=/opt/rustwide/workdir" "-e" "CARGO_TARGET_DIR=/opt/rustwide/target" "-e" "CARGO_HOME=/opt/rustwide/cargo-home" "-e" "RUSTUP_HOME=/opt/rustwide/rustup-home" "-w" "/opt/rustwide/workdir" "-m" "1610612736" "--user" "0:0" "--network" "none" "ghcr.io/rust-lang/crates-build-env/linux@sha256:2788e3201cd34a07e3172128adcd8b3090168a8e3bcc40d7c032b9dda1df7d1c" "/opt/rustwide/cargo-home/bin/cargo" "+nightly-2024-02-05" "metadata" "--no-deps" "--format-version=1", kill_on_drop: false }`
[INFO] [stdout] 9ad7da45155e5a61ea5210b259d72e6616d343f022dcaae552556a001e4ed99a
[INFO] running `Command { std: "docker" "start" "-a" "9ad7da45155e5a61ea5210b259d72e6616d343f022dcaae552556a001e4ed99a", kill_on_drop: false }`
[INFO] running `Command { std: "docker" "inspect" "9ad7da45155e5a61ea5210b259d72e6616d343f022dcaae552556a001e4ed99a", kill_on_drop: false }`
[INFO] running `Command { std: "docker" "rm" "-f" "9ad7da45155e5a61ea5210b259d72e6616d343f022dcaae552556a001e4ed99a", kill_on_drop: false }`
[INFO] [stdout] 9ad7da45155e5a61ea5210b259d72e6616d343f022dcaae552556a001e4ed99a
[INFO] running `Command { std: "docker" "create" "-v" "/var/lib/crater-agent-workspace/builds/worker-3-tc2/target:/opt/rustwide/target:rw,Z" "-v" "/var/lib/crater-agent-workspace/builds/worker-3-tc2/source:/opt/rustwide/workdir:ro,Z" "-v" "/var/lib/crater-agent-workspace/cargo-home:/opt/rustwide/cargo-home:ro,Z" "-v" "/var/lib/crater-agent-workspace/rustup-home:/opt/rustwide/rustup-home:ro,Z" "-e" "SOURCE_DIR=/opt/rustwide/workdir" "-e" "CARGO_TARGET_DIR=/opt/rustwide/target" "-e" "CARGO_INCREMENTAL=0" "-e" "RUST_BACKTRACE=full" "-e" "RUSTFLAGS=--cap-lints=forbid -Dunexpected_cfgs" "-e" "RUSTDOCFLAGS=--cap-lints=forbid" "-e" "CARGO_HOME=/opt/rustwide/cargo-home" "-e" "RUSTUP_HOME=/opt/rustwide/rustup-home" "-w" "/opt/rustwide/workdir" "-m" "1610612736" "--user" "0:0" "--network" "none" "ghcr.io/rust-lang/crates-build-env/linux@sha256:2788e3201cd34a07e3172128adcd8b3090168a8e3bcc40d7c032b9dda1df7d1c" "/opt/rustwide/cargo-home/bin/cargo" "+nightly-2024-02-05" "check" "--frozen" "--all" "--all-targets" "--message-format=json" "-Zcheck-cfg", kill_on_drop: false }`
[INFO] [stdout] 47e9e962374b8f879f70ff61e8a5db6e2a08e04506483f61dd3829833c48272f
[INFO] running `Command { std: "docker" "start" "-a" "47e9e962374b8f879f70ff61e8a5db6e2a08e04506483f61dd3829833c48272f", kill_on_drop: false }`
[INFO] [stderr]     Checking unicode-xid v0.1.0
[INFO] [stderr]     Checking difference v2.0.0
[INFO] [stderr]    Compiling proc-macro2 v0.2.3
[INFO] [stderr]     Checking rundo_types v0.1.1
[INFO] [stderr]     Checking quote v0.4.2
[INFO] [stderr]     Checking syn v0.12.15
[INFO] [stderr]     Checking rundo_attrsca v0.1.0 (/opt/rustwide/workdir)
[INFO] [stdout] warning: unused import: `rundo_struct::RundoStruct`
[INFO] [stdout]  --> src/literal.rs:7:5
[INFO] [stdout]   |
[INFO] [stdout] 7 | use rundo_struct::RundoStruct;
[INFO] [stdout]   |     ^^^^^^^^^^^^^^^^^^^^^^^^^
[INFO] [stdout]   |
[INFO] [stdout]   = note: `#[warn(unused_imports)]` on by default
[INFO] [stdout] 
[INFO] [stdout] 
[INFO] [stdout] warning: trailing semicolon in macro used in expression position
[INFO] [stdout]   --> src/rundo_struct.rs:90:10
[INFO] [stdout]    |
[INFO] [stdout] 90 |         };
[INFO] [stdout]    |          ^
[INFO] [stdout] ...
[INFO] [stdout] 98 |     let defs = named_filed_only!(fields)
[INFO] [stdout]    |                ------------------------- in this macro invocation
[INFO] [stdout]    |
[INFO] [stdout]    = warning: this was previously accepted by the compiler but is being phased out; it will become a hard error in a future release!
[INFO] [stdout]    = note: for more information, see issue #79813 <https://github.com/rust-lang/rust/issues/79813>
[INFO] [stdout]    = note: `#[warn(semicolon_in_expressions_from_macros)]` on by default
[INFO] [stdout]    = note: this warning originates in the macro `named_filed_only` (in Nightly builds, run with -Z macro-backtrace for more info)
[INFO] [stdout] 
[INFO] [stdout] 
[INFO] [stdout] warning: trailing semicolon in macro used in expression position
[INFO] [stdout]    --> src/rundo_struct.rs:90:10
[INFO] [stdout]     |
[INFO] [stdout] 90  |         };
[INFO] [stdout]     |          ^
[INFO] [stdout] ...
[INFO] [stdout] 163 |         let defs = named_filed_only!(self)
[INFO] [stdout]     |                    ----------------------- in this macro invocation
[INFO] [stdout]     |
[INFO] [stdout]     = warning: this was previously accepted by the compiler but is being phased out; it will become a hard error in a future release!
[INFO] [stdout]     = note: for more information, see issue #79813 <https://github.com/rust-lang/rust/issues/79813>
[INFO] [stdout]     = note: this warning originates in the macro `named_filed_only` (in Nightly builds, run with -Z macro-backtrace for more info)
[INFO] [stdout] 
[INFO] [stdout] 
[INFO] [stdout] warning: unused import: `rundo_struct::RundoStruct`
[INFO] [stdout]  --> src/literal.rs:7:5
[INFO] [stdout]   |
[INFO] [stdout] 7 | use rundo_struct::RundoStruct;
[INFO] [stdout]   |     ^^^^^^^^^^^^^^^^^^^^^^^^^
[INFO] [stdout]   |
[INFO] [stdout]   = note: `#[warn(unused_imports)]` on by default
[INFO] [stdout] 
[INFO] [stdout] 
[INFO] [stdout] warning: trailing semicolon in macro used in expression position
[INFO] [stdout]   --> src/rundo_struct.rs:90:10
[INFO] [stdout]    |
[INFO] [stdout] 90 |         };
[INFO] [stdout]    |          ^
[INFO] [stdout] ...
[INFO] [stdout] 98 |     let defs = named_filed_only!(fields)
[INFO] [stdout]    |                ------------------------- in this macro invocation
[INFO] [stdout]    |
[INFO] [stdout]    = warning: this was previously accepted by the compiler but is being phased out; it will become a hard error in a future release!
[INFO] [stdout]    = note: for more information, see issue #79813 <https://github.com/rust-lang/rust/issues/79813>
[INFO] [stdout]    = note: `#[warn(semicolon_in_expressions_from_macros)]` on by default
[INFO] [stdout]    = note: this warning originates in the macro `named_filed_only` (in Nightly builds, run with -Z macro-backtrace for more info)
[INFO] [stdout] 
[INFO] [stdout] 
[INFO] [stdout] warning: trailing semicolon in macro used in expression position
[INFO] [stdout]    --> src/rundo_struct.rs:90:10
[INFO] [stdout]     |
[INFO] [stdout] 90  |         };
[INFO] [stdout]     |          ^
[INFO] [stdout] ...
[INFO] [stdout] 163 |         let defs = named_filed_only!(self)
[INFO] [stdout]     |                    ----------------------- in this macro invocation
[INFO] [stdout]     |
[INFO] [stdout]     = warning: this was previously accepted by the compiler but is being phased out; it will become a hard error in a future release!
[INFO] [stdout]     = note: for more information, see issue #79813 <https://github.com/rust-lang/rust/issues/79813>
[INFO] [stdout]     = note: this warning originates in the macro `named_filed_only` (in Nightly builds, run with -Z macro-backtrace for more info)
[INFO] [stdout] 
[INFO] [stdout] 
[INFO] [stdout] warning: crate-level attribute should be in the root module
[INFO] [stdout]  --> src/literal.rs:1:1
[INFO] [stdout]   |
[INFO] [stdout] 1 | #![recursion_limit = "128"]
[INFO] [stdout]   | ^^^^^^^^^^^^^^^^^^^^^^^^^^^
[INFO] [stdout]   |
[INFO] [stdout]   = note: `#[warn(unused_attributes)]` on by default
[INFO] [stdout] 
[INFO] [stdout] 
[INFO] [stdout] warning: `#[macro_use]` only has an effect on `extern crate` and modules
[INFO] [stdout]  --> src/literal.rs:3:1
[INFO] [stdout]   |
[INFO] [stdout] 3 | #[macro_use]
[INFO] [stdout]   | ^^^^^^^^^^^^
[INFO] [stdout] 
[INFO] [stdout] 
[INFO] [stdout] warning: the feature `proc_macro` has been stable since 1.29.0 and no longer requires an attribute to enable
[INFO] [stdout]  --> src/lib.rs:2:12
[INFO] [stdout]   |
[INFO] [stdout] 2 | #![feature(proc_macro)]
[INFO] [stdout]   |            ^^^^^^^^^^
[INFO] [stdout]   |
[INFO] [stdout]   = note: `#[warn(stable_features)]` on by default
[INFO] [stdout] 
[INFO] [stdout] 
[INFO] [stdout] warning: crate-level attribute should be in the root module
[INFO] [stdout]  --> src/literal.rs:1:1
[INFO] [stdout]   |
[INFO] [stdout] 1 | #![recursion_limit = "128"]
[INFO] [stdout]   | ^^^^^^^^^^^^^^^^^^^^^^^^^^^
[INFO] [stdout]   |
[INFO] [stdout]   = note: `#[warn(unused_attributes)]` on by default
[INFO] [stdout] 
[INFO] [stdout] 
[INFO] [stdout] warning: `#[macro_use]` only has an effect on `extern crate` and modules
[INFO] [stdout]  --> src/literal.rs:3:1
[INFO] [stdout]   |
[INFO] [stdout] 3 | #[macro_use]
[INFO] [stdout]   | ^^^^^^^^^^^^
[INFO] [stdout] 
[INFO] [stdout] 
[INFO] [stdout] warning: the feature `proc_macro` has been stable since 1.29.0 and no longer requires an attribute to enable
[INFO] [stdout]  --> src/lib.rs:2:12
[INFO] [stdout]   |
[INFO] [stdout] 2 | #![feature(proc_macro)]
[INFO] [stdout]   |            ^^^^^^^^^^
[INFO] [stdout]   |
[INFO] [stdout]   = note: `#[warn(stable_features)]` on by default
[INFO] [stdout] 
[INFO] [stdout] 
[INFO] [stdout] warning: unused variable: `args`
[INFO] [stdout]   --> src/lib.rs:18:14
[INFO] [stdout]    |
[INFO] [stdout] 18 | pub fn rundo(args: TokenStream, input: TokenStream) -> TokenStream {
[INFO] [stdout]    |              ^^^^ help: if this is intentional, prefix it with an underscore: `_args`
[INFO] [stdout]    |
[INFO] [stdout]    = note: `#[warn(unused_variables)]` on by default
[INFO] [stdout] 
[INFO] [stdout] 
[INFO] [stdout] warning: unused variable: `args`
[INFO] [stdout]   --> src/lib.rs:18:14
[INFO] [stdout]    |
[INFO] [stdout] 18 | pub fn rundo(args: TokenStream, input: TokenStream) -> TokenStream {
[INFO] [stdout]    |              ^^^^ help: if this is intentional, prefix it with an underscore: `_args`
[INFO] [stdout]    |
[INFO] [stdout]    = note: `#[warn(unused_variables)]` on by default
[INFO] [stdout] 
[INFO] [stdout] 
[INFO] [stdout] warning: 7 warnings emitted
[INFO] [stdout] 
[INFO] [stdout] 
[INFO] [stdout] warning: 7 warnings emitted
[INFO] [stdout] 
[INFO] [stdout] 
[INFO] [stdout] warning: unused import: `rundo_struct::RundoStruct`
[INFO] [stdout]  --> src/literal.rs:7:5
[INFO] [stdout]   |
[INFO] [stdout] 7 | use rundo_struct::RundoStruct;
[INFO] [stdout]   |     ^^^^^^^^^^^^^^^^^^^^^^^^^
[INFO] [stdout]   |
[INFO] [stdout]   = note: `#[warn(unused_imports)]` on by default
[INFO] [stdout] 
[INFO] [stdout] 
[INFO] [stdout] warning: trailing semicolon in macro used in expression position
[INFO] [stdout]   --> src/rundo_struct.rs:90:10
[INFO] [stdout]    |
[INFO] [stdout] 90 |         };
[INFO] [stdout]    |          ^
[INFO] [stdout] ...
[INFO] [stdout] 98 |     let defs = named_filed_only!(fields)
[INFO] [stdout]    |                ------------------------- in this macro invocation
[INFO] [stdout]    |
[INFO] [stdout]    = warning: this was previously accepted by the compiler but is being phased out; it will become a hard error in a future release!
[INFO] [stdout]    = note: for more information, see issue #79813 <https://github.com/rust-lang/rust/issues/79813>
[INFO] [stdout]    = note: `#[warn(semicolon_in_expressions_from_macros)]` on by default
[INFO] [stdout]    = note: this warning originates in the macro `named_filed_only` (in Nightly builds, run with -Z macro-backtrace for more info)
[INFO] [stdout] 
[INFO] [stdout] 
[INFO] [stdout] warning: trailing semicolon in macro used in expression position
[INFO] [stdout]    --> src/rundo_struct.rs:90:10
[INFO] [stdout]     |
[INFO] [stdout] 90  |         };
[INFO] [stdout]     |          ^
[INFO] [stdout] ...
[INFO] [stdout] 163 |         let defs = named_filed_only!(self)
[INFO] [stdout]     |                    ----------------------- in this macro invocation
[INFO] [stdout]     |
[INFO] [stdout]     = warning: this was previously accepted by the compiler but is being phased out; it will become a hard error in a future release!
[INFO] [stdout]     = note: for more information, see issue #79813 <https://github.com/rust-lang/rust/issues/79813>
[INFO] [stdout]     = note: this warning originates in the macro `named_filed_only` (in Nightly builds, run with -Z macro-backtrace for more info)
[INFO] [stdout] 
[INFO] [stdout] 
[INFO] [stdout] warning: crate-level attribute should be in the root module
[INFO] [stdout]  --> src/literal.rs:1:1
[INFO] [stdout]   |
[INFO] [stdout] 1 | #![recursion_limit = "128"]
[INFO] [stdout]   | ^^^^^^^^^^^^^^^^^^^^^^^^^^^
[INFO] [stdout]   |
[INFO] [stdout]   = note: `#[warn(unused_attributes)]` on by default
[INFO] [stdout] 
[INFO] [stdout] 
[INFO] [stdout] warning: `#[macro_use]` only has an effect on `extern crate` and modules
[INFO] [stdout]  --> src/literal.rs:3:1
[INFO] [stdout]   |
[INFO] [stdout] 3 | #[macro_use]
[INFO] [stdout]   | ^^^^^^^^^^^^
[INFO] [stdout] 
[INFO] [stdout] 
[INFO] [stdout] warning: the feature `proc_macro` has been stable since 1.29.0 and no longer requires an attribute to enable
[INFO] [stdout]  --> src/lib.rs:2:12
[INFO] [stdout]   |
[INFO] [stdout] 2 | #![feature(proc_macro)]
[INFO] [stdout]   |            ^^^^^^^^^^
[INFO] [stdout]   |
[INFO] [stdout]   = note: `#[warn(stable_features)]` on by default
[INFO] [stdout] 
[INFO] [stdout] 
[INFO] [stdout] warning: unused variable: `args`
[INFO] [stdout]   --> src/lib.rs:18:14
[INFO] [stdout]    |
[INFO] [stdout] 18 | pub fn rundo(args: TokenStream, input: TokenStream) -> TokenStream {
[INFO] [stdout]    |              ^^^^ help: if this is intentional, prefix it with an underscore: `_args`
[INFO] [stdout]    |
[INFO] [stdout]    = note: `#[warn(unused_variables)]` on by default
[INFO] [stdout] 
[INFO] [stdout] 
[INFO] [stdout] warning: 7 warnings emitted
[INFO] [stdout] 
[INFO] [stdout] 
[INFO] [stdout] error[E0463]: can't find crate for `rundo_attrs`
[INFO] [stdout]  --> tests/integration_test.rs:4:1
[INFO] [stdout]   |
[INFO] [stdout] 4 | extern crate rundo_attrs;
[INFO] [stdout]   | ^^^^^^^^^^^^^^^^^^^^^^^^^ can't find crate
[INFO] [stdout] 
[INFO] [stdout] 
[INFO] [stdout] error[E0463]: can't find crate for `rundo_attrs`
[INFO] [stdout]  --> tests/sample.rs:4:1
[INFO] [stdout]   |
[INFO] [stdout] 4 | extern crate rundo_attrs;
[INFO] [stdout]   | ^^^^^^^^^^^^^^^^^^^^^^^^^ can't find crate
[INFO] [stdout] 
[INFO] [stdout] 
[INFO] [stdout] error: cannot find macro `Point` in this scope
[INFO] [stdout]   --> tests/integration_test.rs:24:16
[INFO] [stdout]    |
[INFO] [stdout] 24 |   let mut pt = Point! { a: 1, b: 2 };
[INFO] [stdout]    |                ^^^^^
[INFO] [stdout]    |
[INFO] [stdout]    = note: `Point` is in scope, but it is a struct, not a macro
[INFO] [stdout] 
[INFO] [stdout] 
[INFO] [stdout] error: cannot find macro `Point` in this scope
[INFO] [stdout]   --> tests/integration_test.rs:43:16
[INFO] [stdout]    |
[INFO] [stdout] 43 |   let mut pt = Point! { a: 1, b: 2 };
[INFO] [stdout]    |                ^^^^^
[INFO] [stdout]    |
[INFO] [stdout]    = note: `Point` is in scope, but it is a struct, not a macro
[INFO] [stdout] 
[INFO] [stdout] 
[INFO] [stdout] error: cannot find macro `Embed` in this scope
[INFO] [stdout]   --> tests/integration_test.rs:66:19
[INFO] [stdout]    |
[INFO] [stdout] 66 |   let mut embed = Embed! {point: Point!{a:1, b:1}, c: 1.0};
[INFO] [stdout]    |                   ^^^^^
[INFO] [stdout]    |
[INFO] [stdout]    = note: `Embed` is in scope, but it is a struct, not a macro
[INFO] [stdout] 
[INFO] [stdout] 
[INFO] [stdout] error: cannot find macro `CmplxStruct` in this scope
[INFO] [stdout]   --> tests/integration_test.rs:96:7
[INFO] [stdout]    |
[INFO] [stdout] 96 |       CmplxStruct! {
[INFO] [stdout]    |       ^^^^^^^^^^^
[INFO] [stdout]    |
[INFO] [stdout]    = note: `CmplxStruct` is in scope, but it is a struct, not a macro
[INFO] [stdout] 
[INFO] [stdout] 
[INFO] [stdout] error: cannot find macro `Embed` in this scope
[INFO] [stdout]   --> tests/sample.rs:24:18
[INFO] [stdout]    |
[INFO] [stdout] 24 |     let _embed = Embed! {a: 1.0};
[INFO] [stdout]    |                  ^^^^^
[INFO] [stdout]    |
[INFO] [stdout]    = note: `Embed` is in scope, but it is a struct, not a macro
[INFO] [stdout] 
[INFO] [stdout] 
[INFO] [stdout] error: cannot find macro `Test` in this scope
[INFO] [stdout]   --> tests/sample.rs:25:14
[INFO] [stdout]    |
[INFO] [stdout] 25 |     let _t = Test! {x: 1, y: 2.0, z: Embed!{a: 1.0} };
[INFO] [stdout]    |              ^^^^
[INFO] [stdout]    |
[INFO] [stdout]    = note: `Test` is in scope, but it is a struct, not a macro
[INFO] [stdout] 
[INFO] [stdout] 
[INFO] [stdout] warning: unused import: `rundo_types::prelude::*`
[INFO] [stdout]  --> tests/sample.rs:7:5
[INFO] [stdout]   |
[INFO] [stdout] 7 | use rundo_types::prelude::*;
[INFO] [stdout]   |     ^^^^^^^^^^^^^^^^^^^^^^^
[INFO] [stdout]   |
[INFO] [stdout]   = note: `#[warn(unused_imports)]` on by default
[INFO] [stdout] 
[INFO] [stdout] 
[INFO] [stdout] warning: the feature `proc_macro` has been stable since 1.29.0 and no longer requires an attribute to enable
[INFO] [stdout]  --> tests/integration_test.rs:1:12
[INFO] [stdout]   |
[INFO] [stdout] 1 | #![feature(proc_macro)]
[INFO] [stdout]   |            ^^^^^^^^^^
[INFO] [stdout]   |
[INFO] [stdout]   = note: `#[warn(stable_features)]` on by default
[INFO] [stdout] 
[INFO] [stdout] 
[INFO] [stdout] warning: the feature `proc_macro` has been stable since 1.29.0 and no longer requires an attribute to enable
[INFO] [stdout]  --> tests/sample.rs:1:12
[INFO] [stdout]   |
[INFO] [stdout] 1 | #![feature(proc_macro)]
[INFO] [stdout]   |            ^^^^^^^^^^
[INFO] [stdout]   |
[INFO] [stdout]   = note: `#[warn(stable_features)]` on by default
[INFO] [stdout] 
[INFO] [stdout] 
[INFO] [stdout] error: aborting due to 3 previous errors; 2 warnings emitted
[INFO] [stdout] 
[INFO] [stdout] 
[INFO] [stdout] For more information about this error, try `rustc --explain E0463`.
[INFO] [stdout] 
[INFO] [stdout] error[E0614]: type `f32` cannot be dereferenced
[INFO] [stdout]    --> tests/integration_test.rs:108:14
[INFO] [stdout]     |
[INFO] [stdout] 108 |   assert_eq!(*cmplx.pub_field, 32.0);
[INFO] [stdout]     |              ^^^^^^^^^^^^^^^^
[INFO] [stdout] 
[INFO] [stdout] 
[INFO] [stdout] error[E0614]: type `f32` cannot be dereferenced
[INFO] [stdout]    --> tests/integration_test.rs:109:3
[INFO] [stdout]     |
[INFO] [stdout] 109 |   *cmplx.pub_field = 6.0;
[INFO] [stdout]     |   ^^^^^^^^^^^^^^^^
[INFO] [stdout] 
[INFO] [stdout] 
[INFO] [stdout] error[E0614]: type `f32` cannot be dereferenced
[INFO] [stdout]    --> tests/integration_test.rs:110:14
[INFO] [stdout]     |
[INFO] [stdout] 110 |   assert_eq!(*cmplx.pub_field, 6.0);
[INFO] [stdout]     |              ^^^^^^^^^^^^^^^^
[INFO] [stdout] 
[INFO] [stdout] 
[INFO] [stderr] error: could not compile `rundo_attrsca` (test "sample") due to 4 previous errors; 2 warnings emitted
[INFO] [stderr] warning: build failed, waiting for other jobs to finish...
[INFO] [stdout] error[E0599]: no method named `dirty` found for struct `wrap::CmplxStruct` in the current scope
[INFO] [stdout]    --> tests/integration_test.rs:112:17
[INFO] [stdout]     |
[INFO] [stdout] 88  |   pub struct CmplxStruct {
[INFO] [stdout]     |   ---------------------- method `dirty` not found for this struct
[INFO] [stdout] ...
[INFO] [stdout] 112 |   assert!(cmplx.dirty());
[INFO] [stdout]     |                 ^^^^^ method not found in `CmplxStruct`
[INFO] [stdout]     |
[INFO] [stdout]     = help: items from traits can only be used if the trait is implemented and in scope
[INFO] [stdout]     = note: the following trait defines an item `dirty`, perhaps you need to implement it:
[INFO] [stdout]             candidate #1: `rundo_types::Rundo`
[INFO] [stdout] 
[INFO] [stdout] 
[INFO] [stdout] error[E0599]: no method named `reset` found for struct `wrap::CmplxStruct` in the current scope
[INFO] [stdout]    --> tests/integration_test.rs:114:9
[INFO] [stdout]     |
[INFO] [stdout] 88  |   pub struct CmplxStruct {
[INFO] [stdout]     |   ---------------------- method `reset` not found for this struct
[INFO] [stdout] ...
[INFO] [stdout] 114 |   cmplx.reset();
[INFO] [stdout]     |         ^^^^^ method not found in `CmplxStruct`
[INFO] [stdout]     |
[INFO] [stdout]     = help: items from traits can only be used if the trait is implemented and in scope
[INFO] [stdout]     = note: the following trait defines an item `reset`, perhaps you need to implement it:
[INFO] [stdout]             candidate #1: `rundo_types::Rundo`
[INFO] [stdout] 
[INFO] [stdout] 
[INFO] [stdout] error[E0599]: no method named `dirty` found for struct `wrap::CmplxStruct` in the current scope
[INFO] [stdout]    --> tests/integration_test.rs:115:18
[INFO] [stdout]     |
[INFO] [stdout] 88  |   pub struct CmplxStruct {
[INFO] [stdout]     |   ---------------------- method `dirty` not found for this struct
[INFO] [stdout] ...
[INFO] [stdout] 115 |   assert!(!cmplx.dirty());
[INFO] [stdout]     |                  ^^^^^ method not found in `CmplxStruct`
[INFO] [stdout]     |
[INFO] [stdout]     = help: items from traits can only be used if the trait is implemented and in scope
[INFO] [stdout]     = note: the following trait defines an item `dirty`, perhaps you need to implement it:
[INFO] [stdout]             candidate #1: `rundo_types::Rundo`
[INFO] [stdout] 
[INFO] [stdout] 
[INFO] [stdout] error[E0599]: no method named `dirty` found for type `f32` in the current scope
[INFO] [stdout]    --> tests/integration_test.rs:116:28
[INFO] [stdout]     |
[INFO] [stdout] 116 |   assert!(!cmplx.pub_field.dirty());
[INFO] [stdout]     |                            ^^^^^ method not found in `f32`
[INFO] [stdout] 
[INFO] [stdout] 
[INFO] [stdout] warning: unused import: `rundo_types::prelude`
[INFO] [stdout]  --> tests/integration_test.rs:7:5
[INFO] [stdout]   |
[INFO] [stdout] 7 | use rundo_types::prelude::*;
[INFO] [stdout]   |     ^^^^^^^^^^^^^^^^^^^^
[INFO] [stdout]   |
[INFO] [stdout]   = note: `#[warn(unused_imports)]` on by default
[INFO] [stdout] 
[INFO] [stdout] 
[INFO] [stdout] error: aborting due to 12 previous errors; 2 warnings emitted
[INFO] [stdout] 
[INFO] [stdout] 
[INFO] [stdout] Some errors have detailed explanations: E0463, E0599, E0614.
[INFO] [stdout] 
[INFO] [stdout] For more information about an error, try `rustc --explain E0463`.
[INFO] [stdout] 
[INFO] [stderr] error: could not compile `rundo_attrsca` (test "integration_test") due to 13 previous errors; 2 warnings emitted
[INFO] running `Command { std: "docker" "inspect" "47e9e962374b8f879f70ff61e8a5db6e2a08e04506483f61dd3829833c48272f", kill_on_drop: false }`
[INFO] running `Command { std: "docker" "rm" "-f" "47e9e962374b8f879f70ff61e8a5db6e2a08e04506483f61dd3829833c48272f", kill_on_drop: false }`
[INFO] [stdout] 47e9e962374b8f879f70ff61e8a5db6e2a08e04506483f61dd3829833c48272f
