[INFO] fetching crate runa-macros 0.0.1-alpha1...
[INFO] checking runa-macros-0.0.1-alpha1 against nightly-2024-02-05 for check-cfg
[INFO] extracting crate runa-macros 0.0.1-alpha1 into /workspace/builds/worker-0-tc1/source
[INFO] validating manifest of crates.io crate runa-macros 0.0.1-alpha1 on toolchain nightly-2024-02-05
[INFO] running `Command { std: CARGO_HOME="/workspace/cargo-home" RUSTUP_HOME="/workspace/rustup-home" "/workspace/cargo-home/bin/cargo" "+nightly-2024-02-05" "metadata" "--manifest-path" "Cargo.toml" "--no-deps", kill_on_drop: false }`
[INFO] started tweaking crates.io crate runa-macros 0.0.1-alpha1
[INFO] finished tweaking crates.io crate runa-macros 0.0.1-alpha1
[INFO] tweaked toml for crates.io crate runa-macros 0.0.1-alpha1 written to /workspace/builds/worker-0-tc1/source/Cargo.toml
[INFO] running `Command { std: CARGO_HOME="/workspace/cargo-home" RUSTUP_HOME="/workspace/rustup-home" "/workspace/cargo-home/bin/cargo" "+nightly-2024-02-05" "generate-lockfile" "--manifest-path" "Cargo.toml", kill_on_drop: false }`
[INFO] [stderr]     Updating crates.io index
[INFO] running `Command { std: CARGO_HOME="/workspace/cargo-home" RUSTUP_HOME="/workspace/rustup-home" "/workspace/cargo-home/bin/cargo" "+nightly-2024-02-05" "fetch" "--manifest-path" "Cargo.toml", kill_on_drop: false }`
[INFO] running `Command { std: "docker" "create" "-v" "/var/lib/crater-agent-workspace/builds/worker-0-tc1/target:/opt/rustwide/target:rw,Z" "-v" "/var/lib/crater-agent-workspace/builds/worker-0-tc1/source:/opt/rustwide/workdir:ro,Z" "-v" "/var/lib/crater-agent-workspace/cargo-home:/opt/rustwide/cargo-home:ro,Z" "-v" "/var/lib/crater-agent-workspace/rustup-home:/opt/rustwide/rustup-home:ro,Z" "-e" "SOURCE_DIR=/opt/rustwide/workdir" "-e" "CARGO_TARGET_DIR=/opt/rustwide/target" "-e" "CARGO_HOME=/opt/rustwide/cargo-home" "-e" "RUSTUP_HOME=/opt/rustwide/rustup-home" "-w" "/opt/rustwide/workdir" "-m" "1610612736" "--user" "0:0" "--network" "none" "ghcr.io/rust-lang/crates-build-env/linux@sha256:2788e3201cd34a07e3172128adcd8b3090168a8e3bcc40d7c032b9dda1df7d1c" "/opt/rustwide/cargo-home/bin/cargo" "+nightly-2024-02-05" "metadata" "--no-deps" "--format-version=1", kill_on_drop: false }`
[INFO] [stdout] ffbc0ccd3a0a6fa611e1b857cc06a345a9e32e700106f31adfeb5a0c59455834
[INFO] running `Command { std: "docker" "start" "-a" "ffbc0ccd3a0a6fa611e1b857cc06a345a9e32e700106f31adfeb5a0c59455834", kill_on_drop: false }`
[INFO] running `Command { std: "docker" "inspect" "ffbc0ccd3a0a6fa611e1b857cc06a345a9e32e700106f31adfeb5a0c59455834", kill_on_drop: false }`
[INFO] running `Command { std: "docker" "rm" "-f" "ffbc0ccd3a0a6fa611e1b857cc06a345a9e32e700106f31adfeb5a0c59455834", kill_on_drop: false }`
[INFO] [stdout] ffbc0ccd3a0a6fa611e1b857cc06a345a9e32e700106f31adfeb5a0c59455834
[INFO] running `Command { std: "docker" "create" "-v" "/var/lib/crater-agent-workspace/builds/worker-0-tc1/target:/opt/rustwide/target:rw,Z" "-v" "/var/lib/crater-agent-workspace/builds/worker-0-tc1/source:/opt/rustwide/workdir:ro,Z" "-v" "/var/lib/crater-agent-workspace/cargo-home:/opt/rustwide/cargo-home:ro,Z" "-v" "/var/lib/crater-agent-workspace/rustup-home:/opt/rustwide/rustup-home:ro,Z" "-e" "SOURCE_DIR=/opt/rustwide/workdir" "-e" "CARGO_TARGET_DIR=/opt/rustwide/target" "-e" "CARGO_INCREMENTAL=0" "-e" "RUST_BACKTRACE=full" "-e" "RUSTFLAGS=--cap-lints=forbid" "-e" "RUSTDOCFLAGS=--cap-lints=forbid" "-e" "CARGO_HOME=/opt/rustwide/cargo-home" "-e" "RUSTUP_HOME=/opt/rustwide/rustup-home" "-w" "/opt/rustwide/workdir" "-m" "1610612736" "--user" "0:0" "--network" "none" "ghcr.io/rust-lang/crates-build-env/linux@sha256:2788e3201cd34a07e3172128adcd8b3090168a8e3bcc40d7c032b9dda1df7d1c" "/opt/rustwide/cargo-home/bin/cargo" "+nightly-2024-02-05" "check" "--frozen" "--all" "--all-targets" "--message-format=json", kill_on_drop: false }`
[INFO] [stdout] ba6346b364b7ab231d9f3a2f47b99a454d4d901b5ab1e5b895b41dcf29a6a0af
[INFO] running `Command { std: "docker" "start" "-a" "ba6346b364b7ab231d9f3a2f47b99a454d4d901b5ab1e5b895b41dcf29a6a0af", kill_on_drop: false }`
[INFO] [stderr]    Compiling proc-macro2 v1.0.78
[INFO] [stderr]    Compiling unicode-ident v1.0.12
[INFO] [stderr]    Compiling libc v0.2.153
[INFO] [stderr]     Checking pin-project-lite v0.2.13
[INFO] [stderr]     Checking memchr v2.7.1
[INFO] [stderr]    Compiling crossbeam-utils v0.8.19
[INFO] [stderr]     Checking futures-core v0.3.30
[INFO] [stderr]     Checking parking v2.2.0
[INFO] [stderr]    Compiling version_check v0.9.4
[INFO] [stderr]     Checking once_cell v1.19.0
[INFO] [stderr]     Checking futures-io v0.3.30
[INFO] [stderr]    Compiling slab v0.4.9
[INFO] [stderr]    Compiling thiserror v1.0.56
[INFO] [stderr]     Checking tracing-core v0.1.32
[INFO] [stderr]     Checking concurrent-queue v2.4.0
[INFO] [stderr]    Compiling ahash v0.8.7
[INFO] [stderr]     Checking futures-lite v2.2.0
[INFO] [stderr]    Compiling quote v1.0.35
[INFO] [stderr]     Checking event-listener v4.0.3
[INFO] [stderr]    Compiling syn v2.0.48
[INFO] [stderr]    Compiling syn v1.0.109
[INFO] [stderr]     Checking event-listener-strategy v0.4.0
[INFO] [stderr]     Checking bitflags v2.4.2
[INFO] [stderr]     Checking fastrand v1.9.0
[INFO] [stderr]     Checking async-lock v3.3.0
[INFO] [stderr]     Checking waker-fn v1.1.1
[INFO] [stderr]     Checking futures-lite v1.13.0
[INFO] [stderr]    Compiling rustix v0.38.31
[INFO] [stderr]     Checking event-listener v2.5.3
[INFO] [stderr]    Compiling io-lifetimes v1.0.11
[INFO] [stderr]    Compiling polling v2.8.0
[INFO] [stderr]     Checking fastrand v2.0.1
[INFO] [stderr]    Compiling equivalent v1.0.1
[INFO] [stderr]     Checking bitflags v1.3.2
[INFO] [stderr]    Compiling strsim v0.10.0
[INFO] [stderr]    Compiling fnv v1.0.7
[INFO] [stderr]    Compiling hashbrown v0.14.3
[INFO] [stderr]    Compiling ident_case v1.0.1
[INFO] [stderr]     Checking linux-raw-sys v0.4.13
[INFO] [stderr]    Compiling rustix v0.37.27
[INFO] [stderr]     Checking async-lock v2.8.0
[INFO] [stderr]    Compiling aho-corasick v1.1.2
[INFO] [stderr]    Compiling proc-macro-error-attr v1.0.4
[INFO] [stderr]    Compiling indexmap v2.2.2
[INFO] [stderr]    Compiling async-io v1.13.0
[INFO] [stderr]    Compiling regex-syntax v0.8.2
[INFO] [stderr]    Compiling toml_datetime v0.6.5
[INFO] [stderr]    Compiling az v1.2.1
[INFO] [stderr]    Compiling winnow v0.5.37
[INFO] [stderr]     Checking log v0.4.20
[INFO] [stderr]     Checking linux-raw-sys v0.3.8
[INFO] [stderr]    Compiling cfg-if v1.0.0
[INFO] [stderr]    Compiling typenum v1.17.0
[INFO] [stderr]     Checking async-task v4.7.0
[INFO] [stderr]    Compiling darling_core v0.14.4
[INFO] [stderr]     Checking atomic-waker v1.1.2
[INFO] [stderr]     Checking piper v0.2.1
[INFO] [stderr]     Checking regex-automata v0.4.5
[INFO] [stderr]    Compiling toml_edit v0.19.15
[INFO] [stderr]    Compiling getrandom v0.2.12
[INFO] [stderr]     Checking socket2 v0.4.10
[INFO] [stderr]     Checking async-channel v2.1.1
[INFO] [stderr]    Compiling quick-xml v0.28.2
[INFO] [stderr]    Compiling tracing-attributes v0.1.27
[INFO] [stderr]    Compiling thiserror-impl v1.0.56
[INFO] [stderr]    Compiling proc-macro-error v1.0.4
[INFO] [stderr]    Compiling darling_macro v0.14.4
[INFO] [stderr]     Checking zerocopy v0.7.32
[INFO] [stderr]    Compiling heck v0.4.1
[INFO] [stderr]    Compiling fixed v1.25.1
[INFO] [stderr]    Compiling regex v1.10.3
[INFO] [stderr]    Compiling proc-macro-crate v1.3.1
[INFO] [stderr]    Compiling cc v1.0.83
[INFO] [stderr]     Checking signal-hook-registry v1.4.1
[INFO] [stderr]     Checking runa-wayland-spec-parser v0.1.0
[INFO] [stderr]     Checking tracing v0.1.40
[INFO] [stderr]    Compiling linkify v0.9.0
[INFO] [stderr]     Checking polling v3.4.0
[INFO] [stderr]     Checking blocking v1.5.1
[INFO] [stderr]     Checking rust-format v0.3.4
[INFO] [stderr]    Compiling memoffset v0.7.1
[INFO] [stderr]     Checking async-io v2.3.1
[INFO] [stderr]     Checking half v2.3.1
[INFO] [stderr]    Compiling async-fs v1.6.0
[INFO] [stderr]     Checking bytemuck v1.14.1
[INFO] [stderr]    Compiling lazy_static v1.4.0
[INFO] [stderr]     Checking pin-utils v0.1.0
[INFO] [stderr]     Checking bytes v1.5.0
[INFO] [stderr]    Compiling runa-wayland-scanner-codegen v0.1.0
[INFO] [stderr]    Compiling num_enum_derive v0.5.11
[INFO] [stderr]    Compiling backtrace v0.3.69
[INFO] [stderr]     Checking async-signal v0.2.5
[INFO] [stderr]     Checking runa-io-traits v0.0.1-alpha1
[INFO] [stderr]     Checking event-listener v3.1.0
[INFO] [stderr]     Checking adler v1.0.2
[INFO] [stderr]     Checking gimli v0.28.1
[INFO] [stderr]     Checking async-process v1.8.1
[INFO] [stderr]    Compiling runa-wayland-scanner-macros v0.1.0
[INFO] [stderr]     Checking miniz_oxide v0.7.2
[INFO] [stderr]     Checking async-net v1.8.0
[INFO] [stderr]     Checking async-executor v1.8.0
[INFO] [stderr]     Checking async-channel v1.9.0
[INFO] [stderr]     Checking object v0.32.2
[INFO] [stderr]     Checking rustc-demangle v0.1.23
[INFO] [stderr]     Checking futures-task v0.3.30
[INFO] [stderr]     Checking num_enum v0.5.11
[INFO] [stderr]     Checking futures-util v0.3.30
[INFO] [stderr]     Checking smol v1.3.0
[INFO] [stderr]     Checking nix v0.26.4
[INFO] [stderr]    Compiling derivative v2.2.0
[INFO] [stderr]     Checking byteorder v1.5.0
[INFO] [stderr]     Checking addr2line v0.21.0
[INFO] [stderr]     Checking tinyvec v1.6.0
[INFO] [stderr]     Checking darling v0.14.4
[INFO] [stderr]     Checking futures-executor v0.3.30
[INFO] [stderr]    Compiling runa-macros v0.0.1-alpha1 (/opt/rustwide/workdir)
[INFO] [stderr]     Checking runa-io v0.0.1-alpha1
[INFO] [stderr]     Checking runa-wayland-types v0.1.0
[INFO] [stderr]     Checking runa-wayland-scanner v0.1.0
[INFO] [stdout] error[E0433]: failed to resolve: use of undeclared crate or module `wayland`
[INFO] [stdout]  --> tests/generate.rs:8:5
[INFO] [stdout]   |
[INFO] [stdout] 8 | use wayland::wl_display::v1::{events, Event};
[INFO] [stdout]   |     ^^^^^^^ use of undeclared crate or module `wayland`
[INFO] [stdout] 
[INFO] [stdout] 
[INFO] [stdout] error[E0433]: failed to resolve: use of undeclared crate or module `wl_io`
[INFO] [stdout]  --> tests/generate.rs:9:5
[INFO] [stdout]   |
[INFO] [stdout] 9 | use wl_io::utils::{ReadPool, WritePool};
[INFO] [stdout]   |     ^^^^^ use of undeclared crate or module `wl_io`
[INFO] [stdout] 
[INFO] [stdout] 
[INFO] [stdout] error[E0433]: failed to resolve: use of undeclared crate or module `wl_scanner_support`
[INFO] [stdout]   --> tests/generate.rs:11:5
[INFO] [stdout]    |
[INFO] [stdout] 11 | use wl_scanner_support::{
[INFO] [stdout]    |     ^^^^^^^^^^^^^^^^^^ use of undeclared crate or module `wl_scanner_support`
[INFO] [stdout] 
[INFO] [stdout] 
[INFO] [stdout] error[E0433]: failed to resolve: use of undeclared crate or module `wayland`
[INFO] [stdout]   --> tests/generate.rs:64:9
[INFO] [stdout]    |
[INFO] [stdout] 64 |     use wayland::wl_shm::v1::{requests, Request};
[INFO] [stdout]    |         ^^^^^^^ use of undeclared crate or module `wayland`
[INFO] [stdout] 
[INFO] [stdout] 
[INFO] [stdout] error[E0432]: unresolved import `wl_macros`
[INFO] [stdout]   --> tests/generate.rs:10:5
[INFO] [stdout]    |
[INFO] [stdout] 10 | use wl_macros::generate_protocol;
[INFO] [stdout]    |     ^^^^^^^^^ use of undeclared crate or module `wl_macros`
[INFO] [stdout] 
[INFO] [stdout] 
[INFO] [stdout] error[E0433]: failed to resolve: use of undeclared crate or module `wl_io`
[INFO] [stdout]   --> tests/generate.rs:38:22
[INFO] [stdout]    |
[INFO] [stdout] 38 |         let mut de = wl_io::de::Deserializer::new(bytes, fds);
[INFO] [stdout]    |                      ^^^^^ use of undeclared crate or module `wl_io`
[INFO] [stdout] 
[INFO] [stdout] 
[INFO] [stdout] error[E0433]: failed to resolve: use of undeclared crate or module `wl_io`
[INFO] [stdout]   --> tests/generate.rs:87:22
[INFO] [stdout]    |
[INFO] [stdout] 87 |         let mut de = wl_io::de::Deserializer::new(bytes, fds);
[INFO] [stdout]    |                      ^^^^^ use of undeclared crate or module `wl_io`
[INFO] [stdout] 
[INFO] [stdout] 
[INFO] [stdout] warning: unused import: `futures_lite::io::AsyncWriteExt`
[INFO] [stdout]  --> tests/generate.rs:7:5
[INFO] [stdout]   |
[INFO] [stdout] 7 | use futures_lite::io::AsyncWriteExt;
[INFO] [stdout]   |     ^^^^^^^^^^^^^^^^^^^^^^^^^^^^^^^
[INFO] [stdout]   |
[INFO] [stdout]   = note: `#[warn(unused_imports)]` on by default
[INFO] [stdout] 
[INFO] [stdout] 
[INFO] [stdout] warning: unused import: `fd::IntoRawFd`
[INFO] [stdout]  --> tests/generate.rs:3:10
[INFO] [stdout]   |
[INFO] [stdout] 3 |     os::{fd::IntoRawFd, unix::prelude::AsRawFd},
[INFO] [stdout]   |          ^^^^^^^^^^^^^
[INFO] [stdout] 
[INFO] [stdout] 
[INFO] [stdout] warning: unused import: `std::os::unix::io::IntoRawFd`
[INFO] [stdout]   --> tests/generate.rs:62:9
[INFO] [stdout]    |
[INFO] [stdout] 62 |     use std::os::unix::io::IntoRawFd;
[INFO] [stdout]    |         ^^^^^^^^^^^^^^^^^^^^^^^^^^^^
[INFO] [stdout] 
[INFO] [stdout] 
[INFO] [stdout] warning: unused import: `unix::prelude::AsRawFd`
[INFO] [stdout]  --> tests/generate.rs:3:25
[INFO] [stdout]   |
[INFO] [stdout] 3 |     os::{fd::IntoRawFd, unix::prelude::AsRawFd},
[INFO] [stdout]   |                         ^^^^^^^^^^^^^^^^^^^^^^
[INFO] [stdout] 
[INFO] [stdout] 
[INFO] [stdout] error: aborting due to 7 previous errors; 4 warnings emitted
[INFO] [stdout] 
[INFO] [stdout] 
[INFO] [stdout] Some errors have detailed explanations: E0432, E0433.
[INFO] [stdout] 
[INFO] [stdout] For more information about an error, try `rustc --explain E0432`.
[INFO] [stdout] 
[INFO] [stderr] error: could not compile `runa-macros` (test "generate") due to 8 previous errors; 4 warnings emitted
[INFO] [stderr] warning: build failed, waiting for other jobs to finish...
[INFO] running `Command { std: "docker" "inspect" "ba6346b364b7ab231d9f3a2f47b99a454d4d901b5ab1e5b895b41dcf29a6a0af", kill_on_drop: false }`
[INFO] running `Command { std: "docker" "rm" "-f" "ba6346b364b7ab231d9f3a2f47b99a454d4d901b5ab1e5b895b41dcf29a6a0af", kill_on_drop: false }`
[INFO] [stdout] ba6346b364b7ab231d9f3a2f47b99a454d4d901b5ab1e5b895b41dcf29a6a0af
