[INFO] fetching crate runa-io 0.0.1-alpha1...
[INFO] checking runa-io-0.0.1-alpha1 against nightly-2024-02-05 for check-cfg
[INFO] extracting crate runa-io 0.0.1-alpha1 into /workspace/builds/worker-4-tc1/source
[INFO] validating manifest of crates.io crate runa-io 0.0.1-alpha1 on toolchain nightly-2024-02-05
[INFO] running `Command { std: CARGO_HOME="/workspace/cargo-home" RUSTUP_HOME="/workspace/rustup-home" "/workspace/cargo-home/bin/cargo" "+nightly-2024-02-05" "metadata" "--manifest-path" "Cargo.toml" "--no-deps", kill_on_drop: false }`
[INFO] started tweaking crates.io crate runa-io 0.0.1-alpha1
[INFO] finished tweaking crates.io crate runa-io 0.0.1-alpha1
[INFO] tweaked toml for crates.io crate runa-io 0.0.1-alpha1 written to /workspace/builds/worker-4-tc1/source/Cargo.toml
[INFO] running `Command { std: CARGO_HOME="/workspace/cargo-home" RUSTUP_HOME="/workspace/rustup-home" "/workspace/cargo-home/bin/cargo" "+nightly-2024-02-05" "generate-lockfile" "--manifest-path" "Cargo.toml", kill_on_drop: false }`
[INFO] [stderr]     Updating crates.io index
[INFO] running `Command { std: CARGO_HOME="/workspace/cargo-home" RUSTUP_HOME="/workspace/rustup-home" "/workspace/cargo-home/bin/cargo" "+nightly-2024-02-05" "fetch" "--manifest-path" "Cargo.toml", kill_on_drop: false }`
[INFO] [stderr]  Downloading crates ...
[INFO] [stderr]   Downloaded rust-format v0.3.4
[INFO] [stderr]   Downloaded linkify v0.9.0
[INFO] [stderr]   Downloaded fixed v1.25.1
[INFO] [stderr]   Downloaded runa-wayland-spec-parser v0.1.0
[INFO] [stderr]   Downloaded runa-wayland-scanner-codegen v0.1.0
[INFO] [stderr]   Downloaded runa-wayland-scanner-macros v0.1.0
[INFO] [stderr]   Downloaded runa-wayland-protocols v0.1.0
[INFO] [stderr]   Downloaded runa-wayland-scanner v0.1.0
[INFO] [stderr]   Downloaded runa-io-traits v0.0.1-alpha1
[INFO] [stderr]   Downloaded runa-wayland-types v0.1.0
[INFO] running `Command { std: "docker" "create" "-v" "/var/lib/crater-agent-workspace/builds/worker-4-tc1/target:/opt/rustwide/target:rw,Z" "-v" "/var/lib/crater-agent-workspace/builds/worker-4-tc1/source:/opt/rustwide/workdir:ro,Z" "-v" "/var/lib/crater-agent-workspace/cargo-home:/opt/rustwide/cargo-home:ro,Z" "-v" "/var/lib/crater-agent-workspace/rustup-home:/opt/rustwide/rustup-home:ro,Z" "-e" "SOURCE_DIR=/opt/rustwide/workdir" "-e" "CARGO_TARGET_DIR=/opt/rustwide/target" "-e" "CARGO_HOME=/opt/rustwide/cargo-home" "-e" "RUSTUP_HOME=/opt/rustwide/rustup-home" "-w" "/opt/rustwide/workdir" "-m" "1610612736" "--user" "0:0" "--network" "none" "ghcr.io/rust-lang/crates-build-env/linux@sha256:2788e3201cd34a07e3172128adcd8b3090168a8e3bcc40d7c032b9dda1df7d1c" "/opt/rustwide/cargo-home/bin/cargo" "+nightly-2024-02-05" "metadata" "--no-deps" "--format-version=1", kill_on_drop: false }`
[INFO] [stdout] 1a821fe845c1b5731b7234d15e968c9244525d351d5c0ec758d32dff87ed4f1c
[INFO] running `Command { std: "docker" "start" "-a" "1a821fe845c1b5731b7234d15e968c9244525d351d5c0ec758d32dff87ed4f1c", kill_on_drop: false }`
[INFO] running `Command { std: "docker" "inspect" "1a821fe845c1b5731b7234d15e968c9244525d351d5c0ec758d32dff87ed4f1c", kill_on_drop: false }`
[INFO] running `Command { std: "docker" "rm" "-f" "1a821fe845c1b5731b7234d15e968c9244525d351d5c0ec758d32dff87ed4f1c", kill_on_drop: false }`
[INFO] [stdout] 1a821fe845c1b5731b7234d15e968c9244525d351d5c0ec758d32dff87ed4f1c
[INFO] running `Command { std: "docker" "create" "-v" "/var/lib/crater-agent-workspace/builds/worker-4-tc1/target:/opt/rustwide/target:rw,Z" "-v" "/var/lib/crater-agent-workspace/builds/worker-4-tc1/source:/opt/rustwide/workdir:ro,Z" "-v" "/var/lib/crater-agent-workspace/cargo-home:/opt/rustwide/cargo-home:ro,Z" "-v" "/var/lib/crater-agent-workspace/rustup-home:/opt/rustwide/rustup-home:ro,Z" "-e" "SOURCE_DIR=/opt/rustwide/workdir" "-e" "CARGO_TARGET_DIR=/opt/rustwide/target" "-e" "CARGO_INCREMENTAL=0" "-e" "RUST_BACKTRACE=full" "-e" "RUSTFLAGS=--cap-lints=forbid" "-e" "RUSTDOCFLAGS=--cap-lints=forbid" "-e" "CARGO_HOME=/opt/rustwide/cargo-home" "-e" "RUSTUP_HOME=/opt/rustwide/rustup-home" "-w" "/opt/rustwide/workdir" "-m" "1610612736" "--user" "0:0" "--network" "none" "ghcr.io/rust-lang/crates-build-env/linux@sha256:2788e3201cd34a07e3172128adcd8b3090168a8e3bcc40d7c032b9dda1df7d1c" "/opt/rustwide/cargo-home/bin/cargo" "+nightly-2024-02-05" "check" "--frozen" "--all" "--all-targets" "--message-format=json", kill_on_drop: false }`
[INFO] [stdout] ae09e5b14d6a9720b5b039fa5b93b9549b283b52a33e7f0af8a276c92f40c5a0
[INFO] running `Command { std: "docker" "start" "-a" "ae09e5b14d6a9720b5b039fa5b93b9549b283b52a33e7f0af8a276c92f40c5a0", kill_on_drop: false }`
[INFO] [stderr]    Compiling crossbeam-utils v0.8.19
[INFO] [stderr]     Checking parking v2.2.0
[INFO] [stderr]     Checking futures-io v0.3.30
[INFO] [stderr]    Compiling az v1.2.1
[INFO] [stderr]    Compiling ahash v0.8.7
[INFO] [stderr]    Compiling fixed v1.25.1
[INFO] [stderr]     Checking futures-lite v2.2.0
[INFO] [stderr]    Compiling syn v2.0.48
[INFO] [stderr]    Compiling syn v1.0.109
[INFO] [stderr]     Checking fastrand v1.9.0
[INFO] [stderr]     Checking waker-fn v1.1.1
[INFO] [stderr]    Compiling getrandom v0.2.12
[INFO] [stderr]    Compiling quick-xml v0.28.2
[INFO] [stderr]    Compiling proc-macro-error v1.0.4
[INFO] [stderr]     Checking event-listener v2.5.3
[INFO] [stderr]    Compiling zerocopy v0.7.32
[INFO] [stderr]    Compiling rustix v0.38.31
[INFO] [stderr]    Compiling proc-macro-error-attr v1.0.4
[INFO] [stderr]    Compiling rust-format v0.3.4
[INFO] [stderr]    Compiling linkify v0.9.0
[INFO] [stderr]     Checking futures-lite v1.13.0
[INFO] [stderr]    Compiling polling v2.8.0
[INFO] [stderr]     Checking linux-raw-sys v0.4.13
[INFO] [stderr]    Compiling rustix v0.37.27
[INFO] [stderr]     Checking async-lock v2.8.0
[INFO] [stderr]     Checking io-lifetimes v1.0.11
[INFO] [stderr]    Compiling half v2.3.1
[INFO] [stderr]    Compiling async-io v1.13.0
[INFO] [stderr]     Checking atomic-waker v1.1.2
[INFO] [stderr]     Checking async-task v4.7.0
[INFO] [stderr]    Compiling bytemuck v1.14.1
[INFO] [stderr]     Checking piper v0.2.1
[INFO] [stderr]     Checking socket2 v0.4.10
[INFO] [stderr]    Compiling bytes v1.5.0
[INFO] [stderr]    Compiling futures-core v0.3.30
[INFO] [stderr]     Checking concurrent-queue v2.4.0
[INFO] [stderr]    Compiling pin-project-lite v0.2.13
[INFO] [stderr]     Checking signal-hook-registry v1.4.1
[INFO] [stderr]    Compiling async-fs v1.6.0
[INFO] [stderr]     Checking event-listener v4.0.3
[INFO] [stderr]    Compiling memoffset v0.7.1
[INFO] [stderr]    Compiling bitflags v2.4.2
[INFO] [stderr]     Checking event-listener-strategy v0.4.0
[INFO] [stderr]     Checking runa-io-traits v0.0.1-alpha1
[INFO] [stderr]     Checking async-lock v3.3.0
[INFO] [stderr]     Checking async-channel v2.1.1
[INFO] [stderr]     Checking futures-util v0.3.30
[INFO] [stderr]     Checking event-listener v3.1.0
[INFO] [stderr]    Compiling backtrace v0.3.69
[INFO] [stderr]     Checking regex v1.10.3
[INFO] [stderr]     Checking heck v0.4.1
[INFO] [stderr]     Checking async-channel v1.9.0
[INFO] [stderr]     Checking rand_core v0.6.4
[INFO] [stderr]     Checking nix v0.26.4
[INFO] [stderr]     Checking tinyvec v1.6.0
[INFO] [stderr]     Checking async-executor v1.8.0
[INFO] [stderr]     Checking rand_chacha v0.3.1
[INFO] [stderr]     Checking futures-sink v0.3.30
[INFO] [stderr]     Checking tracing-subscriber v0.3.18
[INFO] [stderr]     Checking arbitrary v1.3.2
[INFO] [stderr]     Checking rand v0.8.5
[INFO] [stderr]    Compiling num_enum_derive v0.5.11
[INFO] [stderr]    Compiling derivative v2.2.0
[INFO] [stderr]     Checking futures-executor v0.3.30
[INFO] [stderr]    Compiling num_enum v0.5.11
[INFO] [stderr]    Compiling thiserror-impl v1.0.56
[INFO] [stderr]    Compiling tracing-attributes v0.1.27
[INFO] [stderr]    Compiling pin-project-internal v1.1.4
[INFO] [stderr]    Compiling futures-macro v0.3.30
[INFO] [stderr]     Checking pin-project v1.1.4
[INFO] [stderr]     Checking futures-test v0.3.30
[INFO] [stderr]    Compiling thiserror v1.0.56
[INFO] [stderr]     Checking tracing v0.1.40
[INFO] [stderr]    Compiling runa-wayland-spec-parser v0.1.0
[INFO] [stderr]     Checking polling v3.4.0
[INFO] [stderr]     Checking blocking v1.5.1
[INFO] [stderr]     Checking runa-wayland-scanner-codegen v0.1.0
[INFO] [stderr]     Checking async-net v1.8.0
[INFO] [stderr]     Checking async-io v2.3.1
[INFO] [stderr]     Checking async-signal v0.2.5
[INFO] [stderr]     Checking async-process v1.8.1
[INFO] [stderr]    Compiling runa-wayland-scanner-macros v0.1.0
[INFO] [stderr]     Checking smol v1.3.0
[INFO] [stderr]     Checking runa-io v0.0.1-alpha1 (/opt/rustwide/workdir)
[INFO] [stderr]     Checking runa-wayland-types v0.1.0
[INFO] [stderr]     Checking runa-wayland-scanner v0.1.0
[INFO] [stderr]    Compiling runa-wayland-protocols v0.1.0
[INFO] [stdout] error[E0599]: no method named `reserve` found for struct `WriteWithFd` in the current scope
[INFO] [stdout]    --> src/buf.rs:263:16
[INFO] [stdout]     |
[INFO] [stdout] 263 |             tx.reserve(packet.len() + 4, if fds.is_some() { 1 } else { 0 })
[INFO] [stdout]     |                ^^^^^^^ method not found in `WriteWithFd`
[INFO] [stdout]     |
[INFO] [stdout]    ::: src/lib.rs:44:1
[INFO] [stdout]     |
[INFO] [stdout] 44  | pub struct WriteWithFd {
[INFO] [stdout]     | ---------------------- method `reserve` not found for this struct
[INFO] [stdout] 
[INFO] [stdout] 
[INFO] [stdout] error[E0599]: no method named `write` found for struct `Pin<&mut WriteWithFd>` in the current scope
[INFO] [stdout]    --> src/buf.rs:266:31
[INFO] [stdout]     |
[INFO] [stdout] 266 |             Pin::new(&mut tx).write(&len);
[INFO] [stdout]     |                               ^^^^^ method not found in `Pin<&mut WriteWithFd>`
[INFO] [stdout]     |
[INFO] [stdout]     = help: items from traits can only be used if the trait is implemented and in scope
[INFO] [stdout]     = note: the following traits define an item `write`, perhaps you need to implement one of them:
[INFO] [stdout]             candidate #1: `std::io::Write`
[INFO] [stdout]             candidate #2: `Hasher`
[INFO] [stdout]             candidate #3: `AsyncWriteExt`
[INFO] [stdout]             candidate #4: `futures_util::io::AsyncWriteExt`
[INFO] [stdout] 
[INFO] [stdout] 
[INFO] [stdout] error[E0599]: no method named `write` found for struct `Pin<&mut WriteWithFd>` in the current scope
[INFO] [stdout]    --> src/buf.rs:267:31
[INFO] [stdout]     |
[INFO] [stdout] 267 |             Pin::new(&mut tx).write(packet);
[INFO] [stdout]     |                               ^^^^^ method not found in `Pin<&mut WriteWithFd>`
[INFO] [stdout]     |
[INFO] [stdout]     = help: items from traits can only be used if the trait is implemented and in scope
[INFO] [stdout]     = note: the following traits define an item `write`, perhaps you need to implement one of them:
[INFO] [stdout]             candidate #1: `std::io::Write`
[INFO] [stdout]             candidate #2: `Hasher`
[INFO] [stdout]             candidate #3: `AsyncWriteExt`
[INFO] [stdout]             candidate #4: `futures_util::io::AsyncWriteExt`
[INFO] [stdout] 
[INFO] [stdout] 
[INFO] [stdout] error[E0599]: no method named `push_fds` found for struct `Pin<&mut WriteWithFd>` in the current scope
[INFO] [stdout]    --> src/buf.rs:270:31
[INFO] [stdout]     |
[INFO] [stdout] 270 |             Pin::new(&mut tx).push_fds(&mut fds.into_iter());
[INFO] [stdout]     |                               ^^^^^^^^ method not found in `Pin<&mut WriteWithFd>`
[INFO] [stdout] 
[INFO] [stdout] 
[INFO] [stdout] error[E0599]: no method named `flush` found for struct `WriteWithFd` in the current scope
[INFO] [stdout]    --> src/buf.rs:272:12
[INFO] [stdout]     |
[INFO] [stdout] 272 |         tx.flush().await.unwrap();
[INFO] [stdout]     |            ^^^^^ method not found in `WriteWithFd`
[INFO] [stdout]     |
[INFO] [stdout]    ::: src/lib.rs:44:1
[INFO] [stdout]     |
[INFO] [stdout] 44  | pub struct WriteWithFd {
[INFO] [stdout]     | ---------------------- method `flush` not found for this struct
[INFO] [stdout]     |
[INFO] [stdout]     = help: items from traits can only be used if the trait is implemented and in scope
[INFO] [stdout]     = note: the following traits define an item `flush`, perhaps you need to implement one of them:
[INFO] [stdout]             candidate #1: `std::io::Write`
[INFO] [stdout]             candidate #2: `runa_io_traits::WriteMessage`
[INFO] [stdout]             candidate #3: `AsyncWriteExt`
[INFO] [stdout]             candidate #4: `log::Log`
[INFO] [stdout]             candidate #5: `futures_util::io::AsyncWriteExt`
[INFO] [stdout] 
[INFO] [stdout] 
[INFO] [stdout] warning: unused import: `futures_lite::AsyncBufRead`
[INFO] [stdout]    --> src/buf.rs:220:17
[INFO] [stdout]     |
[INFO] [stdout] 220 |             use futures_lite::AsyncBufRead;
[INFO] [stdout]     |                 ^^^^^^^^^^^^^^^^^^^^^^^^^^
[INFO] [stdout]     |
[INFO] [stdout]     = note: `#[warn(unused_imports)]` on by default
[INFO] [stdout] 
[INFO] [stdout] 
[INFO] [stdout] error: aborting due to 5 previous errors; 1 warning emitted
[INFO] [stdout] 
[INFO] [stdout] 
[INFO] [stdout] For more information about this error, try `rustc --explain E0599`.
[INFO] [stdout] 
[INFO] [stderr] error: could not compile `runa-io` (lib test) due to 6 previous errors; 1 warning emitted
[INFO] running `Command { std: "docker" "inspect" "ae09e5b14d6a9720b5b039fa5b93b9549b283b52a33e7f0af8a276c92f40c5a0", kill_on_drop: false }`
[INFO] running `Command { std: "docker" "rm" "-f" "ae09e5b14d6a9720b5b039fa5b93b9549b283b52a33e7f0af8a276c92f40c5a0", kill_on_drop: false }`
[INFO] [stdout] ae09e5b14d6a9720b5b039fa5b93b9549b283b52a33e7f0af8a276c92f40c5a0
[INFO] checking runa-io-0.0.1-alpha1 against nightly-2024-02-05+rustflags=-Dunexpected_cfgs+cargoflags=-Zcheck-cfg for check-cfg
[INFO] extracting crate runa-io 0.0.1-alpha1 into /workspace/builds/worker-4-tc2/source
[INFO] validating manifest of crates.io crate runa-io 0.0.1-alpha1 on toolchain nightly-2024-02-05
[INFO] running `Command { std: CARGO_HOME="/workspace/cargo-home" RUSTUP_HOME="/workspace/rustup-home" "/workspace/cargo-home/bin/cargo" "+nightly-2024-02-05" "metadata" "--manifest-path" "Cargo.toml" "--no-deps", kill_on_drop: false }`
[INFO] started tweaking crates.io crate runa-io 0.0.1-alpha1
[INFO] finished tweaking crates.io crate runa-io 0.0.1-alpha1
[INFO] tweaked toml for crates.io crate runa-io 0.0.1-alpha1 written to /workspace/builds/worker-4-tc2/source/Cargo.toml
[INFO] running `Command { std: CARGO_HOME="/workspace/cargo-home" RUSTUP_HOME="/workspace/rustup-home" "/workspace/cargo-home/bin/cargo" "+nightly-2024-02-05" "generate-lockfile" "--manifest-path" "Cargo.toml", kill_on_drop: false }`
[INFO] [stderr]     Updating crates.io index
[INFO] running `Command { std: CARGO_HOME="/workspace/cargo-home" RUSTUP_HOME="/workspace/rustup-home" "/workspace/cargo-home/bin/cargo" "+nightly-2024-02-05" "fetch" "--manifest-path" "Cargo.toml", kill_on_drop: false }`
[INFO] running `Command { std: "docker" "create" "-v" "/var/lib/crater-agent-workspace/builds/worker-4-tc2/target:/opt/rustwide/target:rw,Z" "-v" "/var/lib/crater-agent-workspace/builds/worker-4-tc2/source:/opt/rustwide/workdir:ro,Z" "-v" "/var/lib/crater-agent-workspace/cargo-home:/opt/rustwide/cargo-home:ro,Z" "-v" "/var/lib/crater-agent-workspace/rustup-home:/opt/rustwide/rustup-home:ro,Z" "-e" "SOURCE_DIR=/opt/rustwide/workdir" "-e" "CARGO_TARGET_DIR=/opt/rustwide/target" "-e" "CARGO_HOME=/opt/rustwide/cargo-home" "-e" "RUSTUP_HOME=/opt/rustwide/rustup-home" "-w" "/opt/rustwide/workdir" "-m" "1610612736" "--user" "0:0" "--network" "none" "ghcr.io/rust-lang/crates-build-env/linux@sha256:2788e3201cd34a07e3172128adcd8b3090168a8e3bcc40d7c032b9dda1df7d1c" "/opt/rustwide/cargo-home/bin/cargo" "+nightly-2024-02-05" "metadata" "--no-deps" "--format-version=1", kill_on_drop: false }`
[INFO] [stdout] 22ceb3efe4dc6e417822203b66a1e27145ea1df9637a2113b50bff94a44e1aaa
[INFO] running `Command { std: "docker" "start" "-a" "22ceb3efe4dc6e417822203b66a1e27145ea1df9637a2113b50bff94a44e1aaa", kill_on_drop: false }`
[INFO] running `Command { std: "docker" "inspect" "22ceb3efe4dc6e417822203b66a1e27145ea1df9637a2113b50bff94a44e1aaa", kill_on_drop: false }`
[INFO] running `Command { std: "docker" "rm" "-f" "22ceb3efe4dc6e417822203b66a1e27145ea1df9637a2113b50bff94a44e1aaa", kill_on_drop: false }`
[INFO] [stdout] 22ceb3efe4dc6e417822203b66a1e27145ea1df9637a2113b50bff94a44e1aaa
[INFO] running `Command { std: "docker" "create" "-v" "/var/lib/crater-agent-workspace/builds/worker-4-tc2/target:/opt/rustwide/target:rw,Z" "-v" "/var/lib/crater-agent-workspace/builds/worker-4-tc2/source:/opt/rustwide/workdir:ro,Z" "-v" "/var/lib/crater-agent-workspace/cargo-home:/opt/rustwide/cargo-home:ro,Z" "-v" "/var/lib/crater-agent-workspace/rustup-home:/opt/rustwide/rustup-home:ro,Z" "-e" "SOURCE_DIR=/opt/rustwide/workdir" "-e" "CARGO_TARGET_DIR=/opt/rustwide/target" "-e" "CARGO_INCREMENTAL=0" "-e" "RUST_BACKTRACE=full" "-e" "RUSTFLAGS=--cap-lints=forbid -Dunexpected_cfgs" "-e" "RUSTDOCFLAGS=--cap-lints=forbid" "-e" "CARGO_HOME=/opt/rustwide/cargo-home" "-e" "RUSTUP_HOME=/opt/rustwide/rustup-home" "-w" "/opt/rustwide/workdir" "-m" "1610612736" "--user" "0:0" "--network" "none" "ghcr.io/rust-lang/crates-build-env/linux@sha256:2788e3201cd34a07e3172128adcd8b3090168a8e3bcc40d7c032b9dda1df7d1c" "/opt/rustwide/cargo-home/bin/cargo" "+nightly-2024-02-05" "check" "--frozen" "--all" "--all-targets" "--message-format=json" "-Zcheck-cfg", kill_on_drop: false }`
[INFO] [stdout] b880b099e92385fbd1da5b552f6f4a8a823fbf21c1809a2770bf652ed5885196
[INFO] running `Command { std: "docker" "start" "-a" "b880b099e92385fbd1da5b552f6f4a8a823fbf21c1809a2770bf652ed5885196", kill_on_drop: false }`
[INFO] [stderr]    Compiling crossbeam-utils v0.8.19
[INFO] [stderr]     Checking parking v2.2.0
[INFO] [stderr]     Checking futures-io v0.3.30
[INFO] [stderr]    Compiling az v1.2.1
[INFO] [stderr]    Compiling ahash v0.8.7
[INFO] [stderr]    Compiling fixed v1.25.1
[INFO] [stderr]    Compiling syn v2.0.48
[INFO] [stderr]    Compiling syn v1.0.109
[INFO] [stderr]     Checking futures-lite v2.2.0
[INFO] [stderr]     Checking fastrand v1.9.0
[INFO] [stderr]     Checking waker-fn v1.1.1
[INFO] [stderr]    Compiling getrandom v0.2.12
[INFO] [stderr]    Compiling proc-macro-error v1.0.4
[INFO] [stderr]    Compiling quick-xml v0.28.2
[INFO] [stderr]    Compiling zerocopy v0.7.32
[INFO] [stderr]     Checking event-listener v2.5.3
[INFO] [stderr]    Compiling rustix v0.38.31
[INFO] [stderr]    Compiling proc-macro-error-attr v1.0.4
[INFO] [stderr]    Compiling rust-format v0.3.4
[INFO] [stderr]     Checking futures-lite v1.13.0
[INFO] [stderr]    Compiling polling v2.8.0
[INFO] [stderr]    Compiling linkify v0.9.0
[INFO] [stderr]     Checking linux-raw-sys v0.4.13
[INFO] [stderr]    Compiling rustix v0.37.27
[INFO] [stderr]     Checking async-lock v2.8.0
[INFO] [stderr]     Checking io-lifetimes v1.0.11
[INFO] [stderr]    Compiling half v2.3.1
[INFO] [stderr]    Compiling async-io v1.13.0
[INFO] [stderr]     Checking async-task v4.7.0
[INFO] [stderr]     Checking atomic-waker v1.1.2
[INFO] [stderr]    Compiling bytemuck v1.14.1
[INFO] [stderr]     Checking piper v0.2.1
[INFO] [stderr]     Checking socket2 v0.4.10
[INFO] [stderr]    Compiling pin-project-lite v0.2.13
[INFO] [stderr]    Compiling futures-core v0.3.30
[INFO] [stderr]     Checking concurrent-queue v2.4.0
[INFO] [stderr]    Compiling bytes v1.5.0
[INFO] [stderr]     Checking signal-hook-registry v1.4.1
[INFO] [stderr]    Compiling memoffset v0.7.1
[INFO] [stderr]     Checking event-listener v4.0.3
[INFO] [stderr]    Compiling async-fs v1.6.0
[INFO] [stderr]    Compiling bitflags v2.4.2
[INFO] [stderr]     Checking event-listener-strategy v0.4.0
[INFO] [stderr]     Checking futures-util v0.3.30
[INFO] [stderr]     Checking async-lock v3.3.0
[INFO] [stderr]     Checking async-channel v2.1.1
[INFO] [stderr]     Checking runa-io-traits v0.0.1-alpha1
[INFO] [stderr]     Checking event-listener v3.1.0
[INFO] [stderr]    Compiling backtrace v0.3.69
[INFO] [stderr]     Checking heck v0.4.1
[INFO] [stderr]     Checking async-channel v1.9.0
[INFO] [stderr]     Checking rand_core v0.6.4
[INFO] [stderr]     Checking nix v0.26.4
[INFO] [stderr]     Checking tinyvec v1.6.0
[INFO] [stderr]     Checking rand_chacha v0.3.1
[INFO] [stderr]     Checking futures-sink v0.3.30
[INFO] [stderr]     Checking async-executor v1.8.0
[INFO] [stderr]     Checking tracing-subscriber v0.3.18
[INFO] [stderr]     Checking arbitrary v1.3.2
[INFO] [stderr]     Checking rand v0.8.5
[INFO] [stderr]    Compiling num_enum_derive v0.5.11
[INFO] [stderr]    Compiling derivative v2.2.0
[INFO] [stderr]     Checking futures-executor v0.3.30
[INFO] [stderr]    Compiling num_enum v0.5.11
[INFO] [stderr]    Compiling thiserror-impl v1.0.56
[INFO] [stderr]    Compiling tracing-attributes v0.1.27
[INFO] [stderr]    Compiling pin-project-internal v1.1.4
[INFO] [stderr]    Compiling futures-macro v0.3.30
[INFO] [stderr]    Compiling thiserror v1.0.56
[INFO] [stderr]    Compiling runa-wayland-spec-parser v0.1.0
[INFO] [stderr]     Checking pin-project v1.1.4
[INFO] [stderr]     Checking futures-test v0.3.30
[INFO] [stderr]     Checking tracing v0.1.40
[INFO] [stderr]     Checking runa-wayland-scanner-codegen v0.1.0
[INFO] [stderr]     Checking polling v3.4.0
[INFO] [stderr]     Checking blocking v1.5.1
[INFO] [stderr]     Checking async-io v2.3.1
[INFO] [stderr]     Checking async-net v1.8.0
[INFO] [stderr]     Checking async-signal v0.2.5
[INFO] [stderr]    Compiling runa-wayland-scanner-macros v0.1.0
[INFO] [stderr]     Checking async-process v1.8.1
[INFO] [stderr]     Checking smol v1.3.0
[INFO] [stderr]     Checking runa-io v0.0.1-alpha1 (/opt/rustwide/workdir)
[INFO] [stderr]     Checking runa-wayland-types v0.1.0
[INFO] [stderr]     Checking runa-wayland-scanner v0.1.0
[INFO] [stderr]    Compiling runa-wayland-protocols v0.1.0
[INFO] [stdout] error[E0599]: no method named `reserve` found for struct `WriteWithFd` in the current scope
[INFO] [stdout]    --> src/buf.rs:263:16
[INFO] [stdout]     |
[INFO] [stdout] 263 |             tx.reserve(packet.len() + 4, if fds.is_some() { 1 } else { 0 })
[INFO] [stdout]     |                ^^^^^^^ method not found in `WriteWithFd`
[INFO] [stdout]     |
[INFO] [stdout]    ::: src/lib.rs:44:1
[INFO] [stdout]     |
[INFO] [stdout] 44  | pub struct WriteWithFd {
[INFO] [stdout]     | ---------------------- method `reserve` not found for this struct
[INFO] [stdout] 
[INFO] [stdout] 
[INFO] [stdout] error[E0599]: no method named `write` found for struct `Pin<&mut WriteWithFd>` in the current scope
[INFO] [stdout]    --> src/buf.rs:266:31
[INFO] [stdout]     |
[INFO] [stdout] 266 |             Pin::new(&mut tx).write(&len);
[INFO] [stdout]     |                               ^^^^^ method not found in `Pin<&mut WriteWithFd>`
[INFO] [stdout]     |
[INFO] [stdout]     = help: items from traits can only be used if the trait is implemented and in scope
[INFO] [stdout]     = note: the following traits define an item `write`, perhaps you need to implement one of them:
[INFO] [stdout]             candidate #1: `std::io::Write`
[INFO] [stdout]             candidate #2: `Hasher`
[INFO] [stdout]             candidate #3: `AsyncWriteExt`
[INFO] [stdout]             candidate #4: `futures_util::io::AsyncWriteExt`
[INFO] [stdout] 
[INFO] [stdout] 
[INFO] [stdout] error[E0599]: no method named `write` found for struct `Pin<&mut WriteWithFd>` in the current scope
[INFO] [stdout]    --> src/buf.rs:267:31
[INFO] [stdout]     |
[INFO] [stdout] 267 |             Pin::new(&mut tx).write(packet);
[INFO] [stdout]     |                               ^^^^^ method not found in `Pin<&mut WriteWithFd>`
[INFO] [stdout]     |
[INFO] [stdout]     = help: items from traits can only be used if the trait is implemented and in scope
[INFO] [stdout]     = note: the following traits define an item `write`, perhaps you need to implement one of them:
[INFO] [stdout]             candidate #1: `std::io::Write`
[INFO] [stdout]             candidate #2: `Hasher`
[INFO] [stdout]             candidate #3: `AsyncWriteExt`
[INFO] [stdout]             candidate #4: `futures_util::io::AsyncWriteExt`
[INFO] [stdout] 
[INFO] [stdout] 
[INFO] [stdout] error[E0599]: no method named `push_fds` found for struct `Pin<&mut WriteWithFd>` in the current scope
[INFO] [stdout]    --> src/buf.rs:270:31
[INFO] [stdout]     |
[INFO] [stdout] 270 |             Pin::new(&mut tx).push_fds(&mut fds.into_iter());
[INFO] [stdout]     |                               ^^^^^^^^ method not found in `Pin<&mut WriteWithFd>`
[INFO] [stdout] 
[INFO] [stdout] 
[INFO] [stdout] error[E0599]: no method named `flush` found for struct `WriteWithFd` in the current scope
[INFO] [stdout]    --> src/buf.rs:272:12
[INFO] [stdout]     |
[INFO] [stdout] 272 |         tx.flush().await.unwrap();
[INFO] [stdout]     |            ^^^^^ method not found in `WriteWithFd`
[INFO] [stdout]     |
[INFO] [stdout]    ::: src/lib.rs:44:1
[INFO] [stdout]     |
[INFO] [stdout] 44  | pub struct WriteWithFd {
[INFO] [stdout]     | ---------------------- method `flush` not found for this struct
[INFO] [stdout]     |
[INFO] [stdout]     = help: items from traits can only be used if the trait is implemented and in scope
[INFO] [stdout]     = note: the following traits define an item `flush`, perhaps you need to implement one of them:
[INFO] [stdout]             candidate #1: `std::io::Write`
[INFO] [stdout]             candidate #2: `runa_io_traits::WriteMessage`
[INFO] [stdout]             candidate #3: `AsyncWriteExt`
[INFO] [stdout]             candidate #4: `log::Log`
[INFO] [stdout]             candidate #5: `futures_util::io::AsyncWriteExt`
[INFO] [stdout] 
[INFO] [stdout] 
[INFO] [stdout] warning: unused import: `futures_lite::AsyncBufRead`
[INFO] [stdout]    --> src/buf.rs:220:17
[INFO] [stdout]     |
[INFO] [stdout] 220 |             use futures_lite::AsyncBufRead;
[INFO] [stdout]     |                 ^^^^^^^^^^^^^^^^^^^^^^^^^^
[INFO] [stdout]     |
[INFO] [stdout]     = note: `#[warn(unused_imports)]` on by default
[INFO] [stdout] 
[INFO] [stdout] 
[INFO] [stdout] error: aborting due to 5 previous errors; 1 warning emitted
[INFO] [stdout] 
[INFO] [stdout] 
[INFO] [stdout] For more information about this error, try `rustc --explain E0599`.
[INFO] [stdout] 
[INFO] [stderr] error: could not compile `runa-io` (lib test) due to 6 previous errors; 1 warning emitted
[INFO] running `Command { std: "docker" "inspect" "b880b099e92385fbd1da5b552f6f4a8a823fbf21c1809a2770bf652ed5885196", kill_on_drop: false }`
[INFO] running `Command { std: "docker" "rm" "-f" "b880b099e92385fbd1da5b552f6f4a8a823fbf21c1809a2770bf652ed5885196", kill_on_drop: false }`
[INFO] [stdout] b880b099e92385fbd1da5b552f6f4a8a823fbf21c1809a2770bf652ed5885196
