[INFO] fetching crate run-loop 0.1.1...
[INFO] checking run-loop-0.1.1 against nightly-2024-02-05 for check-cfg
[INFO] extracting crate run-loop 0.1.1 into /workspace/builds/worker-1-tc1/source
[INFO] validating manifest of crates.io crate run-loop 0.1.1 on toolchain nightly-2024-02-05
[INFO] running `Command { std: CARGO_HOME="/workspace/cargo-home" RUSTUP_HOME="/workspace/rustup-home" "/workspace/cargo-home/bin/cargo" "+nightly-2024-02-05" "metadata" "--manifest-path" "Cargo.toml" "--no-deps", kill_on_drop: false }`
[INFO] started tweaking crates.io crate run-loop 0.1.1
[INFO] finished tweaking crates.io crate run-loop 0.1.1
[INFO] tweaked toml for crates.io crate run-loop 0.1.1 written to /workspace/builds/worker-1-tc1/source/Cargo.toml
[INFO] running `Command { std: CARGO_HOME="/workspace/cargo-home" RUSTUP_HOME="/workspace/rustup-home" "/workspace/cargo-home/bin/cargo" "+nightly-2024-02-05" "generate-lockfile" "--manifest-path" "Cargo.toml", kill_on_drop: false }`
[INFO] [stderr]     Blocking waiting for file lock on package cache
[INFO] running `Command { std: CARGO_HOME="/workspace/cargo-home" RUSTUP_HOME="/workspace/rustup-home" "/workspace/cargo-home/bin/cargo" "+nightly-2024-02-05" "fetch" "--manifest-path" "Cargo.toml", kill_on_drop: false }`
[INFO] running `Command { std: "docker" "create" "-v" "/var/lib/crater-agent-workspace/builds/worker-1-tc1/target:/opt/rustwide/target:rw,Z" "-v" "/var/lib/crater-agent-workspace/builds/worker-1-tc1/source:/opt/rustwide/workdir:ro,Z" "-v" "/var/lib/crater-agent-workspace/cargo-home:/opt/rustwide/cargo-home:ro,Z" "-v" "/var/lib/crater-agent-workspace/rustup-home:/opt/rustwide/rustup-home:ro,Z" "-e" "SOURCE_DIR=/opt/rustwide/workdir" "-e" "CARGO_TARGET_DIR=/opt/rustwide/target" "-e" "CARGO_HOME=/opt/rustwide/cargo-home" "-e" "RUSTUP_HOME=/opt/rustwide/rustup-home" "-w" "/opt/rustwide/workdir" "-m" "1610612736" "--user" "0:0" "--network" "none" "ghcr.io/rust-lang/crates-build-env/linux@sha256:2788e3201cd34a07e3172128adcd8b3090168a8e3bcc40d7c032b9dda1df7d1c" "/opt/rustwide/cargo-home/bin/cargo" "+nightly-2024-02-05" "metadata" "--no-deps" "--format-version=1", kill_on_drop: false }`
[INFO] [stdout] f78455a46071e92a34b061c6d70f176387cf08ab3b1403d6a4d0e9fd05612160
[INFO] running `Command { std: "docker" "start" "-a" "f78455a46071e92a34b061c6d70f176387cf08ab3b1403d6a4d0e9fd05612160", kill_on_drop: false }`
[INFO] running `Command { std: "docker" "inspect" "f78455a46071e92a34b061c6d70f176387cf08ab3b1403d6a4d0e9fd05612160", kill_on_drop: false }`
[INFO] running `Command { std: "docker" "rm" "-f" "f78455a46071e92a34b061c6d70f176387cf08ab3b1403d6a4d0e9fd05612160", kill_on_drop: false }`
[INFO] [stdout] f78455a46071e92a34b061c6d70f176387cf08ab3b1403d6a4d0e9fd05612160
[INFO] running `Command { std: "docker" "create" "-v" "/var/lib/crater-agent-workspace/builds/worker-1-tc1/target:/opt/rustwide/target:rw,Z" "-v" "/var/lib/crater-agent-workspace/builds/worker-1-tc1/source:/opt/rustwide/workdir:ro,Z" "-v" "/var/lib/crater-agent-workspace/cargo-home:/opt/rustwide/cargo-home:ro,Z" "-v" "/var/lib/crater-agent-workspace/rustup-home:/opt/rustwide/rustup-home:ro,Z" "-e" "SOURCE_DIR=/opt/rustwide/workdir" "-e" "CARGO_TARGET_DIR=/opt/rustwide/target" "-e" "CARGO_INCREMENTAL=0" "-e" "RUST_BACKTRACE=full" "-e" "RUSTFLAGS=--cap-lints=forbid" "-e" "RUSTDOCFLAGS=--cap-lints=forbid" "-e" "CARGO_HOME=/opt/rustwide/cargo-home" "-e" "RUSTUP_HOME=/opt/rustwide/rustup-home" "-w" "/opt/rustwide/workdir" "-m" "1610612736" "--user" "0:0" "--network" "none" "ghcr.io/rust-lang/crates-build-env/linux@sha256:2788e3201cd34a07e3172128adcd8b3090168a8e3bcc40d7c032b9dda1df7d1c" "/opt/rustwide/cargo-home/bin/cargo" "+nightly-2024-02-05" "check" "--frozen" "--all" "--all-targets" "--message-format=json", kill_on_drop: false }`
[INFO] [stdout] 36e1634d4eb5a61d85955b10508af9d569777654080ea8a6d47ac3a91386a428
[INFO] running `Command { std: "docker" "start" "-a" "36e1634d4eb5a61d85955b10508af9d569777654080ea8a6d47ac3a91386a428", kill_on_drop: false }`
[INFO] [stderr]     Checking run-loop v0.1.1 (/opt/rustwide/workdir)
[INFO] [stdout] error[E0432]: unresolved import `std::raw`
[INFO] [stdout]  --> src/linked_list.rs:2:10
[INFO] [stdout]   |
[INFO] [stdout] 2 | use std::raw::TraitObject;
[INFO] [stdout]   |          ^^^ could not find `raw` in `std`
[INFO] [stdout] 
[INFO] [stdout] 
[INFO] [stdout] error[E0432]: unresolved import `std::raw`
[INFO] [stdout]  --> src/linked_list.rs:2:10
[INFO] [stdout]   |
[INFO] [stdout] 2 | use std::raw::TraitObject;
[INFO] [stdout]   |          ^^^ could not find `raw` in `std`
[INFO] [stdout] 
[INFO] [stdout] 
[INFO] [stdout] error[E0635]: unknown feature `raw`
[INFO] [stdout]  --> src/lib.rs:2:12
[INFO] [stdout]   |
[INFO] [stdout] 2 | #![feature(raw)]
[INFO] [stdout]   |            ^^^
[INFO] [stdout] 
[INFO] [stdout] 
[INFO] [stdout] error[E0635]: unknown feature `rc_into_raw_non_null`
[INFO] [stdout]  --> src/lib.rs:5:12
[INFO] [stdout]   |
[INFO] [stdout] 5 | #![feature(rc_into_raw_non_null)]
[INFO] [stdout]   |            ^^^^^^^^^^^^^^^^^^^^
[INFO] [stdout] 
[INFO] [stdout] 
[INFO] [stdout] error[E0635]: unknown feature `raw`
[INFO] [stdout]  --> src/lib.rs:2:12
[INFO] [stdout]   |
[INFO] [stdout] 2 | #![feature(raw)]
[INFO] [stdout]   |            ^^^
[INFO] [stdout] 
[INFO] [stdout] 
[INFO] [stdout] error[E0635]: unknown feature `rc_into_raw_non_null`
[INFO] [stdout]  --> src/lib.rs:5:12
[INFO] [stdout]   |
[INFO] [stdout] 5 | #![feature(rc_into_raw_non_null)]
[INFO] [stdout]   |            ^^^^^^^^^^^^^^^^^^^^
[INFO] [stdout] 
[INFO] [stdout] 
[INFO] [stdout] error[E0599]: no function or associated item named `into_raw_non_null` found for struct `Arc<_, _>` in the current scope
[INFO] [stdout]    --> src/run_loop/mod.rs:198:44
[INFO] [stdout]     |
[INFO] [stdout] 198 |                     (*list).push_back(Arc::into_raw_non_null(node));
[INFO] [stdout]     |                                            ^^^^^^^^^^^^^^^^^ function or associated item not found in `Arc<_, _>`
[INFO] [stdout]     |
[INFO] [stdout] note: if you're trying to build a new `Arc<_, _>` consider using one of the following associated functions:
[INFO] [stdout]       Arc::<T>::from_inner
[INFO] [stdout]       Arc::<T>::from_ptr
[INFO] [stdout]       Arc::<T, A>::from_inner_in
[INFO] [stdout]       Arc::<T, A>::from_ptr_in
[INFO] [stdout]       and 22 others
[INFO] [stdout]    --> /rustc/268dbbbc4b3fd71c5f360a4d0728295252430b5b/library/alloc/src/sync.rs:272:5
[INFO] [stdout] 
[INFO] [stdout] 
[INFO] [stdout] error[E0599]: no function or associated item named `into_raw_non_null` found for struct `Arc<_, _>` in the current scope
[INFO] [stdout]    --> src/run_loop/mod.rs:198:44
[INFO] [stdout]     |
[INFO] [stdout] 198 |                     (*list).push_back(Arc::into_raw_non_null(node));
[INFO] [stdout]     |                                            ^^^^^^^^^^^^^^^^^ function or associated item not found in `Arc<_, _>`
[INFO] [stdout]     |
[INFO] [stdout] note: if you're trying to build a new `Arc<_, _>` consider using one of the following associated functions:
[INFO] [stdout]       Arc::<T>::from_inner
[INFO] [stdout]       Arc::<T>::from_ptr
[INFO] [stdout]       Arc::<T, A>::from_inner_in
[INFO] [stdout]       Arc::<T, A>::from_ptr_in
[INFO] [stdout]       and 22 others
[INFO] [stdout]    --> /rustc/268dbbbc4b3fd71c5f360a4d0728295252430b5b/library/alloc/src/sync.rs:272:5
[INFO] [stdout] 
[INFO] [stdout] 
[INFO] [stdout] error: aborting due to 4 previous errors
[INFO] [stdout] 
[INFO] [stdout] 
[INFO] [stdout] Some errors have detailed explanations: E0432, E0599, E0635.
[INFO] [stdout] 
[INFO] [stdout] For more information about an error, try `rustc --explain E0432`.
[INFO] [stdout] 
[INFO] [stdout] error: aborting due to 4 previous errors
[INFO] [stdout] 
[INFO] [stdout] 
[INFO] [stdout] Some errors have detailed explanations: E0432, E0599, E0635.
[INFO] [stdout] 
[INFO] [stdout] For more information about an error, try `rustc --explain E0432`.
[INFO] [stdout] 
[INFO] [stderr] error: could not compile `run-loop` (lib) due to 5 previous errors
[INFO] [stderr] warning: build failed, waiting for other jobs to finish...
[INFO] [stderr] error: could not compile `run-loop` (lib test) due to 5 previous errors
[INFO] running `Command { std: "docker" "inspect" "36e1634d4eb5a61d85955b10508af9d569777654080ea8a6d47ac3a91386a428", kill_on_drop: false }`
[INFO] running `Command { std: "docker" "rm" "-f" "36e1634d4eb5a61d85955b10508af9d569777654080ea8a6d47ac3a91386a428", kill_on_drop: false }`
[INFO] [stdout] 36e1634d4eb5a61d85955b10508af9d569777654080ea8a6d47ac3a91386a428
[INFO] checking run-loop-0.1.1 against nightly-2024-02-05+rustflags=-Dunexpected_cfgs+cargoflags=-Zcheck-cfg for check-cfg
[INFO] extracting crate run-loop 0.1.1 into /workspace/builds/worker-1-tc2/source
[INFO] validating manifest of crates.io crate run-loop 0.1.1 on toolchain nightly-2024-02-05
[INFO] running `Command { std: CARGO_HOME="/workspace/cargo-home" RUSTUP_HOME="/workspace/rustup-home" "/workspace/cargo-home/bin/cargo" "+nightly-2024-02-05" "metadata" "--manifest-path" "Cargo.toml" "--no-deps", kill_on_drop: false }`
[INFO] started tweaking crates.io crate run-loop 0.1.1
[INFO] finished tweaking crates.io crate run-loop 0.1.1
[INFO] tweaked toml for crates.io crate run-loop 0.1.1 written to /workspace/builds/worker-1-tc2/source/Cargo.toml
[INFO] running `Command { std: CARGO_HOME="/workspace/cargo-home" RUSTUP_HOME="/workspace/rustup-home" "/workspace/cargo-home/bin/cargo" "+nightly-2024-02-05" "generate-lockfile" "--manifest-path" "Cargo.toml", kill_on_drop: false }`
[INFO] running `Command { std: CARGO_HOME="/workspace/cargo-home" RUSTUP_HOME="/workspace/rustup-home" "/workspace/cargo-home/bin/cargo" "+nightly-2024-02-05" "fetch" "--manifest-path" "Cargo.toml", kill_on_drop: false }`
[INFO] running `Command { std: "docker" "create" "-v" "/var/lib/crater-agent-workspace/builds/worker-1-tc2/target:/opt/rustwide/target:rw,Z" "-v" "/var/lib/crater-agent-workspace/builds/worker-1-tc2/source:/opt/rustwide/workdir:ro,Z" "-v" "/var/lib/crater-agent-workspace/cargo-home:/opt/rustwide/cargo-home:ro,Z" "-v" "/var/lib/crater-agent-workspace/rustup-home:/opt/rustwide/rustup-home:ro,Z" "-e" "SOURCE_DIR=/opt/rustwide/workdir" "-e" "CARGO_TARGET_DIR=/opt/rustwide/target" "-e" "CARGO_HOME=/opt/rustwide/cargo-home" "-e" "RUSTUP_HOME=/opt/rustwide/rustup-home" "-w" "/opt/rustwide/workdir" "-m" "1610612736" "--user" "0:0" "--network" "none" "ghcr.io/rust-lang/crates-build-env/linux@sha256:2788e3201cd34a07e3172128adcd8b3090168a8e3bcc40d7c032b9dda1df7d1c" "/opt/rustwide/cargo-home/bin/cargo" "+nightly-2024-02-05" "metadata" "--no-deps" "--format-version=1", kill_on_drop: false }`
[INFO] [stdout] 7fdc7bd2d14121781fcd6c649678b0612a38f686a47e3bea9afd130424e5895a
[INFO] running `Command { std: "docker" "start" "-a" "7fdc7bd2d14121781fcd6c649678b0612a38f686a47e3bea9afd130424e5895a", kill_on_drop: false }`
[INFO] running `Command { std: "docker" "inspect" "7fdc7bd2d14121781fcd6c649678b0612a38f686a47e3bea9afd130424e5895a", kill_on_drop: false }`
[INFO] running `Command { std: "docker" "rm" "-f" "7fdc7bd2d14121781fcd6c649678b0612a38f686a47e3bea9afd130424e5895a", kill_on_drop: false }`
[INFO] [stdout] 7fdc7bd2d14121781fcd6c649678b0612a38f686a47e3bea9afd130424e5895a
[INFO] running `Command { std: "docker" "create" "-v" "/var/lib/crater-agent-workspace/builds/worker-1-tc2/target:/opt/rustwide/target:rw,Z" "-v" "/var/lib/crater-agent-workspace/builds/worker-1-tc2/source:/opt/rustwide/workdir:ro,Z" "-v" "/var/lib/crater-agent-workspace/cargo-home:/opt/rustwide/cargo-home:ro,Z" "-v" "/var/lib/crater-agent-workspace/rustup-home:/opt/rustwide/rustup-home:ro,Z" "-e" "SOURCE_DIR=/opt/rustwide/workdir" "-e" "CARGO_TARGET_DIR=/opt/rustwide/target" "-e" "CARGO_INCREMENTAL=0" "-e" "RUST_BACKTRACE=full" "-e" "RUSTFLAGS=--cap-lints=forbid -Dunexpected_cfgs" "-e" "RUSTDOCFLAGS=--cap-lints=forbid" "-e" "CARGO_HOME=/opt/rustwide/cargo-home" "-e" "RUSTUP_HOME=/opt/rustwide/rustup-home" "-w" "/opt/rustwide/workdir" "-m" "1610612736" "--user" "0:0" "--network" "none" "ghcr.io/rust-lang/crates-build-env/linux@sha256:2788e3201cd34a07e3172128adcd8b3090168a8e3bcc40d7c032b9dda1df7d1c" "/opt/rustwide/cargo-home/bin/cargo" "+nightly-2024-02-05" "check" "--frozen" "--all" "--all-targets" "--message-format=json" "-Zcheck-cfg", kill_on_drop: false }`
[INFO] [stdout] d7b639817f78176ed07055f2efd9d4977605492c1a89bf4b15b792c46f7788cd
[INFO] running `Command { std: "docker" "start" "-a" "d7b639817f78176ed07055f2efd9d4977605492c1a89bf4b15b792c46f7788cd", kill_on_drop: false }`
[INFO] [stderr]     Checking run-loop v0.1.1 (/opt/rustwide/workdir)
[INFO] [stdout] error[E0432]: unresolved import `std::raw`
[INFO] [stdout]  --> src/linked_list.rs:2:10
[INFO] [stdout]   |
[INFO] [stdout] 2 | use std::raw::TraitObject;
[INFO] [stdout]   |          ^^^ could not find `raw` in `std`
[INFO] [stdout] 
[INFO] [stdout] 
[INFO] [stdout] error[E0432]: unresolved import `std::raw`
[INFO] [stdout]  --> src/linked_list.rs:2:10
[INFO] [stdout]   |
[INFO] [stdout] 2 | use std::raw::TraitObject;
[INFO] [stdout]   |          ^^^ could not find `raw` in `std`
[INFO] [stdout] 
[INFO] [stdout] 
[INFO] [stdout] error[E0635]: unknown feature `raw`
[INFO] [stdout]  --> src/lib.rs:2:12
[INFO] [stdout]   |
[INFO] [stdout] 2 | #![feature(raw)]
[INFO] [stdout]   |            ^^^
[INFO] [stdout] 
[INFO] [stdout] 
[INFO] [stdout] error[E0635]: unknown feature `rc_into_raw_non_null`
[INFO] [stdout]  --> src/lib.rs:5:12
[INFO] [stdout]   |
[INFO] [stdout] 5 | #![feature(rc_into_raw_non_null)]
[INFO] [stdout]   |            ^^^^^^^^^^^^^^^^^^^^
[INFO] [stdout] 
[INFO] [stdout] 
[INFO] [stdout] error[E0635]: unknown feature `raw`
[INFO] [stdout]  --> src/lib.rs:2:12
[INFO] [stdout]   |
[INFO] [stdout] 2 | #![feature(raw)]
[INFO] [stdout]   |            ^^^
[INFO] [stdout] 
[INFO] [stdout] 
[INFO] [stdout] error[E0635]: unknown feature `rc_into_raw_non_null`
[INFO] [stdout]  --> src/lib.rs:5:12
[INFO] [stdout]   |
[INFO] [stdout] 5 | #![feature(rc_into_raw_non_null)]
[INFO] [stdout]   |            ^^^^^^^^^^^^^^^^^^^^
[INFO] [stdout] 
[INFO] [stdout] 
[INFO] [stdout] error[E0599]: no function or associated item named `into_raw_non_null` found for struct `Arc<_, _>` in the current scope
[INFO] [stdout]    --> src/run_loop/mod.rs:198:44
[INFO] [stdout]     |
[INFO] [stdout] 198 |                     (*list).push_back(Arc::into_raw_non_null(node));
[INFO] [stdout]     |                                            ^^^^^^^^^^^^^^^^^ function or associated item not found in `Arc<_, _>`
[INFO] [stdout]     |
[INFO] [stdout] note: if you're trying to build a new `Arc<_, _>` consider using one of the following associated functions:
[INFO] [stdout]       Arc::<T>::from_inner
[INFO] [stdout]       Arc::<T>::from_ptr
[INFO] [stdout]       Arc::<T, A>::from_inner_in
[INFO] [stdout]       Arc::<T, A>::from_ptr_in
[INFO] [stdout]       and 22 others
[INFO] [stdout]    --> /rustc/268dbbbc4b3fd71c5f360a4d0728295252430b5b/library/alloc/src/sync.rs:272:5
[INFO] [stdout] 
[INFO] [stdout] 
[INFO] [stdout] error: aborting due to 4 previous errors
[INFO] [stdout] 
[INFO] [stdout] 
[INFO] [stdout] Some errors have detailed explanations: E0432, E0599, E0635.
[INFO] [stdout] 
[INFO] [stdout] For more information about an error, try `rustc --explain E0432`.
[INFO] [stdout] 
[INFO] [stderr] error: could not compile `run-loop` (lib test) due to 5 previous errors
[INFO] [stderr] warning: build failed, waiting for other jobs to finish...
[INFO] [stdout] error[E0599]: no function or associated item named `into_raw_non_null` found for struct `Arc<_, _>` in the current scope
[INFO] [stdout]    --> src/run_loop/mod.rs:198:44
[INFO] [stdout]     |
[INFO] [stdout] 198 |                     (*list).push_back(Arc::into_raw_non_null(node));
[INFO] [stdout]     |                                            ^^^^^^^^^^^^^^^^^ function or associated item not found in `Arc<_, _>`
[INFO] [stdout]     |
[INFO] [stdout] note: if you're trying to build a new `Arc<_, _>` consider using one of the following associated functions:
[INFO] [stdout]       Arc::<T>::from_inner
[INFO] [stdout]       Arc::<T>::from_ptr
[INFO] [stdout]       Arc::<T, A>::from_inner_in
[INFO] [stdout]       Arc::<T, A>::from_ptr_in
[INFO] [stdout]       and 22 others
[INFO] [stdout]    --> /rustc/268dbbbc4b3fd71c5f360a4d0728295252430b5b/library/alloc/src/sync.rs:272:5
[INFO] [stdout] 
[INFO] [stdout] 
[INFO] [stdout] error: aborting due to 4 previous errors
[INFO] [stdout] 
[INFO] [stdout] 
[INFO] [stdout] Some errors have detailed explanations: E0432, E0599, E0635.
[INFO] [stdout] 
[INFO] [stdout] For more information about an error, try `rustc --explain E0432`.
[INFO] [stdout] 
[INFO] [stderr] error: could not compile `run-loop` (lib) due to 5 previous errors
[INFO] running `Command { std: "docker" "inspect" "d7b639817f78176ed07055f2efd9d4977605492c1a89bf4b15b792c46f7788cd", kill_on_drop: false }`
[INFO] running `Command { std: "docker" "rm" "-f" "d7b639817f78176ed07055f2efd9d4977605492c1a89bf4b15b792c46f7788cd", kill_on_drop: false }`
[INFO] [stdout] d7b639817f78176ed07055f2efd9d4977605492c1a89bf4b15b792c46f7788cd
