[INFO] fetching crate ruffbox_synth 0.9.0...
[INFO] checking ruffbox_synth-0.9.0 against nightly-2024-02-05 for check-cfg
[INFO] extracting crate ruffbox_synth 0.9.0 into /workspace/builds/worker-6-tc1/source
[INFO] validating manifest of crates.io crate ruffbox_synth 0.9.0 on toolchain nightly-2024-02-05
[INFO] running `Command { std: CARGO_HOME="/workspace/cargo-home" RUSTUP_HOME="/workspace/rustup-home" "/workspace/cargo-home/bin/cargo" "+nightly-2024-02-05" "metadata" "--manifest-path" "Cargo.toml" "--no-deps", kill_on_drop: false }`
[INFO] started tweaking crates.io crate ruffbox_synth 0.9.0
[INFO] finished tweaking crates.io crate ruffbox_synth 0.9.0
[INFO] tweaked toml for crates.io crate ruffbox_synth 0.9.0 written to /workspace/builds/worker-6-tc1/source/Cargo.toml
[INFO] running `Command { std: CARGO_HOME="/workspace/cargo-home" RUSTUP_HOME="/workspace/rustup-home" "/workspace/cargo-home/bin/cargo" "+nightly-2024-02-05" "generate-lockfile" "--manifest-path" "Cargo.toml", kill_on_drop: false }`
[INFO] [stderr]     Updating crates.io index
[INFO] running `Command { std: CARGO_HOME="/workspace/cargo-home" RUSTUP_HOME="/workspace/rustup-home" "/workspace/cargo-home/bin/cargo" "+nightly-2024-02-05" "fetch" "--manifest-path" "Cargo.toml", kill_on_drop: false }`
[INFO] [stderr]  Downloading crates ...
[INFO] [stderr]   Downloaded realfft v2.0.1
[INFO] [stderr]   Downloaded rubato v0.10.1
[INFO] [stderr]   Downloaded rustfft v6.2.0
[INFO] running `Command { std: "docker" "create" "-v" "/var/lib/crater-agent-workspace/builds/worker-6-tc1/target:/opt/rustwide/target:rw,Z" "-v" "/var/lib/crater-agent-workspace/builds/worker-6-tc1/source:/opt/rustwide/workdir:ro,Z" "-v" "/var/lib/crater-agent-workspace/cargo-home:/opt/rustwide/cargo-home:ro,Z" "-v" "/var/lib/crater-agent-workspace/rustup-home:/opt/rustwide/rustup-home:ro,Z" "-e" "SOURCE_DIR=/opt/rustwide/workdir" "-e" "CARGO_TARGET_DIR=/opt/rustwide/target" "-e" "CARGO_HOME=/opt/rustwide/cargo-home" "-e" "RUSTUP_HOME=/opt/rustwide/rustup-home" "-w" "/opt/rustwide/workdir" "-m" "1610612736" "--user" "0:0" "--network" "none" "ghcr.io/rust-lang/crates-build-env/linux@sha256:2788e3201cd34a07e3172128adcd8b3090168a8e3bcc40d7c032b9dda1df7d1c" "/opt/rustwide/cargo-home/bin/cargo" "+nightly-2024-02-05" "metadata" "--no-deps" "--format-version=1", kill_on_drop: false }`
[INFO] [stdout] 7b09d31e8fd19ea399c01204f2c2def58170b996acec71e5d577c1d8120e7175
[INFO] running `Command { std: "docker" "start" "-a" "7b09d31e8fd19ea399c01204f2c2def58170b996acec71e5d577c1d8120e7175", kill_on_drop: false }`
[INFO] running `Command { std: "docker" "inspect" "7b09d31e8fd19ea399c01204f2c2def58170b996acec71e5d577c1d8120e7175", kill_on_drop: false }`
[INFO] running `Command { std: "docker" "rm" "-f" "7b09d31e8fd19ea399c01204f2c2def58170b996acec71e5d577c1d8120e7175", kill_on_drop: false }`
[INFO] [stdout] 7b09d31e8fd19ea399c01204f2c2def58170b996acec71e5d577c1d8120e7175
[INFO] running `Command { std: "docker" "create" "-v" "/var/lib/crater-agent-workspace/builds/worker-6-tc1/target:/opt/rustwide/target:rw,Z" "-v" "/var/lib/crater-agent-workspace/builds/worker-6-tc1/source:/opt/rustwide/workdir:ro,Z" "-v" "/var/lib/crater-agent-workspace/cargo-home:/opt/rustwide/cargo-home:ro,Z" "-v" "/var/lib/crater-agent-workspace/rustup-home:/opt/rustwide/rustup-home:ro,Z" "-e" "SOURCE_DIR=/opt/rustwide/workdir" "-e" "CARGO_TARGET_DIR=/opt/rustwide/target" "-e" "CARGO_INCREMENTAL=0" "-e" "RUST_BACKTRACE=full" "-e" "RUSTFLAGS=--cap-lints=forbid" "-e" "RUSTDOCFLAGS=--cap-lints=forbid" "-e" "CARGO_HOME=/opt/rustwide/cargo-home" "-e" "RUSTUP_HOME=/opt/rustwide/rustup-home" "-w" "/opt/rustwide/workdir" "-m" "1610612736" "--user" "0:0" "--network" "none" "ghcr.io/rust-lang/crates-build-env/linux@sha256:2788e3201cd34a07e3172128adcd8b3090168a8e3bcc40d7c032b9dda1df7d1c" "/opt/rustwide/cargo-home/bin/cargo" "+nightly-2024-02-05" "check" "--frozen" "--all" "--all-targets" "--message-format=json", kill_on_drop: false }`
[INFO] [stdout] 97fe8c0c94ad568185f09415d20a0ee4c07c3195f7c72d92f91c273f3ec92bc2
[INFO] running `Command { std: "docker" "start" "-a" "97fe8c0c94ad568185f09415d20a0ee4c07c3195f7c72d92f91c273f3ec92bc2", kill_on_drop: false }`
[INFO] [stderr]    Compiling num-traits v0.2.17
[INFO] [stderr]    Compiling num-integer v0.1.45
[INFO] [stderr]    Compiling crossbeam-utils v0.8.19
[INFO] [stderr]     Checking strength_reduce v0.2.4
[INFO] [stderr]    Compiling parking_lot_core v0.8.6
[INFO] [stderr]     Checking hashbrown v0.14.3
[INFO] [stderr]     Checking fastrand v1.9.0
[INFO] [stderr]    Compiling rustfft v6.2.0
[INFO] [stderr]     Checking instant v0.1.12
[INFO] [stderr]     Checking assert_approx_eq v1.1.0
[INFO] [stderr]     Checking parking_lot v0.11.2
[INFO] [stderr]     Checking dashmap v5.5.3
[INFO] [stderr]     Checking crossbeam-epoch v0.9.18
[INFO] [stderr]     Checking crossbeam-channel v0.5.11
[INFO] [stderr]     Checking crossbeam-queue v0.3.11
[INFO] [stderr]     Checking crossbeam-deque v0.8.5
[INFO] [stderr]     Checking crossbeam v0.8.4
[INFO] [stderr]     Checking num-complex v0.4.4
[INFO] [stderr]     Checking primal-check v0.3.3
[INFO] [stderr]     Checking transpose v0.2.2
[INFO] [stderr]     Checking chfft v0.3.4
[INFO] [stderr]     Checking realfft v2.0.1
[INFO] [stderr]     Checking rubato v0.10.1
[INFO] [stderr]     Checking ruffbox_synth v0.9.0 (/opt/rustwide/workdir)
[INFO] [stdout] error[E0432]: unresolved import `assert_no_alloc`
[INFO] [stdout]    --> src/ruffbox.rs:988:9
[INFO] [stdout]     |
[INFO] [stdout] 988 |     use assert_no_alloc::*;
[INFO] [stdout]     |         ^^^^^^^^^^^^^^^ use of undeclared crate or module `assert_no_alloc`
[INFO] [stdout] 
[INFO] [stdout] 
[INFO] [stdout] error[E0433]: failed to resolve: use of undeclared crate or module `debug_plotter`
[INFO] [stdout]    --> src/building_blocks/envelopes/source_env.rs:648:17
[INFO] [stdout]     |
[INFO] [stdout] 648 |                 debug_plotter::plot!(a  where caption = "LinRampRevTest");
[INFO] [stdout]     |                 ^^^^^^^^^^^^^ use of undeclared crate or module `debug_plotter`
[INFO] [stdout] 
[INFO] [stdout] 
[INFO] [stdout] error[E0433]: failed to resolve: use of undeclared crate or module `debug_plotter`
[INFO] [stdout]    --> src/building_blocks/envelopes/source_env.rs:662:13
[INFO] [stdout]     |
[INFO] [stdout] 662 |             debug_plotter::plot!(a where caption = "ExpRampTest");
[INFO] [stdout]     |             ^^^^^^^^^^^^^ use of undeclared crate or module `debug_plotter`
[INFO] [stdout] 
[INFO] [stdout] 
[INFO] [stdout] error[E0433]: failed to resolve: use of undeclared crate or module `debug_plotter`
[INFO] [stdout]    --> src/building_blocks/envelopes/source_env.rs:669:17
[INFO] [stdout]     |
[INFO] [stdout] 669 |                 debug_plotter::plot!(a  where caption = "ExpRampTest");
[INFO] [stdout]     |                 ^^^^^^^^^^^^^ use of undeclared crate or module `debug_plotter`
[INFO] [stdout] 
[INFO] [stdout] 
[INFO] [stdout] error[E0433]: failed to resolve: use of undeclared crate or module `debug_plotter`
[INFO] [stdout]    --> src/building_blocks/envelopes/source_env.rs:684:17
[INFO] [stdout]     |
[INFO] [stdout] 684 |                 debug_plotter::plot!(a  where caption = "ExpRampTest");
[INFO] [stdout]     |                 ^^^^^^^^^^^^^ use of undeclared crate or module `debug_plotter`
[INFO] [stdout] 
[INFO] [stdout] 
[INFO] [stdout] error[E0433]: failed to resolve: use of undeclared crate or module `debug_plotter`
[INFO] [stdout]    --> src/building_blocks/envelopes/source_env.rs:699:17
[INFO] [stdout]     |
[INFO] [stdout] 699 |                 debug_plotter::plot!(a  where caption = "SineRampTest");
[INFO] [stdout]     |                 ^^^^^^^^^^^^^ use of undeclared crate or module `debug_plotter`
[INFO] [stdout] 
[INFO] [stdout] 
[INFO] [stdout] error[E0433]: failed to resolve: use of undeclared crate or module `debug_plotter`
[INFO] [stdout]    --> src/building_blocks/envelopes/source_env.rs:714:17
[INFO] [stdout]     |
[INFO] [stdout] 714 |                 debug_plotter::plot!(a  where caption = "CosRampTest");
[INFO] [stdout]     |                 ^^^^^^^^^^^^^ use of undeclared crate or module `debug_plotter`
[INFO] [stdout] 
[INFO] [stdout] 
[INFO] [stdout] error[E0433]: failed to resolve: use of undeclared crate or module `debug_plotter`
[INFO] [stdout]    --> src/building_blocks/envelopes/source_env.rs:749:17
[INFO] [stdout]     |
[INFO] [stdout] 749 |                 debug_plotter::plot!(a where caption = "MultiPointTest");
[INFO] [stdout]     |                 ^^^^^^^^^^^^^ use of undeclared crate or module `debug_plotter`
[INFO] [stdout] 
[INFO] [stdout] 
[INFO] [stdout] error[E0433]: failed to resolve: use of undeclared crate or module `debug_plotter`
[INFO] [stdout]    --> src/building_blocks/envelopes.rs:334:17
[INFO] [stdout]     |
[INFO] [stdout] 334 |                 debug_plotter::plot!(a,b,c where caption = "MultiPointTestComp");
[INFO] [stdout]     |                 ^^^^^^^^^^^^^ use of undeclared crate or module `debug_plotter`
[INFO] [stdout] 
[INFO] [stdout] 
[INFO] [stdout] error[E0433]: failed to resolve: use of undeclared crate or module `debug_plotter`
[INFO] [stdout]    --> src/building_blocks/envelopes.rs:385:21
[INFO] [stdout]     |
[INFO] [stdout] 385 |                     debug_plotter::plot!(a, b where caption = "MultiPointCompare");
[INFO] [stdout]     |                     ^^^^^^^^^^^^^ use of undeclared crate or module `debug_plotter`
[INFO] [stdout] 
[INFO] [stdout] 
[INFO] [stdout] error[E0433]: failed to resolve: use of undeclared crate or module `debug_plotter`
[INFO] [stdout]    --> src/building_blocks/modulator.rs:307:17
[INFO] [stdout]     |
[INFO] [stdout] 307 |                 debug_plotter::plot!(a where caption = "SQRPlot");
[INFO] [stdout]     |                 ^^^^^^^^^^^^^ use of undeclared crate or module `debug_plotter`
[INFO] [stdout] 
[INFO] [stdout] 
[INFO] [stdout] error[E0433]: failed to resolve: use of undeclared crate or module `debug_plotter`
[INFO] [stdout]    --> src/building_blocks/oscillators.rs:122:17
[INFO] [stdout]     |
[INFO] [stdout] 122 |                 debug_plotter::plot!(b where caption = "PlotFmTri2");
[INFO] [stdout]     |                 ^^^^^^^^^^^^^ use of undeclared crate or module `debug_plotter`
[INFO] [stdout] 
[INFO] [stdout] 
[INFO] [stdout] error[E0412]: cannot find type `AllocDisabler` in this scope
[INFO] [stdout]    --> src/ruffbox.rs:992:15
[INFO] [stdout]     |
[INFO] [stdout] 992 |     static A: AllocDisabler = AllocDisabler;
[INFO] [stdout]     |               ^^^^^^^^^^^^^ not found in this scope
[INFO] [stdout] 
[INFO] [stdout] 
[INFO] [stdout] error[E0425]: cannot find value `AllocDisabler` in this scope
[INFO] [stdout]    --> src/ruffbox.rs:992:31
[INFO] [stdout]     |
[INFO] [stdout] 992 |     static A: AllocDisabler = AllocDisabler;
[INFO] [stdout]     |                               ^^^^^^^^^^^^^ not found in this scope
[INFO] [stdout] 
[INFO] [stdout] 
[INFO] [stdout] error[E0425]: cannot find function `assert_no_alloc` in this scope
[INFO] [stdout]     --> src/ruffbox.rs:1122:9
[INFO] [stdout]      |
[INFO] [stdout] 1122 |         assert_no_alloc(|| {
[INFO] [stdout]      |         ^^^^^^^^^^^^^^^ not found in this scope
[INFO] [stdout] 
[INFO] [stdout] 
[INFO] [stdout] error: aborting due to 15 previous errors
[INFO] [stdout] 
[INFO] [stdout] 
[INFO] [stdout] Some errors have detailed explanations: E0412, E0425, E0432, E0433.
[INFO] [stdout] 
[INFO] [stdout] For more information about an error, try `rustc --explain E0412`.
[INFO] [stdout] 
[INFO] [stderr] error: could not compile `ruffbox_synth` (lib test) due to 16 previous errors
[INFO] [stderr] warning: build failed, waiting for other jobs to finish...
[INFO] running `Command { std: "docker" "inspect" "97fe8c0c94ad568185f09415d20a0ee4c07c3195f7c72d92f91c273f3ec92bc2", kill_on_drop: false }`
[INFO] running `Command { std: "docker" "rm" "-f" "97fe8c0c94ad568185f09415d20a0ee4c07c3195f7c72d92f91c273f3ec92bc2", kill_on_drop: false }`
[INFO] [stdout] 97fe8c0c94ad568185f09415d20a0ee4c07c3195f7c72d92f91c273f3ec92bc2
[INFO] checking ruffbox_synth-0.9.0 against nightly-2024-02-05+rustflags=-Dunexpected_cfgs+cargoflags=-Zcheck-cfg for check-cfg
[INFO] extracting crate ruffbox_synth 0.9.0 into /workspace/builds/worker-6-tc2/source
[INFO] validating manifest of crates.io crate ruffbox_synth 0.9.0 on toolchain nightly-2024-02-05
[INFO] running `Command { std: CARGO_HOME="/workspace/cargo-home" RUSTUP_HOME="/workspace/rustup-home" "/workspace/cargo-home/bin/cargo" "+nightly-2024-02-05" "metadata" "--manifest-path" "Cargo.toml" "--no-deps", kill_on_drop: false }`
[INFO] started tweaking crates.io crate ruffbox_synth 0.9.0
[INFO] finished tweaking crates.io crate ruffbox_synth 0.9.0
[INFO] tweaked toml for crates.io crate ruffbox_synth 0.9.0 written to /workspace/builds/worker-6-tc2/source/Cargo.toml
[INFO] running `Command { std: CARGO_HOME="/workspace/cargo-home" RUSTUP_HOME="/workspace/rustup-home" "/workspace/cargo-home/bin/cargo" "+nightly-2024-02-05" "generate-lockfile" "--manifest-path" "Cargo.toml", kill_on_drop: false }`
[INFO] [stderr]     Updating crates.io index
[INFO] running `Command { std: CARGO_HOME="/workspace/cargo-home" RUSTUP_HOME="/workspace/rustup-home" "/workspace/cargo-home/bin/cargo" "+nightly-2024-02-05" "fetch" "--manifest-path" "Cargo.toml", kill_on_drop: false }`
[INFO] running `Command { std: "docker" "create" "-v" "/var/lib/crater-agent-workspace/builds/worker-6-tc2/target:/opt/rustwide/target:rw,Z" "-v" "/var/lib/crater-agent-workspace/builds/worker-6-tc2/source:/opt/rustwide/workdir:ro,Z" "-v" "/var/lib/crater-agent-workspace/cargo-home:/opt/rustwide/cargo-home:ro,Z" "-v" "/var/lib/crater-agent-workspace/rustup-home:/opt/rustwide/rustup-home:ro,Z" "-e" "SOURCE_DIR=/opt/rustwide/workdir" "-e" "CARGO_TARGET_DIR=/opt/rustwide/target" "-e" "CARGO_HOME=/opt/rustwide/cargo-home" "-e" "RUSTUP_HOME=/opt/rustwide/rustup-home" "-w" "/opt/rustwide/workdir" "-m" "1610612736" "--user" "0:0" "--network" "none" "ghcr.io/rust-lang/crates-build-env/linux@sha256:2788e3201cd34a07e3172128adcd8b3090168a8e3bcc40d7c032b9dda1df7d1c" "/opt/rustwide/cargo-home/bin/cargo" "+nightly-2024-02-05" "metadata" "--no-deps" "--format-version=1", kill_on_drop: false }`
[INFO] [stdout] 2afb65d4cd5df5bf8032144c15533a2b6177846cf5891c6fd7ec64dcd9ba91b0
[INFO] running `Command { std: "docker" "start" "-a" "2afb65d4cd5df5bf8032144c15533a2b6177846cf5891c6fd7ec64dcd9ba91b0", kill_on_drop: false }`
[INFO] running `Command { std: "docker" "inspect" "2afb65d4cd5df5bf8032144c15533a2b6177846cf5891c6fd7ec64dcd9ba91b0", kill_on_drop: false }`
[INFO] running `Command { std: "docker" "rm" "-f" "2afb65d4cd5df5bf8032144c15533a2b6177846cf5891c6fd7ec64dcd9ba91b0", kill_on_drop: false }`
[INFO] [stdout] 2afb65d4cd5df5bf8032144c15533a2b6177846cf5891c6fd7ec64dcd9ba91b0
[INFO] running `Command { std: "docker" "create" "-v" "/var/lib/crater-agent-workspace/builds/worker-6-tc2/target:/opt/rustwide/target:rw,Z" "-v" "/var/lib/crater-agent-workspace/builds/worker-6-tc2/source:/opt/rustwide/workdir:ro,Z" "-v" "/var/lib/crater-agent-workspace/cargo-home:/opt/rustwide/cargo-home:ro,Z" "-v" "/var/lib/crater-agent-workspace/rustup-home:/opt/rustwide/rustup-home:ro,Z" "-e" "SOURCE_DIR=/opt/rustwide/workdir" "-e" "CARGO_TARGET_DIR=/opt/rustwide/target" "-e" "CARGO_INCREMENTAL=0" "-e" "RUST_BACKTRACE=full" "-e" "RUSTFLAGS=--cap-lints=forbid -Dunexpected_cfgs" "-e" "RUSTDOCFLAGS=--cap-lints=forbid" "-e" "CARGO_HOME=/opt/rustwide/cargo-home" "-e" "RUSTUP_HOME=/opt/rustwide/rustup-home" "-w" "/opt/rustwide/workdir" "-m" "1610612736" "--user" "0:0" "--network" "none" "ghcr.io/rust-lang/crates-build-env/linux@sha256:2788e3201cd34a07e3172128adcd8b3090168a8e3bcc40d7c032b9dda1df7d1c" "/opt/rustwide/cargo-home/bin/cargo" "+nightly-2024-02-05" "check" "--frozen" "--all" "--all-targets" "--message-format=json" "-Zcheck-cfg", kill_on_drop: false }`
[INFO] [stdout] 1a3f887be3a79453e926784903157707ac58aa0ddc05c6f20d89c436e4d04525
[INFO] running `Command { std: "docker" "start" "-a" "1a3f887be3a79453e926784903157707ac58aa0ddc05c6f20d89c436e4d04525", kill_on_drop: false }`
[INFO] [stderr]    Compiling num-traits v0.2.17
[INFO] [stderr]    Compiling num-integer v0.1.45
[INFO] [stderr]    Compiling crossbeam-utils v0.8.19
[INFO] [stderr]     Checking strength_reduce v0.2.4
[INFO] [stderr]    Compiling parking_lot_core v0.8.6
[INFO] [stderr]     Checking hashbrown v0.14.3
[INFO] [stderr]     Checking fastrand v1.9.0
[INFO] [stderr]    Compiling rustfft v6.2.0
[INFO] [stderr]     Checking instant v0.1.12
[INFO] [stderr]     Checking assert_approx_eq v1.1.0
[INFO] [stderr]     Checking parking_lot v0.11.2
[INFO] [stderr]     Checking dashmap v5.5.3
[INFO] [stderr]     Checking crossbeam-epoch v0.9.18
[INFO] [stderr]     Checking crossbeam-channel v0.5.11
[INFO] [stderr]     Checking crossbeam-queue v0.3.11
[INFO] [stderr]     Checking crossbeam-deque v0.8.5
[INFO] [stderr]     Checking crossbeam v0.8.4
[INFO] [stderr]     Checking num-complex v0.4.4
[INFO] [stderr]     Checking transpose v0.2.2
[INFO] [stderr]     Checking primal-check v0.3.3
[INFO] [stderr]     Checking chfft v0.3.4
[INFO] [stderr]     Checking realfft v2.0.1
[INFO] [stderr]     Checking rubato v0.10.1
[INFO] [stderr]     Checking ruffbox_synth v0.9.0 (/opt/rustwide/workdir)
[INFO] [stdout] error[E0432]: unresolved import `assert_no_alloc`
[INFO] [stdout]    --> src/ruffbox.rs:988:9
[INFO] [stdout]     |
[INFO] [stdout] 988 |     use assert_no_alloc::*;
[INFO] [stdout]     |         ^^^^^^^^^^^^^^^ use of undeclared crate or module `assert_no_alloc`
[INFO] [stdout] 
[INFO] [stdout] 
[INFO] [stdout] error[E0433]: failed to resolve: use of undeclared crate or module `debug_plotter`
[INFO] [stdout]    --> src/building_blocks/envelopes/source_env.rs:648:17
[INFO] [stdout]     |
[INFO] [stdout] 648 |                 debug_plotter::plot!(a  where caption = "LinRampRevTest");
[INFO] [stdout]     |                 ^^^^^^^^^^^^^ use of undeclared crate or module `debug_plotter`
[INFO] [stdout] 
[INFO] [stdout] 
[INFO] [stdout] error[E0433]: failed to resolve: use of undeclared crate or module `debug_plotter`
[INFO] [stdout]    --> src/building_blocks/envelopes/source_env.rs:662:13
[INFO] [stdout]     |
[INFO] [stdout] 662 |             debug_plotter::plot!(a where caption = "ExpRampTest");
[INFO] [stdout]     |             ^^^^^^^^^^^^^ use of undeclared crate or module `debug_plotter`
[INFO] [stdout] 
[INFO] [stdout] 
[INFO] [stdout] error[E0433]: failed to resolve: use of undeclared crate or module `debug_plotter`
[INFO] [stdout]    --> src/building_blocks/envelopes/source_env.rs:669:17
[INFO] [stdout]     |
[INFO] [stdout] 669 |                 debug_plotter::plot!(a  where caption = "ExpRampTest");
[INFO] [stdout]     |                 ^^^^^^^^^^^^^ use of undeclared crate or module `debug_plotter`
[INFO] [stdout] 
[INFO] [stdout] 
[INFO] [stdout] error[E0433]: failed to resolve: use of undeclared crate or module `debug_plotter`
[INFO] [stdout]    --> src/building_blocks/envelopes/source_env.rs:684:17
[INFO] [stdout]     |
[INFO] [stdout] 684 |                 debug_plotter::plot!(a  where caption = "ExpRampTest");
[INFO] [stdout]     |                 ^^^^^^^^^^^^^ use of undeclared crate or module `debug_plotter`
[INFO] [stdout] 
[INFO] [stdout] 
[INFO] [stdout] error[E0433]: failed to resolve: use of undeclared crate or module `debug_plotter`
[INFO] [stdout]    --> src/building_blocks/envelopes/source_env.rs:699:17
[INFO] [stdout]     |
[INFO] [stdout] 699 |                 debug_plotter::plot!(a  where caption = "SineRampTest");
[INFO] [stdout]     |                 ^^^^^^^^^^^^^ use of undeclared crate or module `debug_plotter`
[INFO] [stdout] 
[INFO] [stdout] 
[INFO] [stdout] error[E0433]: failed to resolve: use of undeclared crate or module `debug_plotter`
[INFO] [stdout]    --> src/building_blocks/envelopes/source_env.rs:714:17
[INFO] [stdout]     |
[INFO] [stdout] 714 |                 debug_plotter::plot!(a  where caption = "CosRampTest");
[INFO] [stdout]     |                 ^^^^^^^^^^^^^ use of undeclared crate or module `debug_plotter`
[INFO] [stdout] 
[INFO] [stdout] 
[INFO] [stdout] error[E0433]: failed to resolve: use of undeclared crate or module `debug_plotter`
[INFO] [stdout]    --> src/building_blocks/envelopes/source_env.rs:749:17
[INFO] [stdout]     |
[INFO] [stdout] 749 |                 debug_plotter::plot!(a where caption = "MultiPointTest");
[INFO] [stdout]     |                 ^^^^^^^^^^^^^ use of undeclared crate or module `debug_plotter`
[INFO] [stdout] 
[INFO] [stdout] 
[INFO] [stdout] error[E0433]: failed to resolve: use of undeclared crate or module `debug_plotter`
[INFO] [stdout]    --> src/building_blocks/envelopes.rs:334:17
[INFO] [stdout]     |
[INFO] [stdout] 334 |                 debug_plotter::plot!(a,b,c where caption = "MultiPointTestComp");
[INFO] [stdout]     |                 ^^^^^^^^^^^^^ use of undeclared crate or module `debug_plotter`
[INFO] [stdout] 
[INFO] [stdout] 
[INFO] [stdout] error[E0433]: failed to resolve: use of undeclared crate or module `debug_plotter`
[INFO] [stdout]    --> src/building_blocks/envelopes.rs:385:21
[INFO] [stdout]     |
[INFO] [stdout] 385 |                     debug_plotter::plot!(a, b where caption = "MultiPointCompare");
[INFO] [stdout]     |                     ^^^^^^^^^^^^^ use of undeclared crate or module `debug_plotter`
[INFO] [stdout] 
[INFO] [stdout] 
[INFO] [stdout] error[E0433]: failed to resolve: use of undeclared crate or module `debug_plotter`
[INFO] [stdout]    --> src/building_blocks/modulator.rs:307:17
[INFO] [stdout]     |
[INFO] [stdout] 307 |                 debug_plotter::plot!(a where caption = "SQRPlot");
[INFO] [stdout]     |                 ^^^^^^^^^^^^^ use of undeclared crate or module `debug_plotter`
[INFO] [stdout] 
[INFO] [stdout] 
[INFO] [stdout] error[E0433]: failed to resolve: use of undeclared crate or module `debug_plotter`
[INFO] [stdout]    --> src/building_blocks/oscillators.rs:122:17
[INFO] [stdout]     |
[INFO] [stdout] 122 |                 debug_plotter::plot!(b where caption = "PlotFmTri2");
[INFO] [stdout]     |                 ^^^^^^^^^^^^^ use of undeclared crate or module `debug_plotter`
[INFO] [stdout] 
[INFO] [stdout] 
[INFO] [stdout] error[E0412]: cannot find type `AllocDisabler` in this scope
[INFO] [stdout]    --> src/ruffbox.rs:992:15
[INFO] [stdout]     |
[INFO] [stdout] 992 |     static A: AllocDisabler = AllocDisabler;
[INFO] [stdout]     |               ^^^^^^^^^^^^^ not found in this scope
[INFO] [stdout] 
[INFO] [stdout] 
[INFO] [stdout] error[E0425]: cannot find value `AllocDisabler` in this scope
[INFO] [stdout]    --> src/ruffbox.rs:992:31
[INFO] [stdout]     |
[INFO] [stdout] 992 |     static A: AllocDisabler = AllocDisabler;
[INFO] [stdout]     |                               ^^^^^^^^^^^^^ not found in this scope
[INFO] [stdout] 
[INFO] [stdout] 
[INFO] [stdout] error[E0425]: cannot find function `assert_no_alloc` in this scope
[INFO] [stdout]     --> src/ruffbox.rs:1122:9
[INFO] [stdout]      |
[INFO] [stdout] 1122 |         assert_no_alloc(|| {
[INFO] [stdout]      |         ^^^^^^^^^^^^^^^ not found in this scope
[INFO] [stdout] 
[INFO] [stdout] 
[INFO] [stdout] error: aborting due to 15 previous errors
[INFO] [stdout] 
[INFO] [stdout] 
[INFO] [stdout] Some errors have detailed explanations: E0412, E0425, E0432, E0433.
[INFO] [stdout] 
[INFO] [stdout] For more information about an error, try `rustc --explain E0412`.
[INFO] [stdout] 
[INFO] [stderr] error: could not compile `ruffbox_synth` (lib test) due to 16 previous errors
[INFO] [stderr] warning: build failed, waiting for other jobs to finish...
[INFO] running `Command { std: "docker" "inspect" "1a3f887be3a79453e926784903157707ac58aa0ddc05c6f20d89c436e4d04525", kill_on_drop: false }`
[INFO] running `Command { std: "docker" "rm" "-f" "1a3f887be3a79453e926784903157707ac58aa0ddc05c6f20d89c436e4d04525", kill_on_drop: false }`
[INFO] [stdout] 1a3f887be3a79453e926784903157707ac58aa0ddc05c6f20d89c436e4d04525
