[INFO] fetching crate rucksack-lib 0.9.1...
[INFO] checking rucksack-lib-0.9.1 against nightly-2024-02-05 for check-cfg
[INFO] extracting crate rucksack-lib 0.9.1 into /workspace/builds/worker-6-tc1/source
[INFO] validating manifest of crates.io crate rucksack-lib 0.9.1 on toolchain nightly-2024-02-05
[INFO] running `Command { std: CARGO_HOME="/workspace/cargo-home" RUSTUP_HOME="/workspace/rustup-home" "/workspace/cargo-home/bin/cargo" "+nightly-2024-02-05" "metadata" "--manifest-path" "Cargo.toml" "--no-deps", kill_on_drop: false }`
[INFO] started tweaking crates.io crate rucksack-lib 0.9.1
[INFO] finished tweaking crates.io crate rucksack-lib 0.9.1
[INFO] tweaked toml for crates.io crate rucksack-lib 0.9.1 written to /workspace/builds/worker-6-tc1/source/Cargo.toml
[INFO] running `Command { std: CARGO_HOME="/workspace/cargo-home" RUSTUP_HOME="/workspace/rustup-home" "/workspace/cargo-home/bin/cargo" "+nightly-2024-02-05" "generate-lockfile" "--manifest-path" "Cargo.toml", kill_on_drop: false }`
[INFO] [stderr]     Updating crates.io index
[INFO] running `Command { std: CARGO_HOME="/workspace/cargo-home" RUSTUP_HOME="/workspace/rustup-home" "/workspace/cargo-home/bin/cargo" "+nightly-2024-02-05" "fetch" "--manifest-path" "Cargo.toml", kill_on_drop: false }`
[INFO] [stderr]  Downloading crates ...
[INFO] [stderr]   Downloaded versions v4.1.0
[INFO] [stderr]   Downloaded bincode_derive v2.0.0-rc.3
[INFO] [stderr]   Downloaded virtue v0.0.13
[INFO] [stderr]   Downloaded lipsum v0.8.2
[INFO] [stderr]   Downloaded unix_mode v0.1.4
[INFO] [stderr]   Downloaded bincode v2.0.0-rc.3
[INFO] [stderr]   Downloaded confyg v0.1.4
[INFO] [stderr]   Downloaded twyg v0.1.12
[INFO] running `Command { std: "docker" "create" "-v" "/var/lib/crater-agent-workspace/builds/worker-6-tc1/target:/opt/rustwide/target:rw,Z" "-v" "/var/lib/crater-agent-workspace/builds/worker-6-tc1/source:/opt/rustwide/workdir:ro,Z" "-v" "/var/lib/crater-agent-workspace/cargo-home:/opt/rustwide/cargo-home:ro,Z" "-v" "/var/lib/crater-agent-workspace/rustup-home:/opt/rustwide/rustup-home:ro,Z" "-e" "SOURCE_DIR=/opt/rustwide/workdir" "-e" "CARGO_TARGET_DIR=/opt/rustwide/target" "-e" "CARGO_HOME=/opt/rustwide/cargo-home" "-e" "RUSTUP_HOME=/opt/rustwide/rustup-home" "-w" "/opt/rustwide/workdir" "-m" "1610612736" "--user" "0:0" "--network" "none" "ghcr.io/rust-lang/crates-build-env/linux@sha256:2788e3201cd34a07e3172128adcd8b3090168a8e3bcc40d7c032b9dda1df7d1c" "/opt/rustwide/cargo-home/bin/cargo" "+nightly-2024-02-05" "metadata" "--no-deps" "--format-version=1", kill_on_drop: false }`
[INFO] [stdout] f7257482a6ed690e6518882e4544d6222e53af06b1aff43dd96ce9dddacca40e
[INFO] running `Command { std: "docker" "start" "-a" "f7257482a6ed690e6518882e4544d6222e53af06b1aff43dd96ce9dddacca40e", kill_on_drop: false }`
[INFO] running `Command { std: "docker" "inspect" "f7257482a6ed690e6518882e4544d6222e53af06b1aff43dd96ce9dddacca40e", kill_on_drop: false }`
[INFO] running `Command { std: "docker" "rm" "-f" "f7257482a6ed690e6518882e4544d6222e53af06b1aff43dd96ce9dddacca40e", kill_on_drop: false }`
[INFO] [stdout] f7257482a6ed690e6518882e4544d6222e53af06b1aff43dd96ce9dddacca40e
[INFO] running `Command { std: "docker" "create" "-v" "/var/lib/crater-agent-workspace/builds/worker-6-tc1/target:/opt/rustwide/target:rw,Z" "-v" "/var/lib/crater-agent-workspace/builds/worker-6-tc1/source:/opt/rustwide/workdir:ro,Z" "-v" "/var/lib/crater-agent-workspace/cargo-home:/opt/rustwide/cargo-home:ro,Z" "-v" "/var/lib/crater-agent-workspace/rustup-home:/opt/rustwide/rustup-home:ro,Z" "-e" "SOURCE_DIR=/opt/rustwide/workdir" "-e" "CARGO_TARGET_DIR=/opt/rustwide/target" "-e" "CARGO_INCREMENTAL=0" "-e" "RUST_BACKTRACE=full" "-e" "RUSTFLAGS=--cap-lints=forbid" "-e" "RUSTDOCFLAGS=--cap-lints=forbid" "-e" "CARGO_HOME=/opt/rustwide/cargo-home" "-e" "RUSTUP_HOME=/opt/rustwide/rustup-home" "-w" "/opt/rustwide/workdir" "-m" "1610612736" "--user" "0:0" "--network" "none" "ghcr.io/rust-lang/crates-build-env/linux@sha256:2788e3201cd34a07e3172128adcd8b3090168a8e3bcc40d7c032b9dda1df7d1c" "/opt/rustwide/cargo-home/bin/cargo" "+nightly-2024-02-05" "check" "--frozen" "--all" "--all-targets" "--message-format=json", kill_on_drop: false }`
[INFO] [stdout] 2755add6834fcea0e2ba4a46d628db1ce7245aedba839ba7182491597d3dad03
[INFO] running `Command { std: "docker" "start" "-a" "2755add6834fcea0e2ba4a46d628db1ce7245aedba839ba7182491597d3dad03", kill_on_drop: false }`
[INFO] [stderr]    Compiling rustix v0.38.31
[INFO] [stderr]    Compiling num-traits v0.2.17
[INFO] [stderr]     Checking option-ext v0.2.0
[INFO] [stderr]    Compiling virtue v0.0.13
[INFO] [stderr]     Checking iana-time-zone v0.1.60
[INFO] [stderr]     Checking memchr v2.7.1
[INFO] [stderr]     Checking minimal-lexical v0.2.1
[INFO] [stderr]     Checking dirs-sys v0.3.7
[INFO] [stderr]     Checking colored v2.1.0
[INFO] [stderr]     Checking uuid v1.7.0
[INFO] [stderr]     Checking path-clean v0.1.0
[INFO] [stderr]     Checking rand_chacha v0.3.1
[INFO] [stderr]     Checking unix_mode v0.1.4
[INFO] [stderr]    Compiling random-number-macro-impl v0.1.7
[INFO] [stderr]     Checking serde v1.0.196
[INFO] [stderr]     Checking dirs-sys v0.4.1
[INFO] [stderr]     Checking dirs v4.0.0
[INFO] [stderr]     Checking dirs v5.0.1
[INFO] [stderr]     Checking shellexpand v3.1.0
[INFO] [stderr]     Checking rand v0.8.5
[INFO] [stderr]    Compiling bincode_derive v2.0.0-rc.3
[INFO] [stderr]     Checking nom v7.1.3
[INFO] [stderr]     Checking lipsum v0.8.2
[INFO] [stderr]     Checking random-number v0.1.8
[INFO] [stderr]     Checking is-terminal v0.4.10
[INFO] [stderr]     Checking colored v1.9.4
[INFO] [stderr]     Checking random-pick v1.2.16
[INFO] [stderr]     Checking bincode v2.0.0-rc.3
[INFO] [stderr]     Checking passwords v3.1.16
[INFO] [stderr]     Checking fern v0.6.2
[INFO] [stderr]     Checking versions v4.1.0
[INFO] [stderr]     Checking toml v0.5.11
[INFO] [stderr]     Checking chrono v0.4.33
[INFO] [stderr]     Checking confyg v0.1.4
[INFO] [stderr]     Checking twyg v0.1.12
[INFO] [stderr]     Checking rucksack-lib v0.9.1 (/opt/rustwide/workdir)
[INFO] [stdout] error[E0412]: cannot find type `WriteFixedArrayLength` in module `bincode::config`
[INFO] [stdout]   --> src/util.rs:30:22
[INFO] [stdout]    |
[INFO] [stdout] 30 |     bincode::config::WriteFixedArrayLength,
[INFO] [stdout]    |                      ^^^^^^^^^^^^^^^^^^^^^ not found in `bincode::config`
[INFO] [stdout] 
[INFO] [stdout] 
[INFO] [stdout] error[E0412]: cannot find type `WriteFixedArrayLength` in module `bincode::config`
[INFO] [stdout]   --> src/util.rs:30:22
[INFO] [stdout]    |
[INFO] [stdout] 30 |     bincode::config::WriteFixedArrayLength,
[INFO] [stdout]    |                      ^^^^^^^^^^^^^^^^^^^^^ not found in `bincode::config`
[INFO] [stdout] 
[INFO] [stdout] 
[INFO] [stdout] error[E0107]: struct takes at most 3 generic arguments but 4 generic arguments were supplied
[INFO] [stdout]   --> src/util.rs:27:42
[INFO] [stdout]    |
[INFO] [stdout] 27 | pub fn bincode_cfg() -> bincode::config::Configuration<
[INFO] [stdout]    |                                          ^^^^^^^^^^^^^ expected at most 3 generic arguments
[INFO] [stdout] ...
[INFO] [stdout] 31 |     bincode::config::NoLimit,
[INFO] [stdout]    |     ------------------------ help: remove this generic argument
[INFO] [stdout]    |
[INFO] [stdout] note: struct defined here, with at most 3 generic parameters: `E`, `I`, `L`
[INFO] [stdout]   --> /opt/rustwide/cargo-home/registry/src/index.crates.io-6f17d22bba15001f/bincode-2.0.0-rc.3/src/config.rs:36:12
[INFO] [stdout]    |
[INFO] [stdout] 36 | pub struct Configuration<E = LittleEndian, I = Varint, L = NoLimit> {
[INFO] [stdout]    |            ^^^^^^^^^^^^^ ----------------  ----------  -----------
[INFO] [stdout] 
[INFO] [stdout] 
[INFO] [stdout] error[E0107]: struct takes at most 3 generic arguments but 4 generic arguments were supplied
[INFO] [stdout]   --> src/util.rs:27:42
[INFO] [stdout]    |
[INFO] [stdout] 27 | pub fn bincode_cfg() -> bincode::config::Configuration<
[INFO] [stdout]    |                                          ^^^^^^^^^^^^^ expected at most 3 generic arguments
[INFO] [stdout] ...
[INFO] [stdout] 31 |     bincode::config::NoLimit,
[INFO] [stdout]    |     ------------------------ help: remove this generic argument
[INFO] [stdout]    |
[INFO] [stdout] note: struct defined here, with at most 3 generic parameters: `E`, `I`, `L`
[INFO] [stdout]   --> /opt/rustwide/cargo-home/registry/src/index.crates.io-6f17d22bba15001f/bincode-2.0.0-rc.3/src/config.rs:36:12
[INFO] [stdout]    |
[INFO] [stdout] 36 | pub struct Configuration<E = LittleEndian, I = Varint, L = NoLimit> {
[INFO] [stdout]    |            ^^^^^^^^^^^^^ ----------------  ----------  -----------
[INFO] [stdout] 
[INFO] [stdout] 
[INFO] [stdout] error: aborting due to 2 previous errors
[INFO] [stdout] 
[INFO] [stdout] 
[INFO] [stdout] Some errors have detailed explanations: E0107, E0412.
[INFO] [stdout] 
[INFO] [stdout] For more information about an error, try `rustc --explain E0107`.
[INFO] [stdout] 
[INFO] [stdout] error: aborting due to 2 previous errors
[INFO] [stdout] 
[INFO] [stdout] 
[INFO] [stdout] Some errors have detailed explanations: E0107, E0412.
[INFO] [stdout] 
[INFO] [stdout] For more information about an error, try `rustc --explain E0107`.
[INFO] [stdout] 
[INFO] [stderr] error: could not compile `rucksack-lib` (lib) due to 3 previous errors
[INFO] [stderr] warning: build failed, waiting for other jobs to finish...
[INFO] [stderr] error: could not compile `rucksack-lib` (lib test) due to 3 previous errors
[INFO] running `Command { std: "docker" "inspect" "2755add6834fcea0e2ba4a46d628db1ce7245aedba839ba7182491597d3dad03", kill_on_drop: false }`
[INFO] running `Command { std: "docker" "rm" "-f" "2755add6834fcea0e2ba4a46d628db1ce7245aedba839ba7182491597d3dad03", kill_on_drop: false }`
[INFO] [stdout] 2755add6834fcea0e2ba4a46d628db1ce7245aedba839ba7182491597d3dad03
[INFO] checking rucksack-lib-0.9.1 against nightly-2024-02-05+rustflags=-Dunexpected_cfgs+cargoflags=-Zcheck-cfg for check-cfg
[INFO] extracting crate rucksack-lib 0.9.1 into /workspace/builds/worker-6-tc2/source
[INFO] validating manifest of crates.io crate rucksack-lib 0.9.1 on toolchain nightly-2024-02-05
[INFO] running `Command { std: CARGO_HOME="/workspace/cargo-home" RUSTUP_HOME="/workspace/rustup-home" "/workspace/cargo-home/bin/cargo" "+nightly-2024-02-05" "metadata" "--manifest-path" "Cargo.toml" "--no-deps", kill_on_drop: false }`
[INFO] started tweaking crates.io crate rucksack-lib 0.9.1
[INFO] finished tweaking crates.io crate rucksack-lib 0.9.1
[INFO] tweaked toml for crates.io crate rucksack-lib 0.9.1 written to /workspace/builds/worker-6-tc2/source/Cargo.toml
[INFO] running `Command { std: CARGO_HOME="/workspace/cargo-home" RUSTUP_HOME="/workspace/rustup-home" "/workspace/cargo-home/bin/cargo" "+nightly-2024-02-05" "generate-lockfile" "--manifest-path" "Cargo.toml", kill_on_drop: false }`
[INFO] [stderr]     Updating crates.io index
[INFO] running `Command { std: CARGO_HOME="/workspace/cargo-home" RUSTUP_HOME="/workspace/rustup-home" "/workspace/cargo-home/bin/cargo" "+nightly-2024-02-05" "fetch" "--manifest-path" "Cargo.toml", kill_on_drop: false }`
[INFO] running `Command { std: "docker" "create" "-v" "/var/lib/crater-agent-workspace/builds/worker-6-tc2/target:/opt/rustwide/target:rw,Z" "-v" "/var/lib/crater-agent-workspace/builds/worker-6-tc2/source:/opt/rustwide/workdir:ro,Z" "-v" "/var/lib/crater-agent-workspace/cargo-home:/opt/rustwide/cargo-home:ro,Z" "-v" "/var/lib/crater-agent-workspace/rustup-home:/opt/rustwide/rustup-home:ro,Z" "-e" "SOURCE_DIR=/opt/rustwide/workdir" "-e" "CARGO_TARGET_DIR=/opt/rustwide/target" "-e" "CARGO_HOME=/opt/rustwide/cargo-home" "-e" "RUSTUP_HOME=/opt/rustwide/rustup-home" "-w" "/opt/rustwide/workdir" "-m" "1610612736" "--user" "0:0" "--network" "none" "ghcr.io/rust-lang/crates-build-env/linux@sha256:2788e3201cd34a07e3172128adcd8b3090168a8e3bcc40d7c032b9dda1df7d1c" "/opt/rustwide/cargo-home/bin/cargo" "+nightly-2024-02-05" "metadata" "--no-deps" "--format-version=1", kill_on_drop: false }`
[INFO] [stdout] d8b1cf5cb3ebf060cc96be3d28c4b2fe20d11055428935aafa276cb642c9227c
[INFO] running `Command { std: "docker" "start" "-a" "d8b1cf5cb3ebf060cc96be3d28c4b2fe20d11055428935aafa276cb642c9227c", kill_on_drop: false }`
[INFO] running `Command { std: "docker" "inspect" "d8b1cf5cb3ebf060cc96be3d28c4b2fe20d11055428935aafa276cb642c9227c", kill_on_drop: false }`
[INFO] running `Command { std: "docker" "rm" "-f" "d8b1cf5cb3ebf060cc96be3d28c4b2fe20d11055428935aafa276cb642c9227c", kill_on_drop: false }`
[INFO] [stdout] d8b1cf5cb3ebf060cc96be3d28c4b2fe20d11055428935aafa276cb642c9227c
[INFO] running `Command { std: "docker" "create" "-v" "/var/lib/crater-agent-workspace/builds/worker-6-tc2/target:/opt/rustwide/target:rw,Z" "-v" "/var/lib/crater-agent-workspace/builds/worker-6-tc2/source:/opt/rustwide/workdir:ro,Z" "-v" "/var/lib/crater-agent-workspace/cargo-home:/opt/rustwide/cargo-home:ro,Z" "-v" "/var/lib/crater-agent-workspace/rustup-home:/opt/rustwide/rustup-home:ro,Z" "-e" "SOURCE_DIR=/opt/rustwide/workdir" "-e" "CARGO_TARGET_DIR=/opt/rustwide/target" "-e" "CARGO_INCREMENTAL=0" "-e" "RUST_BACKTRACE=full" "-e" "RUSTFLAGS=--cap-lints=forbid -Dunexpected_cfgs" "-e" "RUSTDOCFLAGS=--cap-lints=forbid" "-e" "CARGO_HOME=/opt/rustwide/cargo-home" "-e" "RUSTUP_HOME=/opt/rustwide/rustup-home" "-w" "/opt/rustwide/workdir" "-m" "1610612736" "--user" "0:0" "--network" "none" "ghcr.io/rust-lang/crates-build-env/linux@sha256:2788e3201cd34a07e3172128adcd8b3090168a8e3bcc40d7c032b9dda1df7d1c" "/opt/rustwide/cargo-home/bin/cargo" "+nightly-2024-02-05" "check" "--frozen" "--all" "--all-targets" "--message-format=json" "-Zcheck-cfg", kill_on_drop: false }`
[INFO] [stdout] 5159ebbdafaeac02b04982754d42fde064e655b7d47409ca873d62e852ca897a
[INFO] running `Command { std: "docker" "start" "-a" "5159ebbdafaeac02b04982754d42fde064e655b7d47409ca873d62e852ca897a", kill_on_drop: false }`
[INFO] [stderr]    Compiling rustix v0.38.31
[INFO] [stderr]     Checking option-ext v0.2.0
[INFO] [stderr]     Checking memchr v2.7.1
[INFO] [stderr]     Checking minimal-lexical v0.2.1
[INFO] [stderr]    Compiling virtue v0.0.13
[INFO] [stderr]    Compiling num-traits v0.2.17
[INFO] [stderr]     Checking iana-time-zone v0.1.60
[INFO] [stderr]     Checking colored v2.1.0
[INFO] [stderr]     Checking dirs-sys v0.3.7
[INFO] [stderr]     Checking uuid v1.7.0
[INFO] [stderr]     Checking unix_mode v0.1.4
[INFO] [stderr]     Checking path-clean v0.1.0
[INFO] [stderr]     Checking rand_chacha v0.3.1
[INFO] [stderr]    Compiling serde_derive v1.0.196
[INFO] [stderr]    Compiling random-number-macro-impl v0.1.7
[INFO] [stderr]     Checking dirs-sys v0.4.1
[INFO] [stderr]     Checking dirs v4.0.0
[INFO] [stderr]     Checking dirs v5.0.1
[INFO] [stderr]     Checking shellexpand v3.1.0
[INFO] [stderr]     Checking rand v0.8.5
[INFO] [stderr]     Checking nom v7.1.3
[INFO] [stderr]    Compiling bincode_derive v2.0.0-rc.3
[INFO] [stderr]     Checking lipsum v0.8.2
[INFO] [stderr]     Checking random-number v0.1.8
[INFO] [stderr]     Checking is-terminal v0.4.10
[INFO] [stderr]     Checking random-pick v1.2.16
[INFO] [stderr]     Checking colored v1.9.4
[INFO] [stderr]     Checking bincode v2.0.0-rc.3
[INFO] [stderr]     Checking passwords v3.1.16
[INFO] [stderr]     Checking fern v0.6.2
[INFO] [stderr]     Checking versions v4.1.0
[INFO] [stderr]     Checking serde v1.0.196
[INFO] [stderr]     Checking toml v0.5.11
[INFO] [stderr]     Checking chrono v0.4.33
[INFO] [stderr]     Checking confyg v0.1.4
[INFO] [stderr]     Checking twyg v0.1.12
[INFO] [stderr]     Checking rucksack-lib v0.9.1 (/opt/rustwide/workdir)
[INFO] [stdout] error[E0412]: cannot find type `WriteFixedArrayLength` in module `bincode::config`
[INFO] [stdout]   --> src/util.rs:30:22
[INFO] [stdout]    |
[INFO] [stdout] 30 |     bincode::config::WriteFixedArrayLength,
[INFO] [stdout]    |                      ^^^^^^^^^^^^^^^^^^^^^ not found in `bincode::config`
[INFO] [stdout] 
[INFO] [stdout] 
[INFO] [stdout] error[E0412]: cannot find type `WriteFixedArrayLength` in module `bincode::config`
[INFO] [stdout]   --> src/util.rs:30:22
[INFO] [stdout]    |
[INFO] [stdout] 30 |     bincode::config::WriteFixedArrayLength,
[INFO] [stdout]    |                      ^^^^^^^^^^^^^^^^^^^^^ not found in `bincode::config`
[INFO] [stdout] 
[INFO] [stdout] 
[INFO] [stdout] error[E0107]: struct takes at most 3 generic arguments but 4 generic arguments were supplied
[INFO] [stdout]   --> src/util.rs:27:42
[INFO] [stdout]    |
[INFO] [stdout] 27 | pub fn bincode_cfg() -> bincode::config::Configuration<
[INFO] [stdout]    |                                          ^^^^^^^^^^^^^ expected at most 3 generic arguments
[INFO] [stdout] ...
[INFO] [stdout] 31 |     bincode::config::NoLimit,
[INFO] [stdout]    |     ------------------------ help: remove this generic argument
[INFO] [stdout]    |
[INFO] [stdout] note: struct defined here, with at most 3 generic parameters: `E`, `I`, `L`
[INFO] [stdout]   --> /opt/rustwide/cargo-home/registry/src/index.crates.io-6f17d22bba15001f/bincode-2.0.0-rc.3/src/config.rs:36:12
[INFO] [stdout]    |
[INFO] [stdout] 36 | pub struct Configuration<E = LittleEndian, I = Varint, L = NoLimit> {
[INFO] [stdout]    |            ^^^^^^^^^^^^^ ----------------  ----------  -----------
[INFO] [stdout] 
[INFO] [stdout] 
[INFO] [stdout] error[E0107]: struct takes at most 3 generic arguments but 4 generic arguments were supplied
[INFO] [stdout]   --> src/util.rs:27:42
[INFO] [stdout]    |
[INFO] [stdout] 27 | pub fn bincode_cfg() -> bincode::config::Configuration<
[INFO] [stdout]    |                                          ^^^^^^^^^^^^^ expected at most 3 generic arguments
[INFO] [stdout] ...
[INFO] [stdout] 31 |     bincode::config::NoLimit,
[INFO] [stdout]    |     ------------------------ help: remove this generic argument
[INFO] [stdout]    |
[INFO] [stdout] note: struct defined here, with at most 3 generic parameters: `E`, `I`, `L`
[INFO] [stdout]   --> /opt/rustwide/cargo-home/registry/src/index.crates.io-6f17d22bba15001f/bincode-2.0.0-rc.3/src/config.rs:36:12
[INFO] [stdout]    |
[INFO] [stdout] 36 | pub struct Configuration<E = LittleEndian, I = Varint, L = NoLimit> {
[INFO] [stdout]    |            ^^^^^^^^^^^^^ ----------------  ----------  -----------
[INFO] [stdout] 
[INFO] [stdout] 
[INFO] [stdout] error: aborting due to 2 previous errors
[INFO] [stdout] 
[INFO] [stdout] 
[INFO] [stdout] Some errors have detailed explanations: E0107, E0412.
[INFO] [stdout] 
[INFO] [stdout] For more information about an error, try `rustc --explain E0107`.
[INFO] [stdout] 
[INFO] [stderr] error: could not compile `rucksack-lib` (lib test) due to 3 previous errors
[INFO] [stderr] warning: build failed, waiting for other jobs to finish...
[INFO] [stdout] error: aborting due to 2 previous errors
[INFO] [stdout] 
[INFO] [stdout] 
[INFO] [stdout] Some errors have detailed explanations: E0107, E0412.
[INFO] [stdout] 
[INFO] [stdout] For more information about an error, try `rustc --explain E0107`.
[INFO] [stdout] 
[INFO] [stderr] error: could not compile `rucksack-lib` (lib) due to 3 previous errors
[INFO] running `Command { std: "docker" "inspect" "5159ebbdafaeac02b04982754d42fde064e655b7d47409ca873d62e852ca897a", kill_on_drop: false }`
[INFO] running `Command { std: "docker" "rm" "-f" "5159ebbdafaeac02b04982754d42fde064e655b7d47409ca873d62e852ca897a", kill_on_drop: false }`
[INFO] [stdout] 5159ebbdafaeac02b04982754d42fde064e655b7d47409ca873d62e852ca897a
