[INFO] fetching crate rsquery 0.1.1...
[INFO] checking rsquery-0.1.1 against nightly-2024-02-05 for check-cfg
[INFO] extracting crate rsquery 0.1.1 into /workspace/builds/worker-1-tc1/source
[INFO] validating manifest of crates.io crate rsquery 0.1.1 on toolchain nightly-2024-02-05
[INFO] running `Command { std: CARGO_HOME="/workspace/cargo-home" RUSTUP_HOME="/workspace/rustup-home" "/workspace/cargo-home/bin/cargo" "+nightly-2024-02-05" "metadata" "--manifest-path" "Cargo.toml" "--no-deps", kill_on_drop: false }`
[INFO] started tweaking crates.io crate rsquery 0.1.1
[INFO] finished tweaking crates.io crate rsquery 0.1.1
[INFO] tweaked toml for crates.io crate rsquery 0.1.1 written to /workspace/builds/worker-1-tc1/source/Cargo.toml
[INFO] running `Command { std: CARGO_HOME="/workspace/cargo-home" RUSTUP_HOME="/workspace/rustup-home" "/workspace/cargo-home/bin/cargo" "+nightly-2024-02-05" "generate-lockfile" "--manifest-path" "Cargo.toml", kill_on_drop: false }`
[INFO] [stderr]     Updating crates.io index
[INFO] running `Command { std: CARGO_HOME="/workspace/cargo-home" RUSTUP_HOME="/workspace/rustup-home" "/workspace/cargo-home/bin/cargo" "+nightly-2024-02-05" "fetch" "--manifest-path" "Cargo.toml", kill_on_drop: false }`
[INFO] running `Command { std: "docker" "create" "-v" "/var/lib/crater-agent-workspace/builds/worker-1-tc1/target:/opt/rustwide/target:rw,Z" "-v" "/var/lib/crater-agent-workspace/builds/worker-1-tc1/source:/opt/rustwide/workdir:ro,Z" "-v" "/var/lib/crater-agent-workspace/cargo-home:/opt/rustwide/cargo-home:ro,Z" "-v" "/var/lib/crater-agent-workspace/rustup-home:/opt/rustwide/rustup-home:ro,Z" "-e" "SOURCE_DIR=/opt/rustwide/workdir" "-e" "CARGO_TARGET_DIR=/opt/rustwide/target" "-e" "CARGO_HOME=/opt/rustwide/cargo-home" "-e" "RUSTUP_HOME=/opt/rustwide/rustup-home" "-w" "/opt/rustwide/workdir" "-m" "1610612736" "--user" "0:0" "--network" "none" "ghcr.io/rust-lang/crates-build-env/linux@sha256:2788e3201cd34a07e3172128adcd8b3090168a8e3bcc40d7c032b9dda1df7d1c" "/opt/rustwide/cargo-home/bin/cargo" "+nightly-2024-02-05" "metadata" "--no-deps" "--format-version=1", kill_on_drop: false }`
[INFO] [stdout] 3efa4ca4ba636da1fe08a4992d592444d069c1d514a52cc88ba49d2544a2d313
[INFO] running `Command { std: "docker" "start" "-a" "3efa4ca4ba636da1fe08a4992d592444d069c1d514a52cc88ba49d2544a2d313", kill_on_drop: false }`
[INFO] running `Command { std: "docker" "inspect" "3efa4ca4ba636da1fe08a4992d592444d069c1d514a52cc88ba49d2544a2d313", kill_on_drop: false }`
[INFO] running `Command { std: "docker" "rm" "-f" "3efa4ca4ba636da1fe08a4992d592444d069c1d514a52cc88ba49d2544a2d313", kill_on_drop: false }`
[INFO] [stdout] 3efa4ca4ba636da1fe08a4992d592444d069c1d514a52cc88ba49d2544a2d313
[INFO] running `Command { std: "docker" "create" "-v" "/var/lib/crater-agent-workspace/builds/worker-1-tc1/target:/opt/rustwide/target:rw,Z" "-v" "/var/lib/crater-agent-workspace/builds/worker-1-tc1/source:/opt/rustwide/workdir:ro,Z" "-v" "/var/lib/crater-agent-workspace/cargo-home:/opt/rustwide/cargo-home:ro,Z" "-v" "/var/lib/crater-agent-workspace/rustup-home:/opt/rustwide/rustup-home:ro,Z" "-e" "SOURCE_DIR=/opt/rustwide/workdir" "-e" "CARGO_TARGET_DIR=/opt/rustwide/target" "-e" "CARGO_INCREMENTAL=0" "-e" "RUST_BACKTRACE=full" "-e" "RUSTFLAGS=--cap-lints=forbid" "-e" "RUSTDOCFLAGS=--cap-lints=forbid" "-e" "CARGO_HOME=/opt/rustwide/cargo-home" "-e" "RUSTUP_HOME=/opt/rustwide/rustup-home" "-w" "/opt/rustwide/workdir" "-m" "1610612736" "--user" "0:0" "--network" "none" "ghcr.io/rust-lang/crates-build-env/linux@sha256:2788e3201cd34a07e3172128adcd8b3090168a8e3bcc40d7c032b9dda1df7d1c" "/opt/rustwide/cargo-home/bin/cargo" "+nightly-2024-02-05" "check" "--frozen" "--all" "--all-targets" "--message-format=json", kill_on_drop: false }`
[INFO] [stdout] d1c11864705434f90de11c4ee0cd54cfe46f8b9454c614c2fe1fe54be12b10e2
[INFO] running `Command { std: "docker" "start" "-a" "d1c11864705434f90de11c4ee0cd54cfe46f8b9454c614c2fe1fe54be12b10e2", kill_on_drop: false }`
[INFO] [stderr]    Compiling parking_lot_core v0.9.9
[INFO] [stderr]     Checking signal-hook-registry v1.4.1
[INFO] [stderr]     Checking socket2 v0.5.5
[INFO] [stderr]     Checking num_cpus v1.16.0
[INFO] [stderr]     Checking mio v0.8.10
[INFO] [stderr]    Compiling syn v2.0.48
[INFO] [stderr]     Checking bytes v1.5.0
[INFO] [stderr]     Checking pin-project-lite v0.2.13
[INFO] [stderr]     Checking futures-core v0.3.30
[INFO] [stderr]     Checking hex v0.4.3
[INFO] [stderr]     Checking parking_lot v0.12.1
[INFO] [stderr]    Compiling tokio-macros v2.2.0
[INFO] [stderr]    Compiling actix-macros v0.2.4
[INFO] [stderr]     Checking tokio v1.36.0
[INFO] [stderr]     Checking actix-rt v2.9.0
[INFO] [stderr]     Checking rsquery v0.1.1 (/opt/rustwide/workdir)
[INFO] [stdout] error[E0382]: borrow of moved value: `raw_data`
[INFO] [stdout]    --> src/lib.rs:236:30
[INFO] [stdout]     |
[INFO] [stdout] 207 |                 let raw_data: Mutex<HashMap<&str, String>> = Mutex::new(HashMap::new());
[INFO] [stdout]     |                     -------- move occurs because `raw_data` has type `tokio::sync::Mutex<HashMap<&str, String>>`, which does not implement the `Copy` trait
[INFO] [stdout] ...
[INFO] [stdout] 212 |                 let a = async || -> Result<()> {
[INFO] [stdout]     |                         ---------------------- value moved into closure here
[INFO] [stdout] ...
[INFO] [stdout] 219 |                         raw_data
[INFO] [stdout]     |                         -------- variable moved due to use in closure
[INFO] [stdout] ...
[INFO] [stdout] 236 |                 let reader = raw_data.lock().await;
[INFO] [stdout]     |                              ^^^^^^^^ value borrowed here after move
[INFO] [stdout] 
[INFO] [stdout] 
[INFO] [stdout] error[E0382]: borrow of moved value: `raw_data`
[INFO] [stdout]    --> src/lib.rs:236:30
[INFO] [stdout]     |
[INFO] [stdout] 207 |                 let raw_data: Mutex<HashMap<&str, String>> = Mutex::new(HashMap::new());
[INFO] [stdout]     |                     -------- move occurs because `raw_data` has type `tokio::sync::Mutex<HashMap<&str, String>>`, which does not implement the `Copy` trait
[INFO] [stdout] ...
[INFO] [stdout] 212 |                 let a = async || -> Result<()> {
[INFO] [stdout]     |                         ---------------------- value moved into closure here
[INFO] [stdout] ...
[INFO] [stdout] 219 |                         raw_data
[INFO] [stdout]     |                         -------- variable moved due to use in closure
[INFO] [stdout] ...
[INFO] [stdout] 236 |                 let reader = raw_data.lock().await;
[INFO] [stdout]     |                              ^^^^^^^^ value borrowed here after move
[INFO] [stdout] 
[INFO] [stdout] 
[INFO] [stdout] error[E0382]: borrow of moved value: `players`
[INFO] [stdout]    --> src/lib.rs:237:31
[INFO] [stdout]     |
[INFO] [stdout] 206 |                 let players: Mutex<Vec<String>> = Mutex::new(Vec::new());
[INFO] [stdout]     |                     ------- move occurs because `players` has type `tokio::sync::Mutex<Vec<String>>`, which does not implement the `Copy` trait
[INFO] [stdout] ...
[INFO] [stdout] 227 |                 let b = async || -> Result<()> {
[INFO] [stdout]     |                         ---------------------- value moved into closure here
[INFO] [stdout] ...
[INFO] [stdout] 230 |                         players.lock().await.extend(tmp.split(|byte| byte == &0x00u8)
[INFO] [stdout]     |                         ------- variable moved due to use in closure
[INFO] [stdout] ...
[INFO] [stdout] 237 |                 let players = players.lock().await.to_vec();
[INFO] [stdout]     |                               ^^^^^^^ value borrowed here after move
[INFO] [stdout] 
[INFO] [stdout] 
[INFO] [stdout] error[E0382]: borrow of moved value: `players`
[INFO] [stdout]    --> src/lib.rs:237:31
[INFO] [stdout]     |
[INFO] [stdout] 206 |                 let players: Mutex<Vec<String>> = Mutex::new(Vec::new());
[INFO] [stdout]     |                     ------- move occurs because `players` has type `tokio::sync::Mutex<Vec<String>>`, which does not implement the `Copy` trait
[INFO] [stdout] ...
[INFO] [stdout] 227 |                 let b = async || -> Result<()> {
[INFO] [stdout]     |                         ---------------------- value moved into closure here
[INFO] [stdout] ...
[INFO] [stdout] 230 |                         players.lock().await.extend(tmp.split(|byte| byte == &0x00u8)
[INFO] [stdout]     |                         ------- variable moved due to use in closure
[INFO] [stdout] ...
[INFO] [stdout] 237 |                 let players = players.lock().await.to_vec();
[INFO] [stdout]     |                               ^^^^^^^ value borrowed here after move
[INFO] [stdout] 
[INFO] [stdout] 
[INFO] [stdout] error: aborting due to 2 previous errors
[INFO] [stdout] 
[INFO] [stdout] 
[INFO] [stdout] For more information about this error, try `rustc --explain E0382`.
[INFO] [stdout] 
[INFO] [stdout] error: aborting due to 2 previous errors
[INFO] [stdout] 
[INFO] [stdout] 
[INFO] [stdout] For more information about this error, try `rustc --explain E0382`.
[INFO] [stdout] 
[INFO] [stderr] error: could not compile `rsquery` (lib) due to 3 previous errors
[INFO] [stderr] warning: build failed, waiting for other jobs to finish...
[INFO] [stderr] error: could not compile `rsquery` (lib test) due to 3 previous errors
[INFO] running `Command { std: "docker" "inspect" "d1c11864705434f90de11c4ee0cd54cfe46f8b9454c614c2fe1fe54be12b10e2", kill_on_drop: false }`
[INFO] running `Command { std: "docker" "rm" "-f" "d1c11864705434f90de11c4ee0cd54cfe46f8b9454c614c2fe1fe54be12b10e2", kill_on_drop: false }`
[INFO] [stdout] d1c11864705434f90de11c4ee0cd54cfe46f8b9454c614c2fe1fe54be12b10e2
[INFO] checking rsquery-0.1.1 against nightly-2024-02-05+rustflags=-Dunexpected_cfgs+cargoflags=-Zcheck-cfg for check-cfg
[INFO] extracting crate rsquery 0.1.1 into /workspace/builds/worker-1-tc2/source
[INFO] validating manifest of crates.io crate rsquery 0.1.1 on toolchain nightly-2024-02-05
[INFO] running `Command { std: CARGO_HOME="/workspace/cargo-home" RUSTUP_HOME="/workspace/rustup-home" "/workspace/cargo-home/bin/cargo" "+nightly-2024-02-05" "metadata" "--manifest-path" "Cargo.toml" "--no-deps", kill_on_drop: false }`
[INFO] started tweaking crates.io crate rsquery 0.1.1
[INFO] finished tweaking crates.io crate rsquery 0.1.1
[INFO] tweaked toml for crates.io crate rsquery 0.1.1 written to /workspace/builds/worker-1-tc2/source/Cargo.toml
[INFO] running `Command { std: CARGO_HOME="/workspace/cargo-home" RUSTUP_HOME="/workspace/rustup-home" "/workspace/cargo-home/bin/cargo" "+nightly-2024-02-05" "generate-lockfile" "--manifest-path" "Cargo.toml", kill_on_drop: false }`
[INFO] [stderr]     Updating crates.io index
[INFO] running `Command { std: CARGO_HOME="/workspace/cargo-home" RUSTUP_HOME="/workspace/rustup-home" "/workspace/cargo-home/bin/cargo" "+nightly-2024-02-05" "fetch" "--manifest-path" "Cargo.toml", kill_on_drop: false }`
[INFO] running `Command { std: "docker" "create" "-v" "/var/lib/crater-agent-workspace/builds/worker-1-tc2/target:/opt/rustwide/target:rw,Z" "-v" "/var/lib/crater-agent-workspace/builds/worker-1-tc2/source:/opt/rustwide/workdir:ro,Z" "-v" "/var/lib/crater-agent-workspace/cargo-home:/opt/rustwide/cargo-home:ro,Z" "-v" "/var/lib/crater-agent-workspace/rustup-home:/opt/rustwide/rustup-home:ro,Z" "-e" "SOURCE_DIR=/opt/rustwide/workdir" "-e" "CARGO_TARGET_DIR=/opt/rustwide/target" "-e" "CARGO_HOME=/opt/rustwide/cargo-home" "-e" "RUSTUP_HOME=/opt/rustwide/rustup-home" "-w" "/opt/rustwide/workdir" "-m" "1610612736" "--user" "0:0" "--network" "none" "ghcr.io/rust-lang/crates-build-env/linux@sha256:2788e3201cd34a07e3172128adcd8b3090168a8e3bcc40d7c032b9dda1df7d1c" "/opt/rustwide/cargo-home/bin/cargo" "+nightly-2024-02-05" "metadata" "--no-deps" "--format-version=1", kill_on_drop: false }`
[INFO] [stdout] aa7d76ebdeaf215e2c5c5accf1916db2df3af4f123ed661f6bd9c7e4ba46ffd3
[INFO] running `Command { std: "docker" "start" "-a" "aa7d76ebdeaf215e2c5c5accf1916db2df3af4f123ed661f6bd9c7e4ba46ffd3", kill_on_drop: false }`
[INFO] running `Command { std: "docker" "inspect" "aa7d76ebdeaf215e2c5c5accf1916db2df3af4f123ed661f6bd9c7e4ba46ffd3", kill_on_drop: false }`
[INFO] running `Command { std: "docker" "rm" "-f" "aa7d76ebdeaf215e2c5c5accf1916db2df3af4f123ed661f6bd9c7e4ba46ffd3", kill_on_drop: false }`
[INFO] [stdout] aa7d76ebdeaf215e2c5c5accf1916db2df3af4f123ed661f6bd9c7e4ba46ffd3
[INFO] running `Command { std: "docker" "create" "-v" "/var/lib/crater-agent-workspace/builds/worker-1-tc2/target:/opt/rustwide/target:rw,Z" "-v" "/var/lib/crater-agent-workspace/builds/worker-1-tc2/source:/opt/rustwide/workdir:ro,Z" "-v" "/var/lib/crater-agent-workspace/cargo-home:/opt/rustwide/cargo-home:ro,Z" "-v" "/var/lib/crater-agent-workspace/rustup-home:/opt/rustwide/rustup-home:ro,Z" "-e" "SOURCE_DIR=/opt/rustwide/workdir" "-e" "CARGO_TARGET_DIR=/opt/rustwide/target" "-e" "CARGO_INCREMENTAL=0" "-e" "RUST_BACKTRACE=full" "-e" "RUSTFLAGS=--cap-lints=forbid -Dunexpected_cfgs" "-e" "RUSTDOCFLAGS=--cap-lints=forbid" "-e" "CARGO_HOME=/opt/rustwide/cargo-home" "-e" "RUSTUP_HOME=/opt/rustwide/rustup-home" "-w" "/opt/rustwide/workdir" "-m" "1610612736" "--user" "0:0" "--network" "none" "ghcr.io/rust-lang/crates-build-env/linux@sha256:2788e3201cd34a07e3172128adcd8b3090168a8e3bcc40d7c032b9dda1df7d1c" "/opt/rustwide/cargo-home/bin/cargo" "+nightly-2024-02-05" "check" "--frozen" "--all" "--all-targets" "--message-format=json" "-Zcheck-cfg", kill_on_drop: false }`
[INFO] [stdout] 73ec89a7cc7a237c269858f75ef4419fa47411ad9b6826aaa3da0c243b6fa6e3
[INFO] running `Command { std: "docker" "start" "-a" "73ec89a7cc7a237c269858f75ef4419fa47411ad9b6826aaa3da0c243b6fa6e3", kill_on_drop: false }`
[INFO] [stderr]    Compiling parking_lot_core v0.9.9
[INFO] [stderr]     Checking pin-project-lite v0.2.13
[INFO] [stderr]     Checking bytes v1.5.0
[INFO] [stderr]     Checking futures-core v0.3.30
[INFO] [stderr]     Checking num_cpus v1.16.0
[INFO] [stderr]    Compiling syn v2.0.48
[INFO] [stderr]     Checking socket2 v0.5.5
[INFO] [stderr]     Checking signal-hook-registry v1.4.1
[INFO] [stderr]     Checking mio v0.8.10
[INFO] [stderr]     Checking hex v0.4.3
[INFO] [stderr]     Checking parking_lot v0.12.1
[INFO] [stderr]    Compiling tokio-macros v2.2.0
[INFO] [stderr]    Compiling actix-macros v0.2.4
[INFO] [stderr]     Checking tokio v1.36.0
[INFO] [stderr]     Checking actix-rt v2.9.0
[INFO] [stderr]     Checking rsquery v0.1.1 (/opt/rustwide/workdir)
[INFO] [stdout] error[E0382]: borrow of moved value: `raw_data`
[INFO] [stdout]    --> src/lib.rs:236:30
[INFO] [stdout]     |
[INFO] [stdout] 207 |                 let raw_data: Mutex<HashMap<&str, String>> = Mutex::new(HashMap::new());
[INFO] [stdout]     |                     -------- move occurs because `raw_data` has type `tokio::sync::Mutex<HashMap<&str, String>>`, which does not implement the `Copy` trait
[INFO] [stdout] ...
[INFO] [stdout] 212 |                 let a = async || -> Result<()> {
[INFO] [stdout]     |                         ---------------------- value moved into closure here
[INFO] [stdout] ...
[INFO] [stdout] 219 |                         raw_data
[INFO] [stdout]     |                         -------- variable moved due to use in closure
[INFO] [stdout] ...
[INFO] [stdout] 236 |                 let reader = raw_data.lock().await;
[INFO] [stdout]     |                              ^^^^^^^^ value borrowed here after move
[INFO] [stdout] 
[INFO] [stdout] 
[INFO] [stdout] error[E0382]: borrow of moved value: `players`
[INFO] [stdout]    --> src/lib.rs:237:31
[INFO] [stdout]     |
[INFO] [stdout] 206 |                 let players: Mutex<Vec<String>> = Mutex::new(Vec::new());
[INFO] [stdout]     |                     ------- move occurs because `players` has type `tokio::sync::Mutex<Vec<String>>`, which does not implement the `Copy` trait
[INFO] [stdout] ...
[INFO] [stdout] 227 |                 let b = async || -> Result<()> {
[INFO] [stdout]     |                         ---------------------- value moved into closure here
[INFO] [stdout] ...
[INFO] [stdout] 230 |                         players.lock().await.extend(tmp.split(|byte| byte == &0x00u8)
[INFO] [stdout]     |                         ------- variable moved due to use in closure
[INFO] [stdout] ...
[INFO] [stdout] 237 |                 let players = players.lock().await.to_vec();
[INFO] [stdout]     |                               ^^^^^^^ value borrowed here after move
[INFO] [stdout] 
[INFO] [stdout] 
[INFO] [stdout] error[E0382]: borrow of moved value: `raw_data`
[INFO] [stdout]    --> src/lib.rs:236:30
[INFO] [stdout]     |
[INFO] [stdout] 207 |                 let raw_data: Mutex<HashMap<&str, String>> = Mutex::new(HashMap::new());
[INFO] [stdout]     |                     -------- move occurs because `raw_data` has type `tokio::sync::Mutex<HashMap<&str, String>>`, which does not implement the `Copy` trait
[INFO] [stdout] ...
[INFO] [stdout] 212 |                 let a = async || -> Result<()> {
[INFO] [stdout]     |                         ---------------------- value moved into closure here
[INFO] [stdout] ...
[INFO] [stdout] 219 |                         raw_data
[INFO] [stdout]     |                         -------- variable moved due to use in closure
[INFO] [stdout] ...
[INFO] [stdout] 236 |                 let reader = raw_data.lock().await;
[INFO] [stdout]     |                              ^^^^^^^^ value borrowed here after move
[INFO] [stdout] 
[INFO] [stdout] 
[INFO] [stdout] error[E0382]: borrow of moved value: `players`
[INFO] [stdout]    --> src/lib.rs:237:31
[INFO] [stdout]     |
[INFO] [stdout] 206 |                 let players: Mutex<Vec<String>> = Mutex::new(Vec::new());
[INFO] [stdout]     |                     ------- move occurs because `players` has type `tokio::sync::Mutex<Vec<String>>`, which does not implement the `Copy` trait
[INFO] [stdout] ...
[INFO] [stdout] 227 |                 let b = async || -> Result<()> {
[INFO] [stdout]     |                         ---------------------- value moved into closure here
[INFO] [stdout] ...
[INFO] [stdout] 230 |                         players.lock().await.extend(tmp.split(|byte| byte == &0x00u8)
[INFO] [stdout]     |                         ------- variable moved due to use in closure
[INFO] [stdout] ...
[INFO] [stdout] 237 |                 let players = players.lock().await.to_vec();
[INFO] [stdout]     |                               ^^^^^^^ value borrowed here after move
[INFO] [stdout] 
[INFO] [stdout] 
[INFO] [stdout] error: aborting due to 2 previous errors
[INFO] [stdout] 
[INFO] [stdout] 
[INFO] [stdout] For more information about this error, try `rustc --explain E0382`.
[INFO] [stdout] 
[INFO] [stderr] error: could not compile `rsquery` (lib) due to 3 previous errors
[INFO] [stderr] warning: build failed, waiting for other jobs to finish...
[INFO] [stdout] error: aborting due to 2 previous errors
[INFO] [stdout] 
[INFO] [stdout] 
[INFO] [stdout] For more information about this error, try `rustc --explain E0382`.
[INFO] [stdout] 
[INFO] [stderr] error: could not compile `rsquery` (lib test) due to 3 previous errors
[INFO] running `Command { std: "docker" "inspect" "73ec89a7cc7a237c269858f75ef4419fa47411ad9b6826aaa3da0c243b6fa6e3", kill_on_drop: false }`
[INFO] running `Command { std: "docker" "rm" "-f" "73ec89a7cc7a237c269858f75ef4419fa47411ad9b6826aaa3da0c243b6fa6e3", kill_on_drop: false }`
[INFO] [stdout] 73ec89a7cc7a237c269858f75ef4419fa47411ad9b6826aaa3da0c243b6fa6e3
