[INFO] fetching crate rsepl 0.2.1...
[INFO] checking rsepl-0.2.1 against nightly-2024-02-05 for check-cfg
[INFO] extracting crate rsepl 0.2.1 into /workspace/builds/worker-2-tc1/source
[INFO] validating manifest of crates.io crate rsepl 0.2.1 on toolchain nightly-2024-02-05
[INFO] running `Command { std: CARGO_HOME="/workspace/cargo-home" RUSTUP_HOME="/workspace/rustup-home" "/workspace/cargo-home/bin/cargo" "+nightly-2024-02-05" "metadata" "--manifest-path" "Cargo.toml" "--no-deps", kill_on_drop: false }`
[INFO] started tweaking crates.io crate rsepl 0.2.1
[INFO] finished tweaking crates.io crate rsepl 0.2.1
[INFO] tweaked toml for crates.io crate rsepl 0.2.1 written to /workspace/builds/worker-2-tc1/source/Cargo.toml
[INFO] running `Command { std: CARGO_HOME="/workspace/cargo-home" RUSTUP_HOME="/workspace/rustup-home" "/workspace/cargo-home/bin/cargo" "+nightly-2024-02-05" "generate-lockfile" "--manifest-path" "Cargo.toml", kill_on_drop: false }`
[INFO] [stderr]     Updating crates.io index
[INFO] running `Command { std: CARGO_HOME="/workspace/cargo-home" RUSTUP_HOME="/workspace/rustup-home" "/workspace/cargo-home/bin/cargo" "+nightly-2024-02-05" "fetch" "--manifest-path" "Cargo.toml", kill_on_drop: false }`
[INFO] [stderr]  Downloading crates ...
[INFO] [stderr]   Downloaded rustyline v3.0.0
[INFO] running `Command { std: "docker" "create" "-v" "/var/lib/crater-agent-workspace/builds/worker-2-tc1/target:/opt/rustwide/target:rw,Z" "-v" "/var/lib/crater-agent-workspace/builds/worker-2-tc1/source:/opt/rustwide/workdir:ro,Z" "-v" "/var/lib/crater-agent-workspace/cargo-home:/opt/rustwide/cargo-home:ro,Z" "-v" "/var/lib/crater-agent-workspace/rustup-home:/opt/rustwide/rustup-home:ro,Z" "-e" "SOURCE_DIR=/opt/rustwide/workdir" "-e" "CARGO_TARGET_DIR=/opt/rustwide/target" "-e" "CARGO_HOME=/opt/rustwide/cargo-home" "-e" "RUSTUP_HOME=/opt/rustwide/rustup-home" "-w" "/opt/rustwide/workdir" "-m" "1610612736" "--user" "0:0" "--network" "none" "ghcr.io/rust-lang/crates-build-env/linux@sha256:2788e3201cd34a07e3172128adcd8b3090168a8e3bcc40d7c032b9dda1df7d1c" "/opt/rustwide/cargo-home/bin/cargo" "+nightly-2024-02-05" "metadata" "--no-deps" "--format-version=1", kill_on_drop: false }`
[INFO] [stdout] 1d154cba80e5fa86ec5d6c5a7c3a6f597f655d1050d37224386bb5b0f4c9b15a
[INFO] running `Command { std: "docker" "start" "-a" "1d154cba80e5fa86ec5d6c5a7c3a6f597f655d1050d37224386bb5b0f4c9b15a", kill_on_drop: false }`
[INFO] running `Command { std: "docker" "inspect" "1d154cba80e5fa86ec5d6c5a7c3a6f597f655d1050d37224386bb5b0f4c9b15a", kill_on_drop: false }`
[INFO] running `Command { std: "docker" "rm" "-f" "1d154cba80e5fa86ec5d6c5a7c3a6f597f655d1050d37224386bb5b0f4c9b15a", kill_on_drop: false }`
[INFO] [stdout] 1d154cba80e5fa86ec5d6c5a7c3a6f597f655d1050d37224386bb5b0f4c9b15a
[INFO] running `Command { std: "docker" "create" "-v" "/var/lib/crater-agent-workspace/builds/worker-2-tc1/target:/opt/rustwide/target:rw,Z" "-v" "/var/lib/crater-agent-workspace/builds/worker-2-tc1/source:/opt/rustwide/workdir:ro,Z" "-v" "/var/lib/crater-agent-workspace/cargo-home:/opt/rustwide/cargo-home:ro,Z" "-v" "/var/lib/crater-agent-workspace/rustup-home:/opt/rustwide/rustup-home:ro,Z" "-e" "SOURCE_DIR=/opt/rustwide/workdir" "-e" "CARGO_TARGET_DIR=/opt/rustwide/target" "-e" "CARGO_INCREMENTAL=0" "-e" "RUST_BACKTRACE=full" "-e" "RUSTFLAGS=--cap-lints=forbid" "-e" "RUSTDOCFLAGS=--cap-lints=forbid" "-e" "CARGO_HOME=/opt/rustwide/cargo-home" "-e" "RUSTUP_HOME=/opt/rustwide/rustup-home" "-w" "/opt/rustwide/workdir" "-m" "1610612736" "--user" "0:0" "--network" "none" "ghcr.io/rust-lang/crates-build-env/linux@sha256:2788e3201cd34a07e3172128adcd8b3090168a8e3bcc40d7c032b9dda1df7d1c" "/opt/rustwide/cargo-home/bin/cargo" "+nightly-2024-02-05" "check" "--frozen" "--all" "--all-targets" "--message-format=json", kill_on_drop: false }`
[INFO] [stdout] 61286938a86c2e37883e0ccedb3cdd77c7946cfdb30c73184f5a52d69c463ac5
[INFO] running `Command { std: "docker" "start" "-a" "61286938a86c2e37883e0ccedb3cdd77c7946cfdb30c73184f5a52d69c463ac5", kill_on_drop: false }`
[INFO] [stderr]    Compiling nix v0.11.1
[INFO] [stderr]     Checking rustyline v3.0.0
[INFO] [stdout] error[E0283]: type annotations needed
[INFO] [stdout]    --> /opt/rustwide/cargo-home/registry/src/index.crates.io-6f17d22bba15001f/rustyline-3.0.0/src/history.rs:151:18
[INFO] [stdout]     |
[INFO] [stdout] 151 |             self.add(line?.as_ref()); // TODO truncate to MAX_LINE
[INFO] [stdout]     |                  ^^^       ------ type must be known at this point
[INFO] [stdout]     |                  |
[INFO] [stdout]     |                  cannot infer type of the type parameter `S` declared on the method `add`
[INFO] [stdout]     |
[INFO] [stdout]     = note: multiple `impl`s satisfying `String: AsRef<_>` found in the following crates: `alloc`, `std`:
[INFO] [stdout]             - impl AsRef<OsStr> for String;
[INFO] [stdout]             - impl AsRef<Path> for String;
[INFO] [stdout]             - impl AsRef<[u8]> for String;
[INFO] [stdout]             - impl AsRef<str> for String;
[INFO] [stdout] help: consider specifying the generic argument
[INFO] [stdout]     |
[INFO] [stdout] 151 |             self.add::<&T>(line?.as_ref()); // TODO truncate to MAX_LINE
[INFO] [stdout]     |                     ++++++
[INFO] [stdout] 
[INFO] [stdout] 
[INFO] [stdout] error[E0283]: type annotations needed
[INFO] [stdout]    --> /opt/rustwide/cargo-home/registry/src/index.crates.io-6f17d22bba15001f/rustyline-3.0.0/src/history.rs:151:18
[INFO] [stdout]     |
[INFO] [stdout] 151 |             self.add(line?.as_ref()); // TODO truncate to MAX_LINE
[INFO] [stdout]     |                  ^^^ cannot infer type of the type parameter `S` declared on the method `add`
[INFO] [stdout]     |
[INFO] [stdout]     = note: multiple `impl`s satisfying `_: AsRef<str>` found in the following crates: `alloc`, `core`:
[INFO] [stdout]             - impl AsRef<str> for String;
[INFO] [stdout]             - impl AsRef<str> for str;
[INFO] [stdout]     = note: required for `&_` to implement `AsRef<str>`
[INFO] [stdout] note: required by a bound in `History::add`
[INFO] [stdout]    --> /opt/rustwide/cargo-home/registry/src/index.crates.io-6f17d22bba15001f/rustyline-3.0.0/src/history.rs:56:19
[INFO] [stdout]     |
[INFO] [stdout] 56  |     pub fn add<S: AsRef<str> + Into<String>>(&mut self, line: S) -> bool {
[INFO] [stdout]     |                   ^^^^^^^^^^ required by this bound in `History::add`
[INFO] [stdout] help: consider specifying the generic argument
[INFO] [stdout]     |
[INFO] [stdout] 151 |             self.add::<&T>(line?.as_ref()); // TODO truncate to MAX_LINE
[INFO] [stdout]     |                     ++++++
[INFO] [stdout] 
[INFO] [stdout] 
[INFO] [stdout] error[E0283]: type annotations needed
[INFO] [stdout]    --> /opt/rustwide/cargo-home/registry/src/index.crates.io-6f17d22bba15001f/rustyline-3.0.0/src/lib.rs:655:20
[INFO] [stdout]     |
[INFO] [stdout] 655 |             editor.add_history_entry(line.as_ref());
[INFO] [stdout]     |                    ^^^^^^^^^^^^^^^^^      ------ type must be known at this point
[INFO] [stdout]     |                    |
[INFO] [stdout]     |                    cannot infer type of the type parameter `S` declared on the method `add_history_entry`
[INFO] [stdout]     |
[INFO] [stdout]     = note: multiple `impl`s satisfying `String: AsRef<_>` found in the following crates: `alloc`, `std`:
[INFO] [stdout]             - impl AsRef<OsStr> for String;
[INFO] [stdout]             - impl AsRef<Path> for String;
[INFO] [stdout]             - impl AsRef<[u8]> for String;
[INFO] [stdout]             - impl AsRef<str> for String;
[INFO] [stdout] help: consider specifying the generic argument
[INFO] [stdout]     |
[INFO] [stdout] 655 |             editor.add_history_entry::<&T>(line.as_ref());
[INFO] [stdout]     |                                     ++++++
[INFO] [stdout] 
[INFO] [stdout] 
[INFO] [stdout] error[E0283]: type annotations needed
[INFO] [stdout]    --> /opt/rustwide/cargo-home/registry/src/index.crates.io-6f17d22bba15001f/rustyline-3.0.0/src/lib.rs:655:20
[INFO] [stdout]     |
[INFO] [stdout] 655 |             editor.add_history_entry(line.as_ref());
[INFO] [stdout]     |                    ^^^^^^^^^^^^^^^^^ cannot infer type of the type parameter `S` declared on the method `add_history_entry`
[INFO] [stdout]     |
[INFO] [stdout]     = note: multiple `impl`s satisfying `_: AsRef<str>` found in the following crates: `alloc`, `core`:
[INFO] [stdout]             - impl AsRef<str> for String;
[INFO] [stdout]             - impl AsRef<str> for str;
[INFO] [stdout]     = note: required for `&_` to implement `AsRef<str>`
[INFO] [stdout] note: required by a bound in `Editor::<H>::add_history_entry`
[INFO] [stdout]    --> /opt/rustwide/cargo-home/registry/src/index.crates.io-6f17d22bba15001f/rustyline-3.0.0/src/lib.rs:769:33
[INFO] [stdout]     |
[INFO] [stdout] 769 |     pub fn add_history_entry<S: AsRef<str> + Into<String>>(&mut self, line: S) -> bool {
[INFO] [stdout]     |                                 ^^^^^^^^^^ required by this bound in `Editor::<H>::add_history_entry`
[INFO] [stdout] help: consider specifying the generic argument
[INFO] [stdout]     |
[INFO] [stdout] 655 |             editor.add_history_entry::<&T>(line.as_ref());
[INFO] [stdout]     |                                     ++++++
[INFO] [stdout] 
[INFO] [stdout] 
[INFO] [stdout] error: aborting due to 4 previous errors
[INFO] [stdout] 
[INFO] [stdout] 
[INFO] [stdout] For more information about this error, try `rustc --explain E0283`.
[INFO] [stdout] 
[INFO] [stderr] error: could not compile `rustyline` (lib) due to 5 previous errors
[INFO] running `Command { std: "docker" "inspect" "61286938a86c2e37883e0ccedb3cdd77c7946cfdb30c73184f5a52d69c463ac5", kill_on_drop: false }`
[INFO] running `Command { std: "docker" "rm" "-f" "61286938a86c2e37883e0ccedb3cdd77c7946cfdb30c73184f5a52d69c463ac5", kill_on_drop: false }`
[INFO] [stdout] 61286938a86c2e37883e0ccedb3cdd77c7946cfdb30c73184f5a52d69c463ac5
[INFO] checking rsepl-0.2.1 against nightly-2024-02-05+rustflags=-Dunexpected_cfgs+cargoflags=-Zcheck-cfg for check-cfg
[INFO] extracting crate rsepl 0.2.1 into /workspace/builds/worker-2-tc2/source
[INFO] validating manifest of crates.io crate rsepl 0.2.1 on toolchain nightly-2024-02-05
[INFO] running `Command { std: CARGO_HOME="/workspace/cargo-home" RUSTUP_HOME="/workspace/rustup-home" "/workspace/cargo-home/bin/cargo" "+nightly-2024-02-05" "metadata" "--manifest-path" "Cargo.toml" "--no-deps", kill_on_drop: false }`
[INFO] started tweaking crates.io crate rsepl 0.2.1
[INFO] finished tweaking crates.io crate rsepl 0.2.1
[INFO] tweaked toml for crates.io crate rsepl 0.2.1 written to /workspace/builds/worker-2-tc2/source/Cargo.toml
[INFO] running `Command { std: CARGO_HOME="/workspace/cargo-home" RUSTUP_HOME="/workspace/rustup-home" "/workspace/cargo-home/bin/cargo" "+nightly-2024-02-05" "generate-lockfile" "--manifest-path" "Cargo.toml", kill_on_drop: false }`
[INFO] [stderr]     Updating crates.io index
[INFO] running `Command { std: CARGO_HOME="/workspace/cargo-home" RUSTUP_HOME="/workspace/rustup-home" "/workspace/cargo-home/bin/cargo" "+nightly-2024-02-05" "fetch" "--manifest-path" "Cargo.toml", kill_on_drop: false }`
[INFO] running `Command { std: "docker" "create" "-v" "/var/lib/crater-agent-workspace/builds/worker-2-tc2/target:/opt/rustwide/target:rw,Z" "-v" "/var/lib/crater-agent-workspace/builds/worker-2-tc2/source:/opt/rustwide/workdir:ro,Z" "-v" "/var/lib/crater-agent-workspace/cargo-home:/opt/rustwide/cargo-home:ro,Z" "-v" "/var/lib/crater-agent-workspace/rustup-home:/opt/rustwide/rustup-home:ro,Z" "-e" "SOURCE_DIR=/opt/rustwide/workdir" "-e" "CARGO_TARGET_DIR=/opt/rustwide/target" "-e" "CARGO_HOME=/opt/rustwide/cargo-home" "-e" "RUSTUP_HOME=/opt/rustwide/rustup-home" "-w" "/opt/rustwide/workdir" "-m" "1610612736" "--user" "0:0" "--network" "none" "ghcr.io/rust-lang/crates-build-env/linux@sha256:2788e3201cd34a07e3172128adcd8b3090168a8e3bcc40d7c032b9dda1df7d1c" "/opt/rustwide/cargo-home/bin/cargo" "+nightly-2024-02-05" "metadata" "--no-deps" "--format-version=1", kill_on_drop: false }`
[INFO] [stdout] 00c8bb0f0a36b14ea45da659638a93f496315c1381328ce3dba8769eddfb9792
[INFO] running `Command { std: "docker" "start" "-a" "00c8bb0f0a36b14ea45da659638a93f496315c1381328ce3dba8769eddfb9792", kill_on_drop: false }`
[INFO] running `Command { std: "docker" "inspect" "00c8bb0f0a36b14ea45da659638a93f496315c1381328ce3dba8769eddfb9792", kill_on_drop: false }`
[INFO] running `Command { std: "docker" "rm" "-f" "00c8bb0f0a36b14ea45da659638a93f496315c1381328ce3dba8769eddfb9792", kill_on_drop: false }`
[INFO] [stdout] 00c8bb0f0a36b14ea45da659638a93f496315c1381328ce3dba8769eddfb9792
[INFO] running `Command { std: "docker" "create" "-v" "/var/lib/crater-agent-workspace/builds/worker-2-tc2/target:/opt/rustwide/target:rw,Z" "-v" "/var/lib/crater-agent-workspace/builds/worker-2-tc2/source:/opt/rustwide/workdir:ro,Z" "-v" "/var/lib/crater-agent-workspace/cargo-home:/opt/rustwide/cargo-home:ro,Z" "-v" "/var/lib/crater-agent-workspace/rustup-home:/opt/rustwide/rustup-home:ro,Z" "-e" "SOURCE_DIR=/opt/rustwide/workdir" "-e" "CARGO_TARGET_DIR=/opt/rustwide/target" "-e" "CARGO_INCREMENTAL=0" "-e" "RUST_BACKTRACE=full" "-e" "RUSTFLAGS=--cap-lints=forbid -Dunexpected_cfgs" "-e" "RUSTDOCFLAGS=--cap-lints=forbid" "-e" "CARGO_HOME=/opt/rustwide/cargo-home" "-e" "RUSTUP_HOME=/opt/rustwide/rustup-home" "-w" "/opt/rustwide/workdir" "-m" "1610612736" "--user" "0:0" "--network" "none" "ghcr.io/rust-lang/crates-build-env/linux@sha256:2788e3201cd34a07e3172128adcd8b3090168a8e3bcc40d7c032b9dda1df7d1c" "/opt/rustwide/cargo-home/bin/cargo" "+nightly-2024-02-05" "check" "--frozen" "--all" "--all-targets" "--message-format=json" "-Zcheck-cfg", kill_on_drop: false }`
[INFO] [stdout] be22cf85d1835bbc28dca554299ca1c212eab30fb0ec33e7d9924252dfda3867
[INFO] running `Command { std: "docker" "start" "-a" "be22cf85d1835bbc28dca554299ca1c212eab30fb0ec33e7d9924252dfda3867", kill_on_drop: false }`
[INFO] [stderr]    Compiling nix v0.11.1
[INFO] [stderr]     Checking rustyline v3.0.0
[INFO] [stdout] error[E0283]: type annotations needed
[INFO] [stdout]    --> /opt/rustwide/cargo-home/registry/src/index.crates.io-6f17d22bba15001f/rustyline-3.0.0/src/history.rs:151:18
[INFO] [stdout]     |
[INFO] [stdout] 151 |             self.add(line?.as_ref()); // TODO truncate to MAX_LINE
[INFO] [stdout]     |                  ^^^       ------ type must be known at this point
[INFO] [stdout]     |                  |
[INFO] [stdout]     |                  cannot infer type of the type parameter `S` declared on the method `add`
[INFO] [stdout]     |
[INFO] [stdout]     = note: multiple `impl`s satisfying `String: AsRef<_>` found in the following crates: `alloc`, `std`:
[INFO] [stdout]             - impl AsRef<OsStr> for String;
[INFO] [stdout]             - impl AsRef<Path> for String;
[INFO] [stdout]             - impl AsRef<[u8]> for String;
[INFO] [stdout]             - impl AsRef<str> for String;
[INFO] [stdout] help: consider specifying the generic argument
[INFO] [stdout]     |
[INFO] [stdout] 151 |             self.add::<&T>(line?.as_ref()); // TODO truncate to MAX_LINE
[INFO] [stdout]     |                     ++++++
[INFO] [stdout] 
[INFO] [stdout] 
[INFO] [stdout] error[E0283]: type annotations needed
[INFO] [stdout]    --> /opt/rustwide/cargo-home/registry/src/index.crates.io-6f17d22bba15001f/rustyline-3.0.0/src/history.rs:151:18
[INFO] [stdout]     |
[INFO] [stdout] 151 |             self.add(line?.as_ref()); // TODO truncate to MAX_LINE
[INFO] [stdout]     |                  ^^^ cannot infer type of the type parameter `S` declared on the method `add`
[INFO] [stdout]     |
[INFO] [stdout]     = note: multiple `impl`s satisfying `_: AsRef<str>` found in the following crates: `alloc`, `core`:
[INFO] [stdout]             - impl AsRef<str> for String;
[INFO] [stdout]             - impl AsRef<str> for str;
[INFO] [stdout]     = note: required for `&_` to implement `AsRef<str>`
[INFO] [stdout] note: required by a bound in `History::add`
[INFO] [stdout]    --> /opt/rustwide/cargo-home/registry/src/index.crates.io-6f17d22bba15001f/rustyline-3.0.0/src/history.rs:56:19
[INFO] [stdout]     |
[INFO] [stdout] 56  |     pub fn add<S: AsRef<str> + Into<String>>(&mut self, line: S) -> bool {
[INFO] [stdout]     |                   ^^^^^^^^^^ required by this bound in `History::add`
[INFO] [stdout] help: consider specifying the generic argument
[INFO] [stdout]     |
[INFO] [stdout] 151 |             self.add::<&T>(line?.as_ref()); // TODO truncate to MAX_LINE
[INFO] [stdout]     |                     ++++++
[INFO] [stdout] 
[INFO] [stdout] 
[INFO] [stdout] error[E0283]: type annotations needed
[INFO] [stdout]    --> /opt/rustwide/cargo-home/registry/src/index.crates.io-6f17d22bba15001f/rustyline-3.0.0/src/lib.rs:655:20
[INFO] [stdout]     |
[INFO] [stdout] 655 |             editor.add_history_entry(line.as_ref());
[INFO] [stdout]     |                    ^^^^^^^^^^^^^^^^^      ------ type must be known at this point
[INFO] [stdout]     |                    |
[INFO] [stdout]     |                    cannot infer type of the type parameter `S` declared on the method `add_history_entry`
[INFO] [stdout]     |
[INFO] [stdout]     = note: multiple `impl`s satisfying `String: AsRef<_>` found in the following crates: `alloc`, `std`:
[INFO] [stdout]             - impl AsRef<OsStr> for String;
[INFO] [stdout]             - impl AsRef<Path> for String;
[INFO] [stdout]             - impl AsRef<[u8]> for String;
[INFO] [stdout]             - impl AsRef<str> for String;
[INFO] [stdout] help: consider specifying the generic argument
[INFO] [stdout]     |
[INFO] [stdout] 655 |             editor.add_history_entry::<&T>(line.as_ref());
[INFO] [stdout]     |                                     ++++++
[INFO] [stdout] 
[INFO] [stdout] 
[INFO] [stdout] error[E0283]: type annotations needed
[INFO] [stdout]    --> /opt/rustwide/cargo-home/registry/src/index.crates.io-6f17d22bba15001f/rustyline-3.0.0/src/lib.rs:655:20
[INFO] [stdout]     |
[INFO] [stdout] 655 |             editor.add_history_entry(line.as_ref());
[INFO] [stdout]     |                    ^^^^^^^^^^^^^^^^^ cannot infer type of the type parameter `S` declared on the method `add_history_entry`
[INFO] [stdout]     |
[INFO] [stdout]     = note: multiple `impl`s satisfying `_: AsRef<str>` found in the following crates: `alloc`, `core`:
[INFO] [stdout]             - impl AsRef<str> for String;
[INFO] [stdout]             - impl AsRef<str> for str;
[INFO] [stdout]     = note: required for `&_` to implement `AsRef<str>`
[INFO] [stdout] note: required by a bound in `Editor::<H>::add_history_entry`
[INFO] [stdout]    --> /opt/rustwide/cargo-home/registry/src/index.crates.io-6f17d22bba15001f/rustyline-3.0.0/src/lib.rs:769:33
[INFO] [stdout]     |
[INFO] [stdout] 769 |     pub fn add_history_entry<S: AsRef<str> + Into<String>>(&mut self, line: S) -> bool {
[INFO] [stdout]     |                                 ^^^^^^^^^^ required by this bound in `Editor::<H>::add_history_entry`
[INFO] [stdout] help: consider specifying the generic argument
[INFO] [stdout]     |
[INFO] [stdout] 655 |             editor.add_history_entry::<&T>(line.as_ref());
[INFO] [stdout]     |                                     ++++++
[INFO] [stdout] 
[INFO] [stdout] 
[INFO] [stdout] error: aborting due to 4 previous errors
[INFO] [stdout] 
[INFO] [stdout] 
[INFO] [stdout] For more information about this error, try `rustc --explain E0283`.
[INFO] [stdout] 
[INFO] [stderr] error: could not compile `rustyline` (lib) due to 5 previous errors
[INFO] running `Command { std: "docker" "inspect" "be22cf85d1835bbc28dca554299ca1c212eab30fb0ec33e7d9924252dfda3867", kill_on_drop: false }`
[INFO] running `Command { std: "docker" "rm" "-f" "be22cf85d1835bbc28dca554299ca1c212eab30fb0ec33e7d9924252dfda3867", kill_on_drop: false }`
[INFO] [stdout] be22cf85d1835bbc28dca554299ca1c212eab30fb0ec33e7d9924252dfda3867
