[INFO] fetching crate rsconnect 0.2.2...
[INFO] checking rsconnect-0.2.2 against nightly-2024-02-05 for check-cfg
[INFO] extracting crate rsconnect 0.2.2 into /workspace/builds/worker-4-tc1/source
[INFO] validating manifest of crates.io crate rsconnect 0.2.2 on toolchain nightly-2024-02-05
[INFO] running `Command { std: CARGO_HOME="/workspace/cargo-home" RUSTUP_HOME="/workspace/rustup-home" "/workspace/cargo-home/bin/cargo" "+nightly-2024-02-05" "metadata" "--manifest-path" "Cargo.toml" "--no-deps", kill_on_drop: false }`
[INFO] started tweaking crates.io crate rsconnect 0.2.2
[INFO] finished tweaking crates.io crate rsconnect 0.2.2
[INFO] tweaked toml for crates.io crate rsconnect 0.2.2 written to /workspace/builds/worker-4-tc1/source/Cargo.toml
[INFO] running `Command { std: CARGO_HOME="/workspace/cargo-home" RUSTUP_HOME="/workspace/rustup-home" "/workspace/cargo-home/bin/cargo" "+nightly-2024-02-05" "generate-lockfile" "--manifest-path" "Cargo.toml", kill_on_drop: false }`
[INFO] [stderr]     Updating crates.io index
[INFO] running `Command { std: CARGO_HOME="/workspace/cargo-home" RUSTUP_HOME="/workspace/rustup-home" "/workspace/cargo-home/bin/cargo" "+nightly-2024-02-05" "fetch" "--manifest-path" "Cargo.toml", kill_on_drop: false }`
[INFO] [stderr]  Downloading crates ...
[INFO] [stderr]   Downloaded rsconnect_macros v0.2.2
[INFO] running `Command { std: "docker" "create" "-v" "/var/lib/crater-agent-workspace/builds/worker-4-tc1/target:/opt/rustwide/target:rw,Z" "-v" "/var/lib/crater-agent-workspace/builds/worker-4-tc1/source:/opt/rustwide/workdir:ro,Z" "-v" "/var/lib/crater-agent-workspace/cargo-home:/opt/rustwide/cargo-home:ro,Z" "-v" "/var/lib/crater-agent-workspace/rustup-home:/opt/rustwide/rustup-home:ro,Z" "-e" "SOURCE_DIR=/opt/rustwide/workdir" "-e" "CARGO_TARGET_DIR=/opt/rustwide/target" "-e" "CARGO_HOME=/opt/rustwide/cargo-home" "-e" "RUSTUP_HOME=/opt/rustwide/rustup-home" "-w" "/opt/rustwide/workdir" "-m" "1610612736" "--user" "0:0" "--network" "none" "ghcr.io/rust-lang/crates-build-env/linux@sha256:2788e3201cd34a07e3172128adcd8b3090168a8e3bcc40d7c032b9dda1df7d1c" "/opt/rustwide/cargo-home/bin/cargo" "+nightly-2024-02-05" "metadata" "--no-deps" "--format-version=1", kill_on_drop: false }`
[INFO] [stdout] 73eb5b842ecfcbdacff81b5a7025fc84f15ad69135bcdb4f85927e2eb31e82f0
[INFO] running `Command { std: "docker" "start" "-a" "73eb5b842ecfcbdacff81b5a7025fc84f15ad69135bcdb4f85927e2eb31e82f0", kill_on_drop: false }`
[INFO] running `Command { std: "docker" "inspect" "73eb5b842ecfcbdacff81b5a7025fc84f15ad69135bcdb4f85927e2eb31e82f0", kill_on_drop: false }`
[INFO] running `Command { std: "docker" "rm" "-f" "73eb5b842ecfcbdacff81b5a7025fc84f15ad69135bcdb4f85927e2eb31e82f0", kill_on_drop: false }`
[INFO] [stdout] 73eb5b842ecfcbdacff81b5a7025fc84f15ad69135bcdb4f85927e2eb31e82f0
[INFO] running `Command { std: "docker" "create" "-v" "/var/lib/crater-agent-workspace/builds/worker-4-tc1/target:/opt/rustwide/target:rw,Z" "-v" "/var/lib/crater-agent-workspace/builds/worker-4-tc1/source:/opt/rustwide/workdir:ro,Z" "-v" "/var/lib/crater-agent-workspace/cargo-home:/opt/rustwide/cargo-home:ro,Z" "-v" "/var/lib/crater-agent-workspace/rustup-home:/opt/rustwide/rustup-home:ro,Z" "-e" "SOURCE_DIR=/opt/rustwide/workdir" "-e" "CARGO_TARGET_DIR=/opt/rustwide/target" "-e" "CARGO_INCREMENTAL=0" "-e" "RUST_BACKTRACE=full" "-e" "RUSTFLAGS=--cap-lints=forbid" "-e" "RUSTDOCFLAGS=--cap-lints=forbid" "-e" "CARGO_HOME=/opt/rustwide/cargo-home" "-e" "RUSTUP_HOME=/opt/rustwide/rustup-home" "-w" "/opt/rustwide/workdir" "-m" "1610612736" "--user" "0:0" "--network" "none" "ghcr.io/rust-lang/crates-build-env/linux@sha256:2788e3201cd34a07e3172128adcd8b3090168a8e3bcc40d7c032b9dda1df7d1c" "/opt/rustwide/cargo-home/bin/cargo" "+nightly-2024-02-05" "check" "--frozen" "--all" "--all-targets" "--message-format=json", kill_on_drop: false }`
[INFO] [stdout] b9c9779c2c9e015d86d623c546580b32dee670f64fe4244dc499ccc475233562
[INFO] running `Command { std: "docker" "start" "-a" "b9c9779c2c9e015d86d623c546580b32dee670f64fe4244dc499ccc475233562", kill_on_drop: false }`
[INFO] [stderr]     Checking rsconnect v0.2.2 (/opt/rustwide/workdir)
[INFO] [stdout] error[E0432]: unresolved import `rsconnect::clone`
[INFO] [stdout]  --> tests/deep_level_order.rs:2:17
[INFO] [stdout]   |
[INFO] [stdout] 2 | use rsconnect::{clone, Connect, ConnectInterface, ConnectNodeInterface};
[INFO] [stdout]   |                 ^^^^^ no `clone` in the root
[INFO] [stdout]   |
[INFO] [stdout]   = help: consider importing one of these items instead:
[INFO] [stdout]           core::clone
[INFO] [stdout]           std::clone
[INFO] [stdout] 
[INFO] [stdout] 
[INFO] [stdout] error[E0432]: unresolved import `rsconnect::clone`
[INFO] [stdout]  --> tests/performance_basic.rs:2:2
[INFO] [stdout]   |
[INFO] [stdout] 2 |     clone, Connect, ConnectInterface, ConnectNodeInterface, NodeValueAccess,
[INFO] [stdout]   |     ^^^^^ no `clone` in the root
[INFO] [stdout]   |
[INFO] [stdout]   = help: consider importing one of these items instead:
[INFO] [stdout]           core::clone
[INFO] [stdout]           std::clone
[INFO] [stdout] 
[INFO] [stdout] 
[INFO] [stdout] error[E0432]: unresolved import `rsconnect::clone`
[INFO] [stdout]  --> tests/business.rs:2:2
[INFO] [stdout]   |
[INFO] [stdout] 2 |     clone, Connect, ConnectBatch, ConnectInterface, ConnectNodeInterface, DynComputedNode,
[INFO] [stdout]   |     ^^^^^ no `clone` in the root
[INFO] [stdout]   |
[INFO] [stdout]   = help: consider importing one of these items instead:
[INFO] [stdout]           core::clone
[INFO] [stdout]           std::clone
[INFO] [stdout] 
[INFO] [stdout] 
[INFO] [stdout] error[E0432]: unresolved import `rsconnect::clone`
[INFO] [stdout]  --> tests/update_during_another.rs:2:17
[INFO] [stdout]   |
[INFO] [stdout] 2 | use rsconnect::{clone, Connect, ConnectInterface, ConnectNodeInterface};
[INFO] [stdout]   |                 ^^^^^ no `clone` in the root
[INFO] [stdout]   |
[INFO] [stdout]   = help: consider importing one of these items instead:
[INFO] [stdout]           core::clone
[INFO] [stdout]           std::clone
[INFO] [stdout] 
[INFO] [stdout] 
[INFO] [stdout] error[E0432]: unresolved import `rsconnect::clone`
[INFO] [stdout]  --> tests/variable_dependencies.rs:2:17
[INFO] [stdout]   |
[INFO] [stdout] 2 | use rsconnect::{clone, Connect, ConnectInterface, ConnectNodeInterface};
[INFO] [stdout]   |                 ^^^^^ no `clone` in the root
[INFO] [stdout]   |
[INFO] [stdout]   = help: consider importing one of these items instead:
[INFO] [stdout]           core::clone
[INFO] [stdout]           std::clone
[INFO] [stdout] 
[INFO] [stdout] 
[INFO] [stdout] error[E0432]: unresolved import `rsconnect::clone`
[INFO] [stdout]  --> tests/avoid_unnecessary_updates.rs:2:17
[INFO] [stdout]   |
[INFO] [stdout] 2 | use rsconnect::{clone, Connect, ConnectInterface, ConnectNodeInterface};
[INFO] [stdout]   |                 ^^^^^ no `clone` in the root
[INFO] [stdout]   |
[INFO] [stdout]   = help: consider importing one of these items instead:
[INFO] [stdout]           core::clone
[INFO] [stdout]           std::clone
[INFO] [stdout] 
[INFO] [stdout] 
[INFO] [stdout] error[E0432]: unresolved import `rsconnect::clone`
[INFO] [stdout]  --> tests/effected.rs:3:2
[INFO] [stdout]   |
[INFO] [stdout] 3 |     clone, Connect, ConnectInterface, ConnectNodeInterface, DynComputedNode,
[INFO] [stdout]   |     ^^^^^ no `clone` in the root
[INFO] [stdout]   |
[INFO] [stdout]   = help: consider importing one of these items instead:
[INFO] [stdout]           core::clone
[INFO] [stdout]           std::clone
[INFO] [stdout] 
[INFO] [stdout] 
[INFO] [stdout] error[E0432]: unresolved import `rsconnect::clone`
[INFO] [stdout]  --> tests/batch_updates.rs:2:17
[INFO] [stdout]   |
[INFO] [stdout] 2 | use rsconnect::{clone, Connect, ConnectBatch, ConnectInterface, ConnectNodeInterface};
[INFO] [stdout]   |                 ^^^^^ no `clone` in the root
[INFO] [stdout]   |
[INFO] [stdout]   = help: consider importing one of these items instead:
[INFO] [stdout]           core::clone
[INFO] [stdout]           std::clone
[INFO] [stdout] 
[INFO] [stdout] 
[INFO] [stdout] warning: unused import: `NodeValueAccess`
[INFO] [stdout]  --> tests/performance_basic.rs:2:58
[INFO] [stdout]   |
[INFO] [stdout] 2 |     clone, Connect, ConnectInterface, ConnectNodeInterface, NodeValueAccess,
[INFO] [stdout]   |                                                             ^^^^^^^^^^^^^^^
[INFO] [stdout]   |
[INFO] [stdout]   = note: `#[warn(unused_imports)]` on by default
[INFO] [stdout] 
[INFO] [stdout] 
[INFO] [stdout] error: aborting due to 1 previous error
[INFO] [stdout] 
[INFO] [stdout] 
[INFO] [stdout] For more information about this error, try `rustc --explain E0432`.
[INFO] [stdout] 
[INFO] [stdout] error: aborting due to 1 previous error; 1 warning emitted
[INFO] [stdout] 
[INFO] [stdout] 
[INFO] [stdout] For more information about this error, try `rustc --explain E0432`.
[INFO] [stdout] 
[INFO] [stdout] error: aborting due to 1 previous error
[INFO] [stdout] 
[INFO] [stdout] 
[INFO] [stdout] For more information about this error, try `rustc --explain E0432`.
[INFO] [stdout] 
[INFO] [stdout] error: aborting due to 1 previous error
[INFO] [stdout] 
[INFO] [stdout] 
[INFO] [stdout] For more information about this error, try `rustc --explain E0432`.
[INFO] [stdout] 
[INFO] [stdout] error: aborting due to 1 previous error
[INFO] [stdout] 
[INFO] [stdout] 
[INFO] [stdout] For more information about this error, try `rustc --explain E0432`.
[INFO] [stdout] 
[INFO] [stdout] error: aborting due to 1 previous error
[INFO] [stdout] 
[INFO] [stdout] 
[INFO] [stdout] For more information about this error, try `rustc --explain E0432`.
[INFO] [stdout] 
[INFO] [stderr] error: could not compile `rsconnect` (test "effected") due to 2 previous errors
[INFO] [stderr] warning: build failed, waiting for other jobs to finish...
[INFO] [stderr] error: could not compile `rsconnect` (test "performance_basic") due to 2 previous errors; 1 warning emitted
[INFO] [stderr] error: could not compile `rsconnect` (test "deep_level_order") due to 2 previous errors
[INFO] [stderr] error: could not compile `rsconnect` (test "business") due to 2 previous errors
[INFO] [stderr] error: could not compile `rsconnect` (test "batch_updates") due to 2 previous errors
[INFO] [stdout] error: aborting due to 1 previous error
[INFO] [stdout] 
[INFO] [stdout] 
[INFO] [stderr] error: could not compile `rsconnect` (test "avoid_unnecessary_updates") due to 2 previous errors
[INFO] [stdout] For more information about this error, try `rustc --explain E0432`.
[INFO] [stdout] 
[INFO] [stdout] error: aborting due to 1 previous error
[INFO] [stdout] 
[INFO] [stdout] 
[INFO] [stdout] For more information about this error, try `rustc --explain E0432`.
[INFO] [stdout] 
[INFO] [stderr] error: could not compile `rsconnect` (test "variable_dependencies") due to 2 previous errors
[INFO] [stderr] error: could not compile `rsconnect` (test "update_during_another") due to 2 previous errors
[INFO] running `Command { std: "docker" "inspect" "b9c9779c2c9e015d86d623c546580b32dee670f64fe4244dc499ccc475233562", kill_on_drop: false }`
[INFO] running `Command { std: "docker" "rm" "-f" "b9c9779c2c9e015d86d623c546580b32dee670f64fe4244dc499ccc475233562", kill_on_drop: false }`
[INFO] [stdout] b9c9779c2c9e015d86d623c546580b32dee670f64fe4244dc499ccc475233562
[INFO] checking rsconnect-0.2.2 against nightly-2024-02-05+rustflags=-Dunexpected_cfgs+cargoflags=-Zcheck-cfg for check-cfg
[INFO] extracting crate rsconnect 0.2.2 into /workspace/builds/worker-4-tc2/source
[INFO] validating manifest of crates.io crate rsconnect 0.2.2 on toolchain nightly-2024-02-05
[INFO] running `Command { std: CARGO_HOME="/workspace/cargo-home" RUSTUP_HOME="/workspace/rustup-home" "/workspace/cargo-home/bin/cargo" "+nightly-2024-02-05" "metadata" "--manifest-path" "Cargo.toml" "--no-deps", kill_on_drop: false }`
[INFO] started tweaking crates.io crate rsconnect 0.2.2
[INFO] finished tweaking crates.io crate rsconnect 0.2.2
[INFO] tweaked toml for crates.io crate rsconnect 0.2.2 written to /workspace/builds/worker-4-tc2/source/Cargo.toml
[INFO] running `Command { std: CARGO_HOME="/workspace/cargo-home" RUSTUP_HOME="/workspace/rustup-home" "/workspace/cargo-home/bin/cargo" "+nightly-2024-02-05" "generate-lockfile" "--manifest-path" "Cargo.toml", kill_on_drop: false }`
[INFO] [stderr]     Updating crates.io index
[INFO] running `Command { std: CARGO_HOME="/workspace/cargo-home" RUSTUP_HOME="/workspace/rustup-home" "/workspace/cargo-home/bin/cargo" "+nightly-2024-02-05" "fetch" "--manifest-path" "Cargo.toml", kill_on_drop: false }`
[INFO] running `Command { std: "docker" "create" "-v" "/var/lib/crater-agent-workspace/builds/worker-4-tc2/target:/opt/rustwide/target:rw,Z" "-v" "/var/lib/crater-agent-workspace/builds/worker-4-tc2/source:/opt/rustwide/workdir:ro,Z" "-v" "/var/lib/crater-agent-workspace/cargo-home:/opt/rustwide/cargo-home:ro,Z" "-v" "/var/lib/crater-agent-workspace/rustup-home:/opt/rustwide/rustup-home:ro,Z" "-e" "SOURCE_DIR=/opt/rustwide/workdir" "-e" "CARGO_TARGET_DIR=/opt/rustwide/target" "-e" "CARGO_HOME=/opt/rustwide/cargo-home" "-e" "RUSTUP_HOME=/opt/rustwide/rustup-home" "-w" "/opt/rustwide/workdir" "-m" "1610612736" "--user" "0:0" "--network" "none" "ghcr.io/rust-lang/crates-build-env/linux@sha256:2788e3201cd34a07e3172128adcd8b3090168a8e3bcc40d7c032b9dda1df7d1c" "/opt/rustwide/cargo-home/bin/cargo" "+nightly-2024-02-05" "metadata" "--no-deps" "--format-version=1", kill_on_drop: false }`
[INFO] [stdout] 08d2c47ed67350623cf6588203942684f3ac954cdb6153b2c1ebb480ecff5149
[INFO] running `Command { std: "docker" "start" "-a" "08d2c47ed67350623cf6588203942684f3ac954cdb6153b2c1ebb480ecff5149", kill_on_drop: false }`
[INFO] running `Command { std: "docker" "inspect" "08d2c47ed67350623cf6588203942684f3ac954cdb6153b2c1ebb480ecff5149", kill_on_drop: false }`
[INFO] running `Command { std: "docker" "rm" "-f" "08d2c47ed67350623cf6588203942684f3ac954cdb6153b2c1ebb480ecff5149", kill_on_drop: false }`
[INFO] [stdout] 08d2c47ed67350623cf6588203942684f3ac954cdb6153b2c1ebb480ecff5149
[INFO] running `Command { std: "docker" "create" "-v" "/var/lib/crater-agent-workspace/builds/worker-4-tc2/target:/opt/rustwide/target:rw,Z" "-v" "/var/lib/crater-agent-workspace/builds/worker-4-tc2/source:/opt/rustwide/workdir:ro,Z" "-v" "/var/lib/crater-agent-workspace/cargo-home:/opt/rustwide/cargo-home:ro,Z" "-v" "/var/lib/crater-agent-workspace/rustup-home:/opt/rustwide/rustup-home:ro,Z" "-e" "SOURCE_DIR=/opt/rustwide/workdir" "-e" "CARGO_TARGET_DIR=/opt/rustwide/target" "-e" "CARGO_INCREMENTAL=0" "-e" "RUST_BACKTRACE=full" "-e" "RUSTFLAGS=--cap-lints=forbid -Dunexpected_cfgs" "-e" "RUSTDOCFLAGS=--cap-lints=forbid" "-e" "CARGO_HOME=/opt/rustwide/cargo-home" "-e" "RUSTUP_HOME=/opt/rustwide/rustup-home" "-w" "/opt/rustwide/workdir" "-m" "1610612736" "--user" "0:0" "--network" "none" "ghcr.io/rust-lang/crates-build-env/linux@sha256:2788e3201cd34a07e3172128adcd8b3090168a8e3bcc40d7c032b9dda1df7d1c" "/opt/rustwide/cargo-home/bin/cargo" "+nightly-2024-02-05" "check" "--frozen" "--all" "--all-targets" "--message-format=json" "-Zcheck-cfg", kill_on_drop: false }`
[INFO] [stdout] d1c2fd1dcd665d724b0106e6ac4720fda185e0698834faed526e67e0b555ebe5
[INFO] running `Command { std: "docker" "start" "-a" "d1c2fd1dcd665d724b0106e6ac4720fda185e0698834faed526e67e0b555ebe5", kill_on_drop: false }`
[INFO] [stderr]     Checking rsconnect v0.2.2 (/opt/rustwide/workdir)
[INFO] [stdout] error[E0432]: unresolved import `rsconnect::clone`
[INFO] [stdout]  --> tests/performance_basic.rs:2:2
[INFO] [stdout]   |
[INFO] [stdout] 2 |     clone, Connect, ConnectInterface, ConnectNodeInterface, NodeValueAccess,
[INFO] [stdout]   |     ^^^^^ no `clone` in the root
[INFO] [stdout]   |
[INFO] [stdout]   = help: consider importing one of these items instead:
[INFO] [stdout]           core::clone
[INFO] [stdout]           std::clone
[INFO] [stdout] 
[INFO] [stdout] 
[INFO] [stdout] error[E0432]: unresolved import `rsconnect::clone`
[INFO] [stdout]  --> tests/deep_level_order.rs:2:17
[INFO] [stdout]   |
[INFO] [stdout] 2 | use rsconnect::{clone, Connect, ConnectInterface, ConnectNodeInterface};
[INFO] [stdout]   |                 ^^^^^ no `clone` in the root
[INFO] [stdout]   |
[INFO] [stdout]   = help: consider importing one of these items instead:
[INFO] [stdout]           core::clone
[INFO] [stdout]           std::clone
[INFO] [stdout] 
[INFO] [stdout] 
[INFO] [stdout] error[E0432]: unresolved import `rsconnect::clone`
[INFO] [stdout]  --> tests/cyclic_dependency_error.rs:3:17
[INFO] [stdout]   |
[INFO] [stdout] 3 | use rsconnect::{clone, Connect, ConnectInterface, ConnectNodeInterface};
[INFO] [stdout]   |                 ^^^^^ no `clone` in the root
[INFO] [stdout]   |
[INFO] [stdout]   = help: consider importing one of these items instead:
[INFO] [stdout]           core::clone
[INFO] [stdout]           std::clone
[INFO] [stdout] 
[INFO] [stdout] 
[INFO] [stdout] error[E0432]: unresolved import `rsconnect::clone`
[INFO] [stdout]  --> tests/batch_updates.rs:2:17
[INFO] [stdout]   |
[INFO] [stdout] 2 | use rsconnect::{clone, Connect, ConnectBatch, ConnectInterface, ConnectNodeInterface};
[INFO] [stdout]   |                 ^^^^^ no `clone` in the root
[INFO] [stdout]   |
[INFO] [stdout]   = help: consider importing one of these items instead:
[INFO] [stdout]           core::clone
[INFO] [stdout]           std::clone
[INFO] [stdout] 
[INFO] [stdout] 
[INFO] [stdout] error[E0432]: unresolved import `rsconnect::clone`
[INFO] [stdout]  --> tests/business.rs:2:2
[INFO] [stdout]   |
[INFO] [stdout] 2 |     clone, Connect, ConnectBatch, ConnectInterface, ConnectNodeInterface, DynComputedNode,
[INFO] [stdout]   |     ^^^^^ no `clone` in the root
[INFO] [stdout]   |
[INFO] [stdout]   = help: consider importing one of these items instead:
[INFO] [stdout]           core::clone
[INFO] [stdout]           std::clone
[INFO] [stdout] 
[INFO] [stdout] 
[INFO] [stdout] error[E0432]: unresolved import `rsconnect::clone`
[INFO] [stdout]  --> tests/update_during_another.rs:2:17
[INFO] [stdout]   |
[INFO] [stdout] 2 | use rsconnect::{clone, Connect, ConnectInterface, ConnectNodeInterface};
[INFO] [stdout]   |                 ^^^^^ no `clone` in the root
[INFO] [stdout]   |
[INFO] [stdout]   = help: consider importing one of these items instead:
[INFO] [stdout]           core::clone
[INFO] [stdout]           std::clone
[INFO] [stdout] 
[INFO] [stdout] 
[INFO] [stdout] error[E0432]: unresolved import `rsconnect::clone`
[INFO] [stdout]  --> tests/variable_dependencies.rs:2:17
[INFO] [stdout]   |
[INFO] [stdout] 2 | use rsconnect::{clone, Connect, ConnectInterface, ConnectNodeInterface};
[INFO] [stdout]   |                 ^^^^^ no `clone` in the root
[INFO] [stdout]   |
[INFO] [stdout]   = help: consider importing one of these items instead:
[INFO] [stdout]           core::clone
[INFO] [stdout]           std::clone
[INFO] [stdout] 
[INFO] [stdout] 
[INFO] [stdout] error[E0432]: unresolved import `rsconnect::clone`
[INFO] [stdout]  --> tests/avoid_unnecessary_updates.rs:2:17
[INFO] [stdout]   |
[INFO] [stdout] 2 | use rsconnect::{clone, Connect, ConnectInterface, ConnectNodeInterface};
[INFO] [stdout]   |                 ^^^^^ no `clone` in the root
[INFO] [stdout]   |
[INFO] [stdout]   = help: consider importing one of these items instead:
[INFO] [stdout]           core::clone
[INFO] [stdout]           std::clone
[INFO] [stdout] 
[INFO] [stdout] 
[INFO] [stdout] warning: unused import: `NodeValueAccess`
[INFO] [stdout]  --> tests/performance_basic.rs:2:58
[INFO] [stdout]   |
[INFO] [stdout] 2 |     clone, Connect, ConnectInterface, ConnectNodeInterface, NodeValueAccess,
[INFO] [stdout]   |                                                             ^^^^^^^^^^^^^^^
[INFO] [stdout]   |
[INFO] [stdout]   = note: `#[warn(unused_imports)]` on by default
[INFO] [stdout] 
[INFO] [stdout] 
[INFO] [stdout] error: aborting due to 1 previous error; 1 warning emitted
[INFO] [stdout] 
[INFO] [stdout] 
[INFO] [stdout] error: aborting due to 1 previous error
[INFO] [stdout] 
[INFO] [stdout] 
[INFO] [stdout] For more information about this error, try `rustc --explain E0432`.
[INFO] [stdout] 
[INFO] [stdout] For more information about this error, try `rustc --explain E0432`.
[INFO] [stdout] 
[INFO] [stdout] error: aborting due to 1 previous error
[INFO] [stdout] 
[INFO] [stdout] 
[INFO] [stdout] For more information about this error, try `rustc --explain E0432`.
[INFO] [stdout] 
[INFO] [stdout] error: aborting due to 1 previous error
[INFO] [stdout] 
[INFO] [stdout] 
[INFO] [stdout] For more information about this error, try `rustc --explain E0432`.
[INFO] [stdout] 
[INFO] [stdout] error: aborting due to 1 previous error
[INFO] [stdout] 
[INFO] [stdout] 
[INFO] [stdout] For more information about this error, try `rustc --explain E0432`.
[INFO] [stdout] 
[INFO] [stdout] error: aborting due to 1 previous error
[INFO] [stdout] 
[INFO] [stdout] 
[INFO] [stdout] For more information about this error, try `rustc --explain E0432`.
[INFO] [stdout] 
[INFO] [stderr] error: could not compile `rsconnect` (test "cyclic_dependency_error") due to 2 previous errors
[INFO] [stderr] warning: build failed, waiting for other jobs to finish...
[INFO] [stderr] error: could not compile `rsconnect` (test "performance_basic") due to 2 previous errors; 1 warning emitted
[INFO] [stderr] error: could not compile `rsconnect` (test "business") due to 2 previous errors
[INFO] [stderr] error: could not compile `rsconnect` (test "variable_dependencies") due to 2 previous errors
[INFO] [stderr] error: could not compile `rsconnect` (test "batch_updates") due to 2 previous errors
[INFO] [stdout] error: aborting due to 1 previous error
[INFO] [stdout] 
[INFO] [stdout] 
[INFO] [stdout] For more information about this error, try `rustc --explain E0432`.
[INFO] [stdout] 
[INFO] [stderr] error: could not compile `rsconnect` (test "update_during_another") due to 2 previous errors
[INFO] [stdout] error: aborting due to 1 previous error
[INFO] [stdout] 
[INFO] [stdout] 
[INFO] [stdout] For more information about this error, try `rustc --explain E0432`.
[INFO] [stdout] 
[INFO] [stderr] error: could not compile `rsconnect` (test "deep_level_order") due to 2 previous errors
[INFO] [stderr] error: could not compile `rsconnect` (test "avoid_unnecessary_updates") due to 2 previous errors
[INFO] running `Command { std: "docker" "inspect" "d1c2fd1dcd665d724b0106e6ac4720fda185e0698834faed526e67e0b555ebe5", kill_on_drop: false }`
[INFO] running `Command { std: "docker" "rm" "-f" "d1c2fd1dcd665d724b0106e6ac4720fda185e0698834faed526e67e0b555ebe5", kill_on_drop: false }`
[INFO] [stdout] d1c2fd1dcd665d724b0106e6ac4720fda185e0698834faed526e67e0b555ebe5
