[INFO] fetching crate rsa-solver 0.1.0...
[INFO] checking rsa-solver-0.1.0 against nightly-2024-02-05 for check-cfg
[INFO] extracting crate rsa-solver 0.1.0 into /workspace/builds/worker-6-tc1/source
[INFO] validating manifest of crates.io crate rsa-solver 0.1.0 on toolchain nightly-2024-02-05
[INFO] running `Command { std: CARGO_HOME="/workspace/cargo-home" RUSTUP_HOME="/workspace/rustup-home" "/workspace/cargo-home/bin/cargo" "+nightly-2024-02-05" "metadata" "--manifest-path" "Cargo.toml" "--no-deps", kill_on_drop: false }`
[INFO] started tweaking crates.io crate rsa-solver 0.1.0
[INFO] finished tweaking crates.io crate rsa-solver 0.1.0
[INFO] tweaked toml for crates.io crate rsa-solver 0.1.0 written to /workspace/builds/worker-6-tc1/source/Cargo.toml
[INFO] running `Command { std: CARGO_HOME="/workspace/cargo-home" RUSTUP_HOME="/workspace/rustup-home" "/workspace/cargo-home/bin/cargo" "+nightly-2024-02-05" "generate-lockfile" "--manifest-path" "Cargo.toml", kill_on_drop: false }`
[INFO] [stderr]     Updating crates.io index
[INFO] running `Command { std: CARGO_HOME="/workspace/cargo-home" RUSTUP_HOME="/workspace/rustup-home" "/workspace/cargo-home/bin/cargo" "+nightly-2024-02-05" "fetch" "--manifest-path" "Cargo.toml", kill_on_drop: false }`
[INFO] [stderr]     Blocking waiting for file lock on package cache
[INFO] [stderr]  Downloading crates ...
[INFO] [stderr]   Downloaded primal-check v0.2.3
[INFO] [stderr]   Downloaded primal-tokio v0.1.0
[INFO] [stderr]   Downloaded primal-sieve v0.2.9
[INFO] [stderr]   Downloaded modinverse v0.1.1
[INFO] [stderr]   Downloaded primal v0.2.3
[INFO] [stderr]   Downloaded primal-estimate v0.2.1
[INFO] [stderr]   Downloaded primal-bit v0.2.4
[INFO] running `Command { std: "docker" "create" "-v" "/var/lib/crater-agent-workspace/builds/worker-6-tc1/target:/opt/rustwide/target:rw,Z" "-v" "/var/lib/crater-agent-workspace/builds/worker-6-tc1/source:/opt/rustwide/workdir:ro,Z" "-v" "/var/lib/crater-agent-workspace/cargo-home:/opt/rustwide/cargo-home:ro,Z" "-v" "/var/lib/crater-agent-workspace/rustup-home:/opt/rustwide/rustup-home:ro,Z" "-e" "SOURCE_DIR=/opt/rustwide/workdir" "-e" "CARGO_TARGET_DIR=/opt/rustwide/target" "-e" "CARGO_HOME=/opt/rustwide/cargo-home" "-e" "RUSTUP_HOME=/opt/rustwide/rustup-home" "-w" "/opt/rustwide/workdir" "-m" "1610612736" "--user" "0:0" "--network" "none" "ghcr.io/rust-lang/crates-build-env/linux@sha256:2788e3201cd34a07e3172128adcd8b3090168a8e3bcc40d7c032b9dda1df7d1c" "/opt/rustwide/cargo-home/bin/cargo" "+nightly-2024-02-05" "metadata" "--no-deps" "--format-version=1", kill_on_drop: false }`
[INFO] [stdout] 5576f4b4d268c0a41c801b1d79a97cfcf0506cc05107dcf3fa9780ee54c3e8be
[INFO] running `Command { std: "docker" "start" "-a" "5576f4b4d268c0a41c801b1d79a97cfcf0506cc05107dcf3fa9780ee54c3e8be", kill_on_drop: false }`
[INFO] running `Command { std: "docker" "inspect" "5576f4b4d268c0a41c801b1d79a97cfcf0506cc05107dcf3fa9780ee54c3e8be", kill_on_drop: false }`
[INFO] running `Command { std: "docker" "rm" "-f" "5576f4b4d268c0a41c801b1d79a97cfcf0506cc05107dcf3fa9780ee54c3e8be", kill_on_drop: false }`
[INFO] [stdout] 5576f4b4d268c0a41c801b1d79a97cfcf0506cc05107dcf3fa9780ee54c3e8be
[INFO] running `Command { std: "docker" "create" "-v" "/var/lib/crater-agent-workspace/builds/worker-6-tc1/target:/opt/rustwide/target:rw,Z" "-v" "/var/lib/crater-agent-workspace/builds/worker-6-tc1/source:/opt/rustwide/workdir:ro,Z" "-v" "/var/lib/crater-agent-workspace/cargo-home:/opt/rustwide/cargo-home:ro,Z" "-v" "/var/lib/crater-agent-workspace/rustup-home:/opt/rustwide/rustup-home:ro,Z" "-e" "SOURCE_DIR=/opt/rustwide/workdir" "-e" "CARGO_TARGET_DIR=/opt/rustwide/target" "-e" "CARGO_INCREMENTAL=0" "-e" "RUST_BACKTRACE=full" "-e" "RUSTFLAGS=--cap-lints=forbid" "-e" "RUSTDOCFLAGS=--cap-lints=forbid" "-e" "CARGO_HOME=/opt/rustwide/cargo-home" "-e" "RUSTUP_HOME=/opt/rustwide/rustup-home" "-w" "/opt/rustwide/workdir" "-m" "1610612736" "--user" "0:0" "--network" "none" "ghcr.io/rust-lang/crates-build-env/linux@sha256:2788e3201cd34a07e3172128adcd8b3090168a8e3bcc40d7c032b9dda1df7d1c" "/opt/rustwide/cargo-home/bin/cargo" "+nightly-2024-02-05" "check" "--frozen" "--all" "--all-targets" "--message-format=json", kill_on_drop: false }`
[INFO] [stdout] f8743aa29fa4f359998af94e306819ad4f5e792e3d35c8ddc5a318e8d9da8660
[INFO] running `Command { std: "docker" "start" "-a" "f8743aa29fa4f359998af94e306819ad4f5e792e3d35c8ddc5a318e8d9da8660", kill_on_drop: false }`
[INFO] [stderr]    Compiling num-integer v0.1.45
[INFO] [stderr]     Checking hamming v0.1.3
[INFO] [stderr]     Checking primal-estimate v0.2.1
[INFO] [stderr]    Compiling num-bigint v0.2.6
[INFO] [stderr]    Compiling tokio-macros v0.2.6
[INFO] [stderr]     Checking crossbeam-channel v0.4.4
[INFO] [stderr]     Checking primal-bit v0.2.4
[INFO] [stderr]     Checking primal-sieve v0.2.9
[INFO] [stderr]     Checking primal-check v0.2.3
[INFO] [stderr]     Checking modinverse v0.1.1
[INFO] [stderr]     Checking primal v0.2.3
[INFO] [stderr]     Checking tokio v0.2.25
[INFO] [stderr]     Checking primal-tokio v0.1.0
[INFO] [stderr]     Checking rsa-solver v0.1.0 (/opt/rustwide/workdir)
[INFO] [stdout] error: expected one of `)`, `,`, `.`, `?`, or an operator, found `:`
[INFO] [stdout]    --> src/lib.rs:283:14
[INFO] [stdout]     |
[INFO] [stdout] 283 |             }: Box<dyn Stream<Item = _> + Unpin>,
[INFO] [stdout]     |              ^ expected one of `)`, `,`, `.`, `?`, or an operator
[INFO] [stdout]     |
[INFO] [stdout]     = note: type ascription syntax has been removed, see issue #101728 <https://github.com/rust-lang/rust/issues/101728>
[INFO] [stdout] 
[INFO] [stdout] 
[INFO] [stdout] error: expected one of `)`, `,`, `.`, `?`, or an operator, found `:`
[INFO] [stdout]    --> src/lib.rs:283:14
[INFO] [stdout]     |
[INFO] [stdout] 283 |             }: Box<dyn Stream<Item = _> + Unpin>,
[INFO] [stdout]     |              ^ expected one of `)`, `,`, `.`, `?`, or an operator
[INFO] [stdout]     |
[INFO] [stdout]     = note: type ascription syntax has been removed, see issue #101728 <https://github.com/rust-lang/rust/issues/101728>
[INFO] [stdout] 
[INFO] [stdout] 
[INFO] [stdout] error[E0557]: feature has been removed
[INFO] [stdout]  --> src/lib.rs:1:12
[INFO] [stdout]   |
[INFO] [stdout] 1 | #![feature(generators)]
[INFO] [stdout]   |            ^^^^^^^^^^ feature has been removed
[INFO] [stdout]   |
[INFO] [stdout]   = note: renamed to `coroutines`
[INFO] [stdout] 
[INFO] [stdout] 
[INFO] [stdout] error[E0557]: feature has been removed
[INFO] [stdout]  --> src/lib.rs:1:12
[INFO] [stdout]   |
[INFO] [stdout] 1 | #![feature(generators)]
[INFO] [stdout]   |            ^^^^^^^^^^ feature has been removed
[INFO] [stdout]   |
[INFO] [stdout]   = note: renamed to `coroutines`
[INFO] [stdout] 
[INFO] [stdout] 
[INFO] [stdout] warning: unused import: `primal_tokio::primes_unbounded`
[INFO] [stdout]   --> src/lib.rs:15:5
[INFO] [stdout]    |
[INFO] [stdout] 15 | use primal_tokio::primes_unbounded;
[INFO] [stdout]    |     ^^^^^^^^^^^^^^^^^^^^^^^^^^^^^^
[INFO] [stdout]    |
[INFO] [stdout]    = note: `#[warn(unused_imports)]` on by default
[INFO] [stdout] 
[INFO] [stdout] 
[INFO] [stdout] warning: unused import: `self`
[INFO] [stdout]   --> src/lib.rs:17:21
[INFO] [stdout]    |
[INFO] [stdout] 17 | use tokio::stream::{self, Stream, StreamExt};
[INFO] [stdout]    |                     ^^^^
[INFO] [stdout] 
[INFO] [stdout] 
[INFO] [stdout] warning: the feature `iter_map_while` has been stable since 1.57.0 and no longer requires an attribute to enable
[INFO] [stdout]  --> src/lib.rs:6:12
[INFO] [stdout]   |
[INFO] [stdout] 6 | #![feature(iter_map_while)]
[INFO] [stdout]   |            ^^^^^^^^^^^^^^
[INFO] [stdout]   |
[INFO] [stdout]   = note: `#[warn(stable_features)]` on by default
[INFO] [stdout] 
[INFO] [stdout] 
[INFO] [stdout] error[E0635]: unknown feature `generator_trait`
[INFO] [stdout]  --> src/lib.rs:2:12
[INFO] [stdout]   |
[INFO] [stdout] 2 | #![feature(generator_trait)]
[INFO] [stdout]   |            ^^^^^^^^^^^^^^^
[INFO] [stdout] 
[INFO] [stdout] 
[INFO] [stdout] warning: unused import: `self`
[INFO] [stdout]   --> src/lib.rs:17:21
[INFO] [stdout]    |
[INFO] [stdout] 17 | use tokio::stream::{self, Stream, StreamExt};
[INFO] [stdout]    |                     ^^^^
[INFO] [stdout]    |
[INFO] [stdout]    = note: `#[warn(unused_imports)]` on by default
[INFO] [stdout] 
[INFO] [stdout] 
[INFO] [stdout] warning: the feature `iter_map_while` has been stable since 1.57.0 and no longer requires an attribute to enable
[INFO] [stdout]  --> src/lib.rs:6:12
[INFO] [stdout]   |
[INFO] [stdout] 6 | #![feature(iter_map_while)]
[INFO] [stdout]   |            ^^^^^^^^^^^^^^
[INFO] [stdout]   |
[INFO] [stdout]   = note: `#[warn(stable_features)]` on by default
[INFO] [stdout] 
[INFO] [stdout] 
[INFO] [stdout] error[E0635]: unknown feature `generator_trait`
[INFO] [stdout]  --> src/lib.rs:2:12
[INFO] [stdout]   |
[INFO] [stdout] 2 | #![feature(generator_trait)]
[INFO] [stdout]   |            ^^^^^^^^^^^^^^^
[INFO] [stdout] 
[INFO] [stdout] 
[INFO] [stdout] error[E0059]: type parameter to bare `FnOnce` trait must be a tuple
[INFO] [stdout]    --> src/lib.rs:154:56
[INFO] [stdout]     |
[INFO] [stdout] 154 |     impl<State, In, Out, F: Fn(&mut State, In) -> Out> FnOnce<In> for FnMutWithData<State, In, Out, F> {
[INFO] [stdout]     |                                                        ^^^^^^^^^^ the trait `Tuple` is not implemented for `In`
[INFO] [stdout]     |
[INFO] [stdout] note: required by a bound in `FnOnce`
[INFO] [stdout]    --> /rustc/268dbbbc4b3fd71c5f360a4d0728295252430b5b/library/core/src/ops/function.rs:242:1
[INFO] [stdout] help: consider restricting type parameter `In`
[INFO] [stdout]     |
[INFO] [stdout] 154 |     impl<State, In: std::marker::Tuple, Out, F: Fn(&mut State, In) -> Out> FnOnce<In> for FnMutWithData<State, In, Out, F> {
[INFO] [stdout]     |                   ++++++++++++++++++++
[INFO] [stdout] 
[INFO] [stdout] 
[INFO] [stdout] error[E0059]: type parameter to bare `FnMut` trait must be a tuple
[INFO] [stdout]    --> src/lib.rs:161:56
[INFO] [stdout]     |
[INFO] [stdout] 161 |     impl<State, In, Out, F: Fn(&mut State, In) -> Out> FnMut<In> for FnMutWithData<State, In, Out, F> {
[INFO] [stdout]     |                                                        ^^^^^^^^^ the trait `Tuple` is not implemented for `In`
[INFO] [stdout]     |
[INFO] [stdout] note: required by a bound in `FnMut`
[INFO] [stdout]    --> /rustc/268dbbbc4b3fd71c5f360a4d0728295252430b5b/library/core/src/ops/function.rs:163:1
[INFO] [stdout] help: consider restricting type parameter `In`
[INFO] [stdout]     |
[INFO] [stdout] 161 |     impl<State, In: std::marker::Tuple, Out, F: Fn(&mut State, In) -> Out> FnMut<In> for FnMutWithData<State, In, Out, F> {
[INFO] [stdout]     |                   ++++++++++++++++++++
[INFO] [stdout] 
[INFO] [stdout] 
[INFO] [stdout] error[E0059]: type parameter to bare `FnOnce` trait must be a tuple
[INFO] [stdout]    --> src/lib.rs:154:56
[INFO] [stdout]     |
[INFO] [stdout] 154 |     impl<State, In, Out, F: Fn(&mut State, In) -> Out> FnOnce<In> for FnMutWithData<State, In, Out, F> {
[INFO] [stdout]     |                                                        ^^^^^^^^^^ the trait `Tuple` is not implemented for `In`
[INFO] [stdout]     |
[INFO] [stdout] note: required by a bound in `FnOnce`
[INFO] [stdout]    --> /rustc/268dbbbc4b3fd71c5f360a4d0728295252430b5b/library/core/src/ops/function.rs:242:1
[INFO] [stdout] help: consider restricting type parameter `In`
[INFO] [stdout]     |
[INFO] [stdout] 154 |     impl<State, In: std::marker::Tuple, Out, F: Fn(&mut State, In) -> Out> FnOnce<In> for FnMutWithData<State, In, Out, F> {
[INFO] [stdout]     |                   ++++++++++++++++++++
[INFO] [stdout] 
[INFO] [stdout] 
[INFO] [stdout] error[E0277]: functions with the "rust-call" ABI must take a single non-self tuple argument
[INFO] [stdout]    --> src/lib.rs:157:9
[INFO] [stdout]     |
[INFO] [stdout] 157 |         extern "rust-call" fn call_once(mut self, args: In) -> Out {
[INFO] [stdout]     |         ^^^^^^^^^^^^^^^^^^^^^^^^^^^^^^^^^^^^^^^^^^^^^^^^^^^^^^^^^^ the trait `Tuple` is not implemented for `In`
[INFO] [stdout]     |
[INFO] [stdout] help: consider restricting type parameter `In`
[INFO] [stdout]     |
[INFO] [stdout] 154 |     impl<State, In: std::marker::Tuple, Out, F: Fn(&mut State, In) -> Out> FnOnce<In> for FnMutWithData<State, In, Out, F> {
[INFO] [stdout]     |                   ++++++++++++++++++++
[INFO] [stdout] 
[INFO] [stdout] 
[INFO] [stdout] error[E0059]: type parameter to bare `FnMut` trait must be a tuple
[INFO] [stdout]    --> src/lib.rs:161:56
[INFO] [stdout]     |
[INFO] [stdout] 161 |     impl<State, In, Out, F: Fn(&mut State, In) -> Out> FnMut<In> for FnMutWithData<State, In, Out, F> {
[INFO] [stdout]     |                                                        ^^^^^^^^^ the trait `Tuple` is not implemented for `In`
[INFO] [stdout]     |
[INFO] [stdout] note: required by a bound in `FnMut`
[INFO] [stdout]    --> /rustc/268dbbbc4b3fd71c5f360a4d0728295252430b5b/library/core/src/ops/function.rs:163:1
[INFO] [stdout] help: consider restricting type parameter `In`
[INFO] [stdout]     |
[INFO] [stdout] 161 |     impl<State, In: std::marker::Tuple, Out, F: Fn(&mut State, In) -> Out> FnMut<In> for FnMutWithData<State, In, Out, F> {
[INFO] [stdout]     |                   ++++++++++++++++++++
[INFO] [stdout] 
[INFO] [stdout] 
[INFO] [stdout] error[E0277]: functions with the "rust-call" ABI must take a single non-self tuple argument
[INFO] [stdout]    --> src/lib.rs:162:9
[INFO] [stdout]     |
[INFO] [stdout] 162 |         extern "rust-call" fn call_mut(&mut self, args: In) -> Out {
[INFO] [stdout]     |         ^^^^^^^^^^^^^^^^^^^^^^^^^^^^^^^^^^^^^^^^^^^^^^^^^^^^^^^^^^ the trait `Tuple` is not implemented for `In`
[INFO] [stdout]     |
[INFO] [stdout] help: consider restricting type parameter `In`
[INFO] [stdout]     |
[INFO] [stdout] 161 |     impl<State, In: std::marker::Tuple, Out, F: Fn(&mut State, In) -> Out> FnMut<In> for FnMutWithData<State, In, Out, F> {
[INFO] [stdout]     |                   ++++++++++++++++++++
[INFO] [stdout] 
[INFO] [stdout] 
[INFO] [stdout] error[E0277]: functions with the "rust-call" ABI must take a single non-self tuple argument
[INFO] [stdout]    --> src/lib.rs:157:9
[INFO] [stdout]     |
[INFO] [stdout] 157 |         extern "rust-call" fn call_once(mut self, args: In) -> Out {
[INFO] [stdout]     |         ^^^^^^^^^^^^^^^^^^^^^^^^^^^^^^^^^^^^^^^^^^^^^^^^^^^^^^^^^^ the trait `Tuple` is not implemented for `In`
[INFO] [stdout]     |
[INFO] [stdout] help: consider restricting type parameter `In`
[INFO] [stdout]     |
[INFO] [stdout] 154 |     impl<State, In: std::marker::Tuple, Out, F: Fn(&mut State, In) -> Out> FnOnce<In> for FnMutWithData<State, In, Out, F> {
[INFO] [stdout]     |                   ++++++++++++++++++++
[INFO] [stdout] 
[INFO] [stdout] 
[INFO] [stdout] error[E0277]: functions with the "rust-call" ABI must take a single non-self tuple argument
[INFO] [stdout]    --> src/lib.rs:162:9
[INFO] [stdout]     |
[INFO] [stdout] 162 |         extern "rust-call" fn call_mut(&mut self, args: In) -> Out {
[INFO] [stdout]     |         ^^^^^^^^^^^^^^^^^^^^^^^^^^^^^^^^^^^^^^^^^^^^^^^^^^^^^^^^^^ the trait `Tuple` is not implemented for `In`
[INFO] [stdout]     |
[INFO] [stdout] help: consider restricting type parameter `In`
[INFO] [stdout]     |
[INFO] [stdout] 161 |     impl<State, In: std::marker::Tuple, Out, F: Fn(&mut State, In) -> Out> FnMut<In> for FnMutWithData<State, In, Out, F> {
[INFO] [stdout]     |                   ++++++++++++++++++++
[INFO] [stdout] 
[INFO] [stdout] 
[INFO] [stdout] error: aborting due to 7 previous errors; 3 warnings emitted
[INFO] [stdout] 
[INFO] [stdout] 
[INFO] [stdout] Some errors have detailed explanations: E0059, E0277, E0557, E0635.
[INFO] [stdout] 
[INFO] [stdout] For more information about an error, try `rustc --explain E0059`.
[INFO] [stdout] 
[INFO] [stdout] error: aborting due to 7 previous errors; 2 warnings emitted
[INFO] [stdout] 
[INFO] [stdout] 
[INFO] [stdout] Some errors have detailed explanations: E0059, E0277, E0557, E0635.
[INFO] [stdout] 
[INFO] [stdout] For more information about an error, try `rustc --explain E0059`.
[INFO] [stdout] 
[INFO] [stderr] error: could not compile `rsa-solver` (lib) due to 8 previous errors; 3 warnings emitted
[INFO] [stderr] warning: build failed, waiting for other jobs to finish...
[INFO] [stderr] error: could not compile `rsa-solver` (lib test) due to 8 previous errors; 2 warnings emitted
[INFO] running `Command { std: "docker" "inspect" "f8743aa29fa4f359998af94e306819ad4f5e792e3d35c8ddc5a318e8d9da8660", kill_on_drop: false }`
[INFO] running `Command { std: "docker" "rm" "-f" "f8743aa29fa4f359998af94e306819ad4f5e792e3d35c8ddc5a318e8d9da8660", kill_on_drop: false }`
[INFO] [stdout] f8743aa29fa4f359998af94e306819ad4f5e792e3d35c8ddc5a318e8d9da8660
