[INFO] fetching crate rplc_opcua 0.12.3...
[INFO] checking rplc_opcua-0.12.3 against nightly-2024-02-05 for check-cfg
[INFO] extracting crate rplc_opcua 0.12.3 into /workspace/builds/worker-2-tc1/source
[INFO] validating manifest of crates.io crate rplc_opcua 0.12.3 on toolchain nightly-2024-02-05
[INFO] running `Command { std: CARGO_HOME="/workspace/cargo-home" RUSTUP_HOME="/workspace/rustup-home" "/workspace/cargo-home/bin/cargo" "+nightly-2024-02-05" "metadata" "--manifest-path" "Cargo.toml" "--no-deps", kill_on_drop: false }`
[INFO] started tweaking crates.io crate rplc_opcua 0.12.3
[INFO] finished tweaking crates.io crate rplc_opcua 0.12.3
[INFO] tweaked toml for crates.io crate rplc_opcua 0.12.3 written to /workspace/builds/worker-2-tc1/source/Cargo.toml
[INFO] running `Command { std: CARGO_HOME="/workspace/cargo-home" RUSTUP_HOME="/workspace/rustup-home" "/workspace/cargo-home/bin/cargo" "+nightly-2024-02-05" "generate-lockfile" "--manifest-path" "Cargo.toml", kill_on_drop: false }`
[INFO] [stderr]     Updating crates.io index
[INFO] running `Command { std: CARGO_HOME="/workspace/cargo-home" RUSTUP_HOME="/workspace/rustup-home" "/workspace/cargo-home/bin/cargo" "+nightly-2024-02-05" "fetch" "--manifest-path" "Cargo.toml", kill_on_drop: false }`
[INFO] [stderr]     Blocking waiting for file lock on package cache
[INFO] [stderr]  Downloading crates ...
[INFO] [stderr]   Downloaded cookie v0.11.5
[INFO] [stderr]   Downloaded v_escape v0.7.4
[INFO] [stderr]   Downloaded tower-service v0.1.0
[INFO] [stderr]   Downloaded pollster v0.2.5
[INFO] [stderr]   Downloaded v_escape_derive v0.5.6
[INFO] [stderr]   Downloaded v_htmlescape v0.4.5
[INFO] [stderr]   Downloaded rumqttc v0.20.0
[INFO] [stderr]   Downloaded gethostname v0.4.3
[INFO] [stderr]   Downloaded actix-net v0.2.6
[INFO] [stderr]   Downloaded actix-web v0.7.19
[INFO] running `Command { std: "docker" "create" "-v" "/var/lib/crater-agent-workspace/builds/worker-2-tc1/target:/opt/rustwide/target:rw,Z" "-v" "/var/lib/crater-agent-workspace/builds/worker-2-tc1/source:/opt/rustwide/workdir:ro,Z" "-v" "/var/lib/crater-agent-workspace/cargo-home:/opt/rustwide/cargo-home:ro,Z" "-v" "/var/lib/crater-agent-workspace/rustup-home:/opt/rustwide/rustup-home:ro,Z" "-e" "SOURCE_DIR=/opt/rustwide/workdir" "-e" "CARGO_TARGET_DIR=/opt/rustwide/target" "-e" "CARGO_HOME=/opt/rustwide/cargo-home" "-e" "RUSTUP_HOME=/opt/rustwide/rustup-home" "-w" "/opt/rustwide/workdir" "-m" "1610612736" "--user" "0:0" "--network" "none" "ghcr.io/rust-lang/crates-build-env/linux@sha256:2788e3201cd34a07e3172128adcd8b3090168a8e3bcc40d7c032b9dda1df7d1c" "/opt/rustwide/cargo-home/bin/cargo" "+nightly-2024-02-05" "metadata" "--no-deps" "--format-version=1", kill_on_drop: false }`
[INFO] [stdout] 922d3105ee91b4b38c7c992adbc1a5bb9499e18d40364e8d1760b8617de8b30d
[INFO] running `Command { std: "docker" "start" "-a" "922d3105ee91b4b38c7c992adbc1a5bb9499e18d40364e8d1760b8617de8b30d", kill_on_drop: false }`
[INFO] running `Command { std: "docker" "inspect" "922d3105ee91b4b38c7c992adbc1a5bb9499e18d40364e8d1760b8617de8b30d", kill_on_drop: false }`
[INFO] running `Command { std: "docker" "rm" "-f" "922d3105ee91b4b38c7c992adbc1a5bb9499e18d40364e8d1760b8617de8b30d", kill_on_drop: false }`
[INFO] [stdout] 922d3105ee91b4b38c7c992adbc1a5bb9499e18d40364e8d1760b8617de8b30d
[INFO] running `Command { std: "docker" "create" "-v" "/var/lib/crater-agent-workspace/builds/worker-2-tc1/target:/opt/rustwide/target:rw,Z" "-v" "/var/lib/crater-agent-workspace/builds/worker-2-tc1/source:/opt/rustwide/workdir:ro,Z" "-v" "/var/lib/crater-agent-workspace/cargo-home:/opt/rustwide/cargo-home:ro,Z" "-v" "/var/lib/crater-agent-workspace/rustup-home:/opt/rustwide/rustup-home:ro,Z" "-e" "SOURCE_DIR=/opt/rustwide/workdir" "-e" "CARGO_TARGET_DIR=/opt/rustwide/target" "-e" "CARGO_INCREMENTAL=0" "-e" "RUST_BACKTRACE=full" "-e" "RUSTFLAGS=--cap-lints=forbid" "-e" "RUSTDOCFLAGS=--cap-lints=forbid" "-e" "CARGO_HOME=/opt/rustwide/cargo-home" "-e" "RUSTUP_HOME=/opt/rustwide/rustup-home" "-w" "/opt/rustwide/workdir" "-m" "1610612736" "--user" "0:0" "--network" "none" "ghcr.io/rust-lang/crates-build-env/linux@sha256:2788e3201cd34a07e3172128adcd8b3090168a8e3bcc40d7c032b9dda1df7d1c" "/opt/rustwide/cargo-home/bin/cargo" "+nightly-2024-02-05" "check" "--frozen" "--all" "--all-targets" "--message-format=json", kill_on_drop: false }`
[INFO] [stdout] df985ea908eaef34ba10a0c56cc1e167a1a41953632de9ad36aa8adde5ee2947
[INFO] running `Command { std: "docker" "start" "-a" "df985ea908eaef34ba10a0c56cc1e167a1a41953632de9ad36aa8adde5ee2947", kill_on_drop: false }`
[INFO] [stderr]    Compiling parking_lot_core v0.9.9
[INFO] [stderr]     Checking futures-sink v0.3.30
[INFO] [stderr]     Checking smallvec v1.13.1
[INFO] [stderr]     Checking futures-io v0.3.30
[INFO] [stderr]     Checking num_cpus v1.16.0
[INFO] [stderr]     Checking signal-hook-registry v1.4.1
[INFO] [stderr]     Checking socket2 v0.5.5
[INFO] [stderr]     Checking mio v0.8.10
[INFO] [stderr]     Checking unicode-normalization v0.1.22
[INFO] [stderr]    Compiling openssl v0.10.63
[INFO] [stderr]    Compiling syn v2.0.48
[INFO] [stderr]    Compiling openssl-sys v0.9.99
[INFO] [stderr]     Checking hashbrown v0.14.3
[INFO] [stderr]     Checking matches v0.1.10
[INFO] [stderr]     Checking unicode-bidi v0.3.15
[INFO] [stderr]    Compiling syn v1.0.109
[INFO] [stderr]     Checking futures-channel v0.3.30
[INFO] [stderr]     Checking getrandom v0.2.12
[INFO] [stderr]     Checking unsafe-libyaml v0.2.10
[INFO] [stderr]     Checking percent-encoding v1.0.1
[INFO] [stderr]     Checking chrono v0.4.33
[INFO] [stderr]     Checking uuid v1.7.0
[INFO] [stderr]     Checking gethostname v0.4.3
[INFO] [stderr]     Checking rand v0.4.6
[INFO] [stderr]     Checking remove_dir_all v0.5.3
[INFO] [stderr]     Checking base64 v0.21.7
[INFO] [stderr]     Checking parking_lot v0.12.1
[INFO] [stderr]     Checking idna v0.1.5
[INFO] [stderr]     Checking indexmap v2.2.2
[INFO] [stderr]     Checking tempdir v0.3.7
[INFO] [stderr]     Checking url v1.7.2
[INFO] [stderr]     Checking serde_yaml v0.9.31
[INFO] [stderr]    Compiling derivative v2.2.0
[INFO] [stderr]    Compiling futures-macro v0.3.30
[INFO] [stderr]    Compiling tokio-macros v2.2.0
[INFO] [stderr]    Compiling openssl-macros v0.1.1
[INFO] [stderr]    Compiling serde_derive v1.0.196
[INFO] [stderr]     Checking tokio v1.36.0
[INFO] [stderr]     Checking futures-util v0.3.30
[INFO] [stderr]     Checking futures-executor v0.3.30
[INFO] [stderr]     Checking futures v0.3.30
[INFO] [stderr]     Checking tokio-util v0.6.10
[INFO] [stderr]     Checking rplc_opcua v0.12.3 (/opt/rustwide/workdir)
[INFO] [stdout] error[E0433]: failed to resolve: could not find `console_logging` in the crate root
[INFO] [stdout]    --> src/crypto/tests/crypto.rs:232:12
[INFO] [stdout]     |
[INFO] [stdout] 232 |     crate::console_logging::init();
[INFO] [stdout]     |            ^^^^^^^^^^^^^^^ could not find `console_logging` in the crate root
[INFO] [stdout]     |
[INFO] [stdout] note: found an item that was configured out
[INFO] [stdout]    --> src/lib.rs:71:9
[INFO] [stdout]     |
[INFO] [stdout] 71  | pub mod console_logging;
[INFO] [stdout]     |         ^^^^^^^^^^^^^^^
[INFO] [stdout]     = note: the item is gated behind the `console-logging` feature
[INFO] [stdout] 
[INFO] [stdout] 
[INFO] [stdout] error[E0433]: failed to resolve: could not find `console_logging` in the crate root
[INFO] [stdout]    --> src/crypto/x509.rs:629:16
[INFO] [stdout]     |
[INFO] [stdout] 629 |         crate::console_logging::init();
[INFO] [stdout]     |                ^^^^^^^^^^^^^^^ could not find `console_logging` in the crate root
[INFO] [stdout]     |
[INFO] [stdout] note: found an item that was configured out
[INFO] [stdout]    --> src/lib.rs:71:9
[INFO] [stdout]     |
[INFO] [stdout] 71  | pub mod console_logging;
[INFO] [stdout]     |         ^^^^^^^^^^^^^^^
[INFO] [stdout]     = note: the item is gated behind the `console-logging` feature
[INFO] [stdout] 
[INFO] [stdout] 
[INFO] [stdout] warning: ambiguous glob re-exports
[INFO] [stdout]    --> src/client/mod.rs:163:13
[INFO] [stdout]     |
[INFO] [stdout] 158 |           core::prelude::*,
[INFO] [stdout]     |           ---------------- but the name `DecodingOptions` in the type namespace is also re-exported here
[INFO] [stdout] ...
[INFO] [stdout] 163 |       pub use crate::client::{
[INFO] [stdout]     |  _____________^
[INFO] [stdout] 164 | |         builder::*,
[INFO] [stdout] 165 | |         callbacks::*,
[INFO] [stdout] 166 | |         client::*,
[INFO] [stdout] ...   |
[INFO] [stdout] 169 | |         subscription::MonitoredItem,
[INFO] [stdout] 170 | |     };
[INFO] [stdout]     | |_____^ the name `DecodingOptions` in the type namespace is first re-exported here
[INFO] [stdout]     |
[INFO] [stdout]     = note: `#[warn(ambiguous_glob_reexports)]` on by default
[INFO] [stdout] 
[INFO] [stdout] 
[INFO] [stdout] error[E0433]: failed to resolve: could not find `console_logging` in the crate root
[INFO] [stdout]    --> src/server/events/event.rs:666:12
[INFO] [stdout]     |
[INFO] [stdout] 666 |     crate::console_logging::init();
[INFO] [stdout]     |            ^^^^^^^^^^^^^^^ could not find `console_logging` in the crate root
[INFO] [stdout]     |
[INFO] [stdout] note: found an item that was configured out
[INFO] [stdout]    --> src/lib.rs:71:9
[INFO] [stdout]     |
[INFO] [stdout] 71  | pub mod console_logging;
[INFO] [stdout]     |         ^^^^^^^^^^^^^^^
[INFO] [stdout]     = note: the item is gated behind the `console-logging` feature
[INFO] [stdout] 
[INFO] [stdout] 
[INFO] [stdout] warning: ambiguous glob re-exports
[INFO] [stdout]   --> src/server/mod.rs:72:13
[INFO] [stdout]    |
[INFO] [stdout] 72 |       pub use crate::server::{
[INFO] [stdout]    |  _____________^
[INFO] [stdout] 73 | |         address_space::types::*,
[INFO] [stdout]    | |         ----------------------- but the name `Method` in the type namespace is also re-exported here
[INFO] [stdout] 74 | |         address_space::{AccessLevel, EventNotifier, UserAccessLevel},
[INFO] [stdout] 75 | |         builder::*,
[INFO] [stdout] ...  |
[INFO] [stdout] 82 | |         util::*,
[INFO] [stdout] 83 | |     };
[INFO] [stdout]    | |_____^ the name `Method` in the type namespace is first re-exported here
[INFO] [stdout] 
[INFO] [stdout] 
[INFO] [stdout] warning: unused import: `crate::types::*`
[INFO] [stdout]   --> src/server/mod.rs:86:13
[INFO] [stdout]    |
[INFO] [stdout] 86 |     pub use crate::types::*;
[INFO] [stdout]    |             ^^^^^^^^^^^^^^^
[INFO] [stdout]    |
[INFO] [stdout]    = note: `#[warn(unused_imports)]` on by default
[INFO] [stdout] 
[INFO] [stdout] 
[INFO] [stdout] warning: unused imports: `Deserialize`, `Serialize`
[INFO] [stdout]   --> src/types/localized_text.rs:13:13
[INFO] [stdout]    |
[INFO] [stdout] 13 | use serde::{Deserialize, Serialize};
[INFO] [stdout]    |             ^^^^^^^^^^^  ^^^^^^^^^
[INFO] [stdout] 
[INFO] [stdout] 
[INFO] [stdout] warning: ambiguous glob re-exports
[INFO] [stdout]    --> src/types/mod.rs:224:9
[INFO] [stdout]     |
[INFO] [stdout] 224 |   pub use crate::types::{
[INFO] [stdout]     |  _________^
[INFO] [stdout] 225 | |     argument::*, array::*, attribute::*, basic_types::*, byte_string::*, data_types::*,
[INFO] [stdout] 226 | |     data_value::*, date_time::*, diagnostic_info::*, encoding::*, expanded_node_id::*,
[INFO] [stdout] 227 | |     extension_object::*, guid::*, localized_text::*, node_id::*, node_ids::*, numeric_range::*,
[INFO] [stdout] 228 | |     operand::*, qualified_name::*, request_header::*, response_header::*, service_types::*,
[INFO] [stdout]     | |                                                                           ---------------- but the name `Argument` in the type namespace is also re-exported here
[INFO] [stdout] 229 | |     status_code::*, string::*, variant::*, variant_type_id::*,
[INFO] [stdout] 230 | | };
[INFO] [stdout]     | |_^ the name `Argument` in the type namespace is first re-exported here
[INFO] [stdout] 
[INFO] [stdout] 
[INFO] [stdout] warning: unused imports: `argument::*`, `basic_types::*`
[INFO] [stdout]    --> src/types/mod.rs:225:5
[INFO] [stdout]     |
[INFO] [stdout] 225 |     argument::*, array::*, attribute::*, basic_types::*, byte_string::*, data_types::*,
[INFO] [stdout]     |     ^^^^^^^^^^^                          ^^^^^^^^^^^^^^
[INFO] [stdout] 
[INFO] [stdout] 
[INFO] [stdout] warning: unused import: `crate::client::prelude::*`
[INFO] [stdout]    --> src/lib.rs:121:13
[INFO] [stdout]     |
[INFO] [stdout] 121 |     pub use crate::client::prelude::*;
[INFO] [stdout]     |             ^^^^^^^^^^^^^^^^^^^^^^^^^
[INFO] [stdout] 
[INFO] [stdout] 
[INFO] [stdout] warning: unused import: `crate::core::prelude::*`
[INFO] [stdout]    --> src/lib.rs:122:13
[INFO] [stdout]     |
[INFO] [stdout] 122 |     pub use crate::core::prelude::*;
[INFO] [stdout]     |             ^^^^^^^^^^^^^^^^^^^^^^^
[INFO] [stdout] 
[INFO] [stdout] 
[INFO] [stdout] error[E0433]: failed to resolve: could not find `console_logging` in the crate root
[INFO] [stdout]    --> src/server/tests/address_space.rs:749:12
[INFO] [stdout]     |
[INFO] [stdout] 749 |     crate::console_logging::init();
[INFO] [stdout]     |            ^^^^^^^^^^^^^^^ could not find `console_logging` in the crate root
[INFO] [stdout]     |
[INFO] [stdout] note: found an item that was configured out
[INFO] [stdout]    --> src/lib.rs:71:9
[INFO] [stdout]     |
[INFO] [stdout] 71  | pub mod console_logging;
[INFO] [stdout]     |         ^^^^^^^^^^^^^^^
[INFO] [stdout]     = note: the item is gated behind the `console-logging` feature
[INFO] [stdout] 
[INFO] [stdout] 
[INFO] [stdout] error[E0433]: failed to resolve: could not find `console_logging` in the crate root
[INFO] [stdout]    --> src/server/tests/address_space.rs:786:12
[INFO] [stdout]     |
[INFO] [stdout] 786 |     crate::console_logging::init();
[INFO] [stdout]     |            ^^^^^^^^^^^^^^^ could not find `console_logging` in the crate root
[INFO] [stdout]     |
[INFO] [stdout] note: found an item that was configured out
[INFO] [stdout]    --> src/lib.rs:71:9
[INFO] [stdout]     |
[INFO] [stdout] 71  | pub mod console_logging;
[INFO] [stdout]     |         ^^^^^^^^^^^^^^^
[INFO] [stdout]     = note: the item is gated behind the `console-logging` feature
[INFO] [stdout] 
[INFO] [stdout] 
[INFO] [stdout] error[E0433]: failed to resolve: could not find `console_logging` in the crate root
[INFO] [stdout]    --> src/server/tests/events.rs:151:12
[INFO] [stdout]     |
[INFO] [stdout] 151 |     crate::console_logging::init();
[INFO] [stdout]     |            ^^^^^^^^^^^^^^^ could not find `console_logging` in the crate root
[INFO] [stdout]     |
[INFO] [stdout] note: found an item that was configured out
[INFO] [stdout]    --> src/lib.rs:71:9
[INFO] [stdout]     |
[INFO] [stdout] 71  | pub mod console_logging;
[INFO] [stdout]     |         ^^^^^^^^^^^^^^^
[INFO] [stdout]     = note: the item is gated behind the `console-logging` feature
[INFO] [stdout] 
[INFO] [stdout] 
[INFO] [stdout] error[E0433]: failed to resolve: could not find `console_logging` in the crate root
[INFO] [stdout]    --> src/server/tests/events.rs:793:12
[INFO] [stdout]     |
[INFO] [stdout] 793 |     crate::console_logging::init();
[INFO] [stdout]     |            ^^^^^^^^^^^^^^^ could not find `console_logging` in the crate root
[INFO] [stdout]     |
[INFO] [stdout] note: found an item that was configured out
[INFO] [stdout]    --> src/lib.rs:71:9
[INFO] [stdout]     |
[INFO] [stdout] 71  | pub mod console_logging;
[INFO] [stdout]     |         ^^^^^^^^^^^^^^^
[INFO] [stdout]     = note: the item is gated behind the `console-logging` feature
[INFO] [stdout] 
[INFO] [stdout] 
[INFO] [stdout] error[E0433]: failed to resolve: could not find `console_logging` in the crate root
[INFO] [stdout]   --> src/server/tests/services/node_management.rs:18:12
[INFO] [stdout]    |
[INFO] [stdout] 18 |     crate::console_logging::init();
[INFO] [stdout]    |            ^^^^^^^^^^^^^^^ could not find `console_logging` in the crate root
[INFO] [stdout]    |
[INFO] [stdout] note: found an item that was configured out
[INFO] [stdout]   --> src/lib.rs:71:9
[INFO] [stdout]    |
[INFO] [stdout] 71 | pub mod console_logging;
[INFO] [stdout]    |         ^^^^^^^^^^^^^^^
[INFO] [stdout]    = note: the item is gated behind the `console-logging` feature
[INFO] [stdout] 
[INFO] [stdout] 
[INFO] [stdout] error[E0433]: failed to resolve: could not find `console_logging` in the crate root
[INFO] [stdout]   --> src/server/tests/services/session.rs:38:12
[INFO] [stdout]    |
[INFO] [stdout] 38 |     crate::console_logging::init();
[INFO] [stdout]    |            ^^^^^^^^^^^^^^^ could not find `console_logging` in the crate root
[INFO] [stdout]    |
[INFO] [stdout] note: found an item that was configured out
[INFO] [stdout]   --> src/lib.rs:71:9
[INFO] [stdout]    |
[INFO] [stdout] 71 | pub mod console_logging;
[INFO] [stdout]    |         ^^^^^^^^^^^^^^^
[INFO] [stdout]    = note: the item is gated behind the `console-logging` feature
[INFO] [stdout] 
[INFO] [stdout] 
[INFO] [stdout] error[E0433]: failed to resolve: could not find `console_logging` in the crate root
[INFO] [stdout]   --> src/server/tests/services/view.rs:82:12
[INFO] [stdout]    |
[INFO] [stdout] 82 |     crate::console_logging::init();
[INFO] [stdout]    |            ^^^^^^^^^^^^^^^ could not find `console_logging` in the crate root
[INFO] [stdout]    |
[INFO] [stdout] note: found an item that was configured out
[INFO] [stdout]   --> src/lib.rs:71:9
[INFO] [stdout]    |
[INFO] [stdout] 71 | pub mod console_logging;
[INFO] [stdout]    |         ^^^^^^^^^^^^^^^
[INFO] [stdout]    = note: the item is gated behind the `console-logging` feature
[INFO] [stdout] 
[INFO] [stdout] 
[INFO] [stdout] error[E0433]: failed to resolve: could not find `console_logging` in the crate root
[INFO] [stdout]    --> src/server/tests/services/view.rs:287:12
[INFO] [stdout]     |
[INFO] [stdout] 287 |     crate::console_logging::init();
[INFO] [stdout]     |            ^^^^^^^^^^^^^^^ could not find `console_logging` in the crate root
[INFO] [stdout]     |
[INFO] [stdout] note: found an item that was configured out
[INFO] [stdout]    --> src/lib.rs:71:9
[INFO] [stdout]     |
[INFO] [stdout] 71  | pub mod console_logging;
[INFO] [stdout]     |         ^^^^^^^^^^^^^^^
[INFO] [stdout]     = note: the item is gated behind the `console-logging` feature
[INFO] [stdout] 
[INFO] [stdout] 
[INFO] [stdout] error[E0433]: failed to resolve: could not find `console_logging` in the crate root
[INFO] [stdout]    --> src/server/tests/services/view.rs:434:12
[INFO] [stdout]     |
[INFO] [stdout] 434 |     crate::console_logging::init();
[INFO] [stdout]     |            ^^^^^^^^^^^^^^^ could not find `console_logging` in the crate root
[INFO] [stdout]     |
[INFO] [stdout] note: found an item that was configured out
[INFO] [stdout]    --> src/lib.rs:71:9
[INFO] [stdout]     |
[INFO] [stdout] 71  | pub mod console_logging;
[INFO] [stdout]     |         ^^^^^^^^^^^^^^^
[INFO] [stdout]     = note: the item is gated behind the `console-logging` feature
[INFO] [stdout] 
[INFO] [stdout] 
[INFO] [stdout] warning: ambiguous glob re-exports
[INFO] [stdout]    --> src/client/mod.rs:163:13
[INFO] [stdout]     |
[INFO] [stdout] 158 |           core::prelude::*,
[INFO] [stdout]     |           ---------------- but the name `DecodingOptions` in the type namespace is also re-exported here
[INFO] [stdout] ...
[INFO] [stdout] 163 |       pub use crate::client::{
[INFO] [stdout]     |  _____________^
[INFO] [stdout] 164 | |         builder::*,
[INFO] [stdout] 165 | |         callbacks::*,
[INFO] [stdout] 166 | |         client::*,
[INFO] [stdout] ...   |
[INFO] [stdout] 169 | |         subscription::MonitoredItem,
[INFO] [stdout] 170 | |     };
[INFO] [stdout]     | |_____^ the name `DecodingOptions` in the type namespace is first re-exported here
[INFO] [stdout]     |
[INFO] [stdout]     = note: `#[warn(ambiguous_glob_reexports)]` on by default
[INFO] [stdout] 
[INFO] [stdout] 
[INFO] [stdout] warning: ambiguous glob re-exports
[INFO] [stdout]   --> src/server/mod.rs:72:13
[INFO] [stdout]    |
[INFO] [stdout] 72 |       pub use crate::server::{
[INFO] [stdout]    |  _____________^
[INFO] [stdout] 73 | |         address_space::types::*,
[INFO] [stdout]    | |         ----------------------- but the name `Method` in the type namespace is also re-exported here
[INFO] [stdout] 74 | |         address_space::{AccessLevel, EventNotifier, UserAccessLevel},
[INFO] [stdout] 75 | |         builder::*,
[INFO] [stdout] ...  |
[INFO] [stdout] 82 | |         util::*,
[INFO] [stdout] 83 | |     };
[INFO] [stdout]    | |_____^ the name `Method` in the type namespace is first re-exported here
[INFO] [stdout] 
[INFO] [stdout] 
[INFO] [stdout] warning: unused import: `crate::types::*`
[INFO] [stdout]   --> src/server/mod.rs:86:13
[INFO] [stdout]    |
[INFO] [stdout] 86 |     pub use crate::types::*;
[INFO] [stdout]    |             ^^^^^^^^^^^^^^^
[INFO] [stdout]    |
[INFO] [stdout]    = note: `#[warn(unused_imports)]` on by default
[INFO] [stdout] 
[INFO] [stdout] 
[INFO] [stdout] warning: unused imports: `Deserialize`, `Serialize`
[INFO] [stdout]   --> src/types/localized_text.rs:13:13
[INFO] [stdout]    |
[INFO] [stdout] 13 | use serde::{Deserialize, Serialize};
[INFO] [stdout]    |             ^^^^^^^^^^^  ^^^^^^^^^
[INFO] [stdout] 
[INFO] [stdout] 
[INFO] [stdout] warning: ambiguous glob re-exports
[INFO] [stdout]    --> src/types/mod.rs:224:9
[INFO] [stdout]     |
[INFO] [stdout] 224 |   pub use crate::types::{
[INFO] [stdout]     |  _________^
[INFO] [stdout] 225 | |     argument::*, array::*, attribute::*, basic_types::*, byte_string::*, data_types::*,
[INFO] [stdout] 226 | |     data_value::*, date_time::*, diagnostic_info::*, encoding::*, expanded_node_id::*,
[INFO] [stdout] 227 | |     extension_object::*, guid::*, localized_text::*, node_id::*, node_ids::*, numeric_range::*,
[INFO] [stdout] 228 | |     operand::*, qualified_name::*, request_header::*, response_header::*, service_types::*,
[INFO] [stdout]     | |                                                                           ---------------- but the name `Argument` in the type namespace is also re-exported here
[INFO] [stdout] 229 | |     status_code::*, string::*, variant::*, variant_type_id::*,
[INFO] [stdout] 230 | | };
[INFO] [stdout]     | |_^ the name `Argument` in the type namespace is first re-exported here
[INFO] [stdout] 
[INFO] [stdout] 
[INFO] [stdout] warning: unused import: `basic_types::*`
[INFO] [stdout]    --> src/types/mod.rs:225:42
[INFO] [stdout]     |
[INFO] [stdout] 225 |     argument::*, array::*, attribute::*, basic_types::*, byte_string::*, data_types::*,
[INFO] [stdout]     |                                          ^^^^^^^^^^^^^^
[INFO] [stdout] 
[INFO] [stdout] 
[INFO] [stdout] warning: `Argument` is ambiguous
[INFO] [stdout]    --> src/server/tests/address_space.rs:712:49
[INFO] [stdout]     |
[INFO] [stdout] 712 |                 let argument = v.decode_inner::<Argument>(&decoding_options).unwrap();
[INFO] [stdout]     |                                                 ^^^^^^^^ ambiguous name
[INFO] [stdout]     |
[INFO] [stdout]     = warning: this was previously accepted by the compiler but is being phased out; it will become a hard error in a future release!
[INFO] [stdout]     = note: for more information, see issue #114095 <https://github.com/rust-lang/rust/issues/114095>
[INFO] [stdout]     = note: ambiguous because of multiple glob imports of a name in the same module
[INFO] [stdout] note: `Argument` could refer to the struct imported here
[INFO] [stdout]    --> src/types/mod.rs:225:5
[INFO] [stdout]     |
[INFO] [stdout] 225 |     argument::*, array::*, attribute::*, basic_types::*, byte_string::*, data_types::*,
[INFO] [stdout]     |     ^^^^^^^^^^^
[INFO] [stdout]     = help: consider adding an explicit import of `Argument` to disambiguate
[INFO] [stdout] note: `Argument` could also refer to the struct imported here
[INFO] [stdout]    --> src/types/mod.rs:228:75
[INFO] [stdout]     |
[INFO] [stdout] 228 |     operand::*, qualified_name::*, request_header::*, response_header::*, service_types::*,
[INFO] [stdout]     |                                                                           ^^^^^^^^^^^^^^^^
[INFO] [stdout]     = help: consider adding an explicit import of `Argument` to disambiguate
[INFO] [stdout]     = note: `#[warn(ambiguous_glob_imports)]` on by default
[INFO] [stdout] 
[INFO] [stdout] 
[INFO] [stdout] warning: unused import: `crate::client::prelude::*`
[INFO] [stdout]    --> src/lib.rs:121:13
[INFO] [stdout]     |
[INFO] [stdout] 121 |     pub use crate::client::prelude::*;
[INFO] [stdout]     |             ^^^^^^^^^^^^^^^^^^^^^^^^^
[INFO] [stdout] 
[INFO] [stdout] 
[INFO] [stdout] warning: unused import: `crate::core::prelude::*`
[INFO] [stdout]    --> src/lib.rs:122:13
[INFO] [stdout]     |
[INFO] [stdout] 122 |     pub use crate::core::prelude::*;
[INFO] [stdout]     |             ^^^^^^^^^^^^^^^^^^^^^^^
[INFO] [stdout] 
[INFO] [stdout] 
[INFO] [stdout] warning: use of deprecated method `chrono::TimeZone::datetime_from_str`: use `DateTime::parse_from_str` or `NaiveDateTime::parse_from_str` with `and_utc()` or `and_local_timezone()` instead
[INFO] [stdout]    --> src/crypto/x509.rs:596:13
[INFO] [stdout]     |
[INFO] [stdout] 596 |         Utc.datetime_from_str(date, "%b %d %H:%M:%S %Y")
[INFO] [stdout]     |             ^^^^^^^^^^^^^^^^^
[INFO] [stdout]     |
[INFO] [stdout]     = note: `#[warn(deprecated)]` on by default
[INFO] [stdout] 
[INFO] [stdout] 
[INFO] [stdout] warning: use of deprecated method `chrono::TimeZone::datetime_from_str`: use `DateTime::parse_from_str` or `NaiveDateTime::parse_from_str` with `and_utc()` or `and_local_timezone()` instead
[INFO] [stdout]    --> src/crypto/x509.rs:596:13
[INFO] [stdout]     |
[INFO] [stdout] 596 |         Utc.datetime_from_str(date, "%b %d %H:%M:%S %Y")
[INFO] [stdout]     |             ^^^^^^^^^^^^^^^^^
[INFO] [stdout]     |
[INFO] [stdout]     = note: `#[warn(deprecated)]` on by default
[INFO] [stdout] 
[INFO] [stdout] 
[INFO] [stdout] warning: use of deprecated method `chrono::TimeZone::ymd`: use `with_ymd_and_hms()` instead
[INFO] [stdout]    --> src/types/date_time.rs:143:22
[INFO] [stdout]     |
[INFO] [stdout] 143 |         let dt = Utc.ymd(year as i32, month as u32, day as u32).and_hms_nano(
[INFO] [stdout]     |                      ^^^
[INFO] [stdout] 
[INFO] [stdout] 
[INFO] [stdout] warning: use of deprecated method `chrono::Date::<Tz>::and_hms_nano`: Use and_hms_nano_opt() instead
[INFO] [stdout]    --> src/types/date_time.rs:143:65
[INFO] [stdout]     |
[INFO] [stdout] 143 |         let dt = Utc.ymd(year as i32, month as u32, day as u32).and_hms_nano(
[INFO] [stdout]     |                                                                 ^^^^^^^^^^^^
[INFO] [stdout] 
[INFO] [stdout] 
[INFO] [stdout] warning: use of deprecated method `chrono::TimeZone::ymd`: use `with_ymd_and_hms()` instead
[INFO] [stdout]    --> src/types/date_time.rs:164:14
[INFO] [stdout]     |
[INFO] [stdout] 164 |             .ymd(year, month, day)
[INFO] [stdout]     |              ^^^
[INFO] [stdout] 
[INFO] [stdout] 
[INFO] [stdout] warning: use of deprecated method `chrono::Date::<Tz>::and_hms_nano`: Use and_hms_nano_opt() instead
[INFO] [stdout]    --> src/types/date_time.rs:165:14
[INFO] [stdout]     |
[INFO] [stdout] 165 |             .and_hms_nano(hour, minute, second, nanos);
[INFO] [stdout]     |              ^^^^^^^^^^^^
[INFO] [stdout] 
[INFO] [stdout] 
[INFO] [stdout] warning: use of deprecated method `chrono::TimeZone::ymd`: use `with_ymd_and_hms()` instead
[INFO] [stdout]    --> src/types/date_time.rs:338:13
[INFO] [stdout]     |
[INFO] [stdout] 338 |         Utc.ymd(MIN_YEAR as i32, 1, 1).and_hms(0, 0, 0)
[INFO] [stdout]     |             ^^^
[INFO] [stdout] 
[INFO] [stdout] 
[INFO] [stdout] warning: use of deprecated method `chrono::Date::<Tz>::and_hms`: Use and_hms_opt() instead
[INFO] [stdout]    --> src/types/date_time.rs:338:40
[INFO] [stdout]     |
[INFO] [stdout] 338 |         Utc.ymd(MIN_YEAR as i32, 1, 1).and_hms(0, 0, 0)
[INFO] [stdout]     |                                        ^^^^^^^
[INFO] [stdout] 
[INFO] [stdout] 
[INFO] [stdout] warning: use of deprecated method `chrono::TimeZone::ymd`: use `with_ymd_and_hms()` instead
[INFO] [stdout]    --> src/types/date_time.rs:344:13
[INFO] [stdout]     |
[INFO] [stdout] 344 |         Utc.ymd(MAX_YEAR as i32, 12, 31).and_hms(23, 59, 59)
[INFO] [stdout]     |             ^^^
[INFO] [stdout] 
[INFO] [stdout] 
[INFO] [stdout] warning: use of deprecated method `chrono::Date::<Tz>::and_hms`: Use and_hms_opt() instead
[INFO] [stdout]    --> src/types/date_time.rs:344:42
[INFO] [stdout]     |
[INFO] [stdout] 344 |         Utc.ymd(MAX_YEAR as i32, 12, 31).and_hms(23, 59, 59)
[INFO] [stdout]     |                                          ^^^^^^^
[INFO] [stdout] 
[INFO] [stdout] 
[INFO] [stdout] warning: use of deprecated method `chrono::TimeZone::ymd`: use `with_ymd_and_hms()` instead
[INFO] [stdout]    --> src/types/date_time.rs:143:22
[INFO] [stdout]     |
[INFO] [stdout] 143 |         let dt = Utc.ymd(year as i32, month as u32, day as u32).and_hms_nano(
[INFO] [stdout]     |                      ^^^
[INFO] [stdout] 
[INFO] [stdout] 
[INFO] [stdout] warning: use of deprecated method `chrono::Date::<Tz>::and_hms_nano`: Use and_hms_nano_opt() instead
[INFO] [stdout]    --> src/types/date_time.rs:143:65
[INFO] [stdout]     |
[INFO] [stdout] 143 |         let dt = Utc.ymd(year as i32, month as u32, day as u32).and_hms_nano(
[INFO] [stdout]     |                                                                 ^^^^^^^^^^^^
[INFO] [stdout] 
[INFO] [stdout] 
[INFO] [stdout] warning: use of deprecated method `chrono::TimeZone::ymd`: use `with_ymd_and_hms()` instead
[INFO] [stdout]    --> src/types/date_time.rs:164:14
[INFO] [stdout]     |
[INFO] [stdout] 164 |             .ymd(year, month, day)
[INFO] [stdout]     |              ^^^
[INFO] [stdout] 
[INFO] [stdout] 
[INFO] [stdout] warning: use of deprecated method `chrono::Date::<Tz>::and_hms_nano`: Use and_hms_nano_opt() instead
[INFO] [stdout]    --> src/types/date_time.rs:165:14
[INFO] [stdout]     |
[INFO] [stdout] 165 |             .and_hms_nano(hour, minute, second, nanos);
[INFO] [stdout]     |              ^^^^^^^^^^^^
[INFO] [stdout] 
[INFO] [stdout] 
[INFO] [stdout] warning: use of deprecated associated function `chrono::NaiveDateTime::from_timestamp`: use `from_timestamp_opt()` instead
[INFO] [stdout]    --> src/types/date_time.rs:226:36
[INFO] [stdout]     |
[INFO] [stdout] 226 |         let naive = NaiveDateTime::from_timestamp(duration.as_secs() as i64, 0);
[INFO] [stdout]     |                                    ^^^^^^^^^^^^^^
[INFO] [stdout] 
[INFO] [stdout] 
[INFO] [stdout] warning: use of deprecated associated function `chrono::DateTime::<Tz>::from_utc`: Use TimeZone::from_utc_datetime() or DateTime::from_naive_utc_and_offset instead
[INFO] [stdout]    --> src/types/date_time.rs:227:32
[INFO] [stdout]     |
[INFO] [stdout] 227 |         let now = DateTimeUtc::from_utc(naive, Utc);
[INFO] [stdout]     |                                ^^^^^^^^
[INFO] [stdout] 
[INFO] [stdout] 
[INFO] [stdout] warning: use of deprecated method `chrono::TimeZone::ymd`: use `with_ymd_and_hms()` instead
[INFO] [stdout]    --> src/types/date_time.rs:338:13
[INFO] [stdout]     |
[INFO] [stdout] 338 |         Utc.ymd(MIN_YEAR as i32, 1, 1).and_hms(0, 0, 0)
[INFO] [stdout]     |             ^^^
[INFO] [stdout] 
[INFO] [stdout] 
[INFO] [stdout] warning: use of deprecated method `chrono::Date::<Tz>::and_hms`: Use and_hms_opt() instead
[INFO] [stdout]    --> src/types/date_time.rs:338:40
[INFO] [stdout]     |
[INFO] [stdout] 338 |         Utc.ymd(MIN_YEAR as i32, 1, 1).and_hms(0, 0, 0)
[INFO] [stdout]     |                                        ^^^^^^^
[INFO] [stdout] 
[INFO] [stdout] 
[INFO] [stdout] warning: use of deprecated method `chrono::TimeZone::ymd`: use `with_ymd_and_hms()` instead
[INFO] [stdout]    --> src/types/date_time.rs:344:13
[INFO] [stdout]     |
[INFO] [stdout] 344 |         Utc.ymd(MAX_YEAR as i32, 12, 31).and_hms(23, 59, 59)
[INFO] [stdout]     |             ^^^
[INFO] [stdout] 
[INFO] [stdout] 
[INFO] [stdout] warning: use of deprecated method `chrono::Date::<Tz>::and_hms`: Use and_hms_opt() instead
[INFO] [stdout]    --> src/types/date_time.rs:344:42
[INFO] [stdout]     |
[INFO] [stdout] 344 |         Utc.ymd(MAX_YEAR as i32, 12, 31).and_hms(23, 59, 59)
[INFO] [stdout]     |                                          ^^^^^^^
[INFO] [stdout] 
[INFO] [stdout] 
[INFO] [stdout] error: aborting due to 12 previous errors; 20 warnings emitted
[INFO] [stdout] 
[INFO] [stdout] 
[INFO] [stdout] For more information about this error, try `rustc --explain E0433`.
[INFO] [stdout] 
[INFO] [stderr] error: could not compile `rplc_opcua` (lib test) due to 13 previous errors; 20 warnings emitted
[INFO] [stderr] warning: build failed, waiting for other jobs to finish...
[INFO] [stderr] error: could not compile `rplc_opcua` (lib); 17 warnings emitted
[INFO] [stderr] 
[INFO] [stderr] Caused by:
[INFO] [stderr]   process didn't exit successfully: `/opt/rustwide/rustup-home/toolchains/nightly-2024-02-05-x86_64-unknown-linux-gnu/bin/rustc --crate-name opcua --edition=2021 src/lib.rs --error-format=json --json=diagnostic-rendered-ansi,artifacts,future-incompat --crate-type lib --emit=dep-info,metadata -C embed-bitcode=no -C debuginfo=2 --cfg 'feature="client"' --cfg 'feature="default"' --cfg 'feature="discovery-server-registration"' --cfg 'feature="generated-address-space"' --cfg 'feature="server"' -C metadata=d1f7c07b922d3fbe -C extra-filename=-d1f7c07b922d3fbe --out-dir /opt/rustwide/target/debug/deps -L dependency=/opt/rustwide/target/debug/deps --extern base64=/opt/rustwide/target/debug/deps/libbase64-0f59129b8e0dbc2d.rmeta --extern bitflags=/opt/rustwide/target/debug/deps/libbitflags-b30cc942da4a1a2e.rmeta --extern byteorder=/opt/rustwide/target/debug/deps/libbyteorder-f457975fa4e321fd.rmeta --extern bytes=/opt/rustwide/target/debug/deps/libbytes-6cfd0cdf4324e5f0.rmeta --extern chrono=/opt/rustwide/target/debug/deps/libchrono-9115e33064e6a891.rmeta --extern derivative=/opt/rustwide/target/debug/deps/libderivative-bdc1ece239d25585.so --extern foreign_types=/opt/rustwide/target/debug/deps/libforeign_types-72630178aa87550e.rmeta --extern futures=/opt/rustwide/target/debug/deps/libfutures-34242a399982d6ff.rmeta --extern gethostname=/opt/rustwide/target/debug/deps/libgethostname-04f00e152d1a292f.rmeta --extern lazy_static=/opt/rustwide/target/debug/deps/liblazy_static-cfcc8480bfe4faf6.rmeta --extern libc=/opt/rustwide/target/debug/deps/liblibc-6975844e7d95d870.rmeta --extern log=/opt/rustwide/target/debug/deps/liblog-b2a0bfe49e21f933.rmeta --extern openssl=/opt/rustwide/target/debug/deps/libopenssl-0fcf5ee3d7434fd5.rmeta --extern openssl_sys=/opt/rustwide/target/debug/deps/libopenssl_sys-a89ffb180d5ff14c.rmeta --extern parking_lot=/opt/rustwide/target/debug/deps/libparking_lot-b67e1694621ebb85.rmeta --extern regex=/opt/rustwide/target/debug/deps/libregex-2cc4d1c09192ac27.rmeta --extern serde=/opt/rustwide/target/debug/deps/libserde-ea0ff611f9bdad37.rmeta --extern serde_derive=/opt/rustwide/target/debug/deps/libserde_derive-084f663a058c4645.so --extern serde_json=/opt/rustwide/target/debug/deps/libserde_json-01b3c9f38b03b47e.rmeta --extern serde_yaml=/opt/rustwide/target/debug/deps/libserde_yaml-1c79a0296a4efd1d.rmeta --extern tokio=/opt/rustwide/target/debug/deps/libtokio-4d1ec7c069cf7afd.rmeta --extern tokio_util=/opt/rustwide/target/debug/deps/libtokio_util-5f4e6c8f9fefe8c7.rmeta --extern url=/opt/rustwide/target/debug/deps/liburl-6dd2ef73a67eb8e4.rmeta --extern uuid=/opt/rustwide/target/debug/deps/libuuid-f40375e18905190e.rmeta --cap-lints=forbid` (signal: 9, SIGKILL: kill)
[INFO] running `Command { std: "docker" "inspect" "df985ea908eaef34ba10a0c56cc1e167a1a41953632de9ad36aa8adde5ee2947", kill_on_drop: false }`
[INFO] running `Command { std: "docker" "rm" "-f" "df985ea908eaef34ba10a0c56cc1e167a1a41953632de9ad36aa8adde5ee2947", kill_on_drop: false }`
[INFO] [stdout] df985ea908eaef34ba10a0c56cc1e167a1a41953632de9ad36aa8adde5ee2947
[INFO] checking rplc_opcua-0.12.3 against nightly-2024-02-05+rustflags=-Dunexpected_cfgs+cargoflags=-Zcheck-cfg for check-cfg
[INFO] extracting crate rplc_opcua 0.12.3 into /workspace/builds/worker-2-tc2/source
[INFO] validating manifest of crates.io crate rplc_opcua 0.12.3 on toolchain nightly-2024-02-05
[INFO] running `Command { std: CARGO_HOME="/workspace/cargo-home" RUSTUP_HOME="/workspace/rustup-home" "/workspace/cargo-home/bin/cargo" "+nightly-2024-02-05" "metadata" "--manifest-path" "Cargo.toml" "--no-deps", kill_on_drop: false }`
[INFO] started tweaking crates.io crate rplc_opcua 0.12.3
[INFO] finished tweaking crates.io crate rplc_opcua 0.12.3
[INFO] tweaked toml for crates.io crate rplc_opcua 0.12.3 written to /workspace/builds/worker-2-tc2/source/Cargo.toml
[INFO] running `Command { std: CARGO_HOME="/workspace/cargo-home" RUSTUP_HOME="/workspace/rustup-home" "/workspace/cargo-home/bin/cargo" "+nightly-2024-02-05" "generate-lockfile" "--manifest-path" "Cargo.toml", kill_on_drop: false }`
[INFO] [stderr]     Updating crates.io index
[INFO] running `Command { std: CARGO_HOME="/workspace/cargo-home" RUSTUP_HOME="/workspace/rustup-home" "/workspace/cargo-home/bin/cargo" "+nightly-2024-02-05" "fetch" "--manifest-path" "Cargo.toml", kill_on_drop: false }`
[INFO] running `Command { std: "docker" "create" "-v" "/var/lib/crater-agent-workspace/builds/worker-2-tc2/target:/opt/rustwide/target:rw,Z" "-v" "/var/lib/crater-agent-workspace/builds/worker-2-tc2/source:/opt/rustwide/workdir:ro,Z" "-v" "/var/lib/crater-agent-workspace/cargo-home:/opt/rustwide/cargo-home:ro,Z" "-v" "/var/lib/crater-agent-workspace/rustup-home:/opt/rustwide/rustup-home:ro,Z" "-e" "SOURCE_DIR=/opt/rustwide/workdir" "-e" "CARGO_TARGET_DIR=/opt/rustwide/target" "-e" "CARGO_HOME=/opt/rustwide/cargo-home" "-e" "RUSTUP_HOME=/opt/rustwide/rustup-home" "-w" "/opt/rustwide/workdir" "-m" "1610612736" "--user" "0:0" "--network" "none" "ghcr.io/rust-lang/crates-build-env/linux@sha256:2788e3201cd34a07e3172128adcd8b3090168a8e3bcc40d7c032b9dda1df7d1c" "/opt/rustwide/cargo-home/bin/cargo" "+nightly-2024-02-05" "metadata" "--no-deps" "--format-version=1", kill_on_drop: false }`
[INFO] [stdout] 100a0dfa894bb8c58a015042ba7fa7b7d9a3da87f3577fee5628c287e3a3d5f1
[INFO] running `Command { std: "docker" "start" "-a" "100a0dfa894bb8c58a015042ba7fa7b7d9a3da87f3577fee5628c287e3a3d5f1", kill_on_drop: false }`
[INFO] running `Command { std: "docker" "inspect" "100a0dfa894bb8c58a015042ba7fa7b7d9a3da87f3577fee5628c287e3a3d5f1", kill_on_drop: false }`
[INFO] running `Command { std: "docker" "rm" "-f" "100a0dfa894bb8c58a015042ba7fa7b7d9a3da87f3577fee5628c287e3a3d5f1", kill_on_drop: false }`
[INFO] [stdout] 100a0dfa894bb8c58a015042ba7fa7b7d9a3da87f3577fee5628c287e3a3d5f1
[INFO] running `Command { std: "docker" "create" "-v" "/var/lib/crater-agent-workspace/builds/worker-2-tc2/target:/opt/rustwide/target:rw,Z" "-v" "/var/lib/crater-agent-workspace/builds/worker-2-tc2/source:/opt/rustwide/workdir:ro,Z" "-v" "/var/lib/crater-agent-workspace/cargo-home:/opt/rustwide/cargo-home:ro,Z" "-v" "/var/lib/crater-agent-workspace/rustup-home:/opt/rustwide/rustup-home:ro,Z" "-e" "SOURCE_DIR=/opt/rustwide/workdir" "-e" "CARGO_TARGET_DIR=/opt/rustwide/target" "-e" "CARGO_INCREMENTAL=0" "-e" "RUST_BACKTRACE=full" "-e" "RUSTFLAGS=--cap-lints=forbid -Dunexpected_cfgs" "-e" "RUSTDOCFLAGS=--cap-lints=forbid" "-e" "CARGO_HOME=/opt/rustwide/cargo-home" "-e" "RUSTUP_HOME=/opt/rustwide/rustup-home" "-w" "/opt/rustwide/workdir" "-m" "1610612736" "--user" "0:0" "--network" "none" "ghcr.io/rust-lang/crates-build-env/linux@sha256:2788e3201cd34a07e3172128adcd8b3090168a8e3bcc40d7c032b9dda1df7d1c" "/opt/rustwide/cargo-home/bin/cargo" "+nightly-2024-02-05" "check" "--frozen" "--all" "--all-targets" "--message-format=json" "-Zcheck-cfg", kill_on_drop: false }`
[INFO] [stdout] d115b2bb8b23a2896164957a91bac89000b12ba8b82e7962f66b0305934eeefa
[INFO] running `Command { std: "docker" "start" "-a" "d115b2bb8b23a2896164957a91bac89000b12ba8b82e7962f66b0305934eeefa", kill_on_drop: false }`
[INFO] [stderr]    Compiling parking_lot_core v0.9.9
[INFO] [stderr]     Checking futures-sink v0.3.30
[INFO] [stderr]     Checking smallvec v1.13.1
[INFO] [stderr]     Checking futures-io v0.3.30
[INFO] [stderr]     Checking num_cpus v1.16.0
[INFO] [stderr]     Checking unicode-normalization v0.1.22
[INFO] [stderr]     Checking mio v0.8.10
[INFO] [stderr]     Checking socket2 v0.5.5
[INFO] [stderr]     Checking signal-hook-registry v1.4.1
[INFO] [stderr]     Checking unicode-bidi v0.3.15
[INFO] [stderr]     Checking hashbrown v0.14.3
[INFO] [stderr]    Compiling syn v2.0.48
[INFO] [stderr]    Compiling openssl-sys v0.9.99
[INFO] [stderr]     Checking matches v0.1.10
[INFO] [stderr]    Compiling openssl v0.10.63
[INFO] [stderr]    Compiling syn v1.0.109
[INFO] [stderr]     Checking getrandom v0.2.12
[INFO] [stderr]     Checking futures-channel v0.3.30
[INFO] [stderr]     Checking percent-encoding v1.0.1
[INFO] [stderr]     Checking unsafe-libyaml v0.2.10
[INFO] [stderr]     Checking chrono v0.4.33
[INFO] [stderr]     Checking uuid v1.7.0
[INFO] [stderr]     Checking gethostname v0.4.3
[INFO] [stderr]     Checking rand v0.4.6
[INFO] [stderr]     Checking remove_dir_all v0.5.3
[INFO] [stderr]     Checking base64 v0.21.7
[INFO] [stderr]     Checking parking_lot v0.12.1
[INFO] [stderr]     Checking idna v0.1.5
[INFO] [stderr]     Checking indexmap v2.2.2
[INFO] [stderr]     Checking tempdir v0.3.7
[INFO] [stderr]     Checking url v1.7.2
[INFO] [stderr]     Checking serde_yaml v0.9.31
[INFO] [stderr]    Compiling derivative v2.2.0
[INFO] [stderr]    Compiling futures-macro v0.3.30
[INFO] [stderr]    Compiling tokio-macros v2.2.0
[INFO] [stderr]    Compiling openssl-macros v0.1.1
[INFO] [stderr]    Compiling serde_derive v1.0.196
[INFO] [stderr]     Checking tokio v1.36.0
[INFO] [stderr]     Checking futures-util v0.3.30
[INFO] [stderr]     Checking futures-executor v0.3.30
[INFO] [stderr]     Checking futures v0.3.30
[INFO] [stderr]     Checking tokio-util v0.6.10
[INFO] [stderr]     Checking rplc_opcua v0.12.3 (/opt/rustwide/workdir)
[INFO] [stdout] error[E0433]: failed to resolve: could not find `console_logging` in the crate root
[INFO] [stdout]    --> src/crypto/tests/crypto.rs:232:12
[INFO] [stdout]     |
[INFO] [stdout] 232 |     crate::console_logging::init();
[INFO] [stdout]     |            ^^^^^^^^^^^^^^^ could not find `console_logging` in the crate root
[INFO] [stdout]     |
[INFO] [stdout] note: found an item that was configured out
[INFO] [stdout]    --> src/lib.rs:71:9
[INFO] [stdout]     |
[INFO] [stdout] 71  | pub mod console_logging;
[INFO] [stdout]     |         ^^^^^^^^^^^^^^^
[INFO] [stdout]     = note: the item is gated behind the `console-logging` feature
[INFO] [stdout] 
[INFO] [stdout] 
[INFO] [stdout] error[E0433]: failed to resolve: could not find `console_logging` in the crate root
[INFO] [stdout]    --> src/crypto/x509.rs:629:16
[INFO] [stdout]     |
[INFO] [stdout] 629 |         crate::console_logging::init();
[INFO] [stdout]     |                ^^^^^^^^^^^^^^^ could not find `console_logging` in the crate root
[INFO] [stdout]     |
[INFO] [stdout] note: found an item that was configured out
[INFO] [stdout]    --> src/lib.rs:71:9
[INFO] [stdout]     |
[INFO] [stdout] 71  | pub mod console_logging;
[INFO] [stdout]     |         ^^^^^^^^^^^^^^^
[INFO] [stdout]     = note: the item is gated behind the `console-logging` feature
[INFO] [stdout] 
[INFO] [stdout] 
[INFO] [stdout] warning: ambiguous glob re-exports
[INFO] [stdout]    --> src/client/mod.rs:163:13
[INFO] [stdout]     |
[INFO] [stdout] 158 |           core::prelude::*,
[INFO] [stdout]     |           ---------------- but the name `DecodingOptions` in the type namespace is also re-exported here
[INFO] [stdout] ...
[INFO] [stdout] 163 |       pub use crate::client::{
[INFO] [stdout]     |  _____________^
[INFO] [stdout] 164 | |         builder::*,
[INFO] [stdout] 165 | |         callbacks::*,
[INFO] [stdout] 166 | |         client::*,
[INFO] [stdout] ...   |
[INFO] [stdout] 169 | |         subscription::MonitoredItem,
[INFO] [stdout] 170 | |     };
[INFO] [stdout]     | |_____^ the name `DecodingOptions` in the type namespace is first re-exported here
[INFO] [stdout]     |
[INFO] [stdout]     = note: `#[warn(ambiguous_glob_reexports)]` on by default
[INFO] [stdout] 
[INFO] [stdout] 
[INFO] [stdout] warning: ambiguous glob re-exports
[INFO] [stdout]   --> src/server/mod.rs:72:13
[INFO] [stdout]    |
[INFO] [stdout] 72 |       pub use crate::server::{
[INFO] [stdout]    |  _____________^
[INFO] [stdout] 73 | |         address_space::types::*,
[INFO] [stdout]    | |         ----------------------- but the name `Method` in the type namespace is also re-exported here
[INFO] [stdout] 74 | |         address_space::{AccessLevel, EventNotifier, UserAccessLevel},
[INFO] [stdout] 75 | |         builder::*,
[INFO] [stdout] ...  |
[INFO] [stdout] 82 | |         util::*,
[INFO] [stdout] 83 | |     };
[INFO] [stdout]    | |_____^ the name `Method` in the type namespace is first re-exported here
[INFO] [stdout] 
[INFO] [stdout] 
[INFO] [stdout] warning: unused import: `crate::types::*`
[INFO] [stdout]   --> src/server/mod.rs:86:13
[INFO] [stdout]    |
[INFO] [stdout] 86 |     pub use crate::types::*;
[INFO] [stdout]    |             ^^^^^^^^^^^^^^^
[INFO] [stdout]    |
[INFO] [stdout]    = note: `#[warn(unused_imports)]` on by default
[INFO] [stdout] 
[INFO] [stdout] 
[INFO] [stdout] error[E0433]: failed to resolve: could not find `console_logging` in the crate root
[INFO] [stdout]    --> src/server/events/event.rs:666:12
[INFO] [stdout]     |
[INFO] [stdout] 666 |     crate::console_logging::init();
[INFO] [stdout]     |            ^^^^^^^^^^^^^^^ could not find `console_logging` in the crate root
[INFO] [stdout]     |
[INFO] [stdout] note: found an item that was configured out
[INFO] [stdout]    --> src/lib.rs:71:9
[INFO] [stdout]     |
[INFO] [stdout] 71  | pub mod console_logging;
[INFO] [stdout]     |         ^^^^^^^^^^^^^^^
[INFO] [stdout]     = note: the item is gated behind the `console-logging` feature
[INFO] [stdout] 
[INFO] [stdout] 
[INFO] [stdout] warning: unused imports: `Deserialize`, `Serialize`
[INFO] [stdout]   --> src/types/localized_text.rs:13:13
[INFO] [stdout]    |
[INFO] [stdout] 13 | use serde::{Deserialize, Serialize};
[INFO] [stdout]    |             ^^^^^^^^^^^  ^^^^^^^^^
[INFO] [stdout] 
[INFO] [stdout] 
[INFO] [stdout] error[E0433]: failed to resolve: could not find `console_logging` in the crate root
[INFO] [stdout]    --> src/server/tests/address_space.rs:749:12
[INFO] [stdout]     |
[INFO] [stdout] 749 |     crate::console_logging::init();
[INFO] [stdout]     |            ^^^^^^^^^^^^^^^ could not find `console_logging` in the crate root
[INFO] [stdout]     |
[INFO] [stdout] note: found an item that was configured out
[INFO] [stdout]    --> src/lib.rs:71:9
[INFO] [stdout]     |
[INFO] [stdout] 71  | pub mod console_logging;
[INFO] [stdout]     |         ^^^^^^^^^^^^^^^
[INFO] [stdout]     = note: the item is gated behind the `console-logging` feature
[INFO] [stdout] 
[INFO] [stdout] 
[INFO] [stdout] warning: ambiguous glob re-exports
[INFO] [stdout]    --> src/types/mod.rs:224:9
[INFO] [stdout]     |
[INFO] [stdout] 224 |   pub use crate::types::{
[INFO] [stdout]     |  _________^
[INFO] [stdout] 225 | |     argument::*, array::*, attribute::*, basic_types::*, byte_string::*, data_types::*,
[INFO] [stdout] 226 | |     data_value::*, date_time::*, diagnostic_info::*, encoding::*, expanded_node_id::*,
[INFO] [stdout] 227 | |     extension_object::*, guid::*, localized_text::*, node_id::*, node_ids::*, numeric_range::*,
[INFO] [stdout] 228 | |     operand::*, qualified_name::*, request_header::*, response_header::*, service_types::*,
[INFO] [stdout]     | |                                                                           ---------------- but the name `Argument` in the type namespace is also re-exported here
[INFO] [stdout] 229 | |     status_code::*, string::*, variant::*, variant_type_id::*,
[INFO] [stdout] 230 | | };
[INFO] [stdout]     | |_^ the name `Argument` in the type namespace is first re-exported here
[INFO] [stdout] 
[INFO] [stdout] 
[INFO] [stdout] warning: unused imports: `argument::*`, `basic_types::*`
[INFO] [stdout]    --> src/types/mod.rs:225:5
[INFO] [stdout]     |
[INFO] [stdout] 225 |     argument::*, array::*, attribute::*, basic_types::*, byte_string::*, data_types::*,
[INFO] [stdout]     |     ^^^^^^^^^^^                          ^^^^^^^^^^^^^^
[INFO] [stdout] 
[INFO] [stdout] 
[INFO] [stdout] warning: unused import: `crate::client::prelude::*`
[INFO] [stdout]    --> src/lib.rs:121:13
[INFO] [stdout]     |
[INFO] [stdout] 121 |     pub use crate::client::prelude::*;
[INFO] [stdout]     |             ^^^^^^^^^^^^^^^^^^^^^^^^^
[INFO] [stdout] 
[INFO] [stdout] 
[INFO] [stdout] warning: unused import: `crate::core::prelude::*`
[INFO] [stdout]    --> src/lib.rs:122:13
[INFO] [stdout]     |
[INFO] [stdout] 122 |     pub use crate::core::prelude::*;
[INFO] [stdout]     |             ^^^^^^^^^^^^^^^^^^^^^^^
[INFO] [stdout] 
[INFO] [stdout] 
[INFO] [stdout] error[E0433]: failed to resolve: could not find `console_logging` in the crate root
[INFO] [stdout]    --> src/server/tests/address_space.rs:786:12
[INFO] [stdout]     |
[INFO] [stdout] 786 |     crate::console_logging::init();
[INFO] [stdout]     |            ^^^^^^^^^^^^^^^ could not find `console_logging` in the crate root
[INFO] [stdout]     |
[INFO] [stdout] note: found an item that was configured out
[INFO] [stdout]    --> src/lib.rs:71:9
[INFO] [stdout]     |
[INFO] [stdout] 71  | pub mod console_logging;
[INFO] [stdout]     |         ^^^^^^^^^^^^^^^
[INFO] [stdout]     = note: the item is gated behind the `console-logging` feature
[INFO] [stdout] 
[INFO] [stdout] 
[INFO] [stdout] error[E0433]: failed to resolve: could not find `console_logging` in the crate root
[INFO] [stdout]    --> src/server/tests/events.rs:151:12
[INFO] [stdout]     |
[INFO] [stdout] 151 |     crate::console_logging::init();
[INFO] [stdout]     |            ^^^^^^^^^^^^^^^ could not find `console_logging` in the crate root
[INFO] [stdout]     |
[INFO] [stdout] note: found an item that was configured out
[INFO] [stdout]    --> src/lib.rs:71:9
[INFO] [stdout]     |
[INFO] [stdout] 71  | pub mod console_logging;
[INFO] [stdout]     |         ^^^^^^^^^^^^^^^
[INFO] [stdout]     = note: the item is gated behind the `console-logging` feature
[INFO] [stdout] 
[INFO] [stdout] 
[INFO] [stdout] error[E0433]: failed to resolve: could not find `console_logging` in the crate root
[INFO] [stdout]    --> src/server/tests/events.rs:793:12
[INFO] [stdout]     |
[INFO] [stdout] 793 |     crate::console_logging::init();
[INFO] [stdout]     |            ^^^^^^^^^^^^^^^ could not find `console_logging` in the crate root
[INFO] [stdout]     |
[INFO] [stdout] note: found an item that was configured out
[INFO] [stdout]    --> src/lib.rs:71:9
[INFO] [stdout]     |
[INFO] [stdout] 71  | pub mod console_logging;
[INFO] [stdout]     |         ^^^^^^^^^^^^^^^
[INFO] [stdout]     = note: the item is gated behind the `console-logging` feature
[INFO] [stdout] 
[INFO] [stdout] 
[INFO] [stdout] error[E0433]: failed to resolve: could not find `console_logging` in the crate root
[INFO] [stdout]   --> src/server/tests/services/node_management.rs:18:12
[INFO] [stdout]    |
[INFO] [stdout] 18 |     crate::console_logging::init();
[INFO] [stdout]    |            ^^^^^^^^^^^^^^^ could not find `console_logging` in the crate root
[INFO] [stdout]    |
[INFO] [stdout] note: found an item that was configured out
[INFO] [stdout]   --> src/lib.rs:71:9
[INFO] [stdout]    |
[INFO] [stdout] 71 | pub mod console_logging;
[INFO] [stdout]    |         ^^^^^^^^^^^^^^^
[INFO] [stdout]    = note: the item is gated behind the `console-logging` feature
[INFO] [stdout] 
[INFO] [stdout] 
[INFO] [stdout] error[E0433]: failed to resolve: could not find `console_logging` in the crate root
[INFO] [stdout]   --> src/server/tests/services/session.rs:38:12
[INFO] [stdout]    |
[INFO] [stdout] 38 |     crate::console_logging::init();
[INFO] [stdout]    |            ^^^^^^^^^^^^^^^ could not find `console_logging` in the crate root
[INFO] [stdout]    |
[INFO] [stdout] note: found an item that was configured out
[INFO] [stdout]   --> src/lib.rs:71:9
[INFO] [stdout]    |
[INFO] [stdout] 71 | pub mod console_logging;
[INFO] [stdout]    |         ^^^^^^^^^^^^^^^
[INFO] [stdout]    = note: the item is gated behind the `console-logging` feature
[INFO] [stdout] 
[INFO] [stdout] 
[INFO] [stdout] error[E0433]: failed to resolve: could not find `console_logging` in the crate root
[INFO] [stdout]   --> src/server/tests/services/view.rs:82:12
[INFO] [stdout]    |
[INFO] [stdout] 82 |     crate::console_logging::init();
[INFO] [stdout]    |            ^^^^^^^^^^^^^^^ could not find `console_logging` in the crate root
[INFO] [stdout]    |
[INFO] [stdout] note: found an item that was configured out
[INFO] [stdout]   --> src/lib.rs:71:9
[INFO] [stdout]    |
[INFO] [stdout] 71 | pub mod console_logging;
[INFO] [stdout]    |         ^^^^^^^^^^^^^^^
[INFO] [stdout]    = note: the item is gated behind the `console-logging` feature
[INFO] [stdout] 
[INFO] [stdout] 
[INFO] [stdout] error[E0433]: failed to resolve: could not find `console_logging` in the crate root
[INFO] [stdout]    --> src/server/tests/services/view.rs:287:12
[INFO] [stdout]     |
[INFO] [stdout] 287 |     crate::console_logging::init();
[INFO] [stdout]     |            ^^^^^^^^^^^^^^^ could not find `console_logging` in the crate root
[INFO] [stdout]     |
[INFO] [stdout] note: found an item that was configured out
[INFO] [stdout]    --> src/lib.rs:71:9
[INFO] [stdout]     |
[INFO] [stdout] 71  | pub mod console_logging;
[INFO] [stdout]     |         ^^^^^^^^^^^^^^^
[INFO] [stdout]     = note: the item is gated behind the `console-logging` feature
[INFO] [stdout] 
[INFO] [stdout] 
[INFO] [stdout] error[E0433]: failed to resolve: could not find `console_logging` in the crate root
[INFO] [stdout]    --> src/server/tests/services/view.rs:434:12
[INFO] [stdout]     |
[INFO] [stdout] 434 |     crate::console_logging::init();
[INFO] [stdout]     |            ^^^^^^^^^^^^^^^ could not find `console_logging` in the crate root
[INFO] [stdout]     |
[INFO] [stdout] note: found an item that was configured out
[INFO] [stdout]    --> src/lib.rs:71:9
[INFO] [stdout]     |
[INFO] [stdout] 71  | pub mod console_logging;
[INFO] [stdout]     |         ^^^^^^^^^^^^^^^
[INFO] [stdout]     = note: the item is gated behind the `console-logging` feature
[INFO] [stdout] 
[INFO] [stdout] 
[INFO] [stdout] warning: ambiguous glob re-exports
[INFO] [stdout]    --> src/client/mod.rs:163:13
[INFO] [stdout]     |
[INFO] [stdout] 158 |           core::prelude::*,
[INFO] [stdout]     |           ---------------- but the name `DecodingOptions` in the type namespace is also re-exported here
[INFO] [stdout] ...
[INFO] [stdout] 163 |       pub use crate::client::{
[INFO] [stdout]     |  _____________^
[INFO] [stdout] 164 | |         builder::*,
[INFO] [stdout] 165 | |         callbacks::*,
[INFO] [stdout] 166 | |         client::*,
[INFO] [stdout] ...   |
[INFO] [stdout] 169 | |         subscription::MonitoredItem,
[INFO] [stdout] 170 | |     };
[INFO] [stdout]     | |_____^ the name `DecodingOptions` in the type namespace is first re-exported here
[INFO] [stdout]     |
[INFO] [stdout]     = note: `#[warn(ambiguous_glob_reexports)]` on by default
[INFO] [stdout] 
[INFO] [stdout] 
[INFO] [stdout] warning: ambiguous glob re-exports
[INFO] [stdout]   --> src/server/mod.rs:72:13
[INFO] [stdout]    |
[INFO] [stdout] 72 |       pub use crate::server::{
[INFO] [stdout]    |  _____________^
[INFO] [stdout] 73 | |         address_space::types::*,
[INFO] [stdout]    | |         ----------------------- but the name `Method` in the type namespace is also re-exported here
[INFO] [stdout] 74 | |         address_space::{AccessLevel, EventNotifier, UserAccessLevel},
[INFO] [stdout] 75 | |         builder::*,
[INFO] [stdout] ...  |
[INFO] [stdout] 82 | |         util::*,
[INFO] [stdout] 83 | |     };
[INFO] [stdout]    | |_____^ the name `Method` in the type namespace is first re-exported here
[INFO] [stdout] 
[INFO] [stdout] 
[INFO] [stdout] warning: unused import: `crate::types::*`
[INFO] [stdout]   --> src/server/mod.rs:86:13
[INFO] [stdout]    |
[INFO] [stdout] 86 |     pub use crate::types::*;
[INFO] [stdout]    |             ^^^^^^^^^^^^^^^
[INFO] [stdout]    |
[INFO] [stdout]    = note: `#[warn(unused_imports)]` on by default
[INFO] [stdout] 
[INFO] [stdout] 
[INFO] [stdout] warning: unused imports: `Deserialize`, `Serialize`
[INFO] [stdout]   --> src/types/localized_text.rs:13:13
[INFO] [stdout]    |
[INFO] [stdout] 13 | use serde::{Deserialize, Serialize};
[INFO] [stdout]    |             ^^^^^^^^^^^  ^^^^^^^^^
[INFO] [stdout] 
[INFO] [stdout] 
[INFO] [stdout] warning: ambiguous glob re-exports
[INFO] [stdout]    --> src/types/mod.rs:224:9
[INFO] [stdout]     |
[INFO] [stdout] 224 |   pub use crate::types::{
[INFO] [stdout]     |  _________^
[INFO] [stdout] 225 | |     argument::*, array::*, attribute::*, basic_types::*, byte_string::*, data_types::*,
[INFO] [stdout] 226 | |     data_value::*, date_time::*, diagnostic_info::*, encoding::*, expanded_node_id::*,
[INFO] [stdout] 227 | |     extension_object::*, guid::*, localized_text::*, node_id::*, node_ids::*, numeric_range::*,
[INFO] [stdout] 228 | |     operand::*, qualified_name::*, request_header::*, response_header::*, service_types::*,
[INFO] [stdout]     | |                                                                           ---------------- but the name `Argument` in the type namespace is also re-exported here
[INFO] [stdout] 229 | |     status_code::*, string::*, variant::*, variant_type_id::*,
[INFO] [stdout] 230 | | };
[INFO] [stdout]     | |_^ the name `Argument` in the type namespace is first re-exported here
[INFO] [stdout] 
[INFO] [stdout] 
[INFO] [stdout] warning: unused import: `basic_types::*`
[INFO] [stdout]    --> src/types/mod.rs:225:42
[INFO] [stdout]     |
[INFO] [stdout] 225 |     argument::*, array::*, attribute::*, basic_types::*, byte_string::*, data_types::*,
[INFO] [stdout]     |                                          ^^^^^^^^^^^^^^
[INFO] [stdout] 
[INFO] [stdout] 
[INFO] [stdout] warning: `Argument` is ambiguous
[INFO] [stdout]    --> src/server/tests/address_space.rs:712:49
[INFO] [stdout]     |
[INFO] [stdout] 712 |                 let argument = v.decode_inner::<Argument>(&decoding_options).unwrap();
[INFO] [stdout]     |                                                 ^^^^^^^^ ambiguous name
[INFO] [stdout]     |
[INFO] [stdout]     = warning: this was previously accepted by the compiler but is being phased out; it will become a hard error in a future release!
[INFO] [stdout]     = note: for more information, see issue #114095 <https://github.com/rust-lang/rust/issues/114095>
[INFO] [stdout]     = note: ambiguous because of multiple glob imports of a name in the same module
[INFO] [stdout] note: `Argument` could refer to the struct imported here
[INFO] [stdout]    --> src/types/mod.rs:225:5
[INFO] [stdout]     |
[INFO] [stdout] 225 |     argument::*, array::*, attribute::*, basic_types::*, byte_string::*, data_types::*,
[INFO] [stdout]     |     ^^^^^^^^^^^
[INFO] [stdout]     = help: consider adding an explicit import of `Argument` to disambiguate
[INFO] [stdout] note: `Argument` could also refer to the struct imported here
[INFO] [stdout]    --> src/types/mod.rs:228:75
[INFO] [stdout]     |
[INFO] [stdout] 228 |     operand::*, qualified_name::*, request_header::*, response_header::*, service_types::*,
[INFO] [stdout]     |                                                                           ^^^^^^^^^^^^^^^^
[INFO] [stdout]     = help: consider adding an explicit import of `Argument` to disambiguate
[INFO] [stdout]     = note: `#[warn(ambiguous_glob_imports)]` on by default
[INFO] [stdout] 
[INFO] [stdout] 
[INFO] [stdout] warning: unused import: `crate::client::prelude::*`
[INFO] [stdout]    --> src/lib.rs:121:13
[INFO] [stdout]     |
[INFO] [stdout] 121 |     pub use crate::client::prelude::*;
[INFO] [stdout]     |             ^^^^^^^^^^^^^^^^^^^^^^^^^
[INFO] [stdout] 
[INFO] [stdout] 
[INFO] [stdout] warning: unused import: `crate::core::prelude::*`
[INFO] [stdout]    --> src/lib.rs:122:13
[INFO] [stdout]     |
[INFO] [stdout] 122 |     pub use crate::core::prelude::*;
[INFO] [stdout]     |             ^^^^^^^^^^^^^^^^^^^^^^^
[INFO] [stdout] 
[INFO] [stdout] 
[INFO] [stdout] warning: use of deprecated method `chrono::TimeZone::datetime_from_str`: use `DateTime::parse_from_str` or `NaiveDateTime::parse_from_str` with `and_utc()` or `and_local_timezone()` instead
[INFO] [stdout]    --> src/crypto/x509.rs:596:13
[INFO] [stdout]     |
[INFO] [stdout] 596 |         Utc.datetime_from_str(date, "%b %d %H:%M:%S %Y")
[INFO] [stdout]     |             ^^^^^^^^^^^^^^^^^
[INFO] [stdout]     |
[INFO] [stdout]     = note: `#[warn(deprecated)]` on by default
[INFO] [stdout] 
[INFO] [stdout] 
[INFO] [stdout] warning: use of deprecated method `chrono::TimeZone::datetime_from_str`: use `DateTime::parse_from_str` or `NaiveDateTime::parse_from_str` with `and_utc()` or `and_local_timezone()` instead
[INFO] [stdout]    --> src/crypto/x509.rs:596:13
[INFO] [stdout]     |
[INFO] [stdout] 596 |         Utc.datetime_from_str(date, "%b %d %H:%M:%S %Y")
[INFO] [stdout]     |             ^^^^^^^^^^^^^^^^^
[INFO] [stdout]     |
[INFO] [stdout]     = note: `#[warn(deprecated)]` on by default
[INFO] [stdout] 
[INFO] [stdout] 
[INFO] [stdout] warning: use of deprecated method `chrono::TimeZone::ymd`: use `with_ymd_and_hms()` instead
[INFO] [stdout]    --> src/types/date_time.rs:143:22
[INFO] [stdout]     |
[INFO] [stdout] 143 |         let dt = Utc.ymd(year as i32, month as u32, day as u32).and_hms_nano(
[INFO] [stdout]     |                      ^^^
[INFO] [stdout] 
[INFO] [stdout] 
[INFO] [stdout] warning: use of deprecated method `chrono::Date::<Tz>::and_hms_nano`: Use and_hms_nano_opt() instead
[INFO] [stdout]    --> src/types/date_time.rs:143:65
[INFO] [stdout]     |
[INFO] [stdout] 143 |         let dt = Utc.ymd(year as i32, month as u32, day as u32).and_hms_nano(
[INFO] [stdout]     |                                                                 ^^^^^^^^^^^^
[INFO] [stdout] 
[INFO] [stdout] 
[INFO] [stdout] warning: use of deprecated method `chrono::TimeZone::ymd`: use `with_ymd_and_hms()` instead
[INFO] [stdout]    --> src/types/date_time.rs:164:14
[INFO] [stdout]     |
[INFO] [stdout] 164 |             .ymd(year, month, day)
[INFO] [stdout]     |              ^^^
[INFO] [stdout] 
[INFO] [stdout] 
[INFO] [stdout] warning: use of deprecated method `chrono::Date::<Tz>::and_hms_nano`: Use and_hms_nano_opt() instead
[INFO] [stdout]    --> src/types/date_time.rs:165:14
[INFO] [stdout]     |
[INFO] [stdout] 165 |             .and_hms_nano(hour, minute, second, nanos);
[INFO] [stdout]     |              ^^^^^^^^^^^^
[INFO] [stdout] 
[INFO] [stdout] 
[INFO] [stdout] warning: use of deprecated method `chrono::TimeZone::ymd`: use `with_ymd_and_hms()` instead
[INFO] [stdout]    --> src/types/date_time.rs:338:13
[INFO] [stdout]     |
[INFO] [stdout] 338 |         Utc.ymd(MIN_YEAR as i32, 1, 1).and_hms(0, 0, 0)
[INFO] [stdout]     |             ^^^
[INFO] [stdout] 
[INFO] [stdout] 
[INFO] [stdout] warning: use of deprecated method `chrono::Date::<Tz>::and_hms`: Use and_hms_opt() instead
[INFO] [stdout]    --> src/types/date_time.rs:338:40
[INFO] [stdout]     |
[INFO] [stdout] 338 |         Utc.ymd(MIN_YEAR as i32, 1, 1).and_hms(0, 0, 0)
[INFO] [stdout]     |                                        ^^^^^^^
[INFO] [stdout] 
[INFO] [stdout] 
[INFO] [stdout] warning: use of deprecated method `chrono::TimeZone::ymd`: use `with_ymd_and_hms()` instead
[INFO] [stdout]    --> src/types/date_time.rs:344:13
[INFO] [stdout]     |
[INFO] [stdout] 344 |         Utc.ymd(MAX_YEAR as i32, 12, 31).and_hms(23, 59, 59)
[INFO] [stdout]     |             ^^^
[INFO] [stdout] 
[INFO] [stdout] 
[INFO] [stdout] warning: use of deprecated method `chrono::Date::<Tz>::and_hms`: Use and_hms_opt() instead
[INFO] [stdout]    --> src/types/date_time.rs:344:42
[INFO] [stdout]     |
[INFO] [stdout] 344 |         Utc.ymd(MAX_YEAR as i32, 12, 31).and_hms(23, 59, 59)
[INFO] [stdout]     |                                          ^^^^^^^
[INFO] [stdout] 
[INFO] [stdout] 
[INFO] [stdout] warning: use of deprecated method `chrono::TimeZone::ymd`: use `with_ymd_and_hms()` instead
[INFO] [stdout]    --> src/types/date_time.rs:143:22
[INFO] [stdout]     |
[INFO] [stdout] 143 |         let dt = Utc.ymd(year as i32, month as u32, day as u32).and_hms_nano(
[INFO] [stdout]     |                      ^^^
[INFO] [stdout] 
[INFO] [stdout] 
[INFO] [stdout] warning: use of deprecated method `chrono::Date::<Tz>::and_hms_nano`: Use and_hms_nano_opt() instead
[INFO] [stdout]    --> src/types/date_time.rs:143:65
[INFO] [stdout]     |
[INFO] [stdout] 143 |         let dt = Utc.ymd(year as i32, month as u32, day as u32).and_hms_nano(
[INFO] [stdout]     |                                                                 ^^^^^^^^^^^^
[INFO] [stdout] 
[INFO] [stdout] 
[INFO] [stdout] warning: use of deprecated method `chrono::TimeZone::ymd`: use `with_ymd_and_hms()` instead
[INFO] [stdout]    --> src/types/date_time.rs:164:14
[INFO] [stdout]     |
[INFO] [stdout] 164 |             .ymd(year, month, day)
[INFO] [stdout]     |              ^^^
[INFO] [stdout] 
[INFO] [stdout] 
[INFO] [stdout] warning: use of deprecated method `chrono::Date::<Tz>::and_hms_nano`: Use and_hms_nano_opt() instead
[INFO] [stdout]    --> src/types/date_time.rs:165:14
[INFO] [stdout]     |
[INFO] [stdout] 165 |             .and_hms_nano(hour, minute, second, nanos);
[INFO] [stdout]     |              ^^^^^^^^^^^^
[INFO] [stdout] 
[INFO] [stdout] 
[INFO] [stdout] warning: use of deprecated associated function `chrono::NaiveDateTime::from_timestamp`: use `from_timestamp_opt()` instead
[INFO] [stdout]    --> src/types/date_time.rs:226:36
[INFO] [stdout]     |
[INFO] [stdout] 226 |         let naive = NaiveDateTime::from_timestamp(duration.as_secs() as i64, 0);
[INFO] [stdout]     |                                    ^^^^^^^^^^^^^^
[INFO] [stdout] 
[INFO] [stdout] 
[INFO] [stdout] warning: use of deprecated associated function `chrono::DateTime::<Tz>::from_utc`: Use TimeZone::from_utc_datetime() or DateTime::from_naive_utc_and_offset instead
[INFO] [stdout]    --> src/types/date_time.rs:227:32
[INFO] [stdout]     |
[INFO] [stdout] 227 |         let now = DateTimeUtc::from_utc(naive, Utc);
[INFO] [stdout]     |                                ^^^^^^^^
[INFO] [stdout] 
[INFO] [stdout] 
[INFO] [stdout] warning: use of deprecated method `chrono::TimeZone::ymd`: use `with_ymd_and_hms()` instead
[INFO] [stdout]    --> src/types/date_time.rs:338:13
[INFO] [stdout]     |
[INFO] [stdout] 338 |         Utc.ymd(MIN_YEAR as i32, 1, 1).and_hms(0, 0, 0)
[INFO] [stdout]     |             ^^^
[INFO] [stdout] 
[INFO] [stdout] 
[INFO] [stdout] warning: use of deprecated method `chrono::Date::<Tz>::and_hms`: Use and_hms_opt() instead
[INFO] [stdout]    --> src/types/date_time.rs:338:40
[INFO] [stdout]     |
[INFO] [stdout] 338 |         Utc.ymd(MIN_YEAR as i32, 1, 1).and_hms(0, 0, 0)
[INFO] [stdout]     |                                        ^^^^^^^
[INFO] [stdout] 
[INFO] [stdout] 
[INFO] [stdout] warning: use of deprecated method `chrono::TimeZone::ymd`: use `with_ymd_and_hms()` instead
[INFO] [stdout]    --> src/types/date_time.rs:344:13
[INFO] [stdout]     |
[INFO] [stdout] 344 |         Utc.ymd(MAX_YEAR as i32, 12, 31).and_hms(23, 59, 59)
[INFO] [stdout]     |             ^^^
[INFO] [stdout] 
[INFO] [stdout] 
[INFO] [stdout] warning: use of deprecated method `chrono::Date::<Tz>::and_hms`: Use and_hms_opt() instead
[INFO] [stdout]    --> src/types/date_time.rs:344:42
[INFO] [stdout]     |
[INFO] [stdout] 344 |         Utc.ymd(MAX_YEAR as i32, 12, 31).and_hms(23, 59, 59)
[INFO] [stdout]     |                                          ^^^^^^^
[INFO] [stdout] 
[INFO] [stdout] 
[INFO] [stdout] error: aborting due to 12 previous errors; 20 warnings emitted
[INFO] [stdout] 
[INFO] [stdout] 
[INFO] [stdout] For more information about this error, try `rustc --explain E0433`.
[INFO] [stdout] 
[INFO] [stderr] error: could not compile `rplc_opcua` (lib test) due to 13 previous errors; 20 warnings emitted
[INFO] [stderr] warning: build failed, waiting for other jobs to finish...
[INFO] [stderr] error: could not compile `rplc_opcua` (lib); 17 warnings emitted
[INFO] [stderr] 
[INFO] [stderr] Caused by:
[INFO] [stderr]   process didn't exit successfully: `/opt/rustwide/rustup-home/toolchains/nightly-2024-02-05-x86_64-unknown-linux-gnu/bin/rustc --crate-name opcua --edition=2021 src/lib.rs --error-format=json --json=diagnostic-rendered-ansi,artifacts,future-incompat --crate-type lib --emit=dep-info,metadata -C embed-bitcode=no -C debuginfo=2 --cfg 'feature="client"' --cfg 'feature="default"' --cfg 'feature="discovery-server-registration"' --cfg 'feature="generated-address-space"' --cfg 'feature="server"' -Zunstable-options --check-cfg 'cfg(feature, values("actix-web", "all", "client", "console-logging", "default", "discovery-server-registration", "env_logger", "generated-address-space", "http", "rumqttc", "server", "test-vendored-openssl", "vendored-openssl"))' -C metadata=d1f7c07b922d3fbe -C extra-filename=-d1f7c07b922d3fbe --out-dir /opt/rustwide/target/debug/deps -L dependency=/opt/rustwide/target/debug/deps --extern base64=/opt/rustwide/target/debug/deps/libbase64-0f59129b8e0dbc2d.rmeta --extern bitflags=/opt/rustwide/target/debug/deps/libbitflags-b30cc942da4a1a2e.rmeta --extern byteorder=/opt/rustwide/target/debug/deps/libbyteorder-f457975fa4e321fd.rmeta --extern bytes=/opt/rustwide/target/debug/deps/libbytes-6cfd0cdf4324e5f0.rmeta --extern chrono=/opt/rustwide/target/debug/deps/libchrono-9115e33064e6a891.rmeta --extern derivative=/opt/rustwide/target/debug/deps/libderivative-bdc1ece239d25585.so --extern foreign_types=/opt/rustwide/target/debug/deps/libforeign_types-72630178aa87550e.rmeta --extern futures=/opt/rustwide/target/debug/deps/libfutures-34242a399982d6ff.rmeta --extern gethostname=/opt/rustwide/target/debug/deps/libgethostname-04f00e152d1a292f.rmeta --extern lazy_static=/opt/rustwide/target/debug/deps/liblazy_static-cfcc8480bfe4faf6.rmeta --extern libc=/opt/rustwide/target/debug/deps/liblibc-6975844e7d95d870.rmeta --extern log=/opt/rustwide/target/debug/deps/liblog-b2a0bfe49e21f933.rmeta --extern openssl=/opt/rustwide/target/debug/deps/libopenssl-0fcf5ee3d7434fd5.rmeta --extern openssl_sys=/opt/rustwide/target/debug/deps/libopenssl_sys-a89ffb180d5ff14c.rmeta --extern parking_lot=/opt/rustwide/target/debug/deps/libparking_lot-b67e1694621ebb85.rmeta --extern regex=/opt/rustwide/target/debug/deps/libregex-2cc4d1c09192ac27.rmeta --extern serde=/opt/rustwide/target/debug/deps/libserde-ea0ff611f9bdad37.rmeta --extern serde_derive=/opt/rustwide/target/debug/deps/libserde_derive-084f663a058c4645.so --extern serde_json=/opt/rustwide/target/debug/deps/libserde_json-01b3c9f38b03b47e.rmeta --extern serde_yaml=/opt/rustwide/target/debug/deps/libserde_yaml-1c79a0296a4efd1d.rmeta --extern tokio=/opt/rustwide/target/debug/deps/libtokio-4d1ec7c069cf7afd.rmeta --extern tokio_util=/opt/rustwide/target/debug/deps/libtokio_util-5f4e6c8f9fefe8c7.rmeta --extern url=/opt/rustwide/target/debug/deps/liburl-6dd2ef73a67eb8e4.rmeta --extern uuid=/opt/rustwide/target/debug/deps/libuuid-f40375e18905190e.rmeta --cap-lints=forbid -Dunexpected_cfgs` (signal: 9, SIGKILL: kill)
[INFO] running `Command { std: "docker" "inspect" "d115b2bb8b23a2896164957a91bac89000b12ba8b82e7962f66b0305934eeefa", kill_on_drop: false }`
[INFO] running `Command { std: "docker" "rm" "-f" "d115b2bb8b23a2896164957a91bac89000b12ba8b82e7962f66b0305934eeefa", kill_on_drop: false }`
[INFO] [stdout] d115b2bb8b23a2896164957a91bac89000b12ba8b82e7962f66b0305934eeefa
