[INFO] fetching crate rpfm_lib 4.2.3...
[INFO] checking rpfm_lib-4.2.3 against nightly-2024-02-05 for check-cfg
[INFO] extracting crate rpfm_lib 4.2.3 into /workspace/builds/worker-0-tc1/source
[INFO] validating manifest of crates.io crate rpfm_lib 4.2.3 on toolchain nightly-2024-02-05
[INFO] running `Command { std: CARGO_HOME="/workspace/cargo-home" RUSTUP_HOME="/workspace/rustup-home" "/workspace/cargo-home/bin/cargo" "+nightly-2024-02-05" "metadata" "--manifest-path" "Cargo.toml" "--no-deps", kill_on_drop: false }`
[INFO] started tweaking crates.io crate rpfm_lib 4.2.3
[INFO] finished tweaking crates.io crate rpfm_lib 4.2.3
[INFO] tweaked toml for crates.io crate rpfm_lib 4.2.3 written to /workspace/builds/worker-0-tc1/source/Cargo.toml
[INFO] running `Command { std: CARGO_HOME="/workspace/cargo-home" RUSTUP_HOME="/workspace/rustup-home" "/workspace/cargo-home/bin/cargo" "+nightly-2024-02-05" "generate-lockfile" "--manifest-path" "Cargo.toml", kill_on_drop: false }`
[INFO] [stderr]     Updating crates.io index
[INFO] running `Command { std: CARGO_HOME="/workspace/cargo-home" RUSTUP_HOME="/workspace/rustup-home" "/workspace/cargo-home/bin/cargo" "+nightly-2024-02-05" "fetch" "--manifest-path" "Cargo.toml", kill_on_drop: false }`
[INFO] [stderr]  Downloading crates ...
[INFO] [stderr]   Downloaded float_eq v1.0.1
[INFO] [stderr]   Downloaded uname v0.1.1
[INFO] [stderr]   Downloaded sentry-log v0.32.2
[INFO] [stderr]   Downloaded sentry-panic v0.32.2
[INFO] [stderr]   Downloaded derive_pod v0.1.2
[INFO] [stderr]   Downloaded dataview v1.0.1
[INFO] [stderr]   Downloaded sentry-tracing v0.32.2
[INFO] [stderr]   Downloaded sentry-types v0.32.2
[INFO] [stderr]   Downloaded fraction v0.13.1
[INFO] [stderr]   Downloaded pelite v0.10.0
[INFO] [stderr]   Downloaded sentry-backtrace v0.32.2
[INFO] [stderr]   Downloaded sentry v0.32.2
[INFO] [stderr]   Downloaded keyvalues-parser v0.2.0
[INFO] [stderr]   Downloaded winreg v0.51.0
[INFO] [stderr]   Downloaded steamlocate v2.0.0-beta.2
[INFO] [stderr]   Downloaded pelite-macros v0.1.1
[INFO] [stderr]   Downloaded sentry-core v0.32.2
[INFO] [stderr]   Downloaded sentry-contexts v0.32.2
[INFO] [stderr]   Downloaded sentry-debug-images v0.32.2
[INFO] [stderr]   Downloaded keyvalues-serde v0.2.1
[INFO] running `Command { std: "docker" "create" "-v" "/var/lib/crater-agent-workspace/builds/worker-0-tc1/target:/opt/rustwide/target:rw,Z" "-v" "/var/lib/crater-agent-workspace/builds/worker-0-tc1/source:/opt/rustwide/workdir:ro,Z" "-v" "/var/lib/crater-agent-workspace/cargo-home:/opt/rustwide/cargo-home:ro,Z" "-v" "/var/lib/crater-agent-workspace/rustup-home:/opt/rustwide/rustup-home:ro,Z" "-e" "SOURCE_DIR=/opt/rustwide/workdir" "-e" "CARGO_TARGET_DIR=/opt/rustwide/target" "-e" "CARGO_HOME=/opt/rustwide/cargo-home" "-e" "RUSTUP_HOME=/opt/rustwide/rustup-home" "-w" "/opt/rustwide/workdir" "-m" "1610612736" "--user" "0:0" "--network" "none" "ghcr.io/rust-lang/crates-build-env/linux@sha256:2788e3201cd34a07e3172128adcd8b3090168a8e3bcc40d7c032b9dda1df7d1c" "/opt/rustwide/cargo-home/bin/cargo" "+nightly-2024-02-05" "metadata" "--no-deps" "--format-version=1", kill_on_drop: false }`
[INFO] [stdout] 31fcdaba1c45d4ba3b5c0c26b6a5801a2823abf3dac32b3cf19a74c093f8dc07
[INFO] running `Command { std: "docker" "start" "-a" "31fcdaba1c45d4ba3b5c0c26b6a5801a2823abf3dac32b3cf19a74c093f8dc07", kill_on_drop: false }`
[INFO] running `Command { std: "docker" "inspect" "31fcdaba1c45d4ba3b5c0c26b6a5801a2823abf3dac32b3cf19a74c093f8dc07", kill_on_drop: false }`
[INFO] running `Command { std: "docker" "rm" "-f" "31fcdaba1c45d4ba3b5c0c26b6a5801a2823abf3dac32b3cf19a74c093f8dc07", kill_on_drop: false }`
[INFO] [stdout] 31fcdaba1c45d4ba3b5c0c26b6a5801a2823abf3dac32b3cf19a74c093f8dc07
[INFO] running `Command { std: "docker" "create" "-v" "/var/lib/crater-agent-workspace/builds/worker-0-tc1/target:/opt/rustwide/target:rw,Z" "-v" "/var/lib/crater-agent-workspace/builds/worker-0-tc1/source:/opt/rustwide/workdir:ro,Z" "-v" "/var/lib/crater-agent-workspace/cargo-home:/opt/rustwide/cargo-home:ro,Z" "-v" "/var/lib/crater-agent-workspace/rustup-home:/opt/rustwide/rustup-home:ro,Z" "-e" "SOURCE_DIR=/opt/rustwide/workdir" "-e" "CARGO_TARGET_DIR=/opt/rustwide/target" "-e" "CARGO_INCREMENTAL=0" "-e" "RUST_BACKTRACE=full" "-e" "RUSTFLAGS=--cap-lints=forbid" "-e" "RUSTDOCFLAGS=--cap-lints=forbid" "-e" "CARGO_HOME=/opt/rustwide/cargo-home" "-e" "RUSTUP_HOME=/opt/rustwide/rustup-home" "-w" "/opt/rustwide/workdir" "-m" "1610612736" "--user" "0:0" "--network" "none" "ghcr.io/rust-lang/crates-build-env/linux@sha256:2788e3201cd34a07e3172128adcd8b3090168a8e3bcc40d7c032b9dda1df7d1c" "/opt/rustwide/cargo-home/bin/cargo" "+nightly-2024-02-05" "check" "--frozen" "--all" "--all-targets" "--message-format=json", kill_on_drop: false }`
[INFO] [stdout] ee8ff8623866e5e1311930502d8af1329e83aedcf1d47a72869d282566638e12
[INFO] running `Command { std: "docker" "start" "-a" "ee8ff8623866e5e1311930502d8af1329e83aedcf1d47a72869d282566638e12", kill_on_drop: false }`
[INFO] [stderr]    Compiling memchr v2.7.1
[INFO] [stderr]    Compiling thiserror v1.0.56
[INFO] [stderr]    Compiling ucd-trie v0.1.6
[INFO] [stderr]    Compiling crossbeam-utils v0.8.19
[INFO] [stderr]    Compiling syn v1.0.109
[INFO] [stderr]    Compiling once_cell v1.19.0
[INFO] [stderr]    Compiling regex-syntax v0.8.2
[INFO] [stderr]    Compiling num-traits v0.2.17
[INFO] [stderr]    Compiling num-integer v0.1.45
[INFO] [stderr]    Compiling libc v0.2.153
[INFO] [stderr]    Compiling num-bigint v0.4.4
[INFO] [stderr]    Compiling num-rational v0.4.1
[INFO] [stderr]    Compiling proc-macro-error-attr v1.0.4
[INFO] [stderr]    Compiling num-iter v0.1.43
[INFO] [stderr]    Compiling syn v2.0.48
[INFO] [stderr]     Checking getrandom v0.2.12
[INFO] [stderr]    Compiling paste v1.0.14
[INFO] [stderr]     Checking bytemuck v1.14.1
[INFO] [stderr]     Checking option-ext v0.2.0
[INFO] [stderr]    Compiling proc-macro-error v1.0.4
[INFO] [stderr]     Checking dirs-sys v0.4.1
[INFO] [stderr]    Compiling matrixmultiply v0.3.8
[INFO] [stderr]     Checking hashbrown v0.14.3
[INFO] [stderr]     Checking safe_arch v0.7.1
[INFO] [stderr]     Checking equivalent v1.0.1
[INFO] [stderr]    Compiling rayon-core v1.12.1
[INFO] [stderr]     Checking rand_core v0.6.4
[INFO] [stderr]    Compiling aho-corasick v1.1.2
[INFO] [stderr]     Checking winnow v0.5.37
[INFO] [stderr]     Checking rawpointer v0.2.1
[INFO] [stderr]     Checking either v1.9.0
[INFO] [stderr]     Checking crc-catalog v2.4.0
[INFO] [stderr]    Compiling derive_pod v0.1.2
[INFO] [stderr]    Compiling cc v1.0.83
[INFO] [stderr]     Checking wide v0.7.15
[INFO] [stderr]     Checking crc v3.0.1
[INFO] [stderr]     Checking crossbeam-epoch v0.9.18
[INFO] [stderr]     Checking rand_chacha v0.3.1
[INFO] [stderr]     Checking dirs v5.0.1
[INFO] [stderr]     Checking csv-core v0.1.11
[INFO] [stderr]     Checking xml-rs v0.8.19
[INFO] [stderr]     Checking log v0.4.20
[INFO] [stderr]     Checking indexmap v2.2.2
[INFO] [stderr]    Compiling pelite-macros v0.1.1
[INFO] [stderr]     Checking no-std-compat v0.4.1
[INFO] [stderr]     Checking base64 v0.21.7
[INFO] [stderr]     Checking crossbeam-deque v0.8.5
[INFO] [stderr]     Checking rand v0.8.5
[INFO] [stderr]     Checking dataview v1.0.1
[INFO] [stderr]     Checking itertools v0.11.0
[INFO] [stderr]     Checking directories v5.0.1
[INFO] [stderr]     Checking uuid v1.7.0
[INFO] [stderr]     Checking content_inspector v0.2.4
[INFO] [stderr]     Checking float_eq v1.0.1
[INFO] [stderr]     Checking num-complex v0.4.4
[INFO] [stderr]     Checking approx v0.5.1
[INFO] [stderr]     Checking pelite v0.10.0
[INFO] [stderr]     Checking rayon v1.8.1
[INFO] [stderr]    Compiling regex-automata v0.4.5
[INFO] [stderr]    Compiling lzma-sys v0.1.20
[INFO] [stderr]     Checking simba v0.8.1
[INFO] [stderr]    Compiling serde_derive v1.0.196
[INFO] [stderr]    Compiling thiserror-impl v1.0.56
[INFO] [stderr]     Checking xz2 v0.1.7
[INFO] [stderr]     Checking num v0.4.1
[INFO] [stderr]     Checking fraction v0.13.1
[INFO] [stderr]    Compiling nalgebra-macros v0.2.1
[INFO] [stderr]    Compiling getset v0.1.2
[INFO] [stderr]    Compiling pest v2.7.7
[INFO] [stderr]    Compiling regex v1.10.3
[INFO] [stderr]    Compiling caseless v0.2.1
[INFO] [stderr]    Compiling pest_meta v2.7.7
[INFO] [stderr]     Checking serde v1.0.196
[INFO] [stderr]    Compiling pest_generator v2.7.7
[INFO] [stderr]    Compiling pest_derive v2.7.7
[INFO] [stderr]     Checking keyvalues-parser v0.2.0
[INFO] [stderr]     Checking nalgebra v0.32.3
[INFO] [stderr]     Checking serde_spanned v0.6.5
[INFO] [stderr]     Checking toml_datetime v0.6.5
[INFO] [stderr]     Checking keyvalues-serde v0.2.1
[INFO] [stderr]     Checking bitflags v2.4.2
[INFO] [stderr]     Checking csv v1.3.0
[INFO] [stderr]     Checking serde_json v1.0.113
[INFO] [stderr]     Checking serde-xml-rs v0.6.0
[INFO] [stderr]     Checking toml_edit v0.19.15
[INFO] [stderr]     Checking ron v0.8.1
[INFO] [stderr]     Checking steamlocate v2.0.0-beta.2
[INFO] [stderr]     Checking toml v0.7.8
[INFO] [stderr]     Checking rpfm_lib v4.2.3 (/opt/rustwide/workdir)
[INFO] [stdout] error[E0308]: mismatched types
[INFO] [stdout]    --> src/games/mod.rs:705:20
[INFO] [stdout]     |
[INFO] [stdout] 705 |             if let Some(mut steamdir) = SteamDir::locate() {
[INFO] [stdout]     |                    ^^^^^^^^^^^^^^^^^^   ------------------ this expression has type `std::result::Result<SteamDir, steamlocate::Error>`
[INFO] [stdout]     |                    |
[INFO] [stdout]     |                    expected `Result<SteamDir, Error>`, found `Option<_>`
[INFO] [stdout]     |
[INFO] [stdout]     = note: expected enum `std::result::Result<SteamDir, steamlocate::Error>`
[INFO] [stdout]                found enum `std::option::Option<_>`
[INFO] [stdout] 
[INFO] [stdout] 
[INFO] [stdout] error[E0308]: mismatched types
[INFO] [stdout]    --> src/games/mod.rs:731:20
[INFO] [stdout]     |
[INFO] [stdout] 731 |             if let Some(mut steamdir) = SteamDir::locate() {
[INFO] [stdout]     |                    ^^^^^^^^^^^^^^^^^^   ------------------ this expression has type `std::result::Result<SteamDir, steamlocate::Error>`
[INFO] [stdout]     |                    |
[INFO] [stdout]     |                    expected `Result<SteamDir, Error>`, found `Option<_>`
[INFO] [stdout]     |
[INFO] [stdout]     = note: expected enum `std::result::Result<SteamDir, steamlocate::Error>`
[INFO] [stdout]                found enum `std::option::Option<_>`
[INFO] [stdout] 
[INFO] [stdout] 
[INFO] [stdout] error[E0308]: mismatched types
[INFO] [stdout]    --> src/games/mod.rs:705:20
[INFO] [stdout]     |
[INFO] [stdout] 705 |             if let Some(mut steamdir) = SteamDir::locate() {
[INFO] [stdout]     |                    ^^^^^^^^^^^^^^^^^^   ------------------ this expression has type `std::result::Result<SteamDir, steamlocate::Error>`
[INFO] [stdout]     |                    |
[INFO] [stdout]     |                    expected `Result<SteamDir, Error>`, found `Option<_>`
[INFO] [stdout]     |
[INFO] [stdout]     = note: expected enum `std::result::Result<SteamDir, steamlocate::Error>`
[INFO] [stdout]                found enum `std::option::Option<_>`
[INFO] [stdout] 
[INFO] [stdout] 
[INFO] [stdout] error[E0308]: mismatched types
[INFO] [stdout]    --> src/games/mod.rs:731:20
[INFO] [stdout]     |
[INFO] [stdout] 731 |             if let Some(mut steamdir) = SteamDir::locate() {
[INFO] [stdout]     |                    ^^^^^^^^^^^^^^^^^^   ------------------ this expression has type `std::result::Result<SteamDir, steamlocate::Error>`
[INFO] [stdout]     |                    |
[INFO] [stdout]     |                    expected `Result<SteamDir, Error>`, found `Option<_>`
[INFO] [stdout]     |
[INFO] [stdout]     = note: expected enum `std::result::Result<SteamDir, steamlocate::Error>`
[INFO] [stdout]                found enum `std::option::Option<_>`
[INFO] [stdout] 
[INFO] [stdout] 
[INFO] [stdout] error: aborting due to 2 previous errors
[INFO] [stdout] 
[INFO] [stdout] 
[INFO] [stdout] For more information about this error, try `rustc --explain E0308`.
[INFO] [stdout] 
[INFO] [stderr] error: could not compile `rpfm_lib` (lib) due to 3 previous errors
[INFO] [stderr] warning: build failed, waiting for other jobs to finish...
[INFO] [stdout] error: aborting due to 2 previous errors
[INFO] [stdout] 
[INFO] [stdout] 
[INFO] [stdout] For more information about this error, try `rustc --explain E0308`.
[INFO] [stdout] 
[INFO] [stderr] error: could not compile `rpfm_lib` (lib test) due to 3 previous errors
[INFO] running `Command { std: "docker" "inspect" "ee8ff8623866e5e1311930502d8af1329e83aedcf1d47a72869d282566638e12", kill_on_drop: false }`
[INFO] running `Command { std: "docker" "rm" "-f" "ee8ff8623866e5e1311930502d8af1329e83aedcf1d47a72869d282566638e12", kill_on_drop: false }`
[INFO] [stdout] ee8ff8623866e5e1311930502d8af1329e83aedcf1d47a72869d282566638e12
