[INFO] fetching crate roze 0.1.1...
[INFO] checking roze-0.1.1 against nightly-2024-02-05 for check-cfg
[INFO] extracting crate roze 0.1.1 into /workspace/builds/worker-6-tc1/source
[INFO] validating manifest of crates.io crate roze 0.1.1 on toolchain nightly-2024-02-05
[INFO] running `Command { std: CARGO_HOME="/workspace/cargo-home" RUSTUP_HOME="/workspace/rustup-home" "/workspace/cargo-home/bin/cargo" "+nightly-2024-02-05" "metadata" "--manifest-path" "Cargo.toml" "--no-deps", kill_on_drop: false }`
[INFO] started tweaking crates.io crate roze 0.1.1
[INFO] finished tweaking crates.io crate roze 0.1.1
[INFO] tweaked toml for crates.io crate roze 0.1.1 written to /workspace/builds/worker-6-tc1/source/Cargo.toml
[INFO] running `Command { std: CARGO_HOME="/workspace/cargo-home" RUSTUP_HOME="/workspace/rustup-home" "/workspace/cargo-home/bin/cargo" "+nightly-2024-02-05" "generate-lockfile" "--manifest-path" "Cargo.toml", kill_on_drop: false }`
[INFO] running `Command { std: CARGO_HOME="/workspace/cargo-home" RUSTUP_HOME="/workspace/rustup-home" "/workspace/cargo-home/bin/cargo" "+nightly-2024-02-05" "fetch" "--manifest-path" "Cargo.toml", kill_on_drop: false }`
[INFO] running `Command { std: "docker" "create" "-v" "/var/lib/crater-agent-workspace/builds/worker-6-tc1/target:/opt/rustwide/target:rw,Z" "-v" "/var/lib/crater-agent-workspace/builds/worker-6-tc1/source:/opt/rustwide/workdir:ro,Z" "-v" "/var/lib/crater-agent-workspace/cargo-home:/opt/rustwide/cargo-home:ro,Z" "-v" "/var/lib/crater-agent-workspace/rustup-home:/opt/rustwide/rustup-home:ro,Z" "-e" "SOURCE_DIR=/opt/rustwide/workdir" "-e" "CARGO_TARGET_DIR=/opt/rustwide/target" "-e" "CARGO_HOME=/opt/rustwide/cargo-home" "-e" "RUSTUP_HOME=/opt/rustwide/rustup-home" "-w" "/opt/rustwide/workdir" "-m" "1610612736" "--user" "0:0" "--network" "none" "ghcr.io/rust-lang/crates-build-env/linux@sha256:2788e3201cd34a07e3172128adcd8b3090168a8e3bcc40d7c032b9dda1df7d1c" "/opt/rustwide/cargo-home/bin/cargo" "+nightly-2024-02-05" "metadata" "--no-deps" "--format-version=1", kill_on_drop: false }`
[INFO] [stdout] b9a7ce078db72902698d51a9f2f12e9957fc65bf21c88fa415d7ce6ad9f4aa11
[INFO] running `Command { std: "docker" "start" "-a" "b9a7ce078db72902698d51a9f2f12e9957fc65bf21c88fa415d7ce6ad9f4aa11", kill_on_drop: false }`
[INFO] running `Command { std: "docker" "inspect" "b9a7ce078db72902698d51a9f2f12e9957fc65bf21c88fa415d7ce6ad9f4aa11", kill_on_drop: false }`
[INFO] running `Command { std: "docker" "rm" "-f" "b9a7ce078db72902698d51a9f2f12e9957fc65bf21c88fa415d7ce6ad9f4aa11", kill_on_drop: false }`
[INFO] [stdout] b9a7ce078db72902698d51a9f2f12e9957fc65bf21c88fa415d7ce6ad9f4aa11
[INFO] running `Command { std: "docker" "create" "-v" "/var/lib/crater-agent-workspace/builds/worker-6-tc1/target:/opt/rustwide/target:rw,Z" "-v" "/var/lib/crater-agent-workspace/builds/worker-6-tc1/source:/opt/rustwide/workdir:ro,Z" "-v" "/var/lib/crater-agent-workspace/cargo-home:/opt/rustwide/cargo-home:ro,Z" "-v" "/var/lib/crater-agent-workspace/rustup-home:/opt/rustwide/rustup-home:ro,Z" "-e" "SOURCE_DIR=/opt/rustwide/workdir" "-e" "CARGO_TARGET_DIR=/opt/rustwide/target" "-e" "CARGO_INCREMENTAL=0" "-e" "RUST_BACKTRACE=full" "-e" "RUSTFLAGS=--cap-lints=forbid" "-e" "RUSTDOCFLAGS=--cap-lints=forbid" "-e" "CARGO_HOME=/opt/rustwide/cargo-home" "-e" "RUSTUP_HOME=/opt/rustwide/rustup-home" "-w" "/opt/rustwide/workdir" "-m" "1610612736" "--user" "0:0" "--network" "none" "ghcr.io/rust-lang/crates-build-env/linux@sha256:2788e3201cd34a07e3172128adcd8b3090168a8e3bcc40d7c032b9dda1df7d1c" "/opt/rustwide/cargo-home/bin/cargo" "+nightly-2024-02-05" "check" "--frozen" "--all" "--all-targets" "--message-format=json", kill_on_drop: false }`
[INFO] [stdout] 99f77c3790a7466887b4396782be910723eb581d70a61c0ff9bccc3d48d6bf4e
[INFO] running `Command { std: "docker" "start" "-a" "99f77c3790a7466887b4396782be910723eb581d70a61c0ff9bccc3d48d6bf4e", kill_on_drop: false }`
[INFO] [stderr]     Checking roze v0.1.1 (/opt/rustwide/workdir)
[INFO] [stdout] error[E0433]: failed to resolve: could not find `windows` in `os`
[INFO] [stdout]   --> src/renderer.rs:11:14
[INFO] [stdout]    |
[INFO] [stdout] 11 | use std::os::windows::prelude::OsStrExt;
[INFO] [stdout]    |              ^^^^^^^ could not find `windows` in `os`
[INFO] [stdout]    |
[INFO] [stdout] note: found an item that was configured out
[INFO] [stdout]   --> /rustc/268dbbbc4b3fd71c5f360a4d0728295252430b5b/library/std/src/os/mod.rs:53:9
[INFO] [stdout] note: found an item that was configured out
[INFO] [stdout]   --> /rustc/268dbbbc4b3fd71c5f360a4d0728295252430b5b/library/std/src/os/mod.rs:97:9
[INFO] [stdout] 
[INFO] [stdout] 
[INFO] [stdout] error[E0433]: failed to resolve: could not find `windows` in `os`
[INFO] [stdout]   --> src/renderer.rs:11:14
[INFO] [stdout]    |
[INFO] [stdout] 11 | use std::os::windows::prelude::OsStrExt;
[INFO] [stdout]    |              ^^^^^^^ could not find `windows` in `os`
[INFO] [stdout]    |
[INFO] [stdout] note: found an item that was configured out
[INFO] [stdout]   --> /rustc/268dbbbc4b3fd71c5f360a4d0728295252430b5b/library/std/src/os/mod.rs:53:9
[INFO] [stdout] note: found an item that was configured out
[INFO] [stdout]   --> /rustc/268dbbbc4b3fd71c5f360a4d0728295252430b5b/library/std/src/os/mod.rs:97:9
[INFO] [stdout] 
[INFO] [stdout] 
[INFO] [stdout] error[E0599]: no method named `encode_wide` found for reference `&OsStr` in the current scope
[INFO] [stdout]    --> src/renderer.rs:531:10
[INFO] [stdout]     |
[INFO] [stdout] 530 |       let v: Vec<u16> = OsStr::new(str)
[INFO] [stdout]     |  _______________________-
[INFO] [stdout] 531 | |         .encode_wide()
[INFO] [stdout]     | |         -^^^^^^^^^^^ method not found in `&OsStr`
[INFO] [stdout]     | |_________|
[INFO] [stdout]     | 
[INFO] [stdout] 
[INFO] [stdout] 
[INFO] [stdout] error[E0599]: no method named `encode_wide` found for reference `&OsStr` in the current scope
[INFO] [stdout]    --> src/renderer.rs:531:10
[INFO] [stdout]     |
[INFO] [stdout] 530 |       let v: Vec<u16> = OsStr::new(str)
[INFO] [stdout]     |  _______________________-
[INFO] [stdout] 531 | |         .encode_wide()
[INFO] [stdout]     | |         -^^^^^^^^^^^ method not found in `&OsStr`
[INFO] [stdout]     | |_________|
[INFO] [stdout]     | 
[INFO] [stdout] 
[INFO] [stdout] 
[INFO] [stdout] error: aborting due to 2 previous errors
[INFO] [stdout] 
[INFO] [stdout] 
[INFO] [stdout] Some errors have detailed explanations: E0433, E0599.
[INFO] [stdout] 
[INFO] [stdout] For more information about an error, try `rustc --explain E0433`.
[INFO] [stdout] 
[INFO] [stdout] error: aborting due to 2 previous errors
[INFO] [stdout] 
[INFO] [stdout] 
[INFO] [stdout] Some errors have detailed explanations: E0433, E0599.
[INFO] [stdout] 
[INFO] [stdout] For more information about an error, try `rustc --explain E0433`.
[INFO] [stdout] 
[INFO] [stderr] error: could not compile `roze` (lib test) due to 3 previous errors
[INFO] [stderr] warning: build failed, waiting for other jobs to finish...
[INFO] [stderr] error: could not compile `roze` (lib) due to 3 previous errors
[INFO] running `Command { std: "docker" "inspect" "99f77c3790a7466887b4396782be910723eb581d70a61c0ff9bccc3d48d6bf4e", kill_on_drop: false }`
[INFO] running `Command { std: "docker" "rm" "-f" "99f77c3790a7466887b4396782be910723eb581d70a61c0ff9bccc3d48d6bf4e", kill_on_drop: false }`
[INFO] [stdout] 99f77c3790a7466887b4396782be910723eb581d70a61c0ff9bccc3d48d6bf4e
