[INFO] fetching crate rome_json_parser 0.0.1...
[INFO] checking rome_json_parser-0.0.1 against nightly-2024-02-05 for check-cfg
[INFO] extracting crate rome_json_parser 0.0.1 into /workspace/builds/worker-7-tc1/source
[INFO] validating manifest of crates.io crate rome_json_parser 0.0.1 on toolchain nightly-2024-02-05
[INFO] running `Command { std: CARGO_HOME="/workspace/cargo-home" RUSTUP_HOME="/workspace/rustup-home" "/workspace/cargo-home/bin/cargo" "+nightly-2024-02-05" "metadata" "--manifest-path" "Cargo.toml" "--no-deps", kill_on_drop: false }`
[INFO] started tweaking crates.io crate rome_json_parser 0.0.1
[INFO] finished tweaking crates.io crate rome_json_parser 0.0.1
[INFO] tweaked toml for crates.io crate rome_json_parser 0.0.1 written to /workspace/builds/worker-7-tc1/source/Cargo.toml
[INFO] running `Command { std: CARGO_HOME="/workspace/cargo-home" RUSTUP_HOME="/workspace/rustup-home" "/workspace/cargo-home/bin/cargo" "+nightly-2024-02-05" "generate-lockfile" "--manifest-path" "Cargo.toml", kill_on_drop: false }`
[INFO] [stderr]     Updating crates.io index
[INFO] running `Command { std: CARGO_HOME="/workspace/cargo-home" RUSTUP_HOME="/workspace/rustup-home" "/workspace/cargo-home/bin/cargo" "+nightly-2024-02-05" "fetch" "--manifest-path" "Cargo.toml", kill_on_drop: false }`
[INFO] [stderr]  Downloading crates ...
[INFO] [stderr]   Downloaded rome_js_unicode_table v0.0.1
[INFO] [stderr]   Downloaded rome_diagnostics v0.0.1
[INFO] [stderr]   Downloaded rome_json_factory v0.0.1
[INFO] [stderr]   Downloaded rome_diagnostics_macros v0.0.1
[INFO] [stderr]   Downloaded rome_diagnostics_categories v0.0.1
[INFO] [stderr]   Downloaded rome_console v0.0.1
[INFO] [stderr]   Downloaded rome_parser v0.0.1
[INFO] [stderr]   Downloaded rome_json_syntax v0.0.1
[INFO] [stderr]   Downloaded rome_markup v0.0.1
[INFO] [stderr]   Downloaded rome_rowan v0.0.1
[INFO] [stderr]   Downloaded rome_text_size v0.0.1
[INFO] [stderr]   Downloaded drop_bomb v0.1.5
[INFO] [stderr]   Downloaded countme v3.0.1
[INFO] [stderr]   Downloaded rome_text_edit v0.0.1
[INFO] running `Command { std: "docker" "create" "-v" "/var/lib/crater-agent-workspace/builds/worker-7-tc1/target:/opt/rustwide/target:rw,Z" "-v" "/var/lib/crater-agent-workspace/builds/worker-7-tc1/source:/opt/rustwide/workdir:ro,Z" "-v" "/var/lib/crater-agent-workspace/cargo-home:/opt/rustwide/cargo-home:ro,Z" "-v" "/var/lib/crater-agent-workspace/rustup-home:/opt/rustwide/rustup-home:ro,Z" "-e" "SOURCE_DIR=/opt/rustwide/workdir" "-e" "CARGO_TARGET_DIR=/opt/rustwide/target" "-e" "CARGO_HOME=/opt/rustwide/cargo-home" "-e" "RUSTUP_HOME=/opt/rustwide/rustup-home" "-w" "/opt/rustwide/workdir" "-m" "1610612736" "--user" "0:0" "--network" "none" "ghcr.io/rust-lang/crates-build-env/linux@sha256:2788e3201cd34a07e3172128adcd8b3090168a8e3bcc40d7c032b9dda1df7d1c" "/opt/rustwide/cargo-home/bin/cargo" "+nightly-2024-02-05" "metadata" "--no-deps" "--format-version=1", kill_on_drop: false }`
[INFO] [stdout] 14bfb74891064bb54a1e36343ae6ca0849dd0193b9700c64fc6ff89561420d91
[INFO] running `Command { std: "docker" "start" "-a" "14bfb74891064bb54a1e36343ae6ca0849dd0193b9700c64fc6ff89561420d91", kill_on_drop: false }`
[INFO] running `Command { std: "docker" "inspect" "14bfb74891064bb54a1e36343ae6ca0849dd0193b9700c64fc6ff89561420d91", kill_on_drop: false }`
[INFO] running `Command { std: "docker" "rm" "-f" "14bfb74891064bb54a1e36343ae6ca0849dd0193b9700c64fc6ff89561420d91", kill_on_drop: false }`
[INFO] [stdout] 14bfb74891064bb54a1e36343ae6ca0849dd0193b9700c64fc6ff89561420d91
[INFO] running `Command { std: "docker" "create" "-v" "/var/lib/crater-agent-workspace/builds/worker-7-tc1/target:/opt/rustwide/target:rw,Z" "-v" "/var/lib/crater-agent-workspace/builds/worker-7-tc1/source:/opt/rustwide/workdir:ro,Z" "-v" "/var/lib/crater-agent-workspace/cargo-home:/opt/rustwide/cargo-home:ro,Z" "-v" "/var/lib/crater-agent-workspace/rustup-home:/opt/rustwide/rustup-home:ro,Z" "-e" "SOURCE_DIR=/opt/rustwide/workdir" "-e" "CARGO_TARGET_DIR=/opt/rustwide/target" "-e" "CARGO_INCREMENTAL=0" "-e" "RUST_BACKTRACE=full" "-e" "RUSTFLAGS=--cap-lints=forbid" "-e" "RUSTDOCFLAGS=--cap-lints=forbid" "-e" "CARGO_HOME=/opt/rustwide/cargo-home" "-e" "RUSTUP_HOME=/opt/rustwide/rustup-home" "-w" "/opt/rustwide/workdir" "-m" "1610612736" "--user" "0:0" "--network" "none" "ghcr.io/rust-lang/crates-build-env/linux@sha256:2788e3201cd34a07e3172128adcd8b3090168a8e3bcc40d7c032b9dda1df7d1c" "/opt/rustwide/cargo-home/bin/cargo" "+nightly-2024-02-05" "check" "--frozen" "--all" "--all-targets" "--message-format=json", kill_on_drop: false }`
[INFO] [stdout] 21a525381e1885fd4f24eeb47673cf63f76b08d835689bb429dd3b38916df46d
[INFO] running `Command { std: "docker" "start" "-a" "21a525381e1885fd4f24eeb47673cf63f76b08d835689bb429dd3b38916df46d", kill_on_drop: false }`
[INFO] [stderr]    Compiling serde v1.0.196
[INFO] [stderr]    Compiling syn v1.0.109
[INFO] [stderr]     Checking regex-automata v0.1.10
[INFO] [stderr]     Checking unicode-segmentation v1.10.1
[INFO] [stderr]    Compiling proc-macro-error v1.0.4
[INFO] [stderr]    Compiling memoffset v0.8.0
[INFO] [stderr]     Checking rustc-hash v1.1.0
[INFO] [stderr]     Checking hashbrown v0.12.3
[INFO] [stderr]    Compiling schemars v0.8.16
[INFO] [stderr]     Checking countme v3.0.1
[INFO] [stderr]     Checking dyn-clone v1.0.16
[INFO] [stderr]    Compiling syn v2.0.48
[INFO] [stderr]    Compiling proc-macro-error-attr v1.0.4
[INFO] [stderr]    Compiling rome_diagnostics_categories v0.0.1
[INFO] [stderr]     Checking gimli v0.28.1
[INFO] [stderr]    Compiling backtrace v0.3.69
[INFO] [stderr]     Checking miniz_oxide v0.7.2
[INFO] [stderr]     Checking atty v0.2.14
[INFO] [stderr]     Checking aho-corasick v1.1.2
[INFO] [stderr]     Checking bstr v0.2.17
[INFO] [stderr]     Checking object v0.32.2
[INFO] [stderr]     Checking rustc-demangle v0.1.23
[INFO] [stderr]     Checking regex-syntax v0.8.2
[INFO] [stderr]     Checking getrandom v0.2.12
[INFO] [stderr]     Checking pico-args v0.5.0
[INFO] [stderr]     Checking log v0.4.20
[INFO] [stderr]     Checking drop_bomb v0.1.5
[INFO] [stderr]     Checking console v0.15.8
[INFO] [stderr]     Checking rome_js_unicode_table v0.0.1
[INFO] [stderr]     Checking rand_core v0.6.4
[INFO] [stderr]     Checking rand v0.8.5
[INFO] [stderr]    Compiling rome_markup v0.0.1
[INFO] [stderr]     Checking similar v2.4.0
[INFO] [stderr]     Checking insta v1.34.0
[INFO] [stderr]     Checking regex-automata v0.4.5
[INFO] [stderr]    Compiling serde_derive v1.0.196
[INFO] [stderr]     Checking addr2line v0.21.0
[INFO] [stderr]    Compiling serde_derive_internals v0.26.0
[INFO] [stderr]     Checking regex v1.10.3
[INFO] [stderr]     Checking env_logger v0.8.4
[INFO] [stderr]     Checking quickcheck v1.0.3
[INFO] [stderr]    Compiling rome_diagnostics_macros v0.0.1
[INFO] [stderr]    Compiling quickcheck_macros v1.0.0
[INFO] [stderr]    Compiling schemars_derive v0.8.16
[INFO] [stderr]     Checking rome_text_size v0.0.1
[INFO] [stderr]     Checking serde_json v1.0.113
[INFO] [stderr]     Checking rome_text_edit v0.0.1
[INFO] [stderr]     Checking rome_rowan v0.0.1
[INFO] [stderr]     Checking rome_json_syntax v0.0.1
[INFO] [stderr]     Checking rome_json_factory v0.0.1
[INFO] [stderr]     Checking rome_console v0.0.1
[INFO] [stderr]     Checking rome_diagnostics v0.0.1
[INFO] [stderr]     Checking rome_parser v0.0.1
[INFO] [stderr]     Checking rome_json_parser v0.0.1 (/opt/rustwide/workdir)
[INFO] [stdout] error[E0433]: failed to resolve: use of undeclared crate or module `tests_macros`
[INFO] [stdout]  --> tests/spec_tests.rs:7:5
[INFO] [stdout]   |
[INFO] [stdout] 7 |     tests_macros::gen_tests! {"tests/json_test_suite/ok/*.json", crate::spec_test::run, "ok"}
[INFO] [stdout]   |     ^^^^^^^^^^^^ use of undeclared crate or module `tests_macros`
[INFO] [stdout] 
[INFO] [stdout] 
[INFO] [stdout] error[E0433]: failed to resolve: use of undeclared crate or module `tests_macros`
[INFO] [stdout]   --> tests/spec_tests.rs:12:5
[INFO] [stdout]    |
[INFO] [stdout] 12 |     tests_macros::gen_tests! {"tests/json_test_suite/err/*.json", crate::spec_test::run, "error"}
[INFO] [stdout]    |     ^^^^^^^^^^^^ use of undeclared crate or module `tests_macros`
[INFO] [stdout] 
[INFO] [stdout] 
[INFO] [stdout] error[E0433]: failed to resolve: use of undeclared crate or module `tests_macros`
[INFO] [stdout]   --> tests/spec_tests.rs:17:5
[INFO] [stdout]    |
[INFO] [stdout] 17 |     tests_macros::gen_tests! {"tests/json_test_suite/undefined/*.json", crate::spec_test::run, "undefined"}
[INFO] [stdout]    |     ^^^^^^^^^^^^ use of undeclared crate or module `tests_macros`
[INFO] [stdout] 
[INFO] [stdout] 
[INFO] [stdout] error: aborting due to 3 previous errors
[INFO] [stdout] 
[INFO] [stdout] 
[INFO] [stdout] For more information about this error, try `rustc --explain E0433`.
[INFO] [stdout] 
[INFO] [stderr] error: could not compile `rome_json_parser` (test "spec_tests") due to 4 previous errors
[INFO] [stderr] warning: build failed, waiting for other jobs to finish...
[INFO] running `Command { std: "docker" "inspect" "21a525381e1885fd4f24eeb47673cf63f76b08d835689bb429dd3b38916df46d", kill_on_drop: false }`
[INFO] running `Command { std: "docker" "rm" "-f" "21a525381e1885fd4f24eeb47673cf63f76b08d835689bb429dd3b38916df46d", kill_on_drop: false }`
[INFO] [stdout] 21a525381e1885fd4f24eeb47673cf63f76b08d835689bb429dd3b38916df46d
[INFO] checking rome_json_parser-0.0.1 against nightly-2024-02-05+rustflags=-Dunexpected_cfgs+cargoflags=-Zcheck-cfg for check-cfg
[INFO] extracting crate rome_json_parser 0.0.1 into /workspace/builds/worker-7-tc2/source
[INFO] validating manifest of crates.io crate rome_json_parser 0.0.1 on toolchain nightly-2024-02-05
[INFO] running `Command { std: CARGO_HOME="/workspace/cargo-home" RUSTUP_HOME="/workspace/rustup-home" "/workspace/cargo-home/bin/cargo" "+nightly-2024-02-05" "metadata" "--manifest-path" "Cargo.toml" "--no-deps", kill_on_drop: false }`
[INFO] started tweaking crates.io crate rome_json_parser 0.0.1
[INFO] finished tweaking crates.io crate rome_json_parser 0.0.1
[INFO] tweaked toml for crates.io crate rome_json_parser 0.0.1 written to /workspace/builds/worker-7-tc2/source/Cargo.toml
[INFO] running `Command { std: CARGO_HOME="/workspace/cargo-home" RUSTUP_HOME="/workspace/rustup-home" "/workspace/cargo-home/bin/cargo" "+nightly-2024-02-05" "generate-lockfile" "--manifest-path" "Cargo.toml", kill_on_drop: false }`
[INFO] [stderr]     Updating crates.io index
[INFO] running `Command { std: CARGO_HOME="/workspace/cargo-home" RUSTUP_HOME="/workspace/rustup-home" "/workspace/cargo-home/bin/cargo" "+nightly-2024-02-05" "fetch" "--manifest-path" "Cargo.toml", kill_on_drop: false }`
[INFO] [stderr]     Blocking waiting for file lock on package cache
[INFO] running `Command { std: "docker" "create" "-v" "/var/lib/crater-agent-workspace/builds/worker-7-tc2/target:/opt/rustwide/target:rw,Z" "-v" "/var/lib/crater-agent-workspace/builds/worker-7-tc2/source:/opt/rustwide/workdir:ro,Z" "-v" "/var/lib/crater-agent-workspace/cargo-home:/opt/rustwide/cargo-home:ro,Z" "-v" "/var/lib/crater-agent-workspace/rustup-home:/opt/rustwide/rustup-home:ro,Z" "-e" "SOURCE_DIR=/opt/rustwide/workdir" "-e" "CARGO_TARGET_DIR=/opt/rustwide/target" "-e" "CARGO_HOME=/opt/rustwide/cargo-home" "-e" "RUSTUP_HOME=/opt/rustwide/rustup-home" "-w" "/opt/rustwide/workdir" "-m" "1610612736" "--user" "0:0" "--network" "none" "ghcr.io/rust-lang/crates-build-env/linux@sha256:2788e3201cd34a07e3172128adcd8b3090168a8e3bcc40d7c032b9dda1df7d1c" "/opt/rustwide/cargo-home/bin/cargo" "+nightly-2024-02-05" "metadata" "--no-deps" "--format-version=1", kill_on_drop: false }`
[INFO] [stdout] bcd6328355596d4670b9663f27c104e29174a53766e15e2ff03a278c6347a684
[INFO] running `Command { std: "docker" "start" "-a" "bcd6328355596d4670b9663f27c104e29174a53766e15e2ff03a278c6347a684", kill_on_drop: false }`
[INFO] running `Command { std: "docker" "inspect" "bcd6328355596d4670b9663f27c104e29174a53766e15e2ff03a278c6347a684", kill_on_drop: false }`
[INFO] running `Command { std: "docker" "rm" "-f" "bcd6328355596d4670b9663f27c104e29174a53766e15e2ff03a278c6347a684", kill_on_drop: false }`
[INFO] [stdout] bcd6328355596d4670b9663f27c104e29174a53766e15e2ff03a278c6347a684
[INFO] running `Command { std: "docker" "create" "-v" "/var/lib/crater-agent-workspace/builds/worker-7-tc2/target:/opt/rustwide/target:rw,Z" "-v" "/var/lib/crater-agent-workspace/builds/worker-7-tc2/source:/opt/rustwide/workdir:ro,Z" "-v" "/var/lib/crater-agent-workspace/cargo-home:/opt/rustwide/cargo-home:ro,Z" "-v" "/var/lib/crater-agent-workspace/rustup-home:/opt/rustwide/rustup-home:ro,Z" "-e" "SOURCE_DIR=/opt/rustwide/workdir" "-e" "CARGO_TARGET_DIR=/opt/rustwide/target" "-e" "CARGO_INCREMENTAL=0" "-e" "RUST_BACKTRACE=full" "-e" "RUSTFLAGS=--cap-lints=forbid -Dunexpected_cfgs" "-e" "RUSTDOCFLAGS=--cap-lints=forbid" "-e" "CARGO_HOME=/opt/rustwide/cargo-home" "-e" "RUSTUP_HOME=/opt/rustwide/rustup-home" "-w" "/opt/rustwide/workdir" "-m" "1610612736" "--user" "0:0" "--network" "none" "ghcr.io/rust-lang/crates-build-env/linux@sha256:2788e3201cd34a07e3172128adcd8b3090168a8e3bcc40d7c032b9dda1df7d1c" "/opt/rustwide/cargo-home/bin/cargo" "+nightly-2024-02-05" "check" "--frozen" "--all" "--all-targets" "--message-format=json" "-Zcheck-cfg", kill_on_drop: false }`
[INFO] [stdout] 6f6a8048a504aca9648e247aca6e49d72224bf0de518e82f73c68902e105f761
[INFO] running `Command { std: "docker" "start" "-a" "6f6a8048a504aca9648e247aca6e49d72224bf0de518e82f73c68902e105f761", kill_on_drop: false }`
[INFO] [stderr]    Compiling serde v1.0.196
[INFO] [stderr]    Compiling syn v1.0.109
[INFO] [stderr]     Checking regex-automata v0.1.10
[INFO] [stderr]     Checking unicode-segmentation v1.10.1
[INFO] [stderr]    Compiling proc-macro-error v1.0.4
[INFO] [stderr]    Compiling memoffset v0.8.0
[INFO] [stderr]     Checking rustc-hash v1.1.0
[INFO] [stderr]     Checking countme v3.0.1
[INFO] [stderr]     Checking hashbrown v0.12.3
[INFO] [stderr]    Compiling schemars v0.8.16
[INFO] [stderr]    Compiling syn v2.0.48
[INFO] [stderr]    Compiling proc-macro-error-attr v1.0.4
[INFO] [stderr]    Compiling rome_diagnostics_categories v0.0.1
[INFO] [stderr]     Checking dyn-clone v1.0.16
[INFO] [stderr]     Checking gimli v0.28.1
[INFO] [stderr]    Compiling backtrace v0.3.69
[INFO] [stderr]     Checking miniz_oxide v0.7.2
[INFO] [stderr]     Checking atty v0.2.14
[INFO] [stderr]     Checking object v0.32.2
[INFO] [stderr]     Checking bstr v0.2.17
[INFO] [stderr]     Checking aho-corasick v1.1.2
[INFO] [stderr]     Checking regex-syntax v0.8.2
[INFO] [stderr]     Checking rustc-demangle v0.1.23
[INFO] [stderr]     Checking getrandom v0.2.12
[INFO] [stderr]     Checking pico-args v0.5.0
[INFO] [stderr]     Checking log v0.4.20
[INFO] [stderr]     Checking drop_bomb v0.1.5
[INFO] [stderr]     Checking rand_core v0.6.4
[INFO] [stderr]     Checking console v0.15.8
[INFO] [stderr]     Checking rome_js_unicode_table v0.0.1
[INFO] [stderr]     Checking similar v2.4.0
[INFO] [stderr]     Checking rand v0.8.5
[INFO] [stderr]    Compiling rome_markup v0.0.1
[INFO] [stderr]     Checking insta v1.34.0
[INFO] [stderr]     Checking regex-automata v0.4.5
[INFO] [stderr]    Compiling serde_derive v1.0.196
[INFO] [stderr]     Checking addr2line v0.21.0
[INFO] [stderr]     Checking regex v1.10.3
[INFO] [stderr]    Compiling serde_derive_internals v0.26.0
[INFO] [stderr]     Checking env_logger v0.8.4
[INFO] [stderr]     Checking quickcheck v1.0.3
[INFO] [stderr]    Compiling schemars_derive v0.8.16
[INFO] [stderr]    Compiling rome_diagnostics_macros v0.0.1
[INFO] [stderr]    Compiling quickcheck_macros v1.0.0
[INFO] [stderr]     Checking rome_text_size v0.0.1
[INFO] [stderr]     Checking serde_json v1.0.113
[INFO] [stderr]     Checking rome_text_edit v0.0.1
[INFO] [stderr]     Checking rome_rowan v0.0.1
[INFO] [stderr]     Checking rome_json_syntax v0.0.1
[INFO] [stderr]     Checking rome_json_factory v0.0.1
[INFO] [stderr]     Checking rome_console v0.0.1
[INFO] [stderr]     Checking rome_diagnostics v0.0.1
[INFO] [stderr]     Checking rome_parser v0.0.1
[INFO] [stderr]     Checking rome_json_parser v0.0.1 (/opt/rustwide/workdir)
[INFO] [stdout] error[E0433]: failed to resolve: use of undeclared crate or module `tests_macros`
[INFO] [stdout]  --> tests/spec_tests.rs:7:5
[INFO] [stdout]   |
[INFO] [stdout] 7 |     tests_macros::gen_tests! {"tests/json_test_suite/ok/*.json", crate::spec_test::run, "ok"}
[INFO] [stdout]   |     ^^^^^^^^^^^^ use of undeclared crate or module `tests_macros`
[INFO] [stdout] 
[INFO] [stdout] 
[INFO] [stdout] error[E0433]: failed to resolve: use of undeclared crate or module `tests_macros`
[INFO] [stdout]   --> tests/spec_tests.rs:12:5
[INFO] [stdout]    |
[INFO] [stdout] 12 |     tests_macros::gen_tests! {"tests/json_test_suite/err/*.json", crate::spec_test::run, "error"}
[INFO] [stdout]    |     ^^^^^^^^^^^^ use of undeclared crate or module `tests_macros`
[INFO] [stdout] 
[INFO] [stdout] 
[INFO] [stdout] error[E0433]: failed to resolve: use of undeclared crate or module `tests_macros`
[INFO] [stdout]   --> tests/spec_tests.rs:17:5
[INFO] [stdout]    |
[INFO] [stdout] 17 |     tests_macros::gen_tests! {"tests/json_test_suite/undefined/*.json", crate::spec_test::run, "undefined"}
[INFO] [stdout]    |     ^^^^^^^^^^^^ use of undeclared crate or module `tests_macros`
[INFO] [stdout] 
[INFO] [stdout] 
[INFO] [stdout] error: aborting due to 3 previous errors
[INFO] [stdout] 
[INFO] [stdout] 
[INFO] [stdout] For more information about this error, try `rustc --explain E0433`.
[INFO] [stdout] 
[INFO] [stderr] error: could not compile `rome_json_parser` (test "spec_tests") due to 4 previous errors
[INFO] [stderr] warning: build failed, waiting for other jobs to finish...
[INFO] running `Command { std: "docker" "inspect" "6f6a8048a504aca9648e247aca6e49d72224bf0de518e82f73c68902e105f761", kill_on_drop: false }`
[INFO] running `Command { std: "docker" "rm" "-f" "6f6a8048a504aca9648e247aca6e49d72224bf0de518e82f73c68902e105f761", kill_on_drop: false }`
[INFO] [stdout] 6f6a8048a504aca9648e247aca6e49d72224bf0de518e82f73c68902e105f761
