[INFO] fetching crate rocket_newrelic 0.1.0...
[INFO] checking rocket_newrelic-0.1.0 against nightly-2024-02-05 for check-cfg
[INFO] extracting crate rocket_newrelic 0.1.0 into /workspace/builds/worker-6-tc1/source
[INFO] validating manifest of crates.io crate rocket_newrelic 0.1.0 on toolchain nightly-2024-02-05
[INFO] running `Command { std: CARGO_HOME="/workspace/cargo-home" RUSTUP_HOME="/workspace/rustup-home" "/workspace/cargo-home/bin/cargo" "+nightly-2024-02-05" "metadata" "--manifest-path" "Cargo.toml" "--no-deps", kill_on_drop: false }`
[INFO] started tweaking crates.io crate rocket_newrelic 0.1.0
[INFO] finished tweaking crates.io crate rocket_newrelic 0.1.0
[INFO] tweaked toml for crates.io crate rocket_newrelic 0.1.0 written to /workspace/builds/worker-6-tc1/source/Cargo.toml
[INFO] running `Command { std: CARGO_HOME="/workspace/cargo-home" RUSTUP_HOME="/workspace/rustup-home" "/workspace/cargo-home/bin/cargo" "+nightly-2024-02-05" "generate-lockfile" "--manifest-path" "Cargo.toml", kill_on_drop: false }`
[INFO] [stderr]     Updating crates.io index
[INFO] running `Command { std: CARGO_HOME="/workspace/cargo-home" RUSTUP_HOME="/workspace/rustup-home" "/workspace/cargo-home/bin/cargo" "+nightly-2024-02-05" "fetch" "--manifest-path" "Cargo.toml", kill_on_drop: false }`
[INFO] [stderr]  Downloading crates ...
[INFO] [stderr]   Downloaded newrelic v0.2.2
[INFO] [stderr]   Downloaded rocket_contrib v0.4.11
[INFO] [stderr]   Downloaded newrelic-sys v0.2.0
[INFO] running `Command { std: "docker" "create" "-v" "/var/lib/crater-agent-workspace/builds/worker-6-tc1/target:/opt/rustwide/target:rw,Z" "-v" "/var/lib/crater-agent-workspace/builds/worker-6-tc1/source:/opt/rustwide/workdir:ro,Z" "-v" "/var/lib/crater-agent-workspace/cargo-home:/opt/rustwide/cargo-home:ro,Z" "-v" "/var/lib/crater-agent-workspace/rustup-home:/opt/rustwide/rustup-home:ro,Z" "-e" "SOURCE_DIR=/opt/rustwide/workdir" "-e" "CARGO_TARGET_DIR=/opt/rustwide/target" "-e" "CARGO_HOME=/opt/rustwide/cargo-home" "-e" "RUSTUP_HOME=/opt/rustwide/rustup-home" "-w" "/opt/rustwide/workdir" "-m" "1610612736" "--user" "0:0" "--network" "none" "ghcr.io/rust-lang/crates-build-env/linux@sha256:2788e3201cd34a07e3172128adcd8b3090168a8e3bcc40d7c032b9dda1df7d1c" "/opt/rustwide/cargo-home/bin/cargo" "+nightly-2024-02-05" "metadata" "--no-deps" "--format-version=1", kill_on_drop: false }`
[INFO] [stdout] 4b8049565e775e1563d5883de77bc50d2d12fa3d0b06f9be43856160bb162d94
[INFO] running `Command { std: "docker" "start" "-a" "4b8049565e775e1563d5883de77bc50d2d12fa3d0b06f9be43856160bb162d94", kill_on_drop: false }`
[INFO] running `Command { std: "docker" "inspect" "4b8049565e775e1563d5883de77bc50d2d12fa3d0b06f9be43856160bb162d94", kill_on_drop: false }`
[INFO] running `Command { std: "docker" "rm" "-f" "4b8049565e775e1563d5883de77bc50d2d12fa3d0b06f9be43856160bb162d94", kill_on_drop: false }`
[INFO] [stdout] 4b8049565e775e1563d5883de77bc50d2d12fa3d0b06f9be43856160bb162d94
[INFO] running `Command { std: "docker" "create" "-v" "/var/lib/crater-agent-workspace/builds/worker-6-tc1/target:/opt/rustwide/target:rw,Z" "-v" "/var/lib/crater-agent-workspace/builds/worker-6-tc1/source:/opt/rustwide/workdir:ro,Z" "-v" "/var/lib/crater-agent-workspace/cargo-home:/opt/rustwide/cargo-home:ro,Z" "-v" "/var/lib/crater-agent-workspace/rustup-home:/opt/rustwide/rustup-home:ro,Z" "-e" "SOURCE_DIR=/opt/rustwide/workdir" "-e" "CARGO_TARGET_DIR=/opt/rustwide/target" "-e" "CARGO_INCREMENTAL=0" "-e" "RUST_BACKTRACE=full" "-e" "RUSTFLAGS=--cap-lints=forbid" "-e" "RUSTDOCFLAGS=--cap-lints=forbid" "-e" "CARGO_HOME=/opt/rustwide/cargo-home" "-e" "RUSTUP_HOME=/opt/rustwide/rustup-home" "-w" "/opt/rustwide/workdir" "-m" "1610612736" "--user" "0:0" "--network" "none" "ghcr.io/rust-lang/crates-build-env/linux@sha256:2788e3201cd34a07e3172128adcd8b3090168a8e3bcc40d7c032b9dda1df7d1c" "/opt/rustwide/cargo-home/bin/cargo" "+nightly-2024-02-05" "check" "--frozen" "--all" "--all-targets" "--message-format=json", kill_on_drop: false }`
[INFO] [stdout] 31a51e04314fa510bf33890f12f8762ecaffbd88b8c96cf2f86193ceace6279d
[INFO] running `Command { std: "docker" "start" "-a" "31a51e04314fa510bf33890f12f8762ecaffbd88b8c96cf2f86193ceace6279d", kill_on_drop: false }`
[INFO] [stderr]    Compiling libc v0.2.153
[INFO] [stderr]    Compiling autocfg v1.1.0
[INFO] [stderr]    Compiling typenum v1.17.0
[INFO] [stderr]     Checking cfg-if v0.1.10
[INFO] [stderr]     Checking log v0.4.20
[INFO] [stderr]    Compiling proc-macro2 v1.0.78
[INFO] [stderr]    Compiling generic-array v0.14.7
[INFO] [stderr]     Checking byteorder v1.5.0
[INFO] [stderr]     Checking futures v0.1.31
[INFO] [stderr]     Checking tinyvec_macros v0.1.1
[INFO] [stderr]     Checking tinyvec v1.6.0
[INFO] [stderr]    Compiling semver-parser v0.7.0
[INFO] [stderr]    Compiling proc-macro2 v0.4.30
[INFO] [stderr]    Compiling slab v0.4.9
[INFO] [stderr]    Compiling semver v0.9.0
[INFO] [stderr]     Checking unicode-normalization v0.1.22
[INFO] [stderr]    Compiling crossbeam-utils v0.7.2
[INFO] [stderr]    Compiling unicode-xid v0.1.0
[INFO] [stderr]    Compiling quote v1.0.35
[INFO] [stderr]    Compiling maybe-uninit v2.0.0
[INFO] [stderr]    Compiling yansi v0.5.1
[INFO] [stderr]     Checking unicode-bidi v0.3.15
[INFO] [stderr]    Compiling syn v2.0.48
[INFO] [stderr]    Compiling rustc_version v0.2.3
[INFO] [stderr]     Checking iovec v0.1.4
[INFO] [stderr]    Compiling cc v1.0.83
[INFO] [stderr]    Compiling syn v0.15.44
[INFO] [stderr]    Compiling httparse v1.8.0
[INFO] [stderr]     Checking num_cpus v1.16.0
[INFO] [stderr]    Compiling quote v0.6.13
[INFO] [stderr]    Compiling indexmap v1.9.3
[INFO] [stderr]     Checking either v1.9.0
[INFO] [stderr]     Checking matches v0.1.10
[INFO] [stderr]    Compiling subtle v2.4.1
[INFO] [stderr]    Compiling version_check v0.1.5
[INFO] [stderr]     Checking bytes v0.4.12
[INFO] [stderr]    Compiling opaque-debug v0.3.0
[INFO] [stderr]     Checking time v0.1.45
[INFO] [stderr]    Compiling autocfg v0.1.8
[INFO] [stderr]     Checking scopeguard v1.2.0
[INFO] [stderr]     Checking rand_core v0.4.2
[INFO] [stderr]    Compiling cfg-if v1.0.0
[INFO] [stderr]    Compiling unicase v1.4.2
[INFO] [stderr]     Checking idna v0.1.5
[INFO] [stderr]     Checking net2 v0.2.39
[INFO] [stderr]    Compiling pear_codegen v0.1.5
[INFO] [stderr]    Compiling cipher v0.2.5
[INFO] [stderr]    Compiling serde v1.0.196
[INFO] [stderr]     Checking percent-encoding v1.0.1
[INFO] [stderr]     Checking percent-encoding v2.3.1
[INFO] [stderr]     Checking fnv v1.0.7
[INFO] [stderr]     Checking url v1.7.2
[INFO] [stderr]     Checking mio v0.6.23
[INFO] [stderr]    Compiling getrandom v0.2.12
[INFO] [stderr]    Compiling universal-hash v0.4.1
[INFO] [stderr]     Checking tokio-executor v0.1.10
[INFO] [stderr]    Compiling parking_lot_core v0.6.3
[INFO] [stderr]    Compiling digest v0.9.0
[INFO] [stderr]    Compiling memoffset v0.5.6
[INFO] [stderr]     Checking hashbrown v0.12.3
[INFO] [stderr]    Compiling vcpkg v0.2.15
[INFO] [stderr]    Compiling pkg-config v0.3.29
[INFO] [stderr]    Compiling cpuid-bool v0.2.0
[INFO] [stderr]    Compiling polyval v0.4.5
[INFO] [stderr]    Compiling rand_core v0.6.4
[INFO] [stderr]    Compiling aes-soft v0.6.4
[INFO] [stderr]    Compiling crypto-mac v0.10.1
[INFO] [stderr]     Checking smallvec v0.6.14
[INFO] [stderr]    Compiling parking_lot v0.9.0
[INFO] [stderr]    Compiling crossbeam-epoch v0.8.2
[INFO] [stderr]     Checking memchr v2.7.1
[INFO] [stderr]    Compiling openssl-sys v0.9.99
[INFO] [stderr]    Compiling ppv-lite86 v0.2.17
[INFO] [stderr]    Compiling log v0.3.9
[INFO] [stderr]    Compiling hmac v0.10.1
[INFO] [stderr]    Compiling rand_chacha v0.3.1
[INFO] [stderr]    Compiling aes v0.6.0
[INFO] [stderr]    Compiling ghash v0.3.1
[INFO] [stderr]    Compiling ctr v0.6.0
[INFO] [stderr]     Checking tokio-io v0.1.13
[INFO] [stderr]     Checking rand_core v0.3.1
[INFO] [stderr]     Checking lock_api v0.3.4
[INFO] [stderr]    Compiling block-buffer v0.9.0
[INFO] [stderr]    Compiling aead v0.3.2
[INFO] [stderr]    Compiling unicase v2.7.0
[INFO] [stderr]    Compiling cpufeatures v0.2.12
[INFO] [stderr]     Checking itoa v0.4.8
[INFO] [stderr]    Compiling bitflags v1.3.2
[INFO] [stderr]    Compiling safemem v0.3.3
[INFO] [stderr]    Compiling syn v1.0.109
[INFO] [stderr]    Compiling aes-gcm v0.8.0
[INFO] [stderr]    Compiling base64 v0.9.3
[INFO] [stderr]    Compiling devise_core v0.2.1
[INFO] [stderr]    Compiling sha2 v0.9.9
[INFO] [stderr]    Compiling serde_derive v1.0.196
[INFO] [stderr]    Compiling rand v0.8.5
[INFO] [stderr]    Compiling hkdf v0.10.0
[INFO] [stderr]    Compiling mime v0.2.6
[INFO] [stderr]     Checking tokio-sync v0.1.8
[INFO] [stderr]    Compiling typeable v0.1.2
[INFO] [stderr]    Compiling base64 v0.13.1
[INFO] [stderr]    Compiling language-tags v0.2.2
[INFO] [stderr]     Checking adler v1.0.2
[INFO] [stderr]    Compiling traitobject v0.1.0
[INFO] [stderr]     Checking miniz_oxide v0.7.2
[INFO] [stderr]    Compiling cookie v0.11.5
[INFO] [stderr]    Compiling hyper v0.10.16
[INFO] [stderr]     Checking tokio-reactor v0.1.12
[INFO] [stderr]     Checking crossbeam-deque v0.7.4
[INFO] [stderr]     Checking http v0.1.21
[INFO] [stderr]    Compiling backtrace v0.3.69
[INFO] [stderr]    Compiling rand_chacha v0.1.1
[INFO] [stderr]    Compiling rand_pcg v0.1.2
[INFO] [stderr]     Checking crossbeam-queue v0.2.3
[INFO] [stderr]    Compiling devise_codegen v0.2.1
[INFO] [stderr]    Compiling rocket_codegen v0.4.11
[INFO] [stderr]    Compiling openssl v0.10.63
[INFO] [stderr]    Compiling failure_derive v0.1.8
[INFO] [stderr]    Compiling unicode-xid v0.2.4
[INFO] [stderr]    Compiling smallvec v1.13.1
[INFO] [stderr]    Compiling state v0.4.2
[INFO] [stderr]    Compiling serde_json v1.0.113
[INFO] [stderr]     Checking foreign-types-shared v0.1.1
[INFO] [stderr]     Checking gimli v0.28.1
[INFO] [stderr]     Checking foreign-types v0.3.2
[INFO] [stderr]    Compiling devise v0.2.1
[INFO] [stderr]     Checking tokio-threadpool v0.1.18
[INFO] [stderr]    Compiling pear v0.1.5
[INFO] [stderr]    Compiling synstructure v0.12.6
[INFO] [stderr]    Compiling rocket_http v0.4.11
[INFO] [stderr]     Checking tokio-tcp v0.1.4
[INFO] [stderr]    Compiling openssl-macros v0.1.1
[INFO] [stderr]     Checking object v0.32.2
[INFO] [stderr]     Checking tokio-current-thread v0.1.7
[INFO] [stderr]     Checking tokio-timer v0.2.13
[INFO] [stderr]     Checking form_urlencoded v1.2.1
[INFO] [stderr]     Checking string v0.2.1
[INFO] [stderr]     Checking tokio-buf v0.1.1
[INFO] [stderr]    Compiling rand v0.6.5
[INFO] [stderr]     Checking addr2line v0.21.0
[INFO] [stderr]    Compiling hyper v0.12.36
[INFO] [stderr]     Checking idna v0.5.0
[INFO] [stderr]    Compiling rocket v0.4.11
[INFO] [stderr]     Checking once_cell v1.19.0
[INFO] [stderr]     Checking itoa v1.0.10
[INFO] [stderr]     Checking try-lock v0.2.5
[INFO] [stderr]     Checking ryu v1.0.16
[INFO] [stderr]    Compiling glob v0.3.1
[INFO] [stderr]     Checking rustc-demangle v0.1.23
[INFO] [stderr]    Compiling crc32fast v1.3.2
[INFO] [stderr]     Checking bitflags v2.4.2
[INFO] [stderr]    Compiling native-tls v0.2.11
[INFO] [stderr]    Compiling newrelic-sys v0.2.0
[INFO] [stderr]     Checking url v2.5.0
[INFO] [stderr]     Checking want v0.2.0
[INFO] [stderr]     Checking http-body v0.1.0
[INFO] [stderr]     Checking h2 v0.1.26
[INFO] [stderr]     Checking tokio v0.1.22
[INFO] [stderr]     Checking toml v0.4.10
[INFO] [stderr]    Compiling mime_guess v2.0.4
[INFO] [stderr] error: failed to run custom build command for `newrelic-sys v0.2.0`
[INFO] [stderr] note: To improve backtraces for build dependencies, set the CARGO_PROFILE_DEV_BUILD_OVERRIDE_DEBUG=true environment variable to enable debug information generation.
[INFO] [stderr] 
[INFO] [stderr] Caused by:
[INFO] [stderr]   process didn't exit successfully: `/opt/rustwide/target/debug/build/newrelic-sys-f5e323c0c6bd9ab1/build-script-build` (exit status: 101)
[INFO] [stderr]   --- stdout
[INFO] [stderr]   cargo:rustc-link-search=native=/opt/rustwide/target/debug/build/newrelic-sys-7bd2d97664ae9087/out
[INFO] [stderr]   cargo:rustc-link-lib=static=newrelic
[INFO] [stderr]   cargo:rustc-link-lib=dylib=pcre
[INFO] [stderr]   make -C vendor/newrelic/axiom
[INFO] [stderr]   make[1]: Entering directory '/opt/rustwide/cargo-home/registry/src/index.crates.io-6f17d22bba15001f/newrelic-sys-0.2.0/vendor/vendor/newrelic/axiom'
[INFO] [stderr]   make[1]: Leaving directory '/opt/rustwide/cargo-home/registry/src/index.crates.io-6f17d22bba15001f/newrelic-sys-0.2.0/vendor/vendor/newrelic/axiom'
[INFO] [stderr]   "./vendor/libnewrelic.a"
[INFO] [stderr] 
[INFO] [stderr]   --- stderr
[INFO] [stderr]   cat: ../../VERSION: No such file or directory
[INFO] [stderr]   fatal: not a git repository (or any parent up to mount point /opt/rustwide)
[INFO] [stderr]   Stopping at filesystem boundary (GIT_DISCOVERY_ACROSS_FILESYSTEM not set).
[INFO] [stderr]   mkdir: cannot create directory '.deps': Read-only file system
[INFO] [stderr]   make[1]: *** [Makefile:195: .deps/] Error 1
[INFO] [stderr]   make: *** [Makefile:88: vendor/newrelic/axiom/libaxiom.a] Error 2
[INFO] [stderr]   thread 'main' panicked at /opt/rustwide/cargo-home/registry/src/index.crates.io-6f17d22bba15001f/newrelic-sys-0.2.0/build.rs:25:61:
[INFO] [stderr]   Could not copy object files: Os { code: 2, kind: NotFound, message: "No such file or directory" }
[INFO] [stderr]   stack backtrace:
[INFO] [stderr]      0:     0x561f5d934a26 - std::backtrace_rs::backtrace::libunwind::trace::heebc7766b165eb2a
[INFO] [stderr]                                  at /rustc/268dbbbc4b3fd71c5f360a4d0728295252430b5b/library/std/src/../../backtrace/src/backtrace/libunwind.rs:104:5
[INFO] [stderr]      1:     0x561f5d934a26 - std::backtrace_rs::backtrace::trace_unsynchronized::ha677020d8fc0296d
[INFO] [stderr]                                  at /rustc/268dbbbc4b3fd71c5f360a4d0728295252430b5b/library/std/src/../../backtrace/src/backtrace/mod.rs:66:5
[INFO] [stderr]      2:     0x561f5d934a26 - std::sys_common::backtrace::_print_fmt::hcaff2fd86a1aeaa3
[INFO] [stderr]                                  at /rustc/268dbbbc4b3fd71c5f360a4d0728295252430b5b/library/std/src/sys_common/backtrace.rs:68:5
[INFO] [stderr]      3:     0x561f5d934a26 - <std::sys_common::backtrace::_print::DisplayBacktrace as core::fmt::Display>::fmt::hc2446d8aa0059188
[INFO] [stderr]                                  at /rustc/268dbbbc4b3fd71c5f360a4d0728295252430b5b/library/std/src/sys_common/backtrace.rs:44:22
[INFO] [stderr]      4:     0x561f5d957470 - core::fmt::rt::Argument::fmt::h2fbb6454da37999b
[INFO] [stderr]                                  at /rustc/268dbbbc4b3fd71c5f360a4d0728295252430b5b/library/core/src/fmt/rt.rs:142:9
[INFO] [stderr]      5:     0x561f5d957470 - core::fmt::write::had96bdeda7d49d3a
[INFO] [stderr]                                  at /rustc/268dbbbc4b3fd71c5f360a4d0728295252430b5b/library/core/src/fmt/mod.rs:1120:17
[INFO] [stderr]      6:     0x561f5d9329cf - std::io::Write::write_fmt::h30b1f36eea05b391
[INFO] [stderr]                                  at /rustc/268dbbbc4b3fd71c5f360a4d0728295252430b5b/library/std/src/io/mod.rs:1849:15
[INFO] [stderr]      7:     0x561f5d934804 - std::sys_common::backtrace::_print::hc333bb91ae972137
[INFO] [stderr]                                  at /rustc/268dbbbc4b3fd71c5f360a4d0728295252430b5b/library/std/src/sys_common/backtrace.rs:47:5
[INFO] [stderr]      8:     0x561f5d934804 - std::sys_common::backtrace::print::h18fd3c71a95a3169
[INFO] [stderr]                                  at /rustc/268dbbbc4b3fd71c5f360a4d0728295252430b5b/library/std/src/sys_common/backtrace.rs:34:9
[INFO] [stderr]      9:     0x561f5d935d67 - std::panicking::default_hook::{{closure}}::ha3473f9bcb4e9a37
[INFO] [stderr]     10:     0x561f5d935ac9 - std::panicking::default_hook::h23d9d43185db6584
[INFO] [stderr]                                  at /rustc/268dbbbc4b3fd71c5f360a4d0728295252430b5b/library/std/src/panicking.rs:292:9
[INFO] [stderr]     11:     0x561f5d9361f8 - std::panicking::rust_panic_with_hook::h94aceaa7df3a6edd
[INFO] [stderr]                                  at /rustc/268dbbbc4b3fd71c5f360a4d0728295252430b5b/library/std/src/panicking.rs:781:13
[INFO] [stderr]     12:     0x561f5d9360d2 - std::panicking::begin_panic_handler::{{closure}}::h9905d45d1d82fc42
[INFO] [stderr]                                  at /rustc/268dbbbc4b3fd71c5f360a4d0728295252430b5b/library/std/src/panicking.rs:659:13
[INFO] [stderr]     13:     0x561f5d934f26 - std::sys_common::backtrace::__rust_end_short_backtrace::hb02085545dc143b9
[INFO] [stderr]                                  at /rustc/268dbbbc4b3fd71c5f360a4d0728295252430b5b/library/std/src/sys_common/backtrace.rs:171:18
[INFO] [stderr]     14:     0x561f5d935e24 - rust_begin_unwind
[INFO] [stderr]                                  at /rustc/268dbbbc4b3fd71c5f360a4d0728295252430b5b/library/std/src/panicking.rs:647:5
[INFO] [stderr]     15:     0x561f5d9111e5 - core::panicking::panic_fmt::h6dca3983f8a9f4d0
[INFO] [stderr]                                  at /rustc/268dbbbc4b3fd71c5f360a4d0728295252430b5b/library/core/src/panicking.rs:72:14
[INFO] [stderr]     16:     0x561f5d911653 - core::result::unwrap_failed::h640a7fdbeb8f545f
[INFO] [stderr]                                  at /rustc/268dbbbc4b3fd71c5f360a4d0728295252430b5b/library/core/src/result.rs:1649:5
[INFO] [stderr]     17:     0x561f5d91332b - core::result::Result<T,E>::expect::hffcec0a925f6df43
[INFO] [stderr]     18:     0x561f5d915c3e - build_script_build::main::h16fffcc00464a198
[INFO] [stderr]     19:     0x561f5d912743 - core::ops::function::FnOnce::call_once::h342ba6f6b250733e
[INFO] [stderr]     20:     0x561f5d911d16 - std::sys_common::backtrace::__rust_begin_short_backtrace::he103fc2f401b516a
[INFO] [stderr]     21:     0x561f5d912259 - std::rt::lang_start::{{closure}}::h2358629280506e88
[INFO] [stderr]     22:     0x561f5d92f651 - core::ops::function::impls::<impl core::ops::function::FnOnce<A> for &F>::call_once::h298d8ff12ebcec8c
[INFO] [stderr]                                  at /rustc/268dbbbc4b3fd71c5f360a4d0728295252430b5b/library/core/src/ops/function.rs:284:13
[INFO] [stderr]     23:     0x561f5d92f651 - std::panicking::try::do_call::hbd0ffb05da5bd343
[INFO] [stderr]                                  at /rustc/268dbbbc4b3fd71c5f360a4d0728295252430b5b/library/std/src/panicking.rs:554:40
[INFO] [stderr]     24:     0x561f5d92f651 - std::panicking::try::h11c9a152defd5d2a
[INFO] [stderr]                                  at /rustc/268dbbbc4b3fd71c5f360a4d0728295252430b5b/library/std/src/panicking.rs:518:19
[INFO] [stderr]     25:     0x561f5d92f651 - std::panic::catch_unwind::h0d6db2fa902b4d64
[INFO] [stderr]                                  at /rustc/268dbbbc4b3fd71c5f360a4d0728295252430b5b/library/std/src/panic.rs:142:14
[INFO] [stderr]     26:     0x561f5d92f651 - std::rt::lang_start_internal::{{closure}}::hdcc09b4aad7ef821
[INFO] [stderr]                                  at /rustc/268dbbbc4b3fd71c5f360a4d0728295252430b5b/library/std/src/rt.rs:148:48
[INFO] [stderr]     27:     0x561f5d92f651 - std::panicking::try::do_call::h3ffd2f162d60900f
[INFO] [stderr]                                  at /rustc/268dbbbc4b3fd71c5f360a4d0728295252430b5b/library/std/src/panicking.rs:554:40
[INFO] [stderr]     28:     0x561f5d92f651 - std::panicking::try::heeba82b9c3e190fb
[INFO] [stderr]                                  at /rustc/268dbbbc4b3fd71c5f360a4d0728295252430b5b/library/std/src/panicking.rs:518:19
[INFO] [stderr]     29:     0x561f5d92f651 - std::panic::catch_unwind::hdaab8f1c188f387f
[INFO] [stderr]                                  at /rustc/268dbbbc4b3fd71c5f360a4d0728295252430b5b/library/std/src/panic.rs:142:14
[INFO] [stderr]     30:     0x561f5d92f651 - std::rt::lang_start_internal::h9989e088c48b7903
[INFO] [stderr]                                  at /rustc/268dbbbc4b3fd71c5f360a4d0728295252430b5b/library/std/src/rt.rs:148:20
[INFO] [stderr]     31:     0x561f5d912237 - std::rt::lang_start::hbb1bec1fac78634c
[INFO] [stderr]     32:     0x561f5d915d85 - main
[INFO] [stderr]     33:     0x7f8c31688d90 - <unknown>
[INFO] [stderr]     34:     0x7f8c31688e40 - __libc_start_main
[INFO] [stderr]     35:     0x561f5d911915 - _start
[INFO] [stderr]     36:                0x0 - <unknown>
[INFO] [stderr] warning: build failed, waiting for other jobs to finish...
[INFO] running `Command { std: "docker" "inspect" "31a51e04314fa510bf33890f12f8762ecaffbd88b8c96cf2f86193ceace6279d", kill_on_drop: false }`
[INFO] running `Command { std: "docker" "rm" "-f" "31a51e04314fa510bf33890f12f8762ecaffbd88b8c96cf2f86193ceace6279d", kill_on_drop: false }`
[INFO] [stdout] 31a51e04314fa510bf33890f12f8762ecaffbd88b8c96cf2f86193ceace6279d
[INFO] checking rocket_newrelic-0.1.0 against nightly-2024-02-05+rustflags=-Dunexpected_cfgs+cargoflags=-Zcheck-cfg for check-cfg
[INFO] extracting crate rocket_newrelic 0.1.0 into /workspace/builds/worker-6-tc2/source
[INFO] validating manifest of crates.io crate rocket_newrelic 0.1.0 on toolchain nightly-2024-02-05
[INFO] running `Command { std: CARGO_HOME="/workspace/cargo-home" RUSTUP_HOME="/workspace/rustup-home" "/workspace/cargo-home/bin/cargo" "+nightly-2024-02-05" "metadata" "--manifest-path" "Cargo.toml" "--no-deps", kill_on_drop: false }`
[INFO] started tweaking crates.io crate rocket_newrelic 0.1.0
[INFO] finished tweaking crates.io crate rocket_newrelic 0.1.0
[INFO] tweaked toml for crates.io crate rocket_newrelic 0.1.0 written to /workspace/builds/worker-6-tc2/source/Cargo.toml
[INFO] running `Command { std: CARGO_HOME="/workspace/cargo-home" RUSTUP_HOME="/workspace/rustup-home" "/workspace/cargo-home/bin/cargo" "+nightly-2024-02-05" "generate-lockfile" "--manifest-path" "Cargo.toml", kill_on_drop: false }`
[INFO] [stderr]     Blocking waiting for file lock on package cache
[INFO] [stderr]     Updating crates.io index
[INFO] running `Command { std: CARGO_HOME="/workspace/cargo-home" RUSTUP_HOME="/workspace/rustup-home" "/workspace/cargo-home/bin/cargo" "+nightly-2024-02-05" "fetch" "--manifest-path" "Cargo.toml", kill_on_drop: false }`
[INFO] [stderr]     Blocking waiting for file lock on package cache
[INFO] running `Command { std: "docker" "create" "-v" "/var/lib/crater-agent-workspace/builds/worker-6-tc2/target:/opt/rustwide/target:rw,Z" "-v" "/var/lib/crater-agent-workspace/builds/worker-6-tc2/source:/opt/rustwide/workdir:ro,Z" "-v" "/var/lib/crater-agent-workspace/cargo-home:/opt/rustwide/cargo-home:ro,Z" "-v" "/var/lib/crater-agent-workspace/rustup-home:/opt/rustwide/rustup-home:ro,Z" "-e" "SOURCE_DIR=/opt/rustwide/workdir" "-e" "CARGO_TARGET_DIR=/opt/rustwide/target" "-e" "CARGO_HOME=/opt/rustwide/cargo-home" "-e" "RUSTUP_HOME=/opt/rustwide/rustup-home" "-w" "/opt/rustwide/workdir" "-m" "1610612736" "--user" "0:0" "--network" "none" "ghcr.io/rust-lang/crates-build-env/linux@sha256:2788e3201cd34a07e3172128adcd8b3090168a8e3bcc40d7c032b9dda1df7d1c" "/opt/rustwide/cargo-home/bin/cargo" "+nightly-2024-02-05" "metadata" "--no-deps" "--format-version=1", kill_on_drop: false }`
[INFO] [stdout] 450e14656ae2f6071a8b55e07c7e1a4ef757acd87c05724e5d319c71043ebebf
[INFO] running `Command { std: "docker" "start" "-a" "450e14656ae2f6071a8b55e07c7e1a4ef757acd87c05724e5d319c71043ebebf", kill_on_drop: false }`
[INFO] running `Command { std: "docker" "inspect" "450e14656ae2f6071a8b55e07c7e1a4ef757acd87c05724e5d319c71043ebebf", kill_on_drop: false }`
[INFO] running `Command { std: "docker" "rm" "-f" "450e14656ae2f6071a8b55e07c7e1a4ef757acd87c05724e5d319c71043ebebf", kill_on_drop: false }`
[INFO] [stdout] 450e14656ae2f6071a8b55e07c7e1a4ef757acd87c05724e5d319c71043ebebf
[INFO] running `Command { std: "docker" "create" "-v" "/var/lib/crater-agent-workspace/builds/worker-6-tc2/target:/opt/rustwide/target:rw,Z" "-v" "/var/lib/crater-agent-workspace/builds/worker-6-tc2/source:/opt/rustwide/workdir:ro,Z" "-v" "/var/lib/crater-agent-workspace/cargo-home:/opt/rustwide/cargo-home:ro,Z" "-v" "/var/lib/crater-agent-workspace/rustup-home:/opt/rustwide/rustup-home:ro,Z" "-e" "SOURCE_DIR=/opt/rustwide/workdir" "-e" "CARGO_TARGET_DIR=/opt/rustwide/target" "-e" "CARGO_INCREMENTAL=0" "-e" "RUST_BACKTRACE=full" "-e" "RUSTFLAGS=--cap-lints=forbid -Dunexpected_cfgs" "-e" "RUSTDOCFLAGS=--cap-lints=forbid" "-e" "CARGO_HOME=/opt/rustwide/cargo-home" "-e" "RUSTUP_HOME=/opt/rustwide/rustup-home" "-w" "/opt/rustwide/workdir" "-m" "1610612736" "--user" "0:0" "--network" "none" "ghcr.io/rust-lang/crates-build-env/linux@sha256:2788e3201cd34a07e3172128adcd8b3090168a8e3bcc40d7c032b9dda1df7d1c" "/opt/rustwide/cargo-home/bin/cargo" "+nightly-2024-02-05" "check" "--frozen" "--all" "--all-targets" "--message-format=json" "-Zcheck-cfg", kill_on_drop: false }`
[INFO] [stdout] 1ae4efc0a5edbb21ee31cba2a2834647b583d36e322f7a425fb84d1a7365f71a
[INFO] running `Command { std: "docker" "start" "-a" "1ae4efc0a5edbb21ee31cba2a2834647b583d36e322f7a425fb84d1a7365f71a", kill_on_drop: false }`
[INFO] [stderr]    Compiling libc v0.2.153
[INFO] [stderr]    Compiling autocfg v1.1.0
[INFO] [stderr]    Compiling typenum v1.17.0
[INFO] [stderr]     Checking log v0.4.20
[INFO] [stderr]     Checking cfg-if v0.1.10
[INFO] [stderr]    Compiling proc-macro2 v1.0.78
[INFO] [stderr]    Compiling generic-array v0.14.7
[INFO] [stderr]     Checking byteorder v1.5.0
[INFO] [stderr]     Checking tinyvec_macros v0.1.1
[INFO] [stderr]     Checking futures v0.1.31
[INFO] [stderr]     Checking tinyvec v1.6.0
[INFO] [stderr]    Compiling semver-parser v0.7.0
[INFO] [stderr]    Compiling proc-macro2 v0.4.30
[INFO] [stderr]    Compiling crossbeam-utils v0.7.2
[INFO] [stderr]    Compiling semver v0.9.0
[INFO] [stderr]    Compiling slab v0.4.9
[INFO] [stderr]    Compiling quote v1.0.35
[INFO] [stderr]     Checking unicode-normalization v0.1.22
[INFO] [stderr]    Compiling maybe-uninit v2.0.0
[INFO] [stderr]     Checking unicode-bidi v0.3.15
[INFO] [stderr]    Compiling yansi v0.5.1
[INFO] [stderr]    Compiling unicode-xid v0.1.0
[INFO] [stderr]    Compiling syn v2.0.48
[INFO] [stderr]    Compiling rustc_version v0.2.3
[INFO] [stderr]    Compiling httparse v1.8.0
[INFO] [stderr]    Compiling cc v1.0.83
[INFO] [stderr]    Compiling syn v0.15.44
[INFO] [stderr]     Checking iovec v0.1.4
[INFO] [stderr]     Checking num_cpus v1.16.0
[INFO] [stderr]    Compiling indexmap v1.9.3
[INFO] [stderr]    Compiling quote v0.6.13
[INFO] [stderr]    Compiling subtle v2.4.1
[INFO] [stderr]     Checking either v1.9.0
[INFO] [stderr]     Checking matches v0.1.10
[INFO] [stderr]    Compiling opaque-debug v0.3.0
[INFO] [stderr]    Compiling version_check v0.1.5
[INFO] [stderr]     Checking bytes v0.4.12
[INFO] [stderr]     Checking time v0.1.45
[INFO] [stderr]    Compiling autocfg v0.1.8
[INFO] [stderr]     Checking rand_core v0.4.2
[INFO] [stderr]     Checking scopeguard v1.2.0
[INFO] [stderr]    Compiling cfg-if v1.0.0
[INFO] [stderr]     Checking idna v0.1.5
[INFO] [stderr]     Checking net2 v0.2.39
[INFO] [stderr]    Compiling cipher v0.2.5
[INFO] [stderr]    Compiling pear_codegen v0.1.5
[INFO] [stderr]    Compiling unicase v1.4.2
[INFO] [stderr]    Compiling serde v1.0.196
[INFO] [stderr]     Checking percent-encoding v2.3.1
[INFO] [stderr]     Checking percent-encoding v1.0.1
[INFO] [stderr]     Checking fnv v1.0.7
[INFO] [stderr]     Checking mio v0.6.23
[INFO] [stderr]    Compiling getrandom v0.2.12
[INFO] [stderr]     Checking url v1.7.2
[INFO] [stderr]     Checking tokio-executor v0.1.10
[INFO] [stderr]    Compiling universal-hash v0.4.1
[INFO] [stderr]    Compiling parking_lot_core v0.6.3
[INFO] [stderr]    Compiling digest v0.9.0
[INFO] [stderr]    Compiling memoffset v0.5.6
[INFO] [stderr]    Compiling pkg-config v0.3.29
[INFO] [stderr]     Checking hashbrown v0.12.3
[INFO] [stderr]    Compiling cpuid-bool v0.2.0
[INFO] [stderr]    Compiling vcpkg v0.2.15
[INFO] [stderr]    Compiling polyval v0.4.5
[INFO] [stderr]    Compiling rand_core v0.6.4
[INFO] [stderr]    Compiling aes-soft v0.6.4
[INFO] [stderr]    Compiling crypto-mac v0.10.1
[INFO] [stderr]     Checking smallvec v0.6.14
[INFO] [stderr]    Compiling parking_lot v0.9.0
[INFO] [stderr]    Compiling crossbeam-epoch v0.8.2
[INFO] [stderr]    Compiling openssl-sys v0.9.99
[INFO] [stderr]     Checking memchr v2.7.1
[INFO] [stderr]    Compiling ppv-lite86 v0.2.17
[INFO] [stderr]    Compiling log v0.3.9
[INFO] [stderr]    Compiling rand_chacha v0.3.1
[INFO] [stderr]    Compiling aes v0.6.0
[INFO] [stderr]    Compiling hmac v0.10.1
[INFO] [stderr]    Compiling ghash v0.3.1
[INFO] [stderr]    Compiling ctr v0.6.0
[INFO] [stderr]     Checking rand_core v0.3.1
[INFO] [stderr]     Checking tokio-io v0.1.13
[INFO] [stderr]     Checking lock_api v0.3.4
[INFO] [stderr]    Compiling block-buffer v0.9.0
[INFO] [stderr]    Compiling aead v0.3.2
[INFO] [stderr]    Compiling unicase v2.7.0
[INFO] [stderr]    Compiling syn v1.0.109
[INFO] [stderr]    Compiling safemem v0.3.3
[INFO] [stderr]    Compiling bitflags v1.3.2
[INFO] [stderr]     Checking itoa v0.4.8
[INFO] [stderr]    Compiling cpufeatures v0.2.12
[INFO] [stderr]    Compiling devise_core v0.2.1
[INFO] [stderr]    Compiling sha2 v0.9.9
[INFO] [stderr]    Compiling base64 v0.9.3
[INFO] [stderr]    Compiling aes-gcm v0.8.0
[INFO] [stderr]    Compiling serde_derive v1.0.196
[INFO] [stderr]    Compiling rand v0.8.5
[INFO] [stderr]    Compiling hkdf v0.10.0
[INFO] [stderr]    Compiling mime v0.2.6
[INFO] [stderr]     Checking tokio-sync v0.1.8
[INFO] [stderr]     Checking adler v1.0.2
[INFO] [stderr]    Compiling traitobject v0.1.0
[INFO] [stderr]    Compiling typeable v0.1.2
[INFO] [stderr]    Compiling base64 v0.13.1
[INFO] [stderr]    Compiling language-tags v0.2.2
[INFO] [stderr]     Checking miniz_oxide v0.7.2
[INFO] [stderr]    Compiling hyper v0.10.16
[INFO] [stderr]    Compiling cookie v0.11.5
[INFO] [stderr]     Checking tokio-reactor v0.1.12
[INFO] [stderr]     Checking crossbeam-deque v0.7.4
[INFO] [stderr]     Checking http v0.1.21
[INFO] [stderr]    Compiling backtrace v0.3.69
[INFO] [stderr]    Compiling rand_pcg v0.1.2
[INFO] [stderr]    Compiling rand_chacha v0.1.1
[INFO] [stderr]     Checking crossbeam-queue v0.2.3
[INFO] [stderr]    Compiling rocket_codegen v0.4.11
[INFO] [stderr]    Compiling serde_json v1.0.113
[INFO] [stderr]    Compiling devise_codegen v0.2.1
[INFO] [stderr]     Checking foreign-types-shared v0.1.1
[INFO] [stderr]    Compiling unicode-xid v0.2.4
[INFO] [stderr]    Compiling openssl v0.10.63
[INFO] [stderr]    Compiling smallvec v1.13.1
[INFO] [stderr]     Checking gimli v0.28.1
[INFO] [stderr]    Compiling state v0.4.2
[INFO] [stderr]    Compiling failure_derive v0.1.8
[INFO] [stderr]     Checking foreign-types v0.3.2
[INFO] [stderr]    Compiling devise v0.2.1
[INFO] [stderr]    Compiling synstructure v0.12.6
[INFO] [stderr]     Checking tokio-threadpool v0.1.18
[INFO] [stderr]    Compiling pear v0.1.5
[INFO] [stderr]    Compiling rocket_http v0.4.11
[INFO] [stderr]     Checking tokio-tcp v0.1.4
[INFO] [stderr]    Compiling openssl-macros v0.1.1
[INFO] [stderr]     Checking object v0.32.2
[INFO] [stderr]     Checking tokio-timer v0.2.13
[INFO] [stderr]     Checking tokio-current-thread v0.1.7
[INFO] [stderr]     Checking form_urlencoded v1.2.1
[INFO] [stderr]     Checking tokio-buf v0.1.1
[INFO] [stderr]     Checking string v0.2.1
[INFO] [stderr]    Compiling rand v0.6.5
[INFO] [stderr]    Compiling hyper v0.12.36
[INFO] [stderr]     Checking addr2line v0.21.0
[INFO] [stderr]     Checking idna v0.5.0
[INFO] [stderr]    Compiling rocket v0.4.11
[INFO] [stderr]    Compiling crc32fast v1.3.2
[INFO] [stderr]     Checking ryu v1.0.16
[INFO] [stderr]     Checking rustc-demangle v0.1.23
[INFO] [stderr]    Compiling glob v0.3.1
[INFO] [stderr]     Checking once_cell v1.19.0
[INFO] [stderr]     Checking try-lock v0.2.5
[INFO] [stderr]    Compiling native-tls v0.2.11
[INFO] [stderr]     Checking itoa v1.0.10
[INFO] [stderr]    Compiling newrelic-sys v0.2.0
[INFO] [stderr]     Checking bitflags v2.4.2
[INFO] [stderr]     Checking want v0.2.0
[INFO] [stderr]     Checking url v2.5.0
[INFO] [stderr]     Checking http-body v0.1.0
[INFO] [stderr]     Checking h2 v0.1.26
[INFO] [stderr]     Checking tokio v0.1.22
[INFO] [stderr]     Checking toml v0.4.10
[INFO] [stderr]    Compiling mime_guess v2.0.4
[INFO] [stderr] error: failed to run custom build command for `newrelic-sys v0.2.0`
[INFO] [stderr] note: To improve backtraces for build dependencies, set the CARGO_PROFILE_DEV_BUILD_OVERRIDE_DEBUG=true environment variable to enable debug information generation.
[INFO] [stderr] 
[INFO] [stderr] Caused by:
[INFO] [stderr]   process didn't exit successfully: `/opt/rustwide/target/debug/build/newrelic-sys-f5e323c0c6bd9ab1/build-script-build` (exit status: 101)
[INFO] [stderr]   --- stdout
[INFO] [stderr]   cargo:rustc-link-search=native=/opt/rustwide/target/debug/build/newrelic-sys-7bd2d97664ae9087/out
[INFO] [stderr]   cargo:rustc-link-lib=static=newrelic
[INFO] [stderr]   cargo:rustc-link-lib=dylib=pcre
[INFO] [stderr]   make -C vendor/newrelic/axiom
[INFO] [stderr]   make[1]: Entering directory '/opt/rustwide/cargo-home/registry/src/index.crates.io-6f17d22bba15001f/newrelic-sys-0.2.0/vendor/vendor/newrelic/axiom'
[INFO] [stderr]   make[1]: Leaving directory '/opt/rustwide/cargo-home/registry/src/index.crates.io-6f17d22bba15001f/newrelic-sys-0.2.0/vendor/vendor/newrelic/axiom'
[INFO] [stderr]   "./vendor/libnewrelic.a"
[INFO] [stderr] 
[INFO] [stderr]   --- stderr
[INFO] [stderr]   cat: ../../VERSION: No such file or directory
[INFO] [stderr]   fatal: not a git repository (or any parent up to mount point /opt/rustwide)
[INFO] [stderr]   Stopping at filesystem boundary (GIT_DISCOVERY_ACROSS_FILESYSTEM not set).
[INFO] [stderr]   mkdir: cannot create directory '.deps': Read-only file system
[INFO] [stderr]   make[1]: *** [Makefile:195: .deps/] Error 1
[INFO] [stderr]   make: *** [Makefile:88: vendor/newrelic/axiom/libaxiom.a] Error 2
[INFO] [stderr]   thread 'main' panicked at /opt/rustwide/cargo-home/registry/src/index.crates.io-6f17d22bba15001f/newrelic-sys-0.2.0/build.rs:25:61:
[INFO] [stderr]   Could not copy object files: Os { code: 2, kind: NotFound, message: "No such file or directory" }
[INFO] [stderr]   stack backtrace:
[INFO] [stderr]      0:     0x556b64f11a26 - std::backtrace_rs::backtrace::libunwind::trace::heebc7766b165eb2a
[INFO] [stderr]                                  at /rustc/268dbbbc4b3fd71c5f360a4d0728295252430b5b/library/std/src/../../backtrace/src/backtrace/libunwind.rs:104:5
[INFO] [stderr]      1:     0x556b64f11a26 - std::backtrace_rs::backtrace::trace_unsynchronized::ha677020d8fc0296d
[INFO] [stderr]                                  at /rustc/268dbbbc4b3fd71c5f360a4d0728295252430b5b/library/std/src/../../backtrace/src/backtrace/mod.rs:66:5
[INFO] [stderr]      2:     0x556b64f11a26 - std::sys_common::backtrace::_print_fmt::hcaff2fd86a1aeaa3
[INFO] [stderr]                                  at /rustc/268dbbbc4b3fd71c5f360a4d0728295252430b5b/library/std/src/sys_common/backtrace.rs:68:5
[INFO] [stderr]      3:     0x556b64f11a26 - <std::sys_common::backtrace::_print::DisplayBacktrace as core::fmt::Display>::fmt::hc2446d8aa0059188
[INFO] [stderr]                                  at /rustc/268dbbbc4b3fd71c5f360a4d0728295252430b5b/library/std/src/sys_common/backtrace.rs:44:22
[INFO] [stderr]      4:     0x556b64f34470 - core::fmt::rt::Argument::fmt::h2fbb6454da37999b
[INFO] [stderr]                                  at /rustc/268dbbbc4b3fd71c5f360a4d0728295252430b5b/library/core/src/fmt/rt.rs:142:9
[INFO] [stderr]      5:     0x556b64f34470 - core::fmt::write::had96bdeda7d49d3a
[INFO] [stderr]                                  at /rustc/268dbbbc4b3fd71c5f360a4d0728295252430b5b/library/core/src/fmt/mod.rs:1120:17
[INFO] [stderr]      6:     0x556b64f0f9cf - std::io::Write::write_fmt::h30b1f36eea05b391
[INFO] [stderr]                                  at /rustc/268dbbbc4b3fd71c5f360a4d0728295252430b5b/library/std/src/io/mod.rs:1849:15
[INFO] [stderr]      7:     0x556b64f11804 - std::sys_common::backtrace::_print::hc333bb91ae972137
[INFO] [stderr]                                  at /rustc/268dbbbc4b3fd71c5f360a4d0728295252430b5b/library/std/src/sys_common/backtrace.rs:47:5
[INFO] [stderr]      8:     0x556b64f11804 - std::sys_common::backtrace::print::h18fd3c71a95a3169
[INFO] [stderr]                                  at /rustc/268dbbbc4b3fd71c5f360a4d0728295252430b5b/library/std/src/sys_common/backtrace.rs:34:9
[INFO] [stderr]      9:     0x556b64f12d67 - std::panicking::default_hook::{{closure}}::ha3473f9bcb4e9a37
[INFO] [stderr]     10:     0x556b64f12ac9 - std::panicking::default_hook::h23d9d43185db6584
[INFO] [stderr]                                  at /rustc/268dbbbc4b3fd71c5f360a4d0728295252430b5b/library/std/src/panicking.rs:292:9
[INFO] [stderr]     11:     0x556b64f131f8 - std::panicking::rust_panic_with_hook::h94aceaa7df3a6edd
[INFO] [stderr]                                  at /rustc/268dbbbc4b3fd71c5f360a4d0728295252430b5b/library/std/src/panicking.rs:781:13
[INFO] [stderr]     12:     0x556b64f130d2 - std::panicking::begin_panic_handler::{{closure}}::h9905d45d1d82fc42
[INFO] [stderr]                                  at /rustc/268dbbbc4b3fd71c5f360a4d0728295252430b5b/library/std/src/panicking.rs:659:13
[INFO] [stderr]     13:     0x556b64f11f26 - std::sys_common::backtrace::__rust_end_short_backtrace::hb02085545dc143b9
[INFO] [stderr]                                  at /rustc/268dbbbc4b3fd71c5f360a4d0728295252430b5b/library/std/src/sys_common/backtrace.rs:171:18
[INFO] [stderr]     14:     0x556b64f12e24 - rust_begin_unwind
[INFO] [stderr]                                  at /rustc/268dbbbc4b3fd71c5f360a4d0728295252430b5b/library/std/src/panicking.rs:647:5
[INFO] [stderr]     15:     0x556b64eee1e5 - core::panicking::panic_fmt::h6dca3983f8a9f4d0
[INFO] [stderr]                                  at /rustc/268dbbbc4b3fd71c5f360a4d0728295252430b5b/library/core/src/panicking.rs:72:14
[INFO] [stderr]     16:     0x556b64eee653 - core::result::unwrap_failed::h640a7fdbeb8f545f
[INFO] [stderr]                                  at /rustc/268dbbbc4b3fd71c5f360a4d0728295252430b5b/library/core/src/result.rs:1649:5
[INFO] [stderr]     17:     0x556b64ef032b - core::result::Result<T,E>::expect::hffcec0a925f6df43
[INFO] [stderr]     18:     0x556b64ef2c3e - build_script_build::main::h16fffcc00464a198
[INFO] [stderr]     19:     0x556b64eef743 - core::ops::function::FnOnce::call_once::h342ba6f6b250733e
[INFO] [stderr]     20:     0x556b64eeed16 - std::sys_common::backtrace::__rust_begin_short_backtrace::he103fc2f401b516a
[INFO] [stderr]     21:     0x556b64eef259 - std::rt::lang_start::{{closure}}::h2358629280506e88
[INFO] [stderr]     22:     0x556b64f0c651 - core::ops::function::impls::<impl core::ops::function::FnOnce<A> for &F>::call_once::h298d8ff12ebcec8c
[INFO] [stderr]                                  at /rustc/268dbbbc4b3fd71c5f360a4d0728295252430b5b/library/core/src/ops/function.rs:284:13
[INFO] [stderr]     23:     0x556b64f0c651 - std::panicking::try::do_call::hbd0ffb05da5bd343
[INFO] [stderr]                                  at /rustc/268dbbbc4b3fd71c5f360a4d0728295252430b5b/library/std/src/panicking.rs:554:40
[INFO] [stderr]     24:     0x556b64f0c651 - std::panicking::try::h11c9a152defd5d2a
[INFO] [stderr]                                  at /rustc/268dbbbc4b3fd71c5f360a4d0728295252430b5b/library/std/src/panicking.rs:518:19
[INFO] [stderr]     25:     0x556b64f0c651 - std::panic::catch_unwind::h0d6db2fa902b4d64
[INFO] [stderr]                                  at /rustc/268dbbbc4b3fd71c5f360a4d0728295252430b5b/library/std/src/panic.rs:142:14
[INFO] [stderr]     26:     0x556b64f0c651 - std::rt::lang_start_internal::{{closure}}::hdcc09b4aad7ef821
[INFO] [stderr]                                  at /rustc/268dbbbc4b3fd71c5f360a4d0728295252430b5b/library/std/src/rt.rs:148:48
[INFO] [stderr]     27:     0x556b64f0c651 - std::panicking::try::do_call::h3ffd2f162d60900f
[INFO] [stderr]                                  at /rustc/268dbbbc4b3fd71c5f360a4d0728295252430b5b/library/std/src/panicking.rs:554:40
[INFO] [stderr]     28:     0x556b64f0c651 - std::panicking::try::heeba82b9c3e190fb
[INFO] [stderr]                                  at /rustc/268dbbbc4b3fd71c5f360a4d0728295252430b5b/library/std/src/panicking.rs:518:19
[INFO] [stderr]     29:     0x556b64f0c651 - std::panic::catch_unwind::hdaab8f1c188f387f
[INFO] [stderr]                                  at /rustc/268dbbbc4b3fd71c5f360a4d0728295252430b5b/library/std/src/panic.rs:142:14
[INFO] [stderr]     30:     0x556b64f0c651 - std::rt::lang_start_internal::h9989e088c48b7903
[INFO] [stderr]                                  at /rustc/268dbbbc4b3fd71c5f360a4d0728295252430b5b/library/std/src/rt.rs:148:20
[INFO] [stderr]     31:     0x556b64eef237 - std::rt::lang_start::hbb1bec1fac78634c
[INFO] [stderr]     32:     0x556b64ef2d85 - main
[INFO] [stderr]     33:     0x7f962c429d90 - <unknown>
[INFO] [stderr]     34:     0x7f962c429e40 - __libc_start_main
[INFO] [stderr]     35:     0x556b64eee915 - _start
[INFO] [stderr]     36:                0x0 - <unknown>
[INFO] [stderr] warning: build failed, waiting for other jobs to finish...
[INFO] running `Command { std: "docker" "inspect" "1ae4efc0a5edbb21ee31cba2a2834647b583d36e322f7a425fb84d1a7365f71a", kill_on_drop: false }`
[INFO] running `Command { std: "docker" "rm" "-f" "1ae4efc0a5edbb21ee31cba2a2834647b583d36e322f7a425fb84d1a7365f71a", kill_on_drop: false }`
[INFO] [stdout] 1ae4efc0a5edbb21ee31cba2a2834647b583d36e322f7a425fb84d1a7365f71a
