[INFO] fetching crate rocket_lang 0.2.0...
[INFO] checking rocket_lang-0.2.0 against nightly-2024-02-05 for check-cfg
[INFO] extracting crate rocket_lang 0.2.0 into /workspace/builds/worker-4-tc1/source
[INFO] validating manifest of crates.io crate rocket_lang 0.2.0 on toolchain nightly-2024-02-05
[INFO] running `Command { std: CARGO_HOME="/workspace/cargo-home" RUSTUP_HOME="/workspace/rustup-home" "/workspace/cargo-home/bin/cargo" "+nightly-2024-02-05" "metadata" "--manifest-path" "Cargo.toml" "--no-deps", kill_on_drop: false }`
[INFO] started tweaking crates.io crate rocket_lang 0.2.0
[INFO] finished tweaking crates.io crate rocket_lang 0.2.0
[INFO] tweaked toml for crates.io crate rocket_lang 0.2.0 written to /workspace/builds/worker-4-tc1/source/Cargo.toml
[INFO] running `Command { std: CARGO_HOME="/workspace/cargo-home" RUSTUP_HOME="/workspace/rustup-home" "/workspace/cargo-home/bin/cargo" "+nightly-2024-02-05" "generate-lockfile" "--manifest-path" "Cargo.toml", kill_on_drop: false }`
[INFO] [stderr]     Updating crates.io index
[INFO] running `Command { std: CARGO_HOME="/workspace/cargo-home" RUSTUP_HOME="/workspace/rustup-home" "/workspace/cargo-home/bin/cargo" "+nightly-2024-02-05" "fetch" "--manifest-path" "Cargo.toml", kill_on_drop: false }`
[INFO] running `Command { std: "docker" "create" "-v" "/var/lib/crater-agent-workspace/builds/worker-4-tc1/target:/opt/rustwide/target:rw,Z" "-v" "/var/lib/crater-agent-workspace/builds/worker-4-tc1/source:/opt/rustwide/workdir:ro,Z" "-v" "/var/lib/crater-agent-workspace/cargo-home:/opt/rustwide/cargo-home:ro,Z" "-v" "/var/lib/crater-agent-workspace/rustup-home:/opt/rustwide/rustup-home:ro,Z" "-e" "SOURCE_DIR=/opt/rustwide/workdir" "-e" "CARGO_TARGET_DIR=/opt/rustwide/target" "-e" "CARGO_HOME=/opt/rustwide/cargo-home" "-e" "RUSTUP_HOME=/opt/rustwide/rustup-home" "-w" "/opt/rustwide/workdir" "-m" "1610612736" "--user" "0:0" "--network" "none" "ghcr.io/rust-lang/crates-build-env/linux@sha256:2788e3201cd34a07e3172128adcd8b3090168a8e3bcc40d7c032b9dda1df7d1c" "/opt/rustwide/cargo-home/bin/cargo" "+nightly-2024-02-05" "metadata" "--no-deps" "--format-version=1", kill_on_drop: false }`
[INFO] [stdout] 94982114e9d93245abefaa5167568836085eaf515aed87e174e2426618758694
[INFO] running `Command { std: "docker" "start" "-a" "94982114e9d93245abefaa5167568836085eaf515aed87e174e2426618758694", kill_on_drop: false }`
[INFO] running `Command { std: "docker" "inspect" "94982114e9d93245abefaa5167568836085eaf515aed87e174e2426618758694", kill_on_drop: false }`
[INFO] running `Command { std: "docker" "rm" "-f" "94982114e9d93245abefaa5167568836085eaf515aed87e174e2426618758694", kill_on_drop: false }`
[INFO] [stdout] 94982114e9d93245abefaa5167568836085eaf515aed87e174e2426618758694
[INFO] running `Command { std: "docker" "create" "-v" "/var/lib/crater-agent-workspace/builds/worker-4-tc1/target:/opt/rustwide/target:rw,Z" "-v" "/var/lib/crater-agent-workspace/builds/worker-4-tc1/source:/opt/rustwide/workdir:ro,Z" "-v" "/var/lib/crater-agent-workspace/cargo-home:/opt/rustwide/cargo-home:ro,Z" "-v" "/var/lib/crater-agent-workspace/rustup-home:/opt/rustwide/rustup-home:ro,Z" "-e" "SOURCE_DIR=/opt/rustwide/workdir" "-e" "CARGO_TARGET_DIR=/opt/rustwide/target" "-e" "CARGO_INCREMENTAL=0" "-e" "RUST_BACKTRACE=full" "-e" "RUSTFLAGS=--cap-lints=forbid" "-e" "RUSTDOCFLAGS=--cap-lints=forbid" "-e" "CARGO_HOME=/opt/rustwide/cargo-home" "-e" "RUSTUP_HOME=/opt/rustwide/rustup-home" "-w" "/opt/rustwide/workdir" "-m" "1610612736" "--user" "0:0" "--network" "none" "ghcr.io/rust-lang/crates-build-env/linux@sha256:2788e3201cd34a07e3172128adcd8b3090168a8e3bcc40d7c032b9dda1df7d1c" "/opt/rustwide/cargo-home/bin/cargo" "+nightly-2024-02-05" "check" "--frozen" "--all" "--all-targets" "--message-format=json", kill_on_drop: false }`
[INFO] [stdout] aa6bad42122ca938c67d55668a322552b3222562bfae53a2e65b474a99e892a8
[INFO] running `Command { std: "docker" "start" "-a" "aa6bad42122ca938c67d55668a322552b3222562bfae53a2e65b474a99e892a8", kill_on_drop: false }`
[INFO] [stderr]    Compiling yansi v1.0.0-rc.1
[INFO] [stderr]    Compiling proc-macro2-diagnostics v0.10.1
[INFO] [stderr]    Compiling pin-project-lite v0.2.13
[INFO] [stderr]    Compiling itoa v1.0.10
[INFO] [stderr]     Checking tokio v1.36.0
[INFO] [stderr]     Checking indexmap v2.2.2
[INFO] [stderr]    Compiling cookie v0.18.0
[INFO] [stderr]    Compiling ref-cast v1.0.22
[INFO] [stderr]    Compiling futures-sink v0.3.30
[INFO] [stderr]    Compiling futures-core v0.3.30
[INFO] [stderr]     Checking futures-util v0.3.30
[INFO] [stderr]     Checking tracing v0.1.40
[INFO] [stderr]    Compiling ref-cast-impl v1.0.22
[INFO] [stderr]    Compiling powerfmt v0.2.0
[INFO] [stderr]    Compiling futures-task v0.3.30
[INFO] [stderr]    Compiling pin-utils v0.1.0
[INFO] [stderr]    Compiling bytes v1.5.0
[INFO] [stderr]    Compiling tracing-core v0.1.32
[INFO] [stderr]    Compiling deranged v0.3.11
[INFO] [stderr]    Compiling pear_codegen v0.2.8
[INFO] [stderr]    Compiling http v0.2.11
[INFO] [stderr]    Compiling futures-channel v0.3.30
[INFO] [stderr]    Compiling socket2 v0.5.5
[INFO] [stderr]    Compiling mio v0.8.10
[INFO] [stderr]    Compiling uncased v0.9.10
[INFO] [stderr]    Compiling bitflags v2.4.2
[INFO] [stderr]    Compiling try-lock v0.2.5
[INFO] [stderr]    Compiling want v0.3.1
[INFO] [stderr]    Compiling devise_core v0.4.1
[INFO] [stderr]    Compiling http-body v0.4.6
[INFO] [stderr]    Compiling time v0.3.34
[INFO] [stderr]     Checking serde_spanned v0.6.5
[INFO] [stderr]     Checking toml_datetime v0.6.5
[INFO] [stderr]    Compiling httparse v1.8.0
[INFO] [stderr]    Compiling tower-service v0.3.2
[INFO] [stderr]     Checking winnow v0.5.37
[INFO] [stderr]    Compiling httpdate v1.0.3
[INFO] [stderr]    Compiling futures-io v0.3.30
[INFO] [stderr]    Compiling memchr v2.7.1
[INFO] [stderr]    Compiling percent-encoding v2.3.1
[INFO] [stderr]     Checking inlinable_string v0.1.15
[INFO] [stderr]     Checking pear v0.2.8
[INFO] [stderr]    Compiling devise_codegen v0.4.1
[INFO] [stderr]    Compiling stable-pattern v0.1.0
[INFO] [stderr]    Compiling futures v0.3.30
[INFO] [stderr]     Checking tokio-util v0.7.10
[INFO] [stderr]    Compiling multer v2.1.0
[INFO] [stderr]    Compiling figment v0.10.14
[INFO] [stderr]    Compiling state v0.6.0
[INFO] [stderr]     Checking toml_edit v0.22.4
[INFO] [stderr]     Checking h2 v0.3.24
[INFO] [stderr]    Compiling devise v0.4.1
[INFO] [stderr]    Compiling rocket v0.5.0
[INFO] [stderr]     Checking either v1.9.0
[INFO] [stderr]    Compiling glob v0.3.1
[INFO] [stderr]    Compiling hyper v0.14.28
[INFO] [stderr]     Checking spin v0.9.8
[INFO] [stderr]     Checking tokio-stream v0.1.14
[INFO] [stderr]     Checking ubyte v0.10.4
[INFO] [stderr]     Checking atomic v0.5.3
[INFO] [stderr]     Checking binascii v0.1.4
[INFO] [stderr]     Checking toml v0.8.10
[INFO] [stderr]    Compiling rocket_http v0.5.0
[INFO] [stderr]    Compiling rocket_codegen v0.5.0
[INFO] [stderr]     Checking rocket_lang v0.2.0 (/opt/rustwide/workdir)
[INFO] [stdout] error[E0599]: no variant or associated item named `Failure` found for enum `rocket::outcome::Outcome` in the current scope
[INFO] [stdout]    --> src/lib.rs:114:34
[INFO] [stdout]     |
[INFO] [stdout] 114 |             Err(err) => Outcome::Failure((err.status(), err)),
[INFO] [stdout]     |                                  ^^^^^^^ variant or associated item not found in `Outcome<_, (Status, _), Status>`
[INFO] [stdout] 
[INFO] [stdout] 
[INFO] [stdout] error[E0599]: no variant or associated item named `Failure` found for enum `rocket::outcome::Outcome` in the current scope
[INFO] [stdout]    --> src/lib.rs:114:34
[INFO] [stdout]     |
[INFO] [stdout] 114 |             Err(err) => Outcome::Failure((err.status(), err)),
[INFO] [stdout]     |                                  ^^^^^^^ variant or associated item not found in `Outcome<_, (Status, _), Status>`
[INFO] [stdout] 
[INFO] [stdout] 
[INFO] [stdout] error: aborting due to 1 previous error
[INFO] [stdout] 
[INFO] [stdout] 
[INFO] [stdout] For more information about this error, try `rustc --explain E0599`.
[INFO] [stdout] 
[INFO] [stdout] error: aborting due to 1 previous error
[INFO] [stdout] 
[INFO] [stdout] 
[INFO] [stdout] For more information about this error, try `rustc --explain E0599`.
[INFO] [stdout] 
[INFO] [stderr] error: could not compile `rocket_lang` (lib) due to 2 previous errors
[INFO] [stderr] warning: build failed, waiting for other jobs to finish...
[INFO] [stderr] error: could not compile `rocket_lang` (lib test) due to 2 previous errors
[INFO] running `Command { std: "docker" "inspect" "aa6bad42122ca938c67d55668a322552b3222562bfae53a2e65b474a99e892a8", kill_on_drop: false }`
[INFO] running `Command { std: "docker" "rm" "-f" "aa6bad42122ca938c67d55668a322552b3222562bfae53a2e65b474a99e892a8", kill_on_drop: false }`
[INFO] [stdout] aa6bad42122ca938c67d55668a322552b3222562bfae53a2e65b474a99e892a8
[INFO] checking rocket_lang-0.2.0 against nightly-2024-02-05+rustflags=-Dunexpected_cfgs+cargoflags=-Zcheck-cfg for check-cfg
[INFO] extracting crate rocket_lang 0.2.0 into /workspace/builds/worker-4-tc2/source
[INFO] validating manifest of crates.io crate rocket_lang 0.2.0 on toolchain nightly-2024-02-05
[INFO] running `Command { std: CARGO_HOME="/workspace/cargo-home" RUSTUP_HOME="/workspace/rustup-home" "/workspace/cargo-home/bin/cargo" "+nightly-2024-02-05" "metadata" "--manifest-path" "Cargo.toml" "--no-deps", kill_on_drop: false }`
[INFO] started tweaking crates.io crate rocket_lang 0.2.0
[INFO] finished tweaking crates.io crate rocket_lang 0.2.0
[INFO] tweaked toml for crates.io crate rocket_lang 0.2.0 written to /workspace/builds/worker-4-tc2/source/Cargo.toml
[INFO] running `Command { std: CARGO_HOME="/workspace/cargo-home" RUSTUP_HOME="/workspace/rustup-home" "/workspace/cargo-home/bin/cargo" "+nightly-2024-02-05" "generate-lockfile" "--manifest-path" "Cargo.toml", kill_on_drop: false }`
[INFO] [stderr]     Updating crates.io index
[INFO] running `Command { std: CARGO_HOME="/workspace/cargo-home" RUSTUP_HOME="/workspace/rustup-home" "/workspace/cargo-home/bin/cargo" "+nightly-2024-02-05" "fetch" "--manifest-path" "Cargo.toml", kill_on_drop: false }`
[INFO] running `Command { std: "docker" "create" "-v" "/var/lib/crater-agent-workspace/builds/worker-4-tc2/target:/opt/rustwide/target:rw,Z" "-v" "/var/lib/crater-agent-workspace/builds/worker-4-tc2/source:/opt/rustwide/workdir:ro,Z" "-v" "/var/lib/crater-agent-workspace/cargo-home:/opt/rustwide/cargo-home:ro,Z" "-v" "/var/lib/crater-agent-workspace/rustup-home:/opt/rustwide/rustup-home:ro,Z" "-e" "SOURCE_DIR=/opt/rustwide/workdir" "-e" "CARGO_TARGET_DIR=/opt/rustwide/target" "-e" "CARGO_HOME=/opt/rustwide/cargo-home" "-e" "RUSTUP_HOME=/opt/rustwide/rustup-home" "-w" "/opt/rustwide/workdir" "-m" "1610612736" "--user" "0:0" "--network" "none" "ghcr.io/rust-lang/crates-build-env/linux@sha256:2788e3201cd34a07e3172128adcd8b3090168a8e3bcc40d7c032b9dda1df7d1c" "/opt/rustwide/cargo-home/bin/cargo" "+nightly-2024-02-05" "metadata" "--no-deps" "--format-version=1", kill_on_drop: false }`
[INFO] [stdout] 1ae58ceb204cf96a639ebe95eb6aed2d24831dfe9dc5ff45cf425533a7a4f9e7
[INFO] running `Command { std: "docker" "start" "-a" "1ae58ceb204cf96a639ebe95eb6aed2d24831dfe9dc5ff45cf425533a7a4f9e7", kill_on_drop: false }`
[INFO] running `Command { std: "docker" "inspect" "1ae58ceb204cf96a639ebe95eb6aed2d24831dfe9dc5ff45cf425533a7a4f9e7", kill_on_drop: false }`
[INFO] running `Command { std: "docker" "rm" "-f" "1ae58ceb204cf96a639ebe95eb6aed2d24831dfe9dc5ff45cf425533a7a4f9e7", kill_on_drop: false }`
[INFO] [stdout] 1ae58ceb204cf96a639ebe95eb6aed2d24831dfe9dc5ff45cf425533a7a4f9e7
[INFO] running `Command { std: "docker" "create" "-v" "/var/lib/crater-agent-workspace/builds/worker-4-tc2/target:/opt/rustwide/target:rw,Z" "-v" "/var/lib/crater-agent-workspace/builds/worker-4-tc2/source:/opt/rustwide/workdir:ro,Z" "-v" "/var/lib/crater-agent-workspace/cargo-home:/opt/rustwide/cargo-home:ro,Z" "-v" "/var/lib/crater-agent-workspace/rustup-home:/opt/rustwide/rustup-home:ro,Z" "-e" "SOURCE_DIR=/opt/rustwide/workdir" "-e" "CARGO_TARGET_DIR=/opt/rustwide/target" "-e" "CARGO_INCREMENTAL=0" "-e" "RUST_BACKTRACE=full" "-e" "RUSTFLAGS=--cap-lints=forbid -Dunexpected_cfgs" "-e" "RUSTDOCFLAGS=--cap-lints=forbid" "-e" "CARGO_HOME=/opt/rustwide/cargo-home" "-e" "RUSTUP_HOME=/opt/rustwide/rustup-home" "-w" "/opt/rustwide/workdir" "-m" "1610612736" "--user" "0:0" "--network" "none" "ghcr.io/rust-lang/crates-build-env/linux@sha256:2788e3201cd34a07e3172128adcd8b3090168a8e3bcc40d7c032b9dda1df7d1c" "/opt/rustwide/cargo-home/bin/cargo" "+nightly-2024-02-05" "check" "--frozen" "--all" "--all-targets" "--message-format=json" "-Zcheck-cfg", kill_on_drop: false }`
[INFO] [stdout] 3cd2e667dfeae3528b6028cef70a78fd14cf87bee7019a02c3fb776e66e93ab0
[INFO] running `Command { std: "docker" "start" "-a" "3cd2e667dfeae3528b6028cef70a78fd14cf87bee7019a02c3fb776e66e93ab0", kill_on_drop: false }`
[INFO] [stderr]    Compiling yansi v1.0.0-rc.1
[INFO] [stderr]    Compiling proc-macro2-diagnostics v0.10.1
[INFO] [stderr]    Compiling pin-project-lite v0.2.13
[INFO] [stderr]    Compiling itoa v1.0.10
[INFO] [stderr]     Checking indexmap v2.2.2
[INFO] [stderr]     Checking tokio v1.36.0
[INFO] [stderr]    Compiling cookie v0.18.0
[INFO] [stderr]    Compiling futures-core v0.3.30
[INFO] [stderr]    Compiling ref-cast v1.0.22
[INFO] [stderr]    Compiling futures-sink v0.3.30
[INFO] [stderr]     Checking futures-util v0.3.30
[INFO] [stderr]     Checking tracing v0.1.40
[INFO] [stderr]    Compiling ref-cast-impl v1.0.22
[INFO] [stderr]    Compiling futures-task v0.3.30
[INFO] [stderr]    Compiling powerfmt v0.2.0
[INFO] [stderr]    Compiling pin-utils v0.1.0
[INFO] [stderr]    Compiling bytes v1.5.0
[INFO] [stderr]    Compiling deranged v0.3.11
[INFO] [stderr]    Compiling pear_codegen v0.2.8
[INFO] [stderr]    Compiling tracing-core v0.1.32
[INFO] [stderr]    Compiling http v0.2.11
[INFO] [stderr]    Compiling futures-channel v0.3.30
[INFO] [stderr]    Compiling mio v0.8.10
[INFO] [stderr]    Compiling socket2 v0.5.5
[INFO] [stderr]    Compiling uncased v0.9.10
[INFO] [stderr]    Compiling bitflags v2.4.2
[INFO] [stderr]    Compiling try-lock v0.2.5
[INFO] [stderr]    Compiling devise_core v0.4.1
[INFO] [stderr]    Compiling http-body v0.4.6
[INFO] [stderr]    Compiling want v0.3.1
[INFO] [stderr]    Compiling time v0.3.34
[INFO] [stderr]     Checking toml_datetime v0.6.5
[INFO] [stderr]     Checking serde_spanned v0.6.5
[INFO] [stderr]    Compiling httparse v1.8.0
[INFO] [stderr]     Checking winnow v0.5.37
[INFO] [stderr]    Compiling httpdate v1.0.3
[INFO] [stderr]    Compiling memchr v2.7.1
[INFO] [stderr]    Compiling inlinable_string v0.1.15
[INFO] [stderr]    Compiling futures-io v0.3.30
[INFO] [stderr]    Compiling percent-encoding v2.3.1
[INFO] [stderr]    Compiling tower-service v0.3.2
[INFO] [stderr]    Compiling devise_codegen v0.4.1
[INFO] [stderr]     Checking pear v0.2.8
[INFO] [stderr]    Compiling futures v0.3.30
[INFO] [stderr]    Compiling stable-pattern v0.1.0
[INFO] [stderr]     Checking tokio-util v0.7.10
[INFO] [stderr]    Compiling figment v0.10.14
[INFO] [stderr]    Compiling multer v2.1.0
[INFO] [stderr]    Compiling state v0.6.0
[INFO] [stderr]     Checking h2 v0.3.24
[INFO] [stderr]     Checking toml_edit v0.22.4
[INFO] [stderr]    Compiling devise v0.4.1
[INFO] [stderr]    Compiling rocket v0.5.0
[INFO] [stderr]    Compiling glob v0.3.1
[INFO] [stderr]     Checking either v1.9.0
[INFO] [stderr]    Compiling hyper v0.14.28
[INFO] [stderr]     Checking spin v0.9.8
[INFO] [stderr]     Checking tokio-stream v0.1.14
[INFO] [stderr]     Checking ubyte v0.10.4
[INFO] [stderr]     Checking binascii v0.1.4
[INFO] [stderr]     Checking atomic v0.5.3
[INFO] [stderr]     Checking toml v0.8.10
[INFO] [stderr]    Compiling rocket_http v0.5.0
[INFO] [stderr]    Compiling rocket_codegen v0.5.0
[INFO] [stderr]     Checking rocket_lang v0.2.0 (/opt/rustwide/workdir)
[INFO] [stdout] error[E0599]: no variant or associated item named `Failure` found for enum `rocket::outcome::Outcome` in the current scope
[INFO] [stdout]    --> src/lib.rs:114:34
[INFO] [stdout]     |
[INFO] [stdout] 114 |             Err(err) => Outcome::Failure((err.status(), err)),
[INFO] [stdout]     |                                  ^^^^^^^ variant or associated item not found in `Outcome<_, (Status, _), Status>`
[INFO] [stdout] 
[INFO] [stdout] 
[INFO] [stdout] error[E0599]: no variant or associated item named `Failure` found for enum `rocket::outcome::Outcome` in the current scope
[INFO] [stdout]    --> src/lib.rs:114:34
[INFO] [stdout]     |
[INFO] [stdout] 114 |             Err(err) => Outcome::Failure((err.status(), err)),
[INFO] [stdout]     |                                  ^^^^^^^ variant or associated item not found in `Outcome<_, (Status, _), Status>`
[INFO] [stdout] 
[INFO] [stdout] 
[INFO] [stdout] error: aborting due to 1 previous error
[INFO] [stdout] 
[INFO] [stdout] 
[INFO] [stdout] For more information about this error, try `rustc --explain E0599`.
[INFO] [stdout] 
[INFO] [stdout] error: aborting due to 1 previous error
[INFO] [stdout] 
[INFO] [stdout] 
[INFO] [stdout] For more information about this error, try `rustc --explain E0599`.
[INFO] [stdout] 
[INFO] [stderr] error: could not compile `rocket_lang` (lib test) due to 2 previous errors
[INFO] [stderr] warning: build failed, waiting for other jobs to finish...
[INFO] [stderr] error: could not compile `rocket_lang` (lib) due to 2 previous errors
[INFO] running `Command { std: "docker" "inspect" "3cd2e667dfeae3528b6028cef70a78fd14cf87bee7019a02c3fb776e66e93ab0", kill_on_drop: false }`
[INFO] running `Command { std: "docker" "rm" "-f" "3cd2e667dfeae3528b6028cef70a78fd14cf87bee7019a02c3fb776e66e93ab0", kill_on_drop: false }`
[INFO] [stdout] 3cd2e667dfeae3528b6028cef70a78fd14cf87bee7019a02c3fb776e66e93ab0
