[INFO] fetching crate rocket_airlock 0.3.0-rc.1...
[INFO] checking rocket_airlock-0.3.0-rc.1 against nightly-2024-02-05 for check-cfg
[INFO] extracting crate rocket_airlock 0.3.0-rc.1 into /workspace/builds/worker-5-tc1/source
[INFO] validating manifest of crates.io crate rocket_airlock 0.3.0-rc.1 on toolchain nightly-2024-02-05
[INFO] running `Command { std: CARGO_HOME="/workspace/cargo-home" RUSTUP_HOME="/workspace/rustup-home" "/workspace/cargo-home/bin/cargo" "+nightly-2024-02-05" "metadata" "--manifest-path" "Cargo.toml" "--no-deps", kill_on_drop: false }`
[INFO] started tweaking crates.io crate rocket_airlock 0.3.0-rc.1
[INFO] finished tweaking crates.io crate rocket_airlock 0.3.0-rc.1
[INFO] tweaked toml for crates.io crate rocket_airlock 0.3.0-rc.1 written to /workspace/builds/worker-5-tc1/source/Cargo.toml
[INFO] running `Command { std: CARGO_HOME="/workspace/cargo-home" RUSTUP_HOME="/workspace/rustup-home" "/workspace/cargo-home/bin/cargo" "+nightly-2024-02-05" "generate-lockfile" "--manifest-path" "Cargo.toml", kill_on_drop: false }`
[INFO] [stderr]     Updating crates.io index
[INFO] running `Command { std: CARGO_HOME="/workspace/cargo-home" RUSTUP_HOME="/workspace/rustup-home" "/workspace/cargo-home/bin/cargo" "+nightly-2024-02-05" "fetch" "--manifest-path" "Cargo.toml", kill_on_drop: false }`
[INFO] running `Command { std: "docker" "create" "-v" "/var/lib/crater-agent-workspace/builds/worker-5-tc1/target:/opt/rustwide/target:rw,Z" "-v" "/var/lib/crater-agent-workspace/builds/worker-5-tc1/source:/opt/rustwide/workdir:ro,Z" "-v" "/var/lib/crater-agent-workspace/cargo-home:/opt/rustwide/cargo-home:ro,Z" "-v" "/var/lib/crater-agent-workspace/rustup-home:/opt/rustwide/rustup-home:ro,Z" "-e" "SOURCE_DIR=/opt/rustwide/workdir" "-e" "CARGO_TARGET_DIR=/opt/rustwide/target" "-e" "CARGO_HOME=/opt/rustwide/cargo-home" "-e" "RUSTUP_HOME=/opt/rustwide/rustup-home" "-w" "/opt/rustwide/workdir" "-m" "1610612736" "--user" "0:0" "--network" "none" "ghcr.io/rust-lang/crates-build-env/linux@sha256:2788e3201cd34a07e3172128adcd8b3090168a8e3bcc40d7c032b9dda1df7d1c" "/opt/rustwide/cargo-home/bin/cargo" "+nightly-2024-02-05" "metadata" "--no-deps" "--format-version=1", kill_on_drop: false }`
[INFO] [stdout] c283e6fdc5b0c5480c8fd78ad47e12aab56c983cfe731f5a69572bc812e74766
[INFO] running `Command { std: "docker" "start" "-a" "c283e6fdc5b0c5480c8fd78ad47e12aab56c983cfe731f5a69572bc812e74766", kill_on_drop: false }`
[INFO] running `Command { std: "docker" "inspect" "c283e6fdc5b0c5480c8fd78ad47e12aab56c983cfe731f5a69572bc812e74766", kill_on_drop: false }`
[INFO] running `Command { std: "docker" "rm" "-f" "c283e6fdc5b0c5480c8fd78ad47e12aab56c983cfe731f5a69572bc812e74766", kill_on_drop: false }`
[INFO] [stdout] c283e6fdc5b0c5480c8fd78ad47e12aab56c983cfe731f5a69572bc812e74766
[INFO] running `Command { std: "docker" "create" "-v" "/var/lib/crater-agent-workspace/builds/worker-5-tc1/target:/opt/rustwide/target:rw,Z" "-v" "/var/lib/crater-agent-workspace/builds/worker-5-tc1/source:/opt/rustwide/workdir:ro,Z" "-v" "/var/lib/crater-agent-workspace/cargo-home:/opt/rustwide/cargo-home:ro,Z" "-v" "/var/lib/crater-agent-workspace/rustup-home:/opt/rustwide/rustup-home:ro,Z" "-e" "SOURCE_DIR=/opt/rustwide/workdir" "-e" "CARGO_TARGET_DIR=/opt/rustwide/target" "-e" "CARGO_INCREMENTAL=0" "-e" "RUST_BACKTRACE=full" "-e" "RUSTFLAGS=--cap-lints=forbid" "-e" "RUSTDOCFLAGS=--cap-lints=forbid" "-e" "CARGO_HOME=/opt/rustwide/cargo-home" "-e" "RUSTUP_HOME=/opt/rustwide/rustup-home" "-w" "/opt/rustwide/workdir" "-m" "1610612736" "--user" "0:0" "--network" "none" "ghcr.io/rust-lang/crates-build-env/linux@sha256:2788e3201cd34a07e3172128adcd8b3090168a8e3bcc40d7c032b9dda1df7d1c" "/opt/rustwide/cargo-home/bin/cargo" "+nightly-2024-02-05" "check" "--frozen" "--all" "--all-targets" "--message-format=json", kill_on_drop: false }`
[INFO] [stdout] f35788f53d19b4e59f8061c1bb8e6fe913d23cdc1818a56a256137bb53d9c7a9
[INFO] running `Command { std: "docker" "start" "-a" "f35788f53d19b4e59f8061c1bb8e6fe913d23cdc1818a56a256137bb53d9c7a9", kill_on_drop: false }`
[INFO] [stderr]    Compiling rustix v0.38.31
[INFO] [stderr]    Compiling bitflags v2.4.2
[INFO] [stderr]    Compiling linux-raw-sys v0.4.13
[INFO] [stderr]    Compiling proc-macro2-diagnostics v0.10.1
[INFO] [stderr]    Compiling subtle v2.5.0
[INFO] [stderr]    Compiling pin-project-lite v0.2.13
[INFO] [stderr]    Compiling libc v0.2.153
[INFO] [stderr]    Compiling num-conv v0.1.0
[INFO] [stderr]    Compiling time-core v0.1.2
[INFO] [stderr]    Compiling uncased v0.9.10
[INFO] [stderr]    Compiling generic-array v0.14.7
[INFO] [stderr]     Checking crypto-common v0.1.6
[INFO] [stderr]    Compiling tokio-macros v2.2.0
[INFO] [stderr]     Checking serde v1.0.196
[INFO] [stderr]     Checking inout v0.1.3
[INFO] [stderr]     Checking socket2 v0.5.5
[INFO] [stderr]     Checking mio v0.8.10
[INFO] [stderr]    Compiling cookie v0.18.0
[INFO] [stderr]    Compiling opaque-debug v0.3.0
[INFO] [stderr]    Compiling futures-sink v0.3.30
[INFO] [stderr]    Compiling time-macros v0.2.17
[INFO] [stderr]    Compiling futures-core v0.3.30
[INFO] [stderr]    Compiling bytes v1.5.0
[INFO] [stderr]     Checking cipher v0.4.4
[INFO] [stderr]     Checking digest v0.10.7
[INFO] [stderr]    Compiling futures-channel v0.3.30
[INFO] [stderr]     Checking universal-hash v0.5.1
[INFO] [stderr]    Compiling ref-cast-impl v1.0.22
[INFO] [stderr]    Compiling slab v0.4.9
[INFO] [stderr]    Compiling powerfmt v0.2.0
[INFO] [stderr]    Compiling futures-task v0.3.30
[INFO] [stderr]    Compiling futures-io v0.3.30
[INFO] [stderr]    Compiling pin-utils v0.1.0
[INFO] [stderr]     Checking polyval v0.6.1
[INFO] [stderr]    Compiling futures-util v0.3.30
[INFO] [stderr]    Compiling deranged v0.3.11
[INFO] [stderr]    Compiling tracing-core v0.1.32
[INFO] [stderr]    Compiling http v0.2.11
[INFO] [stderr]    Compiling try-lock v0.2.5
[INFO] [stderr]    Compiling block-buffer v0.10.4
[INFO] [stderr]    Compiling want v0.3.1
[INFO] [stderr]    Compiling tracing v0.1.40
[INFO] [stderr]     Checking ghash v0.5.0
[INFO] [stderr]     Checking tokio v1.36.0
[INFO] [stderr]     Checking hmac v0.12.1
[INFO] [stderr]     Checking ctr v0.9.2
[INFO] [stderr]     Checking aes v0.8.3
[INFO] [stderr]     Checking aead v0.5.2
[INFO] [stderr]    Compiling http-body v0.4.6
[INFO] [stderr]    Compiling httparse v1.8.0
[INFO] [stderr]    Compiling getrandom v0.2.12
[INFO] [stderr]    Compiling rand_core v0.6.4
[INFO] [stderr]    Compiling num_cpus v1.16.0
[INFO] [stderr]    Compiling signal-hook-registry v1.4.1
[INFO] [stderr]    Compiling inlinable_string v0.1.15
[INFO] [stderr]    Compiling rand_chacha v0.3.1
[INFO] [stderr]    Compiling sha2 v0.10.8
[INFO] [stderr]    Compiling time v0.3.34
[INFO] [stderr]    Compiling hkdf v0.12.4
[INFO] [stderr]     Checking is-terminal v0.4.10
[INFO] [stderr]    Compiling rand v0.8.5
[INFO] [stderr]     Checking winnow v0.5.37
[INFO] [stderr]     Checking yansi v1.0.0-rc.1
[INFO] [stderr]    Compiling httpdate v1.0.3
[INFO] [stderr]    Compiling aes-gcm v0.10.3
[INFO] [stderr]    Compiling percent-encoding v2.3.1
[INFO] [stderr]     Checking indexmap v2.2.2
[INFO] [stderr]     Checking serde_spanned v0.6.5
[INFO] [stderr]     Checking toml_datetime v0.6.5
[INFO] [stderr]    Compiling tower-service v0.3.2
[INFO] [stderr]    Compiling base64 v0.21.7
[INFO] [stderr]    Compiling devise_core v0.4.1
[INFO] [stderr]    Compiling ref-cast v1.0.22
[INFO] [stderr]    Compiling pear_codegen v0.2.8
[INFO] [stderr]    Compiling stable-pattern v0.1.0
[INFO] [stderr]    Compiling figment v0.10.14
[INFO] [stderr]    Compiling multer v2.1.0
[INFO] [stderr]    Compiling log v0.4.20
[INFO] [stderr]    Compiling either v1.9.0
[INFO] [stderr]    Compiling futures v0.3.30
[INFO] [stderr]    Compiling state v0.6.0
[INFO] [stderr]     Checking parking_lot_core v0.9.9
[INFO] [stderr]    Compiling async-stream-impl v0.3.5
[INFO] [stderr]    Compiling rocket v0.5.0
[INFO] [stderr]    Compiling glob v0.3.1
[INFO] [stderr]     Checking tempfile v3.10.0
[INFO] [stderr]     Checking parking_lot v0.12.1
[INFO] [stderr]    Compiling async-trait v0.1.77
[INFO] [stderr]     Checking ubyte v0.10.4
[INFO] [stderr]     Checking atomic v0.5.3
[INFO] [stderr]     Checking binascii v0.1.4
[INFO] [stderr]     Checking toml_edit v0.22.4
[INFO] [stderr]    Compiling devise_codegen v0.4.1
[INFO] [stderr]    Compiling pear v0.2.8
[INFO] [stderr]     Checking async-stream v0.3.5
[INFO] [stderr]    Compiling devise v0.4.1
[INFO] [stderr]     Checking toml v0.8.10
[INFO] [stderr]     Checking hyper v0.14.28
[INFO] [stderr]     Checking tokio-util v0.7.10
[INFO] [stderr]     Checking tokio-stream v0.1.14
[INFO] [stderr]     Checking rocket_http v0.5.0
[INFO] [stderr]    Compiling rocket_codegen v0.5.0
[INFO] [stderr]     Checking rocket_airlock v0.3.0-rc.1 (/opt/rustwide/workdir)
[INFO] [stdout] error[E0599]: no variant or associated item named `Failure` found for enum `Outcome` in the current scope
[INFO] [stdout]    --> src/lib.rs:175:22
[INFO] [stdout]     |
[INFO] [stdout] 175 |             Outcome::Failure(e) => Outcome::Failure(e),
[INFO] [stdout]     |                      ^^^^^^^ variant or associated item not found in `Outcome<_, (Status, _), Status>`
[INFO] [stdout] 
[INFO] [stdout] 
[INFO] [stdout] error[E0599]: no variant or associated item named `Failure` found for enum `Outcome` in the current scope
[INFO] [stdout]    --> src/lib.rs:175:22
[INFO] [stdout]     |
[INFO] [stdout] 175 |             Outcome::Failure(e) => Outcome::Failure(e),
[INFO] [stdout]     |                      ^^^^^^^ variant or associated item not found in `Outcome<_, (Status, _), Status>`
[INFO] [stdout] 
[INFO] [stdout] 
[INFO] [stdout] error[E0599]: no variant or associated item named `Failure` found for enum `Outcome` in the current scope
[INFO] [stdout]    --> src/lib.rs:175:45
[INFO] [stdout]     |
[INFO] [stdout] 175 |             Outcome::Failure(e) => Outcome::Failure(e),
[INFO] [stdout]     |                                             ^^^^^^^ variant or associated item not found in `Outcome<_, (Status, _), Status>`
[INFO] [stdout] 
[INFO] [stdout] 
[INFO] [stdout] error[E0599]: no variant or associated item named `Failure` found for enum `Outcome` in the current scope
[INFO] [stdout]    --> src/lib.rs:175:45
[INFO] [stdout]     |
[INFO] [stdout] 175 |             Outcome::Failure(e) => Outcome::Failure(e),
[INFO] [stdout]     |                                             ^^^^^^^ variant or associated item not found in `Outcome<_, (Status, _), Status>`
[INFO] [stdout] 
[INFO] [stdout] 
[INFO] [stdout] error: aborting due to 2 previous errors
[INFO] [stdout] 
[INFO] [stdout] 
[INFO] [stdout] For more information about this error, try `rustc --explain E0599`.
[INFO] [stdout] 
[INFO] [stdout] error: aborting due to 2 previous errors
[INFO] [stdout] 
[INFO] [stdout] 
[INFO] [stdout] For more information about this error, try `rustc --explain E0599`.
[INFO] [stdout] 
[INFO] [stderr] error: could not compile `rocket_airlock` (lib test) due to 3 previous errors
[INFO] [stderr] warning: build failed, waiting for other jobs to finish...
[INFO] [stderr] error: could not compile `rocket_airlock` (lib) due to 3 previous errors
[INFO] running `Command { std: "docker" "inspect" "f35788f53d19b4e59f8061c1bb8e6fe913d23cdc1818a56a256137bb53d9c7a9", kill_on_drop: false }`
[INFO] running `Command { std: "docker" "rm" "-f" "f35788f53d19b4e59f8061c1bb8e6fe913d23cdc1818a56a256137bb53d9c7a9", kill_on_drop: false }`
[INFO] [stdout] f35788f53d19b4e59f8061c1bb8e6fe913d23cdc1818a56a256137bb53d9c7a9
