[INFO] fetching crate rocket-session-store 0.2.0...
[INFO] checking rocket-session-store-0.2.0 against nightly-2024-02-05 for check-cfg
[INFO] extracting crate rocket-session-store 0.2.0 into /workspace/builds/worker-3-tc1/source
[INFO] validating manifest of crates.io crate rocket-session-store 0.2.0 on toolchain nightly-2024-02-05
[INFO] running `Command { std: CARGO_HOME="/workspace/cargo-home" RUSTUP_HOME="/workspace/rustup-home" "/workspace/cargo-home/bin/cargo" "+nightly-2024-02-05" "metadata" "--manifest-path" "Cargo.toml" "--no-deps", kill_on_drop: false }`
[INFO] started tweaking crates.io crate rocket-session-store 0.2.0
[INFO] finished tweaking crates.io crate rocket-session-store 0.2.0
[INFO] tweaked toml for crates.io crate rocket-session-store 0.2.0 written to /workspace/builds/worker-3-tc1/source/Cargo.toml
[INFO] running `Command { std: CARGO_HOME="/workspace/cargo-home" RUSTUP_HOME="/workspace/rustup-home" "/workspace/cargo-home/bin/cargo" "+nightly-2024-02-05" "generate-lockfile" "--manifest-path" "Cargo.toml", kill_on_drop: false }`
[INFO] [stderr]     Updating crates.io index
[INFO] running `Command { std: CARGO_HOME="/workspace/cargo-home" RUSTUP_HOME="/workspace/rustup-home" "/workspace/cargo-home/bin/cargo" "+nightly-2024-02-05" "fetch" "--manifest-path" "Cargo.toml", kill_on_drop: false }`
[INFO] [stderr]  Downloading crates ...
[INFO] [stderr]   Downloaded ubyte v0.10.4
[INFO] [stderr]   Downloaded pear_codegen v0.2.8
[INFO] [stderr]   Downloaded pear v0.2.8
[INFO] [stderr]   Downloaded atomic v0.6.0
[INFO] [stderr]   Downloaded figment v0.10.14
[INFO] [stderr]   Downloaded cookie v0.18.0
[INFO] [stderr]   Downloaded state v0.6.0
[INFO] [stderr]   Downloaded redis v0.21.7
[INFO] [stderr]   Downloaded rocket v0.5.0
[INFO] [stderr]   Downloaded rocket_codegen v0.5.0
[INFO] [stderr]   Downloaded rocket_http v0.5.0
[INFO] running `Command { std: "docker" "create" "-v" "/var/lib/crater-agent-workspace/builds/worker-3-tc1/target:/opt/rustwide/target:rw,Z" "-v" "/var/lib/crater-agent-workspace/builds/worker-3-tc1/source:/opt/rustwide/workdir:ro,Z" "-v" "/var/lib/crater-agent-workspace/cargo-home:/opt/rustwide/cargo-home:ro,Z" "-v" "/var/lib/crater-agent-workspace/rustup-home:/opt/rustwide/rustup-home:ro,Z" "-e" "SOURCE_DIR=/opt/rustwide/workdir" "-e" "CARGO_TARGET_DIR=/opt/rustwide/target" "-e" "CARGO_HOME=/opt/rustwide/cargo-home" "-e" "RUSTUP_HOME=/opt/rustwide/rustup-home" "-w" "/opt/rustwide/workdir" "-m" "1610612736" "--user" "0:0" "--network" "none" "ghcr.io/rust-lang/crates-build-env/linux@sha256:2788e3201cd34a07e3172128adcd8b3090168a8e3bcc40d7c032b9dda1df7d1c" "/opt/rustwide/cargo-home/bin/cargo" "+nightly-2024-02-05" "metadata" "--no-deps" "--format-version=1", kill_on_drop: false }`
[INFO] [stdout] 47601c91d9b89a95049c215baa4c0c3f952fca25c8637a04d635958341e3dfbf
[INFO] running `Command { std: "docker" "start" "-a" "47601c91d9b89a95049c215baa4c0c3f952fca25c8637a04d635958341e3dfbf", kill_on_drop: false }`
[INFO] running `Command { std: "docker" "inspect" "47601c91d9b89a95049c215baa4c0c3f952fca25c8637a04d635958341e3dfbf", kill_on_drop: false }`
[INFO] running `Command { std: "docker" "rm" "-f" "47601c91d9b89a95049c215baa4c0c3f952fca25c8637a04d635958341e3dfbf", kill_on_drop: false }`
[INFO] [stdout] 47601c91d9b89a95049c215baa4c0c3f952fca25c8637a04d635958341e3dfbf
[INFO] running `Command { std: "docker" "create" "-v" "/var/lib/crater-agent-workspace/builds/worker-3-tc1/target:/opt/rustwide/target:rw,Z" "-v" "/var/lib/crater-agent-workspace/builds/worker-3-tc1/source:/opt/rustwide/workdir:ro,Z" "-v" "/var/lib/crater-agent-workspace/cargo-home:/opt/rustwide/cargo-home:ro,Z" "-v" "/var/lib/crater-agent-workspace/rustup-home:/opt/rustwide/rustup-home:ro,Z" "-e" "SOURCE_DIR=/opt/rustwide/workdir" "-e" "CARGO_TARGET_DIR=/opt/rustwide/target" "-e" "CARGO_INCREMENTAL=0" "-e" "RUST_BACKTRACE=full" "-e" "RUSTFLAGS=--cap-lints=forbid" "-e" "RUSTDOCFLAGS=--cap-lints=forbid" "-e" "CARGO_HOME=/opt/rustwide/cargo-home" "-e" "RUSTUP_HOME=/opt/rustwide/rustup-home" "-w" "/opt/rustwide/workdir" "-m" "1610612736" "--user" "0:0" "--network" "none" "ghcr.io/rust-lang/crates-build-env/linux@sha256:2788e3201cd34a07e3172128adcd8b3090168a8e3bcc40d7c032b9dda1df7d1c" "/opt/rustwide/cargo-home/bin/cargo" "+nightly-2024-02-05" "check" "--frozen" "--all" "--all-targets" "--message-format=json", kill_on_drop: false }`
[INFO] [stdout] 03e9a115d3cbcadcbca12ad01177684e4ccd08f2c2a39689cfee707e0ede3470
[INFO] running `Command { std: "docker" "start" "-a" "03e9a115d3cbcadcbca12ad01177684e4ccd08f2c2a39689cfee707e0ede3470", kill_on_drop: false }`
[INFO] [stderr]    Compiling yansi v1.0.0-rc.1
[INFO] [stderr]    Compiling rustix v0.38.31
[INFO] [stderr]    Compiling pin-project-lite v0.2.13
[INFO] [stderr]    Compiling proc-macro2-diagnostics v0.10.1
[INFO] [stderr]    Compiling num-conv v0.1.0
[INFO] [stderr]    Compiling time-core v0.1.2
[INFO] [stderr]    Compiling cookie v0.18.0
[INFO] [stderr]     Checking futures-channel v0.3.30
[INFO] [stderr]    Compiling syn v2.0.48
[INFO] [stderr]     Checking socket2 v0.5.5
[INFO] [stderr]     Checking mio v0.8.10
[INFO] [stderr]     Checking num_cpus v1.16.0
[INFO] [stderr]     Checking signal-hook-registry v1.4.1
[INFO] [stderr]    Compiling futures-sink v0.3.30
[INFO] [stderr]    Compiling futures-core v0.3.30
[INFO] [stderr]     Checking tracing v0.1.40
[INFO] [stderr]    Compiling bytes v1.5.0
[INFO] [stderr]    Compiling powerfmt v0.2.0
[INFO] [stderr]    Compiling futures-task v0.3.30
[INFO] [stderr]    Compiling time-macros v0.2.17
[INFO] [stderr]    Compiling tracing-core v0.1.32
[INFO] [stderr]    Compiling futures-util v0.3.30
[INFO] [stderr]    Compiling deranged v0.3.11
[INFO] [stderr]    Compiling uncased v0.9.10
[INFO] [stderr]    Compiling try-lock v0.2.5
[INFO] [stderr]    Compiling bitflags v2.4.2
[INFO] [stderr]    Compiling want v0.3.1
[INFO] [stderr]     Checking getrandom v0.2.12
[INFO] [stderr]    Compiling httparse v1.8.0
[INFO] [stderr]    Compiling futures-io v0.3.30
[INFO] [stderr]     Checking inlinable_string v0.1.15
[INFO] [stderr]    Compiling tower-service v0.3.2
[INFO] [stderr]    Compiling http v0.2.11
[INFO] [stderr]    Compiling tokio v1.36.0
[INFO] [stderr]    Compiling httpdate v1.0.3
[INFO] [stderr]     Checking winnow v0.5.37
[INFO] [stderr]    Compiling percent-encoding v2.3.1
[INFO] [stderr]     Checking rand_core v0.6.4
[INFO] [stderr]    Compiling stable-pattern v0.1.0
[INFO] [stderr]    Compiling figment v0.10.14
[INFO] [stderr]    Compiling multer v2.1.0
[INFO] [stderr]    Compiling state v0.6.0
[INFO] [stderr]     Checking rand_chacha v0.3.1
[INFO] [stderr]     Checking parking_lot_core v0.9.9
[INFO] [stderr]    Compiling rocket v0.5.0
[INFO] [stderr]     Checking spin v0.9.8
[INFO] [stderr]     Checking rand v0.8.5
[INFO] [stderr]     Checking parking_lot v0.12.1
[INFO] [stderr]     Checking atomic v0.5.3
[INFO] [stderr]    Compiling http-body v0.4.6
[INFO] [stderr]    Compiling time v0.3.34
[INFO] [stderr]    Compiling futures v0.3.30
[INFO] [stderr]     Checking is-terminal v0.4.10
[INFO] [stderr]     Checking tempfile v3.10.0
[INFO] [stderr]    Compiling hyper v0.14.28
[INFO] [stderr]    Compiling devise_core v0.4.1
[INFO] [stderr]    Compiling serde_derive v1.0.196
[INFO] [stderr]    Compiling tokio-macros v2.2.0
[INFO] [stderr]    Compiling pear_codegen v0.2.8
[INFO] [stderr]    Compiling ref-cast-impl v1.0.22
[INFO] [stderr]    Compiling async-stream-impl v0.3.5
[INFO] [stderr]    Compiling thiserror-impl v1.0.56
[INFO] [stderr]    Compiling async-trait v0.1.77
[INFO] [stderr]    Compiling devise_codegen v0.4.1
[INFO] [stderr]     Checking async-stream v0.3.5
[INFO] [stderr]    Compiling devise v0.4.1
[INFO] [stderr]    Compiling ref-cast v1.0.22
[INFO] [stderr]     Checking pear v0.2.8
[INFO] [stderr]     Checking thiserror v1.0.56
[INFO] [stderr]    Compiling rocket_http v0.5.0
[INFO] [stderr]     Checking serde v1.0.196
[INFO] [stderr]    Compiling rocket_codegen v0.5.0
[INFO] [stderr]     Checking tokio-util v0.7.10
[INFO] [stderr]     Checking tokio-stream v0.1.14
[INFO] [stderr]     Checking indexmap v2.2.2
[INFO] [stderr]     Checking toml_datetime v0.6.5
[INFO] [stderr]     Checking serde_spanned v0.6.5
[INFO] [stderr]     Checking ubyte v0.10.4
[INFO] [stderr]     Checking serde_json v1.0.113
[INFO] [stderr]     Checking toml_edit v0.22.4
[INFO] [stderr]     Checking h2 v0.3.24
[INFO] [stderr]     Checking toml v0.8.10
[INFO] [stderr]     Checking rocket-session-store v0.2.0 (/opt/rustwide/workdir)
[INFO] [stdout] error[E0061]: this function takes 1 argument but 2 arguments were supplied
[INFO] [stdout]    --> src/lib.rs:242:5
[INFO] [stdout]     |
[INFO] [stdout] 242 |                 Cookie::build(name, session.0.as_str())
[INFO] [stdout]     |                 ^^^^^^^^^^^^^     --------------------
[INFO] [stdout]     |                                   | |
[INFO] [stdout]     |                                   | unexpected argument of type `&str`
[INFO] [stdout]     |                                   help: remove the extra argument
[INFO] [stdout]     |
[INFO] [stdout] note: associated function defined here
[INFO] [stdout]    --> /opt/rustwide/cargo-home/registry/src/index.crates.io-6f17d22bba15001f/cookie-0.18.0/src/lib.rs:324:12
[INFO] [stdout]     |
[INFO] [stdout] 324 |     pub fn build<C: Into<Cookie<'c>>>(base: C) -> CookieBuilder<'c> {
[INFO] [stdout]     |            ^^^^^
[INFO] [stdout] 
[INFO] [stdout] 
[INFO] [stdout] warning: use of deprecated method `rocket::http::private::cookie::builder::CookieBuilder::<'c>::finish`: `CookieBuilder` can be passed in to methods expecting a `Cookie`; for other cases, use `CookieBuilder::build()`
[INFO] [stdout]    --> src/lib.rs:253:7
[INFO] [stdout]     |
[INFO] [stdout] 253 |                     .finish(),
[INFO] [stdout]     |                      ^^^^^^
[INFO] [stdout]     |
[INFO] [stdout]     = note: `#[warn(deprecated)]` on by default
[INFO] [stdout] 
[INFO] [stdout] 
[INFO] [stdout] error: aborting due to 1 previous error; 1 warning emitted
[INFO] [stdout] 
[INFO] [stdout] 
[INFO] [stdout] For more information about this error, try `rustc --explain E0061`.
[INFO] [stdout] 
[INFO] [stderr] error: could not compile `rocket-session-store` (lib) due to 2 previous errors; 1 warning emitted
[INFO] [stderr] warning: build failed, waiting for other jobs to finish...
[INFO] [stdout] error[E0061]: this function takes 1 argument but 2 arguments were supplied
[INFO] [stdout]    --> src/lib.rs:242:5
[INFO] [stdout]     |
[INFO] [stdout] 242 |                 Cookie::build(name, session.0.as_str())
[INFO] [stdout]     |                 ^^^^^^^^^^^^^     --------------------
[INFO] [stdout]     |                                   | |
[INFO] [stdout]     |                                   | unexpected argument of type `&str`
[INFO] [stdout]     |                                   help: remove the extra argument
[INFO] [stdout]     |
[INFO] [stdout] note: associated function defined here
[INFO] [stdout]    --> /opt/rustwide/cargo-home/registry/src/index.crates.io-6f17d22bba15001f/cookie-0.18.0/src/lib.rs:324:12
[INFO] [stdout]     |
[INFO] [stdout] 324 |     pub fn build<C: Into<Cookie<'c>>>(base: C) -> CookieBuilder<'c> {
[INFO] [stdout]     |            ^^^^^
[INFO] [stdout] 
[INFO] [stdout] 
[INFO] [stdout] warning: use of deprecated method `rocket::http::private::cookie::builder::CookieBuilder::<'c>::finish`: `CookieBuilder` can be passed in to methods expecting a `Cookie`; for other cases, use `CookieBuilder::build()`
[INFO] [stdout]    --> src/lib.rs:253:7
[INFO] [stdout]     |
[INFO] [stdout] 253 |                     .finish(),
[INFO] [stdout]     |                      ^^^^^^
[INFO] [stdout]     |
[INFO] [stdout]     = note: `#[warn(deprecated)]` on by default
[INFO] [stdout] 
[INFO] [stdout] 
[INFO] [stdout] error: aborting due to 1 previous error; 1 warning emitted
[INFO] [stdout] 
[INFO] [stdout] 
[INFO] [stdout] For more information about this error, try `rustc --explain E0061`.
[INFO] [stdout] 
[INFO] [stderr] error: could not compile `rocket-session-store` (lib test) due to 2 previous errors; 1 warning emitted
[INFO] running `Command { std: "docker" "inspect" "03e9a115d3cbcadcbca12ad01177684e4ccd08f2c2a39689cfee707e0ede3470", kill_on_drop: false }`
[INFO] running `Command { std: "docker" "rm" "-f" "03e9a115d3cbcadcbca12ad01177684e4ccd08f2c2a39689cfee707e0ede3470", kill_on_drop: false }`
[INFO] [stdout] 03e9a115d3cbcadcbca12ad01177684e4ccd08f2c2a39689cfee707e0ede3470
[INFO] checking rocket-session-store-0.2.0 against nightly-2024-02-05+rustflags=-Dunexpected_cfgs+cargoflags=-Zcheck-cfg for check-cfg
[INFO] extracting crate rocket-session-store 0.2.0 into /workspace/builds/worker-3-tc2/source
[INFO] validating manifest of crates.io crate rocket-session-store 0.2.0 on toolchain nightly-2024-02-05
[INFO] running `Command { std: CARGO_HOME="/workspace/cargo-home" RUSTUP_HOME="/workspace/rustup-home" "/workspace/cargo-home/bin/cargo" "+nightly-2024-02-05" "metadata" "--manifest-path" "Cargo.toml" "--no-deps", kill_on_drop: false }`
[INFO] started tweaking crates.io crate rocket-session-store 0.2.0
[INFO] finished tweaking crates.io crate rocket-session-store 0.2.0
[INFO] tweaked toml for crates.io crate rocket-session-store 0.2.0 written to /workspace/builds/worker-3-tc2/source/Cargo.toml
[INFO] running `Command { std: CARGO_HOME="/workspace/cargo-home" RUSTUP_HOME="/workspace/rustup-home" "/workspace/cargo-home/bin/cargo" "+nightly-2024-02-05" "generate-lockfile" "--manifest-path" "Cargo.toml", kill_on_drop: false }`
[INFO] [stderr]     Updating crates.io index
[INFO] running `Command { std: CARGO_HOME="/workspace/cargo-home" RUSTUP_HOME="/workspace/rustup-home" "/workspace/cargo-home/bin/cargo" "+nightly-2024-02-05" "fetch" "--manifest-path" "Cargo.toml", kill_on_drop: false }`
[INFO] [stderr]     Blocking waiting for file lock on package cache
[INFO] [stderr]     Blocking waiting for file lock on package cache
[INFO] running `Command { std: "docker" "create" "-v" "/var/lib/crater-agent-workspace/builds/worker-3-tc2/target:/opt/rustwide/target:rw,Z" "-v" "/var/lib/crater-agent-workspace/builds/worker-3-tc2/source:/opt/rustwide/workdir:ro,Z" "-v" "/var/lib/crater-agent-workspace/cargo-home:/opt/rustwide/cargo-home:ro,Z" "-v" "/var/lib/crater-agent-workspace/rustup-home:/opt/rustwide/rustup-home:ro,Z" "-e" "SOURCE_DIR=/opt/rustwide/workdir" "-e" "CARGO_TARGET_DIR=/opt/rustwide/target" "-e" "CARGO_HOME=/opt/rustwide/cargo-home" "-e" "RUSTUP_HOME=/opt/rustwide/rustup-home" "-w" "/opt/rustwide/workdir" "-m" "1610612736" "--user" "0:0" "--network" "none" "ghcr.io/rust-lang/crates-build-env/linux@sha256:2788e3201cd34a07e3172128adcd8b3090168a8e3bcc40d7c032b9dda1df7d1c" "/opt/rustwide/cargo-home/bin/cargo" "+nightly-2024-02-05" "metadata" "--no-deps" "--format-version=1", kill_on_drop: false }`
[INFO] [stdout] 44131bc911fc7d0364f891ccb7be0226468ff18ff9a4a596a4275e2ae9f41c92
[INFO] running `Command { std: "docker" "start" "-a" "44131bc911fc7d0364f891ccb7be0226468ff18ff9a4a596a4275e2ae9f41c92", kill_on_drop: false }`
[INFO] running `Command { std: "docker" "inspect" "44131bc911fc7d0364f891ccb7be0226468ff18ff9a4a596a4275e2ae9f41c92", kill_on_drop: false }`
[INFO] running `Command { std: "docker" "rm" "-f" "44131bc911fc7d0364f891ccb7be0226468ff18ff9a4a596a4275e2ae9f41c92", kill_on_drop: false }`
[INFO] [stdout] 44131bc911fc7d0364f891ccb7be0226468ff18ff9a4a596a4275e2ae9f41c92
[INFO] running `Command { std: "docker" "create" "-v" "/var/lib/crater-agent-workspace/builds/worker-3-tc2/target:/opt/rustwide/target:rw,Z" "-v" "/var/lib/crater-agent-workspace/builds/worker-3-tc2/source:/opt/rustwide/workdir:ro,Z" "-v" "/var/lib/crater-agent-workspace/cargo-home:/opt/rustwide/cargo-home:ro,Z" "-v" "/var/lib/crater-agent-workspace/rustup-home:/opt/rustwide/rustup-home:ro,Z" "-e" "SOURCE_DIR=/opt/rustwide/workdir" "-e" "CARGO_TARGET_DIR=/opt/rustwide/target" "-e" "CARGO_INCREMENTAL=0" "-e" "RUST_BACKTRACE=full" "-e" "RUSTFLAGS=--cap-lints=forbid -Dunexpected_cfgs" "-e" "RUSTDOCFLAGS=--cap-lints=forbid" "-e" "CARGO_HOME=/opt/rustwide/cargo-home" "-e" "RUSTUP_HOME=/opt/rustwide/rustup-home" "-w" "/opt/rustwide/workdir" "-m" "1610612736" "--user" "0:0" "--network" "none" "ghcr.io/rust-lang/crates-build-env/linux@sha256:2788e3201cd34a07e3172128adcd8b3090168a8e3bcc40d7c032b9dda1df7d1c" "/opt/rustwide/cargo-home/bin/cargo" "+nightly-2024-02-05" "check" "--frozen" "--all" "--all-targets" "--message-format=json" "-Zcheck-cfg", kill_on_drop: false }`
[INFO] [stdout] b6d729208110f554c64f6e2c130c308d159af1bd8d9c2b0e7e1d2f089903af6d
[INFO] running `Command { std: "docker" "start" "-a" "b6d729208110f554c64f6e2c130c308d159af1bd8d9c2b0e7e1d2f089903af6d", kill_on_drop: false }`
[INFO] [stderr]    Compiling yansi v1.0.0-rc.1
[INFO] [stderr]    Compiling rustix v0.38.31
[INFO] [stderr]    Compiling pin-project-lite v0.2.13
[INFO] [stderr]    Compiling num-conv v0.1.0
[INFO] [stderr]    Compiling proc-macro2-diagnostics v0.10.1
[INFO] [stderr]    Compiling time-core v0.1.2
[INFO] [stderr]     Checking futures-channel v0.3.30
[INFO] [stderr]    Compiling cookie v0.18.0
[INFO] [stderr]    Compiling syn v2.0.48
[INFO] [stderr]     Checking mio v0.8.10
[INFO] [stderr]     Checking num_cpus v1.16.0
[INFO] [stderr]     Checking signal-hook-registry v1.4.1
[INFO] [stderr]     Checking socket2 v0.5.5
[INFO] [stderr]    Compiling futures-core v0.3.30
[INFO] [stderr]    Compiling futures-sink v0.3.30
[INFO] [stderr]     Checking tracing v0.1.40
[INFO] [stderr]    Compiling powerfmt v0.2.0
[INFO] [stderr]    Compiling bytes v1.5.0
[INFO] [stderr]    Compiling futures-task v0.3.30
[INFO] [stderr]    Compiling tracing-core v0.1.32
[INFO] [stderr]    Compiling time-macros v0.2.17
[INFO] [stderr]    Compiling futures-util v0.3.30
[INFO] [stderr]    Compiling deranged v0.3.11
[INFO] [stderr]    Compiling uncased v0.9.10
[INFO] [stderr]    Compiling bitflags v2.4.2
[INFO] [stderr]    Compiling try-lock v0.2.5
[INFO] [stderr]    Compiling want v0.3.1
[INFO] [stderr]     Checking getrandom v0.2.12
[INFO] [stderr]    Compiling httparse v1.8.0
[INFO] [stderr]     Checking inlinable_string v0.1.15
[INFO] [stderr]    Compiling tower-service v0.3.2
[INFO] [stderr]    Compiling percent-encoding v2.3.1
[INFO] [stderr]    Compiling tokio v1.36.0
[INFO] [stderr]    Compiling http v0.2.11
[INFO] [stderr]    Compiling futures-io v0.3.30
[INFO] [stderr]    Compiling httpdate v1.0.3
[INFO] [stderr]     Checking winnow v0.5.37
[INFO] [stderr]    Compiling stable-pattern v0.1.0
[INFO] [stderr]     Checking rand_core v0.6.4
[INFO] [stderr]    Compiling figment v0.10.14
[INFO] [stderr]    Compiling multer v2.1.0
[INFO] [stderr]    Compiling state v0.6.0
[INFO] [stderr]     Checking rand_chacha v0.3.1
[INFO] [stderr]     Checking parking_lot_core v0.9.9
[INFO] [stderr]    Compiling rocket v0.5.0
[INFO] [stderr]     Checking spin v0.9.8
[INFO] [stderr]     Checking parking_lot v0.12.1
[INFO] [stderr]     Checking rand v0.8.5
[INFO] [stderr]     Checking atomic v0.5.3
[INFO] [stderr]    Compiling http-body v0.4.6
[INFO] [stderr]    Compiling futures v0.3.30
[INFO] [stderr]    Compiling time v0.3.34
[INFO] [stderr]     Checking is-terminal v0.4.10
[INFO] [stderr]     Checking tempfile v3.10.0
[INFO] [stderr]    Compiling hyper v0.14.28
[INFO] [stderr]    Compiling devise_core v0.4.1
[INFO] [stderr]    Compiling serde_derive v1.0.196
[INFO] [stderr]    Compiling tokio-macros v2.2.0
[INFO] [stderr]    Compiling pear_codegen v0.2.8
[INFO] [stderr]    Compiling ref-cast-impl v1.0.22
[INFO] [stderr]    Compiling devise_codegen v0.4.1
[INFO] [stderr]    Compiling async-stream-impl v0.3.5
[INFO] [stderr]    Compiling async-trait v0.1.77
[INFO] [stderr]    Compiling thiserror-impl v1.0.56
[INFO] [stderr]     Checking async-stream v0.3.5
[INFO] [stderr]    Compiling ref-cast v1.0.22
[INFO] [stderr]    Compiling devise v0.4.1
[INFO] [stderr]    Compiling pear v0.2.8
[INFO] [stderr]     Checking thiserror v1.0.56
[INFO] [stderr]    Compiling rocket_http v0.5.0
[INFO] [stderr]     Checking serde v1.0.196
[INFO] [stderr]    Compiling rocket_codegen v0.5.0
[INFO] [stderr]     Checking tokio-util v0.7.10
[INFO] [stderr]     Checking tokio-stream v0.1.14
[INFO] [stderr]     Checking indexmap v2.2.2
[INFO] [stderr]     Checking toml_datetime v0.6.5
[INFO] [stderr]     Checking serde_spanned v0.6.5
[INFO] [stderr]     Checking ubyte v0.10.4
[INFO] [stderr]     Checking serde_json v1.0.113
[INFO] [stderr]     Checking toml_edit v0.22.4
[INFO] [stderr]     Checking h2 v0.3.24
[INFO] [stderr]     Checking toml v0.8.10
[INFO] [stderr]     Checking rocket-session-store v0.2.0 (/opt/rustwide/workdir)
[INFO] [stdout] error[E0061]: this function takes 1 argument but 2 arguments were supplied
[INFO] [stdout]    --> src/lib.rs:242:5
[INFO] [stdout]     |
[INFO] [stdout] 242 |                 Cookie::build(name, session.0.as_str())
[INFO] [stdout]     |                 ^^^^^^^^^^^^^     --------------------
[INFO] [stdout]     |                                   | |
[INFO] [stdout]     |                                   | unexpected argument of type `&str`
[INFO] [stdout]     |                                   help: remove the extra argument
[INFO] [stdout]     |
[INFO] [stdout] note: associated function defined here
[INFO] [stdout]    --> /opt/rustwide/cargo-home/registry/src/index.crates.io-6f17d22bba15001f/cookie-0.18.0/src/lib.rs:324:12
[INFO] [stdout]     |
[INFO] [stdout] 324 |     pub fn build<C: Into<Cookie<'c>>>(base: C) -> CookieBuilder<'c> {
[INFO] [stdout]     |            ^^^^^
[INFO] [stdout] 
[INFO] [stdout] 
[INFO] [stdout] warning: use of deprecated method `rocket::http::private::cookie::builder::CookieBuilder::<'c>::finish`: `CookieBuilder` can be passed in to methods expecting a `Cookie`; for other cases, use `CookieBuilder::build()`
[INFO] [stdout]    --> src/lib.rs:253:7
[INFO] [stdout]     |
[INFO] [stdout] 253 |                     .finish(),
[INFO] [stdout]     |                      ^^^^^^
[INFO] [stdout]     |
[INFO] [stdout]     = note: `#[warn(deprecated)]` on by default
[INFO] [stdout] 
[INFO] [stdout] 
[INFO] [stdout] error: aborting due to 1 previous error; 1 warning emitted
[INFO] [stdout] 
[INFO] [stdout] 
[INFO] [stdout] For more information about this error, try `rustc --explain E0061`.
[INFO] [stdout] 
[INFO] [stderr] error: could not compile `rocket-session-store` (lib) due to 2 previous errors; 1 warning emitted
[INFO] [stderr] warning: build failed, waiting for other jobs to finish...
[INFO] [stdout] error[E0061]: this function takes 1 argument but 2 arguments were supplied
[INFO] [stdout]    --> src/lib.rs:242:5
[INFO] [stdout]     |
[INFO] [stdout] 242 |                 Cookie::build(name, session.0.as_str())
[INFO] [stdout]     |                 ^^^^^^^^^^^^^     --------------------
[INFO] [stdout]     |                                   | |
[INFO] [stdout]     |                                   | unexpected argument of type `&str`
[INFO] [stdout]     |                                   help: remove the extra argument
[INFO] [stdout]     |
[INFO] [stdout] note: associated function defined here
[INFO] [stdout]    --> /opt/rustwide/cargo-home/registry/src/index.crates.io-6f17d22bba15001f/cookie-0.18.0/src/lib.rs:324:12
[INFO] [stdout]     |
[INFO] [stdout] 324 |     pub fn build<C: Into<Cookie<'c>>>(base: C) -> CookieBuilder<'c> {
[INFO] [stdout]     |            ^^^^^
[INFO] [stdout] 
[INFO] [stdout] 
[INFO] [stdout] warning: use of deprecated method `rocket::http::private::cookie::builder::CookieBuilder::<'c>::finish`: `CookieBuilder` can be passed in to methods expecting a `Cookie`; for other cases, use `CookieBuilder::build()`
[INFO] [stdout]    --> src/lib.rs:253:7
[INFO] [stdout]     |
[INFO] [stdout] 253 |                     .finish(),
[INFO] [stdout]     |                      ^^^^^^
[INFO] [stdout]     |
[INFO] [stdout]     = note: `#[warn(deprecated)]` on by default
[INFO] [stdout] 
[INFO] [stdout] 
[INFO] [stdout] error: aborting due to 1 previous error; 1 warning emitted
[INFO] [stdout] 
[INFO] [stdout] 
[INFO] [stdout] For more information about this error, try `rustc --explain E0061`.
[INFO] [stdout] 
[INFO] [stderr] error: could not compile `rocket-session-store` (lib test) due to 2 previous errors; 1 warning emitted
[INFO] running `Command { std: "docker" "inspect" "b6d729208110f554c64f6e2c130c308d159af1bd8d9c2b0e7e1d2f089903af6d", kill_on_drop: false }`
[INFO] running `Command { std: "docker" "rm" "-f" "b6d729208110f554c64f6e2c130c308d159af1bd8d9c2b0e7e1d2f089903af6d", kill_on_drop: false }`
[INFO] [stdout] b6d729208110f554c64f6e2c130c308d159af1bd8d9c2b0e7e1d2f089903af6d
