[INFO] fetching crate rocket-response 0.0.1-rc.2...
[INFO] checking rocket-response-0.0.1-rc.2 against nightly-2024-02-05 for check-cfg
[INFO] extracting crate rocket-response 0.0.1-rc.2 into /workspace/builds/worker-4-tc1/source
[INFO] validating manifest of crates.io crate rocket-response 0.0.1-rc.2 on toolchain nightly-2024-02-05
[INFO] running `Command { std: CARGO_HOME="/workspace/cargo-home" RUSTUP_HOME="/workspace/rustup-home" "/workspace/cargo-home/bin/cargo" "+nightly-2024-02-05" "metadata" "--manifest-path" "Cargo.toml" "--no-deps", kill_on_drop: false }`
[INFO] started tweaking crates.io crate rocket-response 0.0.1-rc.2
[INFO] finished tweaking crates.io crate rocket-response 0.0.1-rc.2
[INFO] tweaked toml for crates.io crate rocket-response 0.0.1-rc.2 written to /workspace/builds/worker-4-tc1/source/Cargo.toml
[INFO] running `Command { std: CARGO_HOME="/workspace/cargo-home" RUSTUP_HOME="/workspace/rustup-home" "/workspace/cargo-home/bin/cargo" "+nightly-2024-02-05" "generate-lockfile" "--manifest-path" "Cargo.toml", kill_on_drop: false }`
[INFO] [stderr]     Updating crates.io index
[INFO] running `Command { std: CARGO_HOME="/workspace/cargo-home" RUSTUP_HOME="/workspace/rustup-home" "/workspace/cargo-home/bin/cargo" "+nightly-2024-02-05" "fetch" "--manifest-path" "Cargo.toml", kill_on_drop: false }`
[INFO] [stderr]  Downloading crates ...
[INFO] [stderr]   Downloaded rocket_dyn_templates v0.1.0
[INFO] [stderr]   Downloaded rocket_codegen v0.5.0
[INFO] [stderr]   Downloaded rocket v0.5.0
[INFO] [stderr]   Downloaded rocket_http v0.5.0
[INFO] running `Command { std: "docker" "create" "-v" "/var/lib/crater-agent-workspace/builds/worker-4-tc1/target:/opt/rustwide/target:rw,Z" "-v" "/var/lib/crater-agent-workspace/builds/worker-4-tc1/source:/opt/rustwide/workdir:ro,Z" "-v" "/var/lib/crater-agent-workspace/cargo-home:/opt/rustwide/cargo-home:ro,Z" "-v" "/var/lib/crater-agent-workspace/rustup-home:/opt/rustwide/rustup-home:ro,Z" "-e" "SOURCE_DIR=/opt/rustwide/workdir" "-e" "CARGO_TARGET_DIR=/opt/rustwide/target" "-e" "CARGO_HOME=/opt/rustwide/cargo-home" "-e" "RUSTUP_HOME=/opt/rustwide/rustup-home" "-w" "/opt/rustwide/workdir" "-m" "1610612736" "--user" "0:0" "--network" "none" "ghcr.io/rust-lang/crates-build-env/linux@sha256:2788e3201cd34a07e3172128adcd8b3090168a8e3bcc40d7c032b9dda1df7d1c" "/opt/rustwide/cargo-home/bin/cargo" "+nightly-2024-02-05" "metadata" "--no-deps" "--format-version=1", kill_on_drop: false }`
[INFO] [stdout] d2d8a5791aa4e657241b8fca64e767945f54cbdfbb8af916b490dd08bc83b141
[INFO] running `Command { std: "docker" "start" "-a" "d2d8a5791aa4e657241b8fca64e767945f54cbdfbb8af916b490dd08bc83b141", kill_on_drop: false }`
[INFO] running `Command { std: "docker" "inspect" "d2d8a5791aa4e657241b8fca64e767945f54cbdfbb8af916b490dd08bc83b141", kill_on_drop: false }`
[INFO] running `Command { std: "docker" "rm" "-f" "d2d8a5791aa4e657241b8fca64e767945f54cbdfbb8af916b490dd08bc83b141", kill_on_drop: false }`
[INFO] [stdout] d2d8a5791aa4e657241b8fca64e767945f54cbdfbb8af916b490dd08bc83b141
[INFO] running `Command { std: "docker" "create" "-v" "/var/lib/crater-agent-workspace/builds/worker-4-tc1/target:/opt/rustwide/target:rw,Z" "-v" "/var/lib/crater-agent-workspace/builds/worker-4-tc1/source:/opt/rustwide/workdir:ro,Z" "-v" "/var/lib/crater-agent-workspace/cargo-home:/opt/rustwide/cargo-home:ro,Z" "-v" "/var/lib/crater-agent-workspace/rustup-home:/opt/rustwide/rustup-home:ro,Z" "-e" "SOURCE_DIR=/opt/rustwide/workdir" "-e" "CARGO_TARGET_DIR=/opt/rustwide/target" "-e" "CARGO_INCREMENTAL=0" "-e" "RUST_BACKTRACE=full" "-e" "RUSTFLAGS=--cap-lints=forbid" "-e" "RUSTDOCFLAGS=--cap-lints=forbid" "-e" "CARGO_HOME=/opt/rustwide/cargo-home" "-e" "RUSTUP_HOME=/opt/rustwide/rustup-home" "-w" "/opt/rustwide/workdir" "-m" "1610612736" "--user" "0:0" "--network" "none" "ghcr.io/rust-lang/crates-build-env/linux@sha256:2788e3201cd34a07e3172128adcd8b3090168a8e3bcc40d7c032b9dda1df7d1c" "/opt/rustwide/cargo-home/bin/cargo" "+nightly-2024-02-05" "check" "--frozen" "--all" "--all-targets" "--message-format=json", kill_on_drop: false }`
[INFO] [stdout] e242714eb00ed90c347057195a193eafb9db77e31cc57dcb328366e54abd73e4
[INFO] running `Command { std: "docker" "start" "-a" "e242714eb00ed90c347057195a193eafb9db77e31cc57dcb328366e54abd73e4", kill_on_drop: false }`
[INFO] [stderr]    Compiling libc v0.2.153
[INFO] [stderr]    Compiling serde v1.0.196
[INFO] [stderr]    Compiling rustix v0.38.31
[INFO] [stderr]    Compiling slab v0.4.9
[INFO] [stderr]    Compiling proc-macro2-diagnostics v0.10.1
[INFO] [stderr]    Compiling pin-project-lite v0.2.13
[INFO] [stderr]    Compiling syn v2.0.48
[INFO] [stderr]    Compiling httparse v1.8.0
[INFO] [stderr]    Compiling bytes v1.5.0
[INFO] [stderr]    Compiling num-conv v0.1.0
[INFO] [stderr]    Compiling time-core v0.1.2
[INFO] [stderr]    Compiling futures-core v0.3.30
[INFO] [stderr]    Compiling futures-sink v0.3.30
[INFO] [stderr]    Compiling uncased v0.9.10
[INFO] [stderr]     Checking hashbrown v0.14.3
[INFO] [stderr]    Compiling time-macros v0.2.17
[INFO] [stderr]     Checking once_cell v1.19.0
[INFO] [stderr]    Compiling memchr v2.7.1
[INFO] [stderr]     Checking linux-raw-sys v0.4.13
[INFO] [stderr]     Checking bitflags v2.4.2
[INFO] [stderr]     Checking equivalent v1.0.1
[INFO] [stderr]    Compiling tracing-core v0.1.32
[INFO] [stderr]    Compiling futures-channel v0.3.30
[INFO] [stderr]     Checking socket2 v0.5.5
[INFO] [stderr]     Checking mio v0.8.10
[INFO] [stderr]     Checking signal-hook-registry v1.4.1
[INFO] [stderr]     Checking num_cpus v1.16.0
[INFO] [stderr]    Compiling is-terminal v0.4.10
[INFO] [stderr]    Compiling yansi v1.0.0-rc.1
[INFO] [stderr]    Compiling cookie v0.18.0
[INFO] [stderr]     Checking futures-task v0.3.30
[INFO] [stderr]     Checking futures-io v0.3.30
[INFO] [stderr]    Compiling ref-cast v1.0.22
[INFO] [stderr]    Compiling pin-utils v0.1.0
[INFO] [stderr]    Compiling fnv v1.0.7
[INFO] [stderr]     Checking http v0.2.11
[INFO] [stderr]     Checking futures-util v0.3.30
[INFO] [stderr]    Compiling powerfmt v0.2.0
[INFO] [stderr]    Compiling deranged v0.3.11
[INFO] [stderr]    Compiling try-lock v0.2.5
[INFO] [stderr]    Compiling want v0.3.1
[INFO] [stderr]    Compiling http-body v0.4.6
[INFO] [stderr]    Compiling devise_core v0.4.1
[INFO] [stderr]     Checking getrandom v0.2.12
[INFO] [stderr]    Compiling httpdate v1.0.3
[INFO] [stderr]    Compiling time v0.3.34
[INFO] [stderr]    Compiling inlinable_string v0.1.15
[INFO] [stderr]    Compiling tower-service v0.3.2
[INFO] [stderr]     Checking winnow v0.5.37
[INFO] [stderr]    Compiling percent-encoding v2.3.1
[INFO] [stderr]     Checking rand_core v0.6.4
[INFO] [stderr]    Compiling stable-pattern v0.1.0
[INFO] [stderr]    Compiling figment v0.10.14
[INFO] [stderr]    Compiling multer v2.1.0
[INFO] [stderr]     Checking ppv-lite86 v0.2.17
[INFO] [stderr]    Compiling smallvec v1.13.1
[INFO] [stderr]    Compiling serde_derive v1.0.196
[INFO] [stderr]    Compiling tokio-macros v2.2.0
[INFO] [stderr]    Compiling tracing-attributes v0.1.27
[INFO] [stderr]    Compiling pear_codegen v0.2.8
[INFO] [stderr]    Compiling ref-cast-impl v1.0.22
[INFO] [stderr]    Compiling futures v0.3.30
[INFO] [stderr]    Compiling devise_codegen v0.4.1
[INFO] [stderr]    Compiling state v0.6.0
[INFO] [stderr]    Compiling async-trait v0.1.77
[INFO] [stderr]     Checking pear v0.2.8
[INFO] [stderr]     Checking tokio v1.36.0
[INFO] [stderr]     Checking rand_chacha v0.3.1
[INFO] [stderr]    Compiling devise v0.4.1
[INFO] [stderr]    Compiling async-stream-impl v0.3.5
[INFO] [stderr]     Checking parking_lot_core v0.9.9
[INFO] [stderr]     Checking encoding_rs v0.8.33
[INFO] [stderr]    Compiling rocket v0.5.0
[INFO] [stderr]     Checking fastrand v2.0.1
[INFO] [stderr]     Checking tracing v0.1.40
[INFO] [stderr]     Checking mime v0.3.17
[INFO] [stderr]     Checking either v1.9.0
[INFO] [stderr]     Checking spin v0.9.8
[INFO] [stderr]    Compiling unicode-xid v0.2.4
[INFO] [stderr]     Checking tempfile v3.10.0
[INFO] [stderr]     Checking parking_lot v0.12.1
[INFO] [stderr]     Checking rand v0.8.5
[INFO] [stderr]     Checking binascii v0.1.4
[INFO] [stderr]     Checking atomic v0.5.3
[INFO] [stderr]     Checking async-stream v0.3.5
[INFO] [stderr]     Checking tokio-util v0.7.10
[INFO] [stderr]     Checking tokio-stream v0.1.14
[INFO] [stderr]     Checking indexmap v2.2.2
[INFO] [stderr]     Checking serde_spanned v0.6.5
[INFO] [stderr]     Checking toml_datetime v0.6.5
[INFO] [stderr]     Checking ubyte v0.10.4
[INFO] [stderr]     Checking h2 v0.3.24
[INFO] [stderr]     Checking toml_edit v0.22.4
[INFO] [stderr]     Checking toml v0.8.10
[INFO] [stderr]     Checking hyper v0.14.28
[INFO] [stderr]     Checking rocket_http v0.5.0
[INFO] [stderr]    Compiling rocket_codegen v0.5.0
[INFO] [stderr]     Checking rocket-response v0.0.1-rc.2 (/opt/rustwide/workdir)
[INFO] [stdout] error[E0308]: mismatched types
[INFO] [stdout]    --> src/lib.rs:374:75
[INFO] [stdout]     |
[INFO] [stdout] 374 |               1 => RocketResponseGeneric::Unauthorized(status::Unauthorized(Some(
[INFO] [stdout]     |  ______________________________________________________--------------------_^
[INFO] [stdout]     | |                                                      |
[INFO] [stdout]     | |                                                      arguments to this struct are incorrect
[INFO] [stdout] 375 | |                 "admin need authentication",
[INFO] [stdout] 376 | |             ))),
[INFO] [stdout]     | |_____________^ expected `&str`, found `Option<&str>`
[INFO] [stdout]     |
[INFO] [stdout]     = note: expected reference `&str`
[INFO] [stdout]                     found enum `std::option::Option<&str>`
[INFO] [stdout] help: the type constructed contains `std::option::Option<&str>` due to the type of the argument passed
[INFO] [stdout]    --> src/lib.rs:374:54
[INFO] [stdout]     |
[INFO] [stdout] 374 |                1 => RocketResponseGeneric::Unauthorized(status::Unauthorized(Some(
[INFO] [stdout]     |  _______________________________________________________^____________________-
[INFO] [stdout]     | | ______________________________________________________|
[INFO] [stdout]     | ||
[INFO] [stdout] 375 | ||                 "admin need authentication",
[INFO] [stdout] 376 | ||             ))),
[INFO] [stdout]     | ||_____________-^
[INFO] [stdout]     | |______________|
[INFO] [stdout]     |                this argument influences the type of `status`
[INFO] [stdout] note: tuple struct defined here
[INFO] [stdout]    --> /opt/rustwide/cargo-home/registry/src/index.crates.io-6f17d22bba15001f/rocket-0.5.0/src/response/status.rs:301:18
[INFO] [stdout]     |
[INFO] [stdout] 301 | status_response!(Unauthorized "401 Unauthorized");
[INFO] [stdout]     |                  ^^^^^^^^^^^^
[INFO] [stdout] 
[INFO] [stdout] 
[INFO] [stdout] error[E0308]: mismatched types
[INFO] [stdout]    --> src/lib.rs:392:76
[INFO] [stdout]     |
[INFO] [stdout] 392 |               1 => RocketResponseGeneric2::Unauthorized(status::Unauthorized(Some(
[INFO] [stdout]     |  _______________________________________________________--------------------_^
[INFO] [stdout]     | |                                                       |
[INFO] [stdout]     | |                                                       arguments to this struct are incorrect
[INFO] [stdout] 393 | |                 "admin need authentication",
[INFO] [stdout] 394 | |             ))),
[INFO] [stdout]     | |_____________^ expected `&str`, found `Option<&str>`
[INFO] [stdout]     |
[INFO] [stdout]     = note: expected reference `&str`
[INFO] [stdout]                     found enum `std::option::Option<&str>`
[INFO] [stdout] help: the type constructed contains `std::option::Option<&str>` due to the type of the argument passed
[INFO] [stdout]    --> src/lib.rs:392:55
[INFO] [stdout]     |
[INFO] [stdout] 392 |                1 => RocketResponseGeneric2::Unauthorized(status::Unauthorized(Some(
[INFO] [stdout]     |  ________________________________________________________^____________________-
[INFO] [stdout]     | | _______________________________________________________|
[INFO] [stdout]     | ||
[INFO] [stdout] 393 | ||                 "admin need authentication",
[INFO] [stdout] 394 | ||             ))),
[INFO] [stdout]     | ||_____________-^
[INFO] [stdout]     | |______________|
[INFO] [stdout]     |                this argument influences the type of `status`
[INFO] [stdout] note: tuple struct defined here
[INFO] [stdout]    --> /opt/rustwide/cargo-home/registry/src/index.crates.io-6f17d22bba15001f/rocket-0.5.0/src/response/status.rs:301:18
[INFO] [stdout]     |
[INFO] [stdout] 301 | status_response!(Unauthorized "401 Unauthorized");
[INFO] [stdout]     |                  ^^^^^^^^^^^^
[INFO] [stdout] 
[INFO] [stdout] 
[INFO] [stdout] error: aborting due to 2 previous errors
[INFO] [stdout] 
[INFO] [stdout] 
[INFO] [stdout] For more information about this error, try `rustc --explain E0308`.
[INFO] [stdout] 
[INFO] [stderr] error: could not compile `rocket-response` (lib test) due to 3 previous errors
[INFO] running `Command { std: "docker" "inspect" "e242714eb00ed90c347057195a193eafb9db77e31cc57dcb328366e54abd73e4", kill_on_drop: false }`
[INFO] running `Command { std: "docker" "rm" "-f" "e242714eb00ed90c347057195a193eafb9db77e31cc57dcb328366e54abd73e4", kill_on_drop: false }`
[INFO] [stdout] e242714eb00ed90c347057195a193eafb9db77e31cc57dcb328366e54abd73e4
[INFO] checking rocket-response-0.0.1-rc.2 against nightly-2024-02-05+rustflags=-Dunexpected_cfgs+cargoflags=-Zcheck-cfg for check-cfg
[INFO] extracting crate rocket-response 0.0.1-rc.2 into /workspace/builds/worker-4-tc2/source
[INFO] validating manifest of crates.io crate rocket-response 0.0.1-rc.2 on toolchain nightly-2024-02-05
[INFO] running `Command { std: CARGO_HOME="/workspace/cargo-home" RUSTUP_HOME="/workspace/rustup-home" "/workspace/cargo-home/bin/cargo" "+nightly-2024-02-05" "metadata" "--manifest-path" "Cargo.toml" "--no-deps", kill_on_drop: false }`
[INFO] started tweaking crates.io crate rocket-response 0.0.1-rc.2
[INFO] finished tweaking crates.io crate rocket-response 0.0.1-rc.2
[INFO] tweaked toml for crates.io crate rocket-response 0.0.1-rc.2 written to /workspace/builds/worker-4-tc2/source/Cargo.toml
[INFO] running `Command { std: CARGO_HOME="/workspace/cargo-home" RUSTUP_HOME="/workspace/rustup-home" "/workspace/cargo-home/bin/cargo" "+nightly-2024-02-05" "generate-lockfile" "--manifest-path" "Cargo.toml", kill_on_drop: false }`
[INFO] [stderr]     Updating crates.io index
[INFO] running `Command { std: CARGO_HOME="/workspace/cargo-home" RUSTUP_HOME="/workspace/rustup-home" "/workspace/cargo-home/bin/cargo" "+nightly-2024-02-05" "fetch" "--manifest-path" "Cargo.toml", kill_on_drop: false }`
[INFO] running `Command { std: "docker" "create" "-v" "/var/lib/crater-agent-workspace/builds/worker-4-tc2/target:/opt/rustwide/target:rw,Z" "-v" "/var/lib/crater-agent-workspace/builds/worker-4-tc2/source:/opt/rustwide/workdir:ro,Z" "-v" "/var/lib/crater-agent-workspace/cargo-home:/opt/rustwide/cargo-home:ro,Z" "-v" "/var/lib/crater-agent-workspace/rustup-home:/opt/rustwide/rustup-home:ro,Z" "-e" "SOURCE_DIR=/opt/rustwide/workdir" "-e" "CARGO_TARGET_DIR=/opt/rustwide/target" "-e" "CARGO_HOME=/opt/rustwide/cargo-home" "-e" "RUSTUP_HOME=/opt/rustwide/rustup-home" "-w" "/opt/rustwide/workdir" "-m" "1610612736" "--user" "0:0" "--network" "none" "ghcr.io/rust-lang/crates-build-env/linux@sha256:2788e3201cd34a07e3172128adcd8b3090168a8e3bcc40d7c032b9dda1df7d1c" "/opt/rustwide/cargo-home/bin/cargo" "+nightly-2024-02-05" "metadata" "--no-deps" "--format-version=1", kill_on_drop: false }`
[INFO] [stdout] b576e3e1d3138905cf2358a5529110095058034396b28b931713ab6fd1cff9a4
[INFO] running `Command { std: "docker" "start" "-a" "b576e3e1d3138905cf2358a5529110095058034396b28b931713ab6fd1cff9a4", kill_on_drop: false }`
[INFO] running `Command { std: "docker" "inspect" "b576e3e1d3138905cf2358a5529110095058034396b28b931713ab6fd1cff9a4", kill_on_drop: false }`
[INFO] running `Command { std: "docker" "rm" "-f" "b576e3e1d3138905cf2358a5529110095058034396b28b931713ab6fd1cff9a4", kill_on_drop: false }`
[INFO] [stdout] b576e3e1d3138905cf2358a5529110095058034396b28b931713ab6fd1cff9a4
[INFO] running `Command { std: "docker" "create" "-v" "/var/lib/crater-agent-workspace/builds/worker-4-tc2/target:/opt/rustwide/target:rw,Z" "-v" "/var/lib/crater-agent-workspace/builds/worker-4-tc2/source:/opt/rustwide/workdir:ro,Z" "-v" "/var/lib/crater-agent-workspace/cargo-home:/opt/rustwide/cargo-home:ro,Z" "-v" "/var/lib/crater-agent-workspace/rustup-home:/opt/rustwide/rustup-home:ro,Z" "-e" "SOURCE_DIR=/opt/rustwide/workdir" "-e" "CARGO_TARGET_DIR=/opt/rustwide/target" "-e" "CARGO_INCREMENTAL=0" "-e" "RUST_BACKTRACE=full" "-e" "RUSTFLAGS=--cap-lints=forbid -Dunexpected_cfgs" "-e" "RUSTDOCFLAGS=--cap-lints=forbid" "-e" "CARGO_HOME=/opt/rustwide/cargo-home" "-e" "RUSTUP_HOME=/opt/rustwide/rustup-home" "-w" "/opt/rustwide/workdir" "-m" "1610612736" "--user" "0:0" "--network" "none" "ghcr.io/rust-lang/crates-build-env/linux@sha256:2788e3201cd34a07e3172128adcd8b3090168a8e3bcc40d7c032b9dda1df7d1c" "/opt/rustwide/cargo-home/bin/cargo" "+nightly-2024-02-05" "check" "--frozen" "--all" "--all-targets" "--message-format=json" "-Zcheck-cfg", kill_on_drop: false }`
[INFO] [stdout] 1883ffdf1944024d3ec778be37f9f3eb548cc8620dd2acda65807f785c694702
[INFO] running `Command { std: "docker" "start" "-a" "1883ffdf1944024d3ec778be37f9f3eb548cc8620dd2acda65807f785c694702", kill_on_drop: false }`
[INFO] [stderr]    Compiling libc v0.2.153
[INFO] [stderr]    Compiling serde v1.0.196
[INFO] [stderr]    Compiling rustix v0.38.31
[INFO] [stderr]    Compiling slab v0.4.9
[INFO] [stderr]    Compiling proc-macro2-diagnostics v0.10.1
[INFO] [stderr]    Compiling pin-project-lite v0.2.13
[INFO] [stderr]    Compiling syn v2.0.48
[INFO] [stderr]    Compiling httparse v1.8.0
[INFO] [stderr]    Compiling time-core v0.1.2
[INFO] [stderr]    Compiling futures-core v0.3.30
[INFO] [stderr]    Compiling futures-sink v0.3.30
[INFO] [stderr]    Compiling num-conv v0.1.0
[INFO] [stderr]    Compiling bytes v1.5.0
[INFO] [stderr]    Compiling uncased v0.9.10
[INFO] [stderr]     Checking memchr v2.7.1
[INFO] [stderr]    Compiling time-macros v0.2.17
[INFO] [stderr]     Checking linux-raw-sys v0.4.13
[INFO] [stderr]     Checking equivalent v1.0.1
[INFO] [stderr]     Checking bitflags v2.4.2
[INFO] [stderr]     Checking once_cell v1.19.0
[INFO] [stderr]     Checking hashbrown v0.14.3
[INFO] [stderr]     Checking tracing-core v0.1.32
[INFO] [stderr]    Compiling mio v0.8.10
[INFO] [stderr]    Compiling num_cpus v1.16.0
[INFO] [stderr]    Compiling socket2 v0.5.5
[INFO] [stderr]     Checking signal-hook-registry v1.4.1
[INFO] [stderr]    Compiling futures-channel v0.3.30
[INFO] [stderr]    Compiling cookie v0.18.0
[INFO] [stderr]     Checking futures-task v0.3.30
[INFO] [stderr]    Compiling fnv v1.0.7
[INFO] [stderr]    Compiling futures-io v0.3.30
[INFO] [stderr]    Compiling pin-utils v0.1.0
[INFO] [stderr]    Compiling is-terminal v0.4.10
[INFO] [stderr]    Compiling ref-cast v1.0.22
[INFO] [stderr]     Checking http v0.2.11
[INFO] [stderr]    Compiling yansi v1.0.0-rc.1
[INFO] [stderr]     Checking futures-util v0.3.30
[INFO] [stderr]    Compiling powerfmt v0.2.0
[INFO] [stderr]    Compiling deranged v0.3.11
[INFO] [stderr]    Compiling try-lock v0.2.5
[INFO] [stderr]    Compiling want v0.3.1
[INFO] [stderr]     Checking getrandom v0.2.12
[INFO] [stderr]    Compiling http-body v0.4.6
[INFO] [stderr]    Compiling inlinable_string v0.1.15
[INFO] [stderr]    Compiling time v0.3.34
[INFO] [stderr]    Compiling devise_core v0.4.1
[INFO] [stderr]    Compiling percent-encoding v2.3.1
[INFO] [stderr]     Checking winnow v0.5.37
[INFO] [stderr]    Compiling httpdate v1.0.3
[INFO] [stderr]    Compiling tower-service v0.3.2
[INFO] [stderr]     Checking rand_core v0.6.4
[INFO] [stderr]    Compiling stable-pattern v0.1.0
[INFO] [stderr]    Compiling multer v2.1.0
[INFO] [stderr]    Compiling figment v0.10.14
[INFO] [stderr]    Compiling smallvec v1.13.1
[INFO] [stderr]     Checking ppv-lite86 v0.2.17
[INFO] [stderr]    Compiling async-trait v0.1.77
[INFO] [stderr]    Compiling state v0.6.0
[INFO] [stderr]     Checking futures v0.3.30
[INFO] [stderr]     Checking rand_chacha v0.3.1
[INFO] [stderr]     Checking parking_lot_core v0.9.9
[INFO] [stderr]     Checking encoding_rs v0.8.33
[INFO] [stderr]    Compiling rocket v0.5.0
[INFO] [stderr]     Checking fastrand v2.0.1
[INFO] [stderr]     Checking mime v0.3.17
[INFO] [stderr]     Checking either v1.9.0
[INFO] [stderr]     Checking spin v0.9.8
[INFO] [stderr]    Compiling unicode-xid v0.2.4
[INFO] [stderr]     Checking tempfile v3.10.0
[INFO] [stderr]     Checking parking_lot v0.12.1
[INFO] [stderr]     Checking rand v0.8.5
[INFO] [stderr]     Checking atomic v0.5.3
[INFO] [stderr]     Checking binascii v0.1.4
[INFO] [stderr]    Compiling serde_derive v1.0.196
[INFO] [stderr]    Compiling tokio-macros v2.2.0
[INFO] [stderr]    Compiling tracing-attributes v0.1.27
[INFO] [stderr]    Compiling pear_codegen v0.2.8
[INFO] [stderr]    Compiling ref-cast-impl v1.0.22
[INFO] [stderr]    Compiling devise_codegen v0.4.1
[INFO] [stderr]    Compiling async-stream-impl v0.3.5
[INFO] [stderr]    Compiling devise v0.4.1
[INFO] [stderr]     Checking pear v0.2.8
[INFO] [stderr]     Checking tokio v1.36.0
[INFO] [stderr]     Checking async-stream v0.3.5
[INFO] [stderr]     Checking tracing v0.1.40
[INFO] [stderr]     Checking tokio-util v0.7.10
[INFO] [stderr]     Checking tokio-stream v0.1.14
[INFO] [stderr]     Checking indexmap v2.2.2
[INFO] [stderr]     Checking toml_datetime v0.6.5
[INFO] [stderr]     Checking serde_spanned v0.6.5
[INFO] [stderr]     Checking ubyte v0.10.4
[INFO] [stderr]     Checking toml_edit v0.22.4
[INFO] [stderr]     Checking h2 v0.3.24
[INFO] [stderr]     Checking toml v0.8.10
[INFO] [stderr]     Checking hyper v0.14.28
[INFO] [stderr]     Checking rocket_http v0.5.0
[INFO] [stderr]    Compiling rocket_codegen v0.5.0
[INFO] [stderr]     Checking rocket-response v0.0.1-rc.2 (/opt/rustwide/workdir)
[INFO] [stdout] error[E0308]: mismatched types
[INFO] [stdout]    --> src/lib.rs:374:75
[INFO] [stdout]     |
[INFO] [stdout] 374 |               1 => RocketResponseGeneric::Unauthorized(status::Unauthorized(Some(
[INFO] [stdout]     |  ______________________________________________________--------------------_^
[INFO] [stdout]     | |                                                      |
[INFO] [stdout]     | |                                                      arguments to this struct are incorrect
[INFO] [stdout] 375 | |                 "admin need authentication",
[INFO] [stdout] 376 | |             ))),
[INFO] [stdout]     | |_____________^ expected `&str`, found `Option<&str>`
[INFO] [stdout]     |
[INFO] [stdout]     = note: expected reference `&str`
[INFO] [stdout]                     found enum `std::option::Option<&str>`
[INFO] [stdout] help: the type constructed contains `std::option::Option<&str>` due to the type of the argument passed
[INFO] [stdout]    --> src/lib.rs:374:54
[INFO] [stdout]     |
[INFO] [stdout] 374 |                1 => RocketResponseGeneric::Unauthorized(status::Unauthorized(Some(
[INFO] [stdout]     |  _______________________________________________________^____________________-
[INFO] [stdout]     | | ______________________________________________________|
[INFO] [stdout]     | ||
[INFO] [stdout] 375 | ||                 "admin need authentication",
[INFO] [stdout] 376 | ||             ))),
[INFO] [stdout]     | ||_____________-^
[INFO] [stdout]     | |______________|
[INFO] [stdout]     |                this argument influences the type of `status`
[INFO] [stdout] note: tuple struct defined here
[INFO] [stdout]    --> /opt/rustwide/cargo-home/registry/src/index.crates.io-6f17d22bba15001f/rocket-0.5.0/src/response/status.rs:301:18
[INFO] [stdout]     |
[INFO] [stdout] 301 | status_response!(Unauthorized "401 Unauthorized");
[INFO] [stdout]     |                  ^^^^^^^^^^^^
[INFO] [stdout] 
[INFO] [stdout] 
[INFO] [stdout] error[E0308]: mismatched types
[INFO] [stdout]    --> src/lib.rs:392:76
[INFO] [stdout]     |
[INFO] [stdout] 392 |               1 => RocketResponseGeneric2::Unauthorized(status::Unauthorized(Some(
[INFO] [stdout]     |  _______________________________________________________--------------------_^
[INFO] [stdout]     | |                                                       |
[INFO] [stdout]     | |                                                       arguments to this struct are incorrect
[INFO] [stdout] 393 | |                 "admin need authentication",
[INFO] [stdout] 394 | |             ))),
[INFO] [stdout]     | |_____________^ expected `&str`, found `Option<&str>`
[INFO] [stdout]     |
[INFO] [stdout]     = note: expected reference `&str`
[INFO] [stdout]                     found enum `std::option::Option<&str>`
[INFO] [stdout] help: the type constructed contains `std::option::Option<&str>` due to the type of the argument passed
[INFO] [stdout]    --> src/lib.rs:392:55
[INFO] [stdout]     |
[INFO] [stdout] 392 |                1 => RocketResponseGeneric2::Unauthorized(status::Unauthorized(Some(
[INFO] [stdout]     |  ________________________________________________________^____________________-
[INFO] [stdout]     | | _______________________________________________________|
[INFO] [stdout]     | ||
[INFO] [stdout] 393 | ||                 "admin need authentication",
[INFO] [stdout] 394 | ||             ))),
[INFO] [stdout]     | ||_____________-^
[INFO] [stdout]     | |______________|
[INFO] [stdout]     |                this argument influences the type of `status`
[INFO] [stdout] note: tuple struct defined here
[INFO] [stdout]    --> /opt/rustwide/cargo-home/registry/src/index.crates.io-6f17d22bba15001f/rocket-0.5.0/src/response/status.rs:301:18
[INFO] [stdout]     |
[INFO] [stdout] 301 | status_response!(Unauthorized "401 Unauthorized");
[INFO] [stdout]     |                  ^^^^^^^^^^^^
[INFO] [stdout] 
[INFO] [stdout] 
[INFO] [stdout] error: aborting due to 2 previous errors
[INFO] [stdout] 
[INFO] [stdout] 
[INFO] [stdout] For more information about this error, try `rustc --explain E0308`.
[INFO] [stdout] 
[INFO] [stderr] error: could not compile `rocket-response` (lib test) due to 3 previous errors
[INFO] [stderr] warning: build failed, waiting for other jobs to finish...
[INFO] running `Command { std: "docker" "inspect" "1883ffdf1944024d3ec778be37f9f3eb548cc8620dd2acda65807f785c694702", kill_on_drop: false }`
[INFO] running `Command { std: "docker" "rm" "-f" "1883ffdf1944024d3ec778be37f9f3eb548cc8620dd2acda65807f785c694702", kill_on_drop: false }`
[INFO] [stdout] 1883ffdf1944024d3ec778be37f9f3eb548cc8620dd2acda65807f785c694702
