[INFO] fetching crate rocket-assets-fairing 0.1.0...
[INFO] checking rocket-assets-fairing-0.1.0 against nightly-2024-02-05 for check-cfg
[INFO] extracting crate rocket-assets-fairing 0.1.0 into /workspace/builds/worker-3-tc1/source
[INFO] validating manifest of crates.io crate rocket-assets-fairing 0.1.0 on toolchain nightly-2024-02-05
[INFO] running `Command { std: CARGO_HOME="/workspace/cargo-home" RUSTUP_HOME="/workspace/rustup-home" "/workspace/cargo-home/bin/cargo" "+nightly-2024-02-05" "metadata" "--manifest-path" "Cargo.toml" "--no-deps", kill_on_drop: false }`
[INFO] started tweaking crates.io crate rocket-assets-fairing 0.1.0
[INFO] finished tweaking crates.io crate rocket-assets-fairing 0.1.0
[INFO] tweaked toml for crates.io crate rocket-assets-fairing 0.1.0 written to /workspace/builds/worker-3-tc1/source/Cargo.toml
[INFO] running `Command { std: CARGO_HOME="/workspace/cargo-home" RUSTUP_HOME="/workspace/rustup-home" "/workspace/cargo-home/bin/cargo" "+nightly-2024-02-05" "generate-lockfile" "--manifest-path" "Cargo.toml", kill_on_drop: false }`
[INFO] [stderr]     Updating crates.io index
[INFO] running `Command { std: CARGO_HOME="/workspace/cargo-home" RUSTUP_HOME="/workspace/rustup-home" "/workspace/cargo-home/bin/cargo" "+nightly-2024-02-05" "fetch" "--manifest-path" "Cargo.toml", kill_on_drop: false }`
[INFO] [stderr]  Downloading crates ...
[INFO] [stderr]   Downloaded pear v0.2.8
[INFO] [stderr]   Downloaded devise_core v0.4.1
[INFO] [stderr]   Downloaded state v0.6.0
[INFO] [stderr]   Downloaded binascii v0.1.4
[INFO] [stderr]   Downloaded devise v0.4.1
[INFO] [stderr]   Downloaded devise_codegen v0.4.1
[INFO] [stderr]   Downloaded pear_codegen v0.2.8
[INFO] [stderr]   Downloaded rocket_codegen v0.5.0
[INFO] [stderr]   Downloaded rocket_http v0.5.0
[INFO] [stderr]   Downloaded normpath v0.3.2
[INFO] [stderr]   Downloaded stable-pattern v0.1.0
[INFO] [stderr]   Downloaded rocket v0.5.0
[INFO] running `Command { std: "docker" "create" "-v" "/var/lib/crater-agent-workspace/builds/worker-3-tc1/target:/opt/rustwide/target:rw,Z" "-v" "/var/lib/crater-agent-workspace/builds/worker-3-tc1/source:/opt/rustwide/workdir:ro,Z" "-v" "/var/lib/crater-agent-workspace/cargo-home:/opt/rustwide/cargo-home:ro,Z" "-v" "/var/lib/crater-agent-workspace/rustup-home:/opt/rustwide/rustup-home:ro,Z" "-e" "SOURCE_DIR=/opt/rustwide/workdir" "-e" "CARGO_TARGET_DIR=/opt/rustwide/target" "-e" "CARGO_HOME=/opt/rustwide/cargo-home" "-e" "RUSTUP_HOME=/opt/rustwide/rustup-home" "-w" "/opt/rustwide/workdir" "-m" "1610612736" "--user" "0:0" "--network" "none" "ghcr.io/rust-lang/crates-build-env/linux@sha256:2788e3201cd34a07e3172128adcd8b3090168a8e3bcc40d7c032b9dda1df7d1c" "/opt/rustwide/cargo-home/bin/cargo" "+nightly-2024-02-05" "metadata" "--no-deps" "--format-version=1", kill_on_drop: false }`
[INFO] [stdout] b0d06c7d94ff924cceb5d2e4336a552c0b591a13976aab14d284490e8d5378d6
[INFO] running `Command { std: "docker" "start" "-a" "b0d06c7d94ff924cceb5d2e4336a552c0b591a13976aab14d284490e8d5378d6", kill_on_drop: false }`
[INFO] running `Command { std: "docker" "inspect" "b0d06c7d94ff924cceb5d2e4336a552c0b591a13976aab14d284490e8d5378d6", kill_on_drop: false }`
[INFO] running `Command { std: "docker" "rm" "-f" "b0d06c7d94ff924cceb5d2e4336a552c0b591a13976aab14d284490e8d5378d6", kill_on_drop: false }`
[INFO] [stdout] b0d06c7d94ff924cceb5d2e4336a552c0b591a13976aab14d284490e8d5378d6
[INFO] running `Command { std: "docker" "create" "-v" "/var/lib/crater-agent-workspace/builds/worker-3-tc1/target:/opt/rustwide/target:rw,Z" "-v" "/var/lib/crater-agent-workspace/builds/worker-3-tc1/source:/opt/rustwide/workdir:ro,Z" "-v" "/var/lib/crater-agent-workspace/cargo-home:/opt/rustwide/cargo-home:ro,Z" "-v" "/var/lib/crater-agent-workspace/rustup-home:/opt/rustwide/rustup-home:ro,Z" "-e" "SOURCE_DIR=/opt/rustwide/workdir" "-e" "CARGO_TARGET_DIR=/opt/rustwide/target" "-e" "CARGO_INCREMENTAL=0" "-e" "RUST_BACKTRACE=full" "-e" "RUSTFLAGS=--cap-lints=forbid" "-e" "RUSTDOCFLAGS=--cap-lints=forbid" "-e" "CARGO_HOME=/opt/rustwide/cargo-home" "-e" "RUSTUP_HOME=/opt/rustwide/rustup-home" "-w" "/opt/rustwide/workdir" "-m" "1610612736" "--user" "0:0" "--network" "none" "ghcr.io/rust-lang/crates-build-env/linux@sha256:2788e3201cd34a07e3172128adcd8b3090168a8e3bcc40d7c032b9dda1df7d1c" "/opt/rustwide/cargo-home/bin/cargo" "+nightly-2024-02-05" "check" "--frozen" "--all" "--all-targets" "--message-format=json", kill_on_drop: false }`
[INFO] [stdout] 6f7d5195bf97eab7bdae0477fe58263d7a87c2eda0af0603675ce42f3ec6d020
[INFO] running `Command { std: "docker" "start" "-a" "6f7d5195bf97eab7bdae0477fe58263d7a87c2eda0af0603675ce42f3ec6d020", kill_on_drop: false }`
[INFO] [stderr]    Compiling rustix v0.38.31
[INFO] [stderr]    Compiling linux-raw-sys v0.4.13
[INFO] [stderr]    Compiling bitflags v2.4.2
[INFO] [stderr]    Compiling proc-macro2-diagnostics v0.10.1
[INFO] [stderr]    Compiling pin-project-lite v0.2.13
[INFO] [stderr]    Compiling serde_derive v1.0.196
[INFO] [stderr]    Compiling futures-core v0.3.30
[INFO] [stderr]    Compiling futures-sink v0.3.30
[INFO] [stderr]    Compiling uncased v0.9.10
[INFO] [stderr]    Compiling memchr v2.7.1
[INFO] [stderr]    Compiling futures-channel v0.3.30
[INFO] [stderr]    Compiling tracing-core v0.1.32
[INFO] [stderr]     Checking tokio v1.36.0
[INFO] [stderr]    Compiling socket2 v0.5.5
[INFO] [stderr]    Compiling mio v0.8.10
[INFO] [stderr]    Compiling num_cpus v1.16.0
[INFO] [stderr]    Compiling signal-hook-registry v1.4.1
[INFO] [stderr]    Compiling slab v0.4.9
[INFO] [stderr]    Compiling cookie v0.18.0
[INFO] [stderr]    Compiling futures-task v0.3.30
[INFO] [stderr]    Compiling pin-utils v0.1.0
[INFO] [stderr]    Compiling futures-io v0.3.30
[INFO] [stderr]     Checking futures-util v0.3.30
[INFO] [stderr]    Compiling tracing v0.1.40
[INFO] [stderr]    Compiling ref-cast-impl v1.0.22
[INFO] [stderr]    Compiling powerfmt v0.2.0
[INFO] [stderr]    Compiling deranged v0.3.11
[INFO] [stderr]    Compiling is-terminal v0.4.10
[INFO] [stderr]    Compiling yansi v1.0.0-rc.1
[INFO] [stderr]    Compiling try-lock v0.2.5
[INFO] [stderr]    Compiling want v0.3.1
[INFO] [stderr]    Compiling devise_core v0.4.1
[INFO] [stderr]    Compiling pear_codegen v0.2.8
[INFO] [stderr]    Compiling time v0.3.34
[INFO] [stderr]     Checking tokio-util v0.7.10
[INFO] [stderr]    Compiling http-body v0.4.6
[INFO] [stderr]    Compiling httparse v1.8.0
[INFO] [stderr]     Checking winnow v0.5.37
[INFO] [stderr]    Compiling httpdate v1.0.3
[INFO] [stderr]    Compiling percent-encoding v2.3.1
[INFO] [stderr]     Checking serde v1.0.196
[INFO] [stderr]     Checking inlinable_string v0.1.15
[INFO] [stderr]    Compiling tower-service v0.3.2
[INFO] [stderr]    Compiling devise_codegen v0.4.1
[INFO] [stderr]     Checking pear v0.2.8
[INFO] [stderr]    Compiling futures v0.3.30
[INFO] [stderr]    Compiling ref-cast v1.0.22
[INFO] [stderr]    Compiling stable-pattern v0.1.0
[INFO] [stderr]    Compiling multer v2.1.0
[INFO] [stderr]    Compiling figment v0.10.14
[INFO] [stderr]    Compiling either v1.9.0
[INFO] [stderr]    Compiling state v0.6.0
[INFO] [stderr]    Compiling log v0.4.20
[INFO] [stderr]    Compiling smallvec v1.13.1
[INFO] [stderr]    Compiling devise v0.4.1
[INFO] [stderr]    Compiling async-stream-impl v0.3.5
[INFO] [stderr]    Compiling rocket v0.5.0
[INFO] [stderr]    Compiling glob v0.3.1
[INFO] [stderr]     Checking tempfile v3.10.0
[INFO] [stderr]     Checking tokio-stream v0.1.14
[INFO] [stderr]     Checking atomic v0.5.3
[INFO] [stderr]     Checking binascii v0.1.4
[INFO] [stderr]     Checking normpath v0.3.2
[INFO] [stderr]     Checking async-stream v0.3.5
[INFO] [stderr]     Checking indexmap v2.2.2
[INFO] [stderr]     Checking toml_datetime v0.6.5
[INFO] [stderr]     Checking serde_spanned v0.6.5
[INFO] [stderr]     Checking ubyte v0.10.4
[INFO] [stderr]     Checking h2 v0.3.24
[INFO] [stderr]     Checking toml_edit v0.22.4
[INFO] [stderr]     Checking toml v0.8.10
[INFO] [stderr]     Checking hyper v0.14.28
[INFO] [stderr]     Checking rocket_http v0.5.0
[INFO] [stderr]    Compiling rocket_codegen v0.5.0
[INFO] [stderr]     Checking rocket-assets-fairing v0.1.0 (/opt/rustwide/workdir)
[INFO] [stdout] error[E0308]: mismatched types
[INFO] [stdout]    --> src/lib.rs:70:51
[INFO] [stdout]     |
[INFO] [stdout] 70  |         req.rocket().state::<Assets>().or_forward(())
[INFO] [stdout]     |                                        ---------- ^^ expected `Status`, found `()`
[INFO] [stdout]     |                                        |
[INFO] [stdout]     |                                        arguments to this method are incorrect
[INFO] [stdout]     |
[INFO] [stdout] note: method defined here
[INFO] [stdout]    --> /opt/rustwide/cargo-home/registry/src/index.crates.io-6f17d22bba15001f/rocket-0.5.0/src/outcome.rs:782:8
[INFO] [stdout]     |
[INFO] [stdout] 782 |     fn or_forward(self, forward: Self::Forward) -> Outcome;
[INFO] [stdout]     |        ^^^^^^^^^^
[INFO] [stdout] 
[INFO] [stdout] 
[INFO] [stdout] error[E0308]: mismatched types
[INFO] [stdout]    --> src/lib.rs:70:51
[INFO] [stdout]     |
[INFO] [stdout] 70  |         req.rocket().state::<Assets>().or_forward(())
[INFO] [stdout]     |                                        ---------- ^^ expected `Status`, found `()`
[INFO] [stdout]     |                                        |
[INFO] [stdout]     |                                        arguments to this method are incorrect
[INFO] [stdout]     |
[INFO] [stdout] note: method defined here
[INFO] [stdout]    --> /opt/rustwide/cargo-home/registry/src/index.crates.io-6f17d22bba15001f/rocket-0.5.0/src/outcome.rs:782:8
[INFO] [stdout]     |
[INFO] [stdout] 782 |     fn or_forward(self, forward: Self::Forward) -> Outcome;
[INFO] [stdout]     |        ^^^^^^^^^^
[INFO] [stdout] 
[INFO] [stdout] 
[INFO] [stdout] warning: trait objects without an explicit `dyn` are deprecated
[INFO] [stdout]    --> src/lib.rs:146:24
[INFO] [stdout]     |
[INFO] [stdout] 146 |         info!("{}{}:", Paint::emoji("📐 "), Paint::magenta("Assets"));
[INFO] [stdout]     |                        ^^^^^
[INFO] [stdout]     |
[INFO] [stdout]     = warning: this is accepted in the current edition (Rust 2018) but is a hard error in Rust 2021!
[INFO] [stdout]     = note: for more information, see <https://doc.rust-lang.org/nightly/edition-guide/rust-2021/warnings-promoted-to-error.html>
[INFO] [stdout]     = note: `#[warn(bare_trait_objects)]` on by default
[INFO] [stdout] help: use `dyn`
[INFO] [stdout]     |
[INFO] [stdout] 146 |         info!("{}{}:", <dyn Paint>::emoji("📐 "), Paint::magenta("Assets"));
[INFO] [stdout]     |                        ++++      +
[INFO] [stdout] 
[INFO] [stdout] 
[INFO] [stdout] warning: trait objects without an explicit `dyn` are deprecated
[INFO] [stdout]    --> src/lib.rs:146:24
[INFO] [stdout]     |
[INFO] [stdout] 146 |         info!("{}{}:", Paint::emoji("📐 "), Paint::magenta("Assets"));
[INFO] [stdout]     |                        ^^^^^
[INFO] [stdout]     |
[INFO] [stdout]     = warning: this is accepted in the current edition (Rust 2018) but is a hard error in Rust 2021!
[INFO] [stdout]     = note: for more information, see <https://doc.rust-lang.org/nightly/edition-guide/rust-2021/warnings-promoted-to-error.html>
[INFO] [stdout]     = note: `#[warn(bare_trait_objects)]` on by default
[INFO] [stdout] help: use `dyn`
[INFO] [stdout]     |
[INFO] [stdout] 146 |         info!("{}{}:", <dyn Paint>::emoji("📐 "), Paint::magenta("Assets"));
[INFO] [stdout]     |                        ++++      +
[INFO] [stdout] 
[INFO] [stdout] 
[INFO] [stdout] error[E0599]: no function or associated item named `emoji` found for trait object `dyn Paint` in the current scope
[INFO] [stdout]    --> src/lib.rs:146:31
[INFO] [stdout]     |
[INFO] [stdout] 146 |         info!("{}{}:", Paint::emoji("📐 "), Paint::magenta("Assets"));
[INFO] [stdout]     |                               ^^^^^ function or associated item not found in `dyn Paint`
[INFO] [stdout] 
[INFO] [stdout] 
[INFO] [stdout] error[E0599]: no function or associated item named `emoji` found for trait object `dyn Paint` in the current scope
[INFO] [stdout]    --> src/lib.rs:146:31
[INFO] [stdout]     |
[INFO] [stdout] 146 |         info!("{}{}:", Paint::emoji("📐 "), Paint::magenta("Assets"));
[INFO] [stdout]     |                               ^^^^^ function or associated item not found in `dyn Paint`
[INFO] [stdout] 
[INFO] [stdout] 
[INFO] [stdout] error[E0308]: mismatched types
[INFO] [stdout]    --> src/lib.rs:147:46
[INFO] [stdout]     |
[INFO] [stdout] 147 |         info_!("directory: {}", Paint::white(Source::from(&*state.path)));
[INFO] [stdout]     |                                 ------------ ^^^^^^^^^^^^^^^^^^^^^^^^^^ expected `&_`, found `Source`
[INFO] [stdout]     |                                 |
[INFO] [stdout]     |                                 arguments to this function are incorrect
[INFO] [stdout]     |
[INFO] [stdout]     = note: expected reference `&_`
[INFO] [stdout]                     found enum `rocket::figment::Source`
[INFO] [stdout] note: method defined here
[INFO] [stdout]    --> /opt/rustwide/cargo-home/registry/src/index.crates.io-6f17d22bba15001f/yansi-1.0.0-rc.1/src/paint.rs:82:5
[INFO] [stdout]     |
[INFO] [stdout] 82  |     properties!(signature(&Self) -> Painted<&Self>);
[INFO] [stdout]     |     ^^^^^^^^^^^^^^^^^^^^^^^^^^^^^^^^^^^^^^^^^^^^^^^
[INFO] [stdout]     = note: this error originates in the macro `fg` which comes from the expansion of the macro `properties` (in Nightly builds, run with -Z macro-backtrace for more info)
[INFO] [stdout] help: consider borrowing here
[INFO] [stdout]     |
[INFO] [stdout] 147 |         info_!("directory: {}", Paint::white(&Source::from(&*state.path)));
[INFO] [stdout]     |                                              +
[INFO] [stdout] 
[INFO] [stdout] 
[INFO] [stdout] error[E0308]: mismatched types
[INFO] [stdout]    --> src/lib.rs:147:46
[INFO] [stdout]     |
[INFO] [stdout] 147 |         info_!("directory: {}", Paint::white(Source::from(&*state.path)));
[INFO] [stdout]     |                                 ------------ ^^^^^^^^^^^^^^^^^^^^^^^^^^ expected `&_`, found `Source`
[INFO] [stdout]     |                                 |
[INFO] [stdout]     |                                 arguments to this function are incorrect
[INFO] [stdout]     |
[INFO] [stdout]     = note: expected reference `&_`
[INFO] [stdout]                     found enum `rocket::figment::Source`
[INFO] [stdout] note: method defined here
[INFO] [stdout]    --> /opt/rustwide/cargo-home/registry/src/index.crates.io-6f17d22bba15001f/yansi-1.0.0-rc.1/src/paint.rs:82:5
[INFO] [stdout]     |
[INFO] [stdout] 82  |     properties!(signature(&Self) -> Painted<&Self>);
[INFO] [stdout]     |     ^^^^^^^^^^^^^^^^^^^^^^^^^^^^^^^^^^^^^^^^^^^^^^^
[INFO] [stdout]     = note: this error originates in the macro `fg` which comes from the expansion of the macro `properties` (in Nightly builds, run with -Z macro-backtrace for more info)
[INFO] [stdout] help: consider borrowing here
[INFO] [stdout]     |
[INFO] [stdout] 147 |         info_!("directory: {}", Paint::white(&Source::from(&*state.path)));
[INFO] [stdout]     |                                              +
[INFO] [stdout] 
[INFO] [stdout] 
[INFO] [stdout] error[E0308]: mismatched types
[INFO] [stdout]    --> src/lib.rs:148:50
[INFO] [stdout]     |
[INFO] [stdout] 148 |         info_!("cache max age: {}", Paint::white(state.cache_max_age));
[INFO] [stdout]     |                                     ------------ ^^^^^^^^^^^^^^^^^^^ expected `&_`, found `i32`
[INFO] [stdout]     |                                     |
[INFO] [stdout]     |                                     arguments to this function are incorrect
[INFO] [stdout]     |
[INFO] [stdout]     = note: expected reference `&_`
[INFO] [stdout]                     found type `i32`
[INFO] [stdout] note: method defined here
[INFO] [stdout]    --> /opt/rustwide/cargo-home/registry/src/index.crates.io-6f17d22bba15001f/yansi-1.0.0-rc.1/src/paint.rs:82:5
[INFO] [stdout]     |
[INFO] [stdout] 82  |     properties!(signature(&Self) -> Painted<&Self>);
[INFO] [stdout]     |     ^^^^^^^^^^^^^^^^^^^^^^^^^^^^^^^^^^^^^^^^^^^^^^^
[INFO] [stdout]     = note: this error originates in the macro `fg` which comes from the expansion of the macro `properties` (in Nightly builds, run with -Z macro-backtrace for more info)
[INFO] [stdout] help: consider borrowing here
[INFO] [stdout]     |
[INFO] [stdout] 148 |         info_!("cache max age: {}", Paint::white(&state.cache_max_age));
[INFO] [stdout]     |                                                  +
[INFO] [stdout] 
[INFO] [stdout] 
[INFO] [stdout] error[E0308]: mismatched types
[INFO] [stdout]    --> src/lib.rs:148:50
[INFO] [stdout]     |
[INFO] [stdout] 148 |         info_!("cache max age: {}", Paint::white(state.cache_max_age));
[INFO] [stdout]     |                                     ------------ ^^^^^^^^^^^^^^^^^^^ expected `&_`, found `i32`
[INFO] [stdout]     |                                     |
[INFO] [stdout]     |                                     arguments to this function are incorrect
[INFO] [stdout]     |
[INFO] [stdout]     = note: expected reference `&_`
[INFO] [stdout]                     found type `i32`
[INFO] [stdout] note: method defined here
[INFO] [stdout]    --> /opt/rustwide/cargo-home/registry/src/index.crates.io-6f17d22bba15001f/yansi-1.0.0-rc.1/src/paint.rs:82:5
[INFO] [stdout]     |
[INFO] [stdout] 82  |     properties!(signature(&Self) -> Painted<&Self>);
[INFO] [stdout]     |     ^^^^^^^^^^^^^^^^^^^^^^^^^^^^^^^^^^^^^^^^^^^^^^^
[INFO] [stdout]     = note: this error originates in the macro `fg` which comes from the expansion of the macro `properties` (in Nightly builds, run with -Z macro-backtrace for more info)
[INFO] [stdout] help: consider borrowing here
[INFO] [stdout]     |
[INFO] [stdout] 148 |         info_!("cache max age: {}", Paint::white(&state.cache_max_age));
[INFO] [stdout]     |                                                  +
[INFO] [stdout] 
[INFO] [stdout] 
[INFO] [stdout] warning: unused import: `log::PaintExt`
[INFO] [stdout]    --> src/lib.rs:140:39
[INFO] [stdout]     |
[INFO] [stdout] 140 |         use rocket::{figment::Source, log::PaintExt, yansi::Paint};
[INFO] [stdout]     |                                       ^^^^^^^^^^^^^
[INFO] [stdout]     |
[INFO] [stdout]     = note: `#[warn(unused_imports)]` on by default
[INFO] [stdout] 
[INFO] [stdout] 
[INFO] [stdout] warning: unused import: `log::PaintExt`
[INFO] [stdout]    --> src/lib.rs:140:39
[INFO] [stdout]     |
[INFO] [stdout] 140 |         use rocket::{figment::Source, log::PaintExt, yansi::Paint};
[INFO] [stdout]     |                                       ^^^^^^^^^^^^^
[INFO] [stdout]     |
[INFO] [stdout]     = note: `#[warn(unused_imports)]` on by default
[INFO] [stdout] 
[INFO] [stdout] 
[INFO] [stdout] error: aborting due to 4 previous errors; 2 warnings emitted
[INFO] [stdout] 
[INFO] [stdout] 
[INFO] [stdout] Some errors have detailed explanations: E0308, E0599.
[INFO] [stdout] 
[INFO] [stdout] For more information about an error, try `rustc --explain E0308`.
[INFO] [stdout] 
[INFO] [stdout] error: aborting due to 4 previous errors; 2 warnings emitted
[INFO] [stdout] 
[INFO] [stdout] 
[INFO] [stdout] Some errors have detailed explanations: E0308, E0599.
[INFO] [stdout] 
[INFO] [stdout] For more information about an error, try `rustc --explain E0308`.
[INFO] [stdout] 
[INFO] [stderr] error: could not compile `rocket-assets-fairing` (lib test) due to 5 previous errors; 2 warnings emitted
[INFO] [stderr] warning: build failed, waiting for other jobs to finish...
[INFO] [stderr] error: could not compile `rocket-assets-fairing` (lib) due to 5 previous errors; 2 warnings emitted
[INFO] running `Command { std: "docker" "inspect" "6f7d5195bf97eab7bdae0477fe58263d7a87c2eda0af0603675ce42f3ec6d020", kill_on_drop: false }`
[INFO] running `Command { std: "docker" "rm" "-f" "6f7d5195bf97eab7bdae0477fe58263d7a87c2eda0af0603675ce42f3ec6d020", kill_on_drop: false }`
[INFO] [stdout] 6f7d5195bf97eab7bdae0477fe58263d7a87c2eda0af0603675ce42f3ec6d020
