[INFO] fetching crate roblib-client 0.1.0...
[INFO] checking roblib-client-0.1.0 against nightly-2024-02-05 for check-cfg
[INFO] extracting crate roblib-client 0.1.0 into /workspace/builds/worker-3-tc1/source
[INFO] validating manifest of crates.io crate roblib-client 0.1.0 on toolchain nightly-2024-02-05
[INFO] running `Command { std: CARGO_HOME="/workspace/cargo-home" RUSTUP_HOME="/workspace/rustup-home" "/workspace/cargo-home/bin/cargo" "+nightly-2024-02-05" "metadata" "--manifest-path" "Cargo.toml" "--no-deps", kill_on_drop: false }`
[INFO] started tweaking crates.io crate roblib-client 0.1.0
[INFO] removed 0 missing examples
[INFO] finished tweaking crates.io crate roblib-client 0.1.0
[INFO] tweaked toml for crates.io crate roblib-client 0.1.0 written to /workspace/builds/worker-3-tc1/source/Cargo.toml
[INFO] crate crates.io crate roblib-client 0.1.0 already has a lockfile, it will not be regenerated
[INFO] running `Command { std: CARGO_HOME="/workspace/cargo-home" RUSTUP_HOME="/workspace/rustup-home" "/workspace/cargo-home/bin/cargo" "+nightly-2024-02-05" "fetch" "--manifest-path" "Cargo.toml", kill_on_drop: false }`
[INFO] [stderr]     Updating crates.io index
[INFO] [stderr]  Downloading crates ...
[INFO] [stderr]   Downloaded tungstenite v0.20.0
[INFO] [stderr]   Downloaded roblib-macro v0.1.0
[INFO] [stderr]   Downloaded async-trait v0.1.72
[INFO] [stderr]   Downloaded tokio-tungstenite v0.20.0
[INFO] [stderr]   Downloaded roblib v0.1.0
[INFO] [stderr]   Downloaded camloc-server v0.1.0
[INFO] [stderr]   Downloaded camloc-common v0.1.0
[INFO] running `Command { std: "docker" "create" "-v" "/var/lib/crater-agent-workspace/builds/worker-3-tc1/target:/opt/rustwide/target:rw,Z" "-v" "/var/lib/crater-agent-workspace/builds/worker-3-tc1/source:/opt/rustwide/workdir:ro,Z" "-v" "/var/lib/crater-agent-workspace/cargo-home:/opt/rustwide/cargo-home:ro,Z" "-v" "/var/lib/crater-agent-workspace/rustup-home:/opt/rustwide/rustup-home:ro,Z" "-e" "SOURCE_DIR=/opt/rustwide/workdir" "-e" "CARGO_TARGET_DIR=/opt/rustwide/target" "-e" "CARGO_HOME=/opt/rustwide/cargo-home" "-e" "RUSTUP_HOME=/opt/rustwide/rustup-home" "-w" "/opt/rustwide/workdir" "-m" "1610612736" "--user" "0:0" "--network" "none" "ghcr.io/rust-lang/crates-build-env/linux@sha256:2788e3201cd34a07e3172128adcd8b3090168a8e3bcc40d7c032b9dda1df7d1c" "/opt/rustwide/cargo-home/bin/cargo" "+nightly-2024-02-05" "metadata" "--no-deps" "--format-version=1", kill_on_drop: false }`
[INFO] [stdout] 59cff59fe86e68b735a2be742c7907c7b566b29f8bbb7b4cee571242a194fbc1
[INFO] running `Command { std: "docker" "start" "-a" "59cff59fe86e68b735a2be742c7907c7b566b29f8bbb7b4cee571242a194fbc1", kill_on_drop: false }`
[INFO] running `Command { std: "docker" "inspect" "59cff59fe86e68b735a2be742c7907c7b566b29f8bbb7b4cee571242a194fbc1", kill_on_drop: false }`
[INFO] running `Command { std: "docker" "rm" "-f" "59cff59fe86e68b735a2be742c7907c7b566b29f8bbb7b4cee571242a194fbc1", kill_on_drop: false }`
[INFO] [stdout] 59cff59fe86e68b735a2be742c7907c7b566b29f8bbb7b4cee571242a194fbc1
[INFO] running `Command { std: "docker" "create" "-v" "/var/lib/crater-agent-workspace/builds/worker-3-tc1/target:/opt/rustwide/target:rw,Z" "-v" "/var/lib/crater-agent-workspace/builds/worker-3-tc1/source:/opt/rustwide/workdir:ro,Z" "-v" "/var/lib/crater-agent-workspace/cargo-home:/opt/rustwide/cargo-home:ro,Z" "-v" "/var/lib/crater-agent-workspace/rustup-home:/opt/rustwide/rustup-home:ro,Z" "-e" "SOURCE_DIR=/opt/rustwide/workdir" "-e" "CARGO_TARGET_DIR=/opt/rustwide/target" "-e" "CARGO_INCREMENTAL=0" "-e" "RUST_BACKTRACE=full" "-e" "RUSTFLAGS=--cap-lints=forbid" "-e" "RUSTDOCFLAGS=--cap-lints=forbid" "-e" "CARGO_HOME=/opt/rustwide/cargo-home" "-e" "RUSTUP_HOME=/opt/rustwide/rustup-home" "-w" "/opt/rustwide/workdir" "-m" "1610612736" "--user" "0:0" "--network" "none" "ghcr.io/rust-lang/crates-build-env/linux@sha256:2788e3201cd34a07e3172128adcd8b3090168a8e3bcc40d7c032b9dda1df7d1c" "/opt/rustwide/cargo-home/bin/cargo" "+nightly-2024-02-05" "check" "--frozen" "--all" "--all-targets" "--message-format=json", kill_on_drop: false }`
[INFO] [stdout] 6581422cbd4c8ea7780249fd4d290d4ffcd5cffd76d4c9020053d0946ba165ef
[INFO] running `Command { std: "docker" "start" "-a" "6581422cbd4c8ea7780249fd4d290d4ffcd5cffd76d4c9020053d0946ba165ef", kill_on_drop: false }`
[INFO] [stderr]    Compiling serde v1.0.181
[INFO] [stderr]    Compiling rustix v0.38.6
[INFO] [stderr]     Checking regex-syntax v0.7.4
[INFO] [stderr]    Compiling serde_derive v1.0.181
[INFO] [stderr]    Compiling anyhow v1.0.72
[INFO] [stderr]     Checking linux-raw-sys v0.4.5
[INFO] [stderr]     Checking aho-corasick v1.0.2
[INFO] [stderr]    Compiling syn v2.0.28
[INFO] [stderr]     Checking log v0.4.19
[INFO] [stderr]     Checking regex-automata v0.3.4
[INFO] [stderr]     Checking is-terminal v0.4.9
[INFO] [stderr]     Checking regex v1.9.1
[INFO] [stderr]     Checking env_logger v0.10.0
[INFO] [stderr]     Checking bincode v1.3.3
[INFO] [stderr]    Compiling roblib-macro v0.1.0
[INFO] [stderr]     Checking roblib v0.1.0
[INFO] [stderr]     Checking roblib-client v0.1.0 (/opt/rustwide/workdir)
[INFO] [stdout] error[E0425]: cannot find function, tuple struct or tuple variant `UltraSensor` in module `event`
[INFO] [stdout]   --> examples/ultra_multi.rs:19:28
[INFO] [stdout]    |
[INFO] [stdout] 19 |     robot.subscribe(event::UltraSensor(Duration::from_millis(5000)), |_| {
[INFO] [stdout]    |                            ^^^^^^^^^^^ not found in `event`
[INFO] [stdout] 
[INFO] [stdout] 
[INFO] [stdout] error[E0425]: cannot find function, tuple struct or tuple variant `UltraSensor` in module `event`
[INFO] [stdout]   --> examples/ultra_multi.rs:25:28
[INFO] [stdout]    |
[INFO] [stdout] 25 |     robot.subscribe(event::UltraSensor(Duration::from_millis(3000)), |_| {
[INFO] [stdout]    |                            ^^^^^^^^^^^ not found in `event`
[INFO] [stdout] 
[INFO] [stdout] 
[INFO] [stdout] error[E0425]: cannot find value `TrackSensor` in module `event`
[INFO] [stdout]   --> examples/ultra_multi.rs:30:28
[INFO] [stdout]    |
[INFO] [stdout] 30 |     robot.subscribe(event::TrackSensor, |v| {
[INFO] [stdout]    |                            ^^^^^^^^^^^ not found in `event`
[INFO] [stdout] 
[INFO] [stdout] 
[INFO] [stdout] error: aborting due to 3 previous errors
[INFO] [stdout] 
[INFO] [stdout] 
[INFO] [stdout] For more information about this error, try `rustc --explain E0425`.
[INFO] [stdout] 
[INFO] [stderr] error: could not compile `roblib-client` (example "ultra_multi") due to 4 previous errors
[INFO] running `Command { std: "docker" "inspect" "6581422cbd4c8ea7780249fd4d290d4ffcd5cffd76d4c9020053d0946ba165ef", kill_on_drop: false }`
[INFO] running `Command { std: "docker" "rm" "-f" "6581422cbd4c8ea7780249fd4d290d4ffcd5cffd76d4c9020053d0946ba165ef", kill_on_drop: false }`
[INFO] [stdout] 6581422cbd4c8ea7780249fd4d290d4ffcd5cffd76d4c9020053d0946ba165ef
