[INFO] fetching crate roa-tls 0.5.0-rc...
[INFO] checking roa-tls-0.5.0-rc against nightly-2024-02-05 for check-cfg
[INFO] extracting crate roa-tls 0.5.0-rc into /workspace/builds/worker-3-tc1/source
[INFO] validating manifest of crates.io crate roa-tls 0.5.0-rc on toolchain nightly-2024-02-05
[INFO] running `Command { std: CARGO_HOME="/workspace/cargo-home" RUSTUP_HOME="/workspace/rustup-home" "/workspace/cargo-home/bin/cargo" "+nightly-2024-02-05" "metadata" "--manifest-path" "Cargo.toml" "--no-deps", kill_on_drop: false }`
[INFO] started tweaking crates.io crate roa-tls 0.5.0-rc
[INFO] finished tweaking crates.io crate roa-tls 0.5.0-rc
[INFO] tweaked toml for crates.io crate roa-tls 0.5.0-rc written to /workspace/builds/worker-3-tc1/source/Cargo.toml
[INFO] running `Command { std: CARGO_HOME="/workspace/cargo-home" RUSTUP_HOME="/workspace/rustup-home" "/workspace/cargo-home/bin/cargo" "+nightly-2024-02-05" "generate-lockfile" "--manifest-path" "Cargo.toml", kill_on_drop: false }`
[INFO] [stderr]     Updating crates.io index
[INFO] running `Command { std: CARGO_HOME="/workspace/cargo-home" RUSTUP_HOME="/workspace/rustup-home" "/workspace/cargo-home/bin/cargo" "+nightly-2024-02-05" "fetch" "--manifest-path" "Cargo.toml", kill_on_drop: false }`
[INFO] [stderr]  Downloading crates ...
[INFO] [stderr]   Downloaded roa-core v0.5.1
[INFO] [stderr]   Downloaded roa-tcp v0.5.0-rc
[INFO] running `Command { std: "docker" "create" "-v" "/var/lib/crater-agent-workspace/builds/worker-3-tc1/target:/opt/rustwide/target:rw,Z" "-v" "/var/lib/crater-agent-workspace/builds/worker-3-tc1/source:/opt/rustwide/workdir:ro,Z" "-v" "/var/lib/crater-agent-workspace/cargo-home:/opt/rustwide/cargo-home:ro,Z" "-v" "/var/lib/crater-agent-workspace/rustup-home:/opt/rustwide/rustup-home:ro,Z" "-e" "SOURCE_DIR=/opt/rustwide/workdir" "-e" "CARGO_TARGET_DIR=/opt/rustwide/target" "-e" "CARGO_HOME=/opt/rustwide/cargo-home" "-e" "RUSTUP_HOME=/opt/rustwide/rustup-home" "-w" "/opt/rustwide/workdir" "-m" "1610612736" "--user" "0:0" "--network" "none" "ghcr.io/rust-lang/crates-build-env/linux@sha256:2788e3201cd34a07e3172128adcd8b3090168a8e3bcc40d7c032b9dda1df7d1c" "/opt/rustwide/cargo-home/bin/cargo" "+nightly-2024-02-05" "metadata" "--no-deps" "--format-version=1", kill_on_drop: false }`
[INFO] [stdout] c9241c6cebb5216afb723bf618b681c83fd242b431fc6d78d4b739c506c9b50e
[INFO] running `Command { std: "docker" "start" "-a" "c9241c6cebb5216afb723bf618b681c83fd242b431fc6d78d4b739c506c9b50e", kill_on_drop: false }`
[INFO] running `Command { std: "docker" "inspect" "c9241c6cebb5216afb723bf618b681c83fd242b431fc6d78d4b739c506c9b50e", kill_on_drop: false }`
[INFO] running `Command { std: "docker" "rm" "-f" "c9241c6cebb5216afb723bf618b681c83fd242b431fc6d78d4b739c506c9b50e", kill_on_drop: false }`
[INFO] [stdout] c9241c6cebb5216afb723bf618b681c83fd242b431fc6d78d4b739c506c9b50e
[INFO] running `Command { std: "docker" "create" "-v" "/var/lib/crater-agent-workspace/builds/worker-3-tc1/target:/opt/rustwide/target:rw,Z" "-v" "/var/lib/crater-agent-workspace/builds/worker-3-tc1/source:/opt/rustwide/workdir:ro,Z" "-v" "/var/lib/crater-agent-workspace/cargo-home:/opt/rustwide/cargo-home:ro,Z" "-v" "/var/lib/crater-agent-workspace/rustup-home:/opt/rustwide/rustup-home:ro,Z" "-e" "SOURCE_DIR=/opt/rustwide/workdir" "-e" "CARGO_TARGET_DIR=/opt/rustwide/target" "-e" "CARGO_INCREMENTAL=0" "-e" "RUST_BACKTRACE=full" "-e" "RUSTFLAGS=--cap-lints=forbid" "-e" "RUSTDOCFLAGS=--cap-lints=forbid" "-e" "CARGO_HOME=/opt/rustwide/cargo-home" "-e" "RUSTUP_HOME=/opt/rustwide/rustup-home" "-w" "/opt/rustwide/workdir" "-m" "1610612736" "--user" "0:0" "--network" "none" "ghcr.io/rust-lang/crates-build-env/linux@sha256:2788e3201cd34a07e3172128adcd8b3090168a8e3bcc40d7c032b9dda1df7d1c" "/opt/rustwide/cargo-home/bin/cargo" "+nightly-2024-02-05" "check" "--frozen" "--all" "--all-targets" "--message-format=json", kill_on_drop: false }`
[INFO] [stdout] d226183976fb8301ddcddd9eddbbe952d3d5f1144e466d9df47c9aa94ced4ab7
[INFO] running `Command { std: "docker" "start" "-a" "d226183976fb8301ddcddd9eddbbe952d3d5f1144e466d9df47c9aa94ced4ab7", kill_on_drop: false }`
[INFO] [stderr]    Compiling libc v0.2.153
[INFO] [stderr]    Compiling autocfg v1.1.0
[INFO] [stderr]    Compiling proc-macro2 v1.0.78
[INFO] [stderr]    Compiling unicode-ident v1.0.12
[INFO] [stderr]     Checking value-bag v1.7.0
[INFO] [stderr]     Checking pin-project-lite v0.2.13
[INFO] [stderr]     Checking futures-core v0.3.30
[INFO] [stderr]     Checking once_cell v1.19.0
[INFO] [stderr]     Checking futures-io v0.3.30
[INFO] [stderr]    Compiling crossbeam-utils v0.8.19
[INFO] [stderr]     Checking parking v2.2.0
[INFO] [stderr]     Checking memchr v2.7.1
[INFO] [stderr]     Checking cfg-if v1.0.0
[INFO] [stderr]     Checking cfg-if v0.1.10
[INFO] [stderr]    Compiling syn v1.0.109
[INFO] [stderr]     Checking bitflags v2.4.2
[INFO] [stderr]     Checking fastrand v2.0.1
[INFO] [stderr]     Checking fnv v1.0.7
[INFO] [stderr]    Compiling rustix v0.38.31
[INFO] [stderr]     Checking bytes v0.5.6
[INFO] [stderr]     Checking futures-sink v0.3.30
[INFO] [stderr]     Checking pin-utils v0.1.0
[INFO] [stderr]     Checking linux-raw-sys v0.4.13
[INFO] [stderr]     Checking pin-project-lite v0.1.12
[INFO] [stderr]     Checking futures-task v0.3.30
[INFO] [stderr]     Checking tracing-core v0.1.32
[INFO] [stderr]     Checking futures-channel v0.3.30
[INFO] [stderr]    Compiling pkg-config v0.3.29
[INFO] [stderr]     Checking log v0.4.20
[INFO] [stderr]     Checking futures-lite v2.2.0
[INFO] [stderr]    Compiling io-lifetimes v1.0.11
[INFO] [stderr]    Compiling vcpkg v0.2.15
[INFO] [stderr]     Checking bytes v1.5.0
[INFO] [stderr]    Compiling slab v0.4.9
[INFO] [stderr]    Compiling indexmap v1.9.3
[INFO] [stderr]    Compiling polling v2.8.0
[INFO] [stderr]     Checking event-listener v2.5.3
[INFO] [stderr]     Checking tracing v0.1.40
[INFO] [stderr]    Compiling rustix v0.37.27
[INFO] [stderr]     Checking itoa v1.0.10
[INFO] [stderr]     Checking concurrent-queue v2.4.0
[INFO] [stderr]    Compiling async-io v1.13.0
[INFO] [stderr]     Checking http v0.2.11
[INFO] [stderr]     Checking waker-fn v1.1.1
[INFO] [stderr]     Checking fastrand v1.9.0
[INFO] [stderr]     Checking atomic-waker v1.1.2
[INFO] [stderr]     Checking hashbrown v0.12.3
[INFO] [stderr]     Checking async-task v4.7.0
[INFO] [stderr]     Checking linux-raw-sys v0.3.8
[INFO] [stderr]    Compiling httparse v1.8.0
[INFO] [stderr]    Compiling quote v1.0.35
[INFO] [stderr]     Checking event-listener v4.0.3
[INFO] [stderr]     Checking futures-lite v1.13.0
[INFO] [stderr]     Checking piper v0.2.1
[INFO] [stderr]    Compiling syn v2.0.48
[INFO] [stderr]     Checking event-listener-strategy v0.4.0
[INFO] [stderr]     Checking async-lock v2.8.0
[INFO] [stderr]    Compiling crossbeam-utils v0.7.2
[INFO] [stderr]     Checking try-lock v0.2.5
[INFO] [stderr]     Checking spin v0.5.2
[INFO] [stderr]     Checking async-lock v3.3.0
[INFO] [stderr]     Checking async-channel v2.1.1
[INFO] [stderr]    Compiling maybe-uninit v2.0.0
[INFO] [stderr]     Checking untrusted v0.7.1
[INFO] [stderr]     Checking want v0.3.1
[INFO] [stderr]     Checking event-listener v3.1.0
[INFO] [stderr]     Checking foreign-types-shared v0.1.1
[INFO] [stderr]    Compiling async-trait v0.1.77
[INFO] [stderr]     Checking http-body v0.3.1
[INFO] [stderr]     Checking tower-service v0.3.2
[INFO] [stderr]     Checking httpdate v0.3.2
[INFO] [stderr]     Checking async-executor v1.8.0
[INFO] [stderr]     Checking blocking v1.5.1
[INFO] [stderr]    Compiling openssl v0.10.63
[INFO] [stderr]     Checking itoa v0.4.8
[INFO] [stderr]     Checking foreign-types v0.3.2
[INFO] [stderr]     Checking signal-hook-registry v1.4.1
[INFO] [stderr]     Checking iovec v0.1.4
[INFO] [stderr]     Checking net2 v0.2.39
[INFO] [stderr]     Checking num_cpus v1.16.0
[INFO] [stderr]    Compiling cc v1.0.83
[INFO] [stderr]     Checking socket2 v0.4.10
[INFO] [stderr]     Checking socket2 v0.3.19
[INFO] [stderr]     Checking async-channel v1.9.0
[INFO] [stderr]     Checking mio v0.6.23
[INFO] [stderr]     Checking kv-log-macro v1.0.7
[INFO] [stderr]    Compiling native-tls v0.2.11
[INFO] [stderr]     Checking openssl-probe v0.1.5
[INFO] [stderr]     Checking base64 v0.11.0
[INFO] [stderr]     Checking futures-timer v3.0.2
[INFO] [stderr]     Checking crossbeam-queue v0.2.3
[INFO] [stderr]     Checking mio-uds v0.6.8
[INFO] [stderr]    Compiling openssl-sys v0.9.99
[INFO] [stderr]    Compiling ring v0.16.20
[INFO] [stderr]    Compiling tokio-macros v0.2.6
[INFO] [stderr]    Compiling async-attributes v1.1.2
[INFO] [stderr]    Compiling futures-macro v0.3.30
[INFO] [stderr]    Compiling pin-project-internal v1.1.4
[INFO] [stderr]    Compiling openssl-macros v0.1.1
[INFO] [stderr]     Checking polling v3.4.0
[INFO] [stderr]     Checking tokio v0.2.25
[INFO] [stderr]     Checking async-io v2.3.1
[INFO] [stderr]     Checking futures-util v0.3.30
[INFO] [stderr]     Checking async-signal v0.2.5
[INFO] [stderr]     Checking async-global-executor v2.4.1
[INFO] [stderr]     Checking sct v0.6.1
[INFO] [stderr]     Checking webpki v0.21.4
[INFO] [stderr]     Checking pin-project v1.1.4
[INFO] [stderr]     Checking tracing-futures v0.2.5
[INFO] [stderr]     Checking async-process v1.8.1
[INFO] [stderr]     Checking rustls v0.17.0
[INFO] [stderr]     Checking async-std v1.12.0
[INFO] [stderr]     Checking futures-executor v0.3.30
[INFO] [stderr]     Checking futures v0.3.30
[INFO] [stderr]     Checking tokio-util v0.3.1
[INFO] [stderr]     Checking tokio-tls v0.3.1
[INFO] [stderr]     Checking tokio-rustls v0.13.1
[INFO] [stderr]     Checking h2 v0.2.7
[INFO] [stderr]     Checking hyper v0.13.10
[INFO] [stderr]     Checking roa-core v0.5.1
[INFO] [stderr]     Checking hyper-tls v0.4.3
[INFO] [stderr]     Checking roa-tcp v0.5.0-rc
[INFO] [stdout] error[E0277]: the trait bound `WrapStream<async_std::net::TcpStream>: futures::AsyncRead` is not satisfied
[INFO] [stdout]    --> /opt/rustwide/cargo-home/registry/src/index.crates.io-6f17d22bba15001f/roa-tcp-0.5.0-rc/src/listen.rs:61:30
[INFO] [stdout]     |
[INFO] [stdout] 61  |         Ok((local_addr, self.accept(incoming)))
[INFO] [stdout]     |                              ^^^^^^ the trait `futures::AsyncRead` is not implemented for `WrapStream<async_std::net::TcpStream>`
[INFO] [stdout]     |
[INFO] [stdout]     = help: the following other types implement trait `futures::AsyncRead`:
[INFO] [stdout]               piper::Reader
[INFO] [stdout]               blocking::Unblock<T>
[INFO] [stdout]               async_std::process::ChildStdout
[INFO] [stdout]               async_std::process::ChildStderr
[INFO] [stdout]               Box<T>
[INFO] [stdout]               async_io::Async<T>
[INFO] [stdout]               async_io::Async<T>
[INFO] [stdout]               futures_lite::io::Empty
[INFO] [stdout]             and 46 others
[INFO] [stdout] note: required by a bound in `App::<S, Arc<E>>::accept`
[INFO] [stdout]    --> /opt/rustwide/cargo-home/registry/src/index.crates.io-6f17d22bba15001f/roa-core-0.5.1/src/app.rs:154:45
[INFO] [stdout]     |
[INFO] [stdout] 151 |     pub fn accept<I, IO>(self, incoming: I) -> Server<I, Self, Executor>
[INFO] [stdout]     |            ------ required by a bound in this associated function
[INFO] [stdout] ...
[INFO] [stdout] 154 |         IO: 'static + Send + Sync + Unpin + AsyncRead + AsyncWrite,
[INFO] [stdout]     |                                             ^^^^^^^^^ required by this bound in `App::<S, Arc<E>>::accept`
[INFO] [stdout] 
[INFO] [stdout] 
[INFO] [stdout] error[E0277]: the trait bound `WrapStream<async_std::net::TcpStream>: futures::AsyncWrite` is not satisfied
[INFO] [stdout]    --> /opt/rustwide/cargo-home/registry/src/index.crates.io-6f17d22bba15001f/roa-tcp-0.5.0-rc/src/listen.rs:61:30
[INFO] [stdout]     |
[INFO] [stdout] 61  |         Ok((local_addr, self.accept(incoming)))
[INFO] [stdout]     |                              ^^^^^^ the trait `futures::AsyncWrite` is not implemented for `WrapStream<async_std::net::TcpStream>`
[INFO] [stdout]     |
[INFO] [stdout]     = help: the following other types implement trait `futures::AsyncWrite`:
[INFO] [stdout]               piper::Writer
[INFO] [stdout]               blocking::Unblock<T>
[INFO] [stdout]               async_std::process::ChildStdin
[INFO] [stdout]               Box<T>
[INFO] [stdout]               async_io::Async<T>
[INFO] [stdout]               async_io::Async<T>
[INFO] [stdout]               futures_lite::io::AssertAsync<T>
[INFO] [stdout]               futures_lite::io::AssertAsync<T>
[INFO] [stdout]             and 44 others
[INFO] [stdout] note: required by a bound in `App::<S, Arc<E>>::accept`
[INFO] [stdout]    --> /opt/rustwide/cargo-home/registry/src/index.crates.io-6f17d22bba15001f/roa-core-0.5.1/src/app.rs:154:57
[INFO] [stdout]     |
[INFO] [stdout] 151 |     pub fn accept<I, IO>(self, incoming: I) -> Server<I, Self, Executor>
[INFO] [stdout]     |            ------ required by a bound in this associated function
[INFO] [stdout] ...
[INFO] [stdout] 154 |         IO: 'static + Send + Sync + Unpin + AsyncRead + AsyncWrite,
[INFO] [stdout]     |                                                         ^^^^^^^^^^ required by this bound in `App::<S, Arc<E>>::accept`
[INFO] [stdout] 
[INFO] [stdout] 
[INFO] [stdout] error: aborting due to 2 previous errors
[INFO] [stdout] 
[INFO] [stdout] 
[INFO] [stdout] For more information about this error, try `rustc --explain E0277`.
[INFO] [stdout] 
[INFO] [stderr] error: could not compile `roa-tcp` (lib) due to 3 previous errors
[INFO] running `Command { std: "docker" "inspect" "d226183976fb8301ddcddd9eddbbe952d3d5f1144e466d9df47c9aa94ced4ab7", kill_on_drop: false }`
[INFO] running `Command { std: "docker" "rm" "-f" "d226183976fb8301ddcddd9eddbbe952d3d5f1144e466d9df47c9aa94ced4ab7", kill_on_drop: false }`
[INFO] [stdout] d226183976fb8301ddcddd9eddbbe952d3d5f1144e466d9df47c9aa94ced4ab7
[INFO] checking roa-tls-0.5.0-rc against nightly-2024-02-05+rustflags=-Dunexpected_cfgs+cargoflags=-Zcheck-cfg for check-cfg
[INFO] extracting crate roa-tls 0.5.0-rc into /workspace/builds/worker-3-tc2/source
[INFO] validating manifest of crates.io crate roa-tls 0.5.0-rc on toolchain nightly-2024-02-05
[INFO] running `Command { std: CARGO_HOME="/workspace/cargo-home" RUSTUP_HOME="/workspace/rustup-home" "/workspace/cargo-home/bin/cargo" "+nightly-2024-02-05" "metadata" "--manifest-path" "Cargo.toml" "--no-deps", kill_on_drop: false }`
[INFO] started tweaking crates.io crate roa-tls 0.5.0-rc
[INFO] finished tweaking crates.io crate roa-tls 0.5.0-rc
[INFO] tweaked toml for crates.io crate roa-tls 0.5.0-rc written to /workspace/builds/worker-3-tc2/source/Cargo.toml
[INFO] running `Command { std: CARGO_HOME="/workspace/cargo-home" RUSTUP_HOME="/workspace/rustup-home" "/workspace/cargo-home/bin/cargo" "+nightly-2024-02-05" "generate-lockfile" "--manifest-path" "Cargo.toml", kill_on_drop: false }`
[INFO] [stderr]     Updating crates.io index
[INFO] running `Command { std: CARGO_HOME="/workspace/cargo-home" RUSTUP_HOME="/workspace/rustup-home" "/workspace/cargo-home/bin/cargo" "+nightly-2024-02-05" "fetch" "--manifest-path" "Cargo.toml", kill_on_drop: false }`
[INFO] running `Command { std: "docker" "create" "-v" "/var/lib/crater-agent-workspace/builds/worker-3-tc2/target:/opt/rustwide/target:rw,Z" "-v" "/var/lib/crater-agent-workspace/builds/worker-3-tc2/source:/opt/rustwide/workdir:ro,Z" "-v" "/var/lib/crater-agent-workspace/cargo-home:/opt/rustwide/cargo-home:ro,Z" "-v" "/var/lib/crater-agent-workspace/rustup-home:/opt/rustwide/rustup-home:ro,Z" "-e" "SOURCE_DIR=/opt/rustwide/workdir" "-e" "CARGO_TARGET_DIR=/opt/rustwide/target" "-e" "CARGO_HOME=/opt/rustwide/cargo-home" "-e" "RUSTUP_HOME=/opt/rustwide/rustup-home" "-w" "/opt/rustwide/workdir" "-m" "1610612736" "--user" "0:0" "--network" "none" "ghcr.io/rust-lang/crates-build-env/linux@sha256:2788e3201cd34a07e3172128adcd8b3090168a8e3bcc40d7c032b9dda1df7d1c" "/opt/rustwide/cargo-home/bin/cargo" "+nightly-2024-02-05" "metadata" "--no-deps" "--format-version=1", kill_on_drop: false }`
[INFO] [stdout] 1ade7ac2eb5a4121f6aee695b41d1a3aedbcc0e0289a656f01ae54a6a0395bef
[INFO] running `Command { std: "docker" "start" "-a" "1ade7ac2eb5a4121f6aee695b41d1a3aedbcc0e0289a656f01ae54a6a0395bef", kill_on_drop: false }`
[INFO] running `Command { std: "docker" "inspect" "1ade7ac2eb5a4121f6aee695b41d1a3aedbcc0e0289a656f01ae54a6a0395bef", kill_on_drop: false }`
[INFO] running `Command { std: "docker" "rm" "-f" "1ade7ac2eb5a4121f6aee695b41d1a3aedbcc0e0289a656f01ae54a6a0395bef", kill_on_drop: false }`
[INFO] [stdout] 1ade7ac2eb5a4121f6aee695b41d1a3aedbcc0e0289a656f01ae54a6a0395bef
[INFO] running `Command { std: "docker" "create" "-v" "/var/lib/crater-agent-workspace/builds/worker-3-tc2/target:/opt/rustwide/target:rw,Z" "-v" "/var/lib/crater-agent-workspace/builds/worker-3-tc2/source:/opt/rustwide/workdir:ro,Z" "-v" "/var/lib/crater-agent-workspace/cargo-home:/opt/rustwide/cargo-home:ro,Z" "-v" "/var/lib/crater-agent-workspace/rustup-home:/opt/rustwide/rustup-home:ro,Z" "-e" "SOURCE_DIR=/opt/rustwide/workdir" "-e" "CARGO_TARGET_DIR=/opt/rustwide/target" "-e" "CARGO_INCREMENTAL=0" "-e" "RUST_BACKTRACE=full" "-e" "RUSTFLAGS=--cap-lints=forbid -Dunexpected_cfgs" "-e" "RUSTDOCFLAGS=--cap-lints=forbid" "-e" "CARGO_HOME=/opt/rustwide/cargo-home" "-e" "RUSTUP_HOME=/opt/rustwide/rustup-home" "-w" "/opt/rustwide/workdir" "-m" "1610612736" "--user" "0:0" "--network" "none" "ghcr.io/rust-lang/crates-build-env/linux@sha256:2788e3201cd34a07e3172128adcd8b3090168a8e3bcc40d7c032b9dda1df7d1c" "/opt/rustwide/cargo-home/bin/cargo" "+nightly-2024-02-05" "check" "--frozen" "--all" "--all-targets" "--message-format=json" "-Zcheck-cfg", kill_on_drop: false }`
[INFO] [stdout] 62db11fe4b84d750dbb39d0cb83b418707262098802ffcc34f02a3497cb8a065
[INFO] running `Command { std: "docker" "start" "-a" "62db11fe4b84d750dbb39d0cb83b418707262098802ffcc34f02a3497cb8a065", kill_on_drop: false }`
[INFO] [stderr]    Compiling libc v0.2.153
[INFO] [stderr]    Compiling autocfg v1.1.0
[INFO] [stderr]    Compiling proc-macro2 v1.0.78
[INFO] [stderr]    Compiling unicode-ident v1.0.12
[INFO] [stderr]     Checking pin-project-lite v0.2.13
[INFO] [stderr]     Checking value-bag v1.7.0
[INFO] [stderr]     Checking futures-core v0.3.30
[INFO] [stderr]     Checking once_cell v1.19.0
[INFO] [stderr]    Compiling crossbeam-utils v0.8.19
[INFO] [stderr]     Checking futures-io v0.3.30
[INFO] [stderr]     Checking parking v2.2.0
[INFO] [stderr]     Checking memchr v2.7.1
[INFO] [stderr]     Checking cfg-if v1.0.0
[INFO] [stderr]    Compiling syn v1.0.109
[INFO] [stderr]     Checking cfg-if v0.1.10
[INFO] [stderr]     Checking bitflags v2.4.2
[INFO] [stderr]     Checking fnv v1.0.7
[INFO] [stderr]     Checking fastrand v2.0.1
[INFO] [stderr]     Checking bytes v0.5.6
[INFO] [stderr]     Checking futures-sink v0.3.30
[INFO] [stderr]    Compiling rustix v0.38.31
[INFO] [stderr]     Checking linux-raw-sys v0.4.13
[INFO] [stderr]     Checking pin-utils v0.1.0
[INFO] [stderr]     Checking pin-project-lite v0.1.12
[INFO] [stderr]     Checking futures-channel v0.3.30
[INFO] [stderr]     Checking futures-task v0.3.30
[INFO] [stderr]    Compiling vcpkg v0.2.15
[INFO] [stderr]     Checking tracing-core v0.1.32
[INFO] [stderr]     Checking log v0.4.20
[INFO] [stderr]    Compiling pkg-config v0.3.29
[INFO] [stderr]     Checking futures-lite v2.2.0
[INFO] [stderr]    Compiling io-lifetimes v1.0.11
[INFO] [stderr]    Compiling rustix v0.37.27
[INFO] [stderr]    Compiling slab v0.4.9
[INFO] [stderr]    Compiling indexmap v1.9.3
[INFO] [stderr]    Compiling polling v2.8.0
[INFO] [stderr]     Checking itoa v1.0.10
[INFO] [stderr]     Checking event-listener v2.5.3
[INFO] [stderr]     Checking tracing v0.1.40
[INFO] [stderr]     Checking bytes v1.5.0
[INFO] [stderr]    Compiling async-io v1.13.0
[INFO] [stderr]     Checking hashbrown v0.12.3
[INFO] [stderr]     Checking atomic-waker v1.1.2
[INFO] [stderr]     Checking linux-raw-sys v0.3.8
[INFO] [stderr]     Checking async-task v4.7.0
[INFO] [stderr]     Checking concurrent-queue v2.4.0
[INFO] [stderr]     Checking fastrand v1.9.0
[INFO] [stderr]    Compiling httparse v1.8.0
[INFO] [stderr]     Checking waker-fn v1.1.1
[INFO] [stderr]    Compiling quote v1.0.35
[INFO] [stderr]     Checking piper v0.2.1
[INFO] [stderr]     Checking futures-lite v1.13.0
[INFO] [stderr]     Checking event-listener v4.0.3
[INFO] [stderr]     Checking async-lock v2.8.0
[INFO] [stderr]    Compiling crossbeam-utils v0.7.2
[INFO] [stderr]     Checking http v0.2.11
[INFO] [stderr]     Checking untrusted v0.7.1
[INFO] [stderr]    Compiling syn v2.0.48
[INFO] [stderr]    Compiling maybe-uninit v2.0.0
[INFO] [stderr]     Checking event-listener-strategy v0.4.0
[INFO] [stderr]     Checking spin v0.5.2
[INFO] [stderr]     Checking try-lock v0.2.5
[INFO] [stderr]     Checking async-lock v3.3.0
[INFO] [stderr]     Checking async-channel v2.1.1
[INFO] [stderr]     Checking want v0.3.1
[INFO] [stderr]     Checking event-listener v3.1.0
[INFO] [stderr]     Checking httpdate v0.3.2
[INFO] [stderr]     Checking tower-service v0.3.2
[INFO] [stderr]    Compiling async-trait v0.1.77
[INFO] [stderr]     Checking itoa v0.4.8
[INFO] [stderr]    Compiling openssl v0.10.63
[INFO] [stderr]     Checking foreign-types-shared v0.1.1
[INFO] [stderr]     Checking foreign-types v0.3.2
[INFO] [stderr]     Checking async-channel v1.9.0
[INFO] [stderr]     Checking kv-log-macro v1.0.7
[INFO] [stderr]    Compiling native-tls v0.2.11
[INFO] [stderr]     Checking base64 v0.11.0
[INFO] [stderr]     Checking openssl-probe v0.1.5
[INFO] [stderr]     Checking futures-timer v3.0.2
[INFO] [stderr]     Checking crossbeam-queue v0.2.3
[INFO] [stderr]     Checking blocking v1.5.1
[INFO] [stderr]     Checking async-executor v1.8.0
[INFO] [stderr]     Checking http-body v0.3.1
[INFO] [stderr]    Compiling cc v1.0.83
[INFO] [stderr]     Checking signal-hook-registry v1.4.1
[INFO] [stderr]     Checking net2 v0.2.39
[INFO] [stderr]     Checking iovec v0.1.4
[INFO] [stderr]     Checking num_cpus v1.16.0
[INFO] [stderr]     Checking socket2 v0.4.10
[INFO] [stderr]     Checking socket2 v0.3.19
[INFO] [stderr]     Checking mio v0.6.23
[INFO] [stderr]     Checking mio-uds v0.6.8
[INFO] [stderr]    Compiling openssl-sys v0.9.99
[INFO] [stderr]    Compiling ring v0.16.20
[INFO] [stderr]    Compiling tokio-macros v0.2.6
[INFO] [stderr]    Compiling async-attributes v1.1.2
[INFO] [stderr]    Compiling futures-macro v0.3.30
[INFO] [stderr]    Compiling pin-project-internal v1.1.4
[INFO] [stderr]    Compiling openssl-macros v0.1.1
[INFO] [stderr]     Checking tokio v0.2.25
[INFO] [stderr]     Checking polling v3.4.0
[INFO] [stderr]     Checking async-io v2.3.1
[INFO] [stderr]     Checking futures-util v0.3.30
[INFO] [stderr]     Checking async-signal v0.2.5
[INFO] [stderr]     Checking async-global-executor v2.4.1
[INFO] [stderr]     Checking pin-project v1.1.4
[INFO] [stderr]     Checking async-process v1.8.1
[INFO] [stderr]     Checking tracing-futures v0.2.5
[INFO] [stderr]     Checking async-std v1.12.0
[INFO] [stderr]     Checking sct v0.6.1
[INFO] [stderr]     Checking webpki v0.21.4
[INFO] [stderr]     Checking rustls v0.17.0
[INFO] [stderr]     Checking tokio-util v0.3.1
[INFO] [stderr]     Checking tokio-rustls v0.13.1
[INFO] [stderr]     Checking h2 v0.2.7
[INFO] [stderr]     Checking futures-executor v0.3.30
[INFO] [stderr]     Checking tokio-tls v0.3.1
[INFO] [stderr]     Checking futures v0.3.30
[INFO] [stderr]     Checking hyper v0.13.10
[INFO] [stderr]     Checking roa-core v0.5.1
[INFO] [stderr]     Checking hyper-tls v0.4.3
[INFO] [stderr]     Checking roa-tcp v0.5.0-rc
[INFO] [stdout] error[E0277]: the trait bound `WrapStream<async_std::net::TcpStream>: futures::AsyncRead` is not satisfied
[INFO] [stdout]    --> /opt/rustwide/cargo-home/registry/src/index.crates.io-6f17d22bba15001f/roa-tcp-0.5.0-rc/src/listen.rs:61:30
[INFO] [stdout]     |
[INFO] [stdout] 61  |         Ok((local_addr, self.accept(incoming)))
[INFO] [stdout]     |                              ^^^^^^ the trait `futures::AsyncRead` is not implemented for `WrapStream<async_std::net::TcpStream>`
[INFO] [stdout]     |
[INFO] [stdout]     = help: the following other types implement trait `futures::AsyncRead`:
[INFO] [stdout]               piper::Reader
[INFO] [stdout]               blocking::Unblock<T>
[INFO] [stdout]               async_std::process::ChildStdout
[INFO] [stdout]               async_std::process::ChildStderr
[INFO] [stdout]               Box<T>
[INFO] [stdout]               async_io::Async<T>
[INFO] [stdout]               async_io::Async<T>
[INFO] [stdout]               futures_lite::io::Empty
[INFO] [stdout]             and 46 others
[INFO] [stdout] note: required by a bound in `App::<S, Arc<E>>::accept`
[INFO] [stdout]    --> /opt/rustwide/cargo-home/registry/src/index.crates.io-6f17d22bba15001f/roa-core-0.5.1/src/app.rs:154:45
[INFO] [stdout]     |
[INFO] [stdout] 151 |     pub fn accept<I, IO>(self, incoming: I) -> Server<I, Self, Executor>
[INFO] [stdout]     |            ------ required by a bound in this associated function
[INFO] [stdout] ...
[INFO] [stdout] 154 |         IO: 'static + Send + Sync + Unpin + AsyncRead + AsyncWrite,
[INFO] [stdout]     |                                             ^^^^^^^^^ required by this bound in `App::<S, Arc<E>>::accept`
[INFO] [stdout] 
[INFO] [stdout] 
[INFO] [stdout] error[E0277]: the trait bound `WrapStream<async_std::net::TcpStream>: futures::AsyncWrite` is not satisfied
[INFO] [stdout]    --> /opt/rustwide/cargo-home/registry/src/index.crates.io-6f17d22bba15001f/roa-tcp-0.5.0-rc/src/listen.rs:61:30
[INFO] [stdout]     |
[INFO] [stdout] 61  |         Ok((local_addr, self.accept(incoming)))
[INFO] [stdout]     |                              ^^^^^^ the trait `futures::AsyncWrite` is not implemented for `WrapStream<async_std::net::TcpStream>`
[INFO] [stdout]     |
[INFO] [stdout]     = help: the following other types implement trait `futures::AsyncWrite`:
[INFO] [stdout]               piper::Writer
[INFO] [stdout]               blocking::Unblock<T>
[INFO] [stdout]               async_std::process::ChildStdin
[INFO] [stdout]               Box<T>
[INFO] [stdout]               async_io::Async<T>
[INFO] [stdout]               async_io::Async<T>
[INFO] [stdout]               futures_lite::io::AssertAsync<T>
[INFO] [stdout]               futures_lite::io::AssertAsync<T>
[INFO] [stdout]             and 44 others
[INFO] [stdout] note: required by a bound in `App::<S, Arc<E>>::accept`
[INFO] [stdout]    --> /opt/rustwide/cargo-home/registry/src/index.crates.io-6f17d22bba15001f/roa-core-0.5.1/src/app.rs:154:57
[INFO] [stdout]     |
[INFO] [stdout] 151 |     pub fn accept<I, IO>(self, incoming: I) -> Server<I, Self, Executor>
[INFO] [stdout]     |            ------ required by a bound in this associated function
[INFO] [stdout] ...
[INFO] [stdout] 154 |         IO: 'static + Send + Sync + Unpin + AsyncRead + AsyncWrite,
[INFO] [stdout]     |                                                         ^^^^^^^^^^ required by this bound in `App::<S, Arc<E>>::accept`
[INFO] [stdout] 
[INFO] [stdout] 
[INFO] [stdout] error: aborting due to 2 previous errors
[INFO] [stdout] 
[INFO] [stdout] 
[INFO] [stdout] For more information about this error, try `rustc --explain E0277`.
[INFO] [stdout] 
[INFO] [stderr] error: could not compile `roa-tcp` (lib) due to 3 previous errors
[INFO] running `Command { std: "docker" "inspect" "62db11fe4b84d750dbb39d0cb83b418707262098802ffcc34f02a3497cb8a065", kill_on_drop: false }`
[INFO] running `Command { std: "docker" "rm" "-f" "62db11fe4b84d750dbb39d0cb83b418707262098802ffcc34f02a3497cb8a065", kill_on_drop: false }`
[INFO] [stdout] 62db11fe4b84d750dbb39d0cb83b418707262098802ffcc34f02a3497cb8a065
