[INFO] fetching crate roa-tcp 0.5.0-rc...
[INFO] checking roa-tcp-0.5.0-rc against nightly-2024-02-05 for check-cfg
[INFO] extracting crate roa-tcp 0.5.0-rc into /workspace/builds/worker-0-tc1/source
[INFO] validating manifest of crates.io crate roa-tcp 0.5.0-rc on toolchain nightly-2024-02-05
[INFO] running `Command { std: CARGO_HOME="/workspace/cargo-home" RUSTUP_HOME="/workspace/rustup-home" "/workspace/cargo-home/bin/cargo" "+nightly-2024-02-05" "metadata" "--manifest-path" "Cargo.toml" "--no-deps", kill_on_drop: false }`
[INFO] started tweaking crates.io crate roa-tcp 0.5.0-rc
[INFO] finished tweaking crates.io crate roa-tcp 0.5.0-rc
[INFO] tweaked toml for crates.io crate roa-tcp 0.5.0-rc written to /workspace/builds/worker-0-tc1/source/Cargo.toml
[INFO] running `Command { std: CARGO_HOME="/workspace/cargo-home" RUSTUP_HOME="/workspace/rustup-home" "/workspace/cargo-home/bin/cargo" "+nightly-2024-02-05" "generate-lockfile" "--manifest-path" "Cargo.toml", kill_on_drop: false }`
[INFO] [stderr]     Updating crates.io index
[INFO] running `Command { std: CARGO_HOME="/workspace/cargo-home" RUSTUP_HOME="/workspace/rustup-home" "/workspace/cargo-home/bin/cargo" "+nightly-2024-02-05" "fetch" "--manifest-path" "Cargo.toml", kill_on_drop: false }`
[INFO] [stderr]  Downloading crates ...
[INFO] [stderr]   Downloaded roa-core v0.5.1
[INFO] running `Command { std: "docker" "create" "-v" "/var/lib/crater-agent-workspace/builds/worker-0-tc1/target:/opt/rustwide/target:rw,Z" "-v" "/var/lib/crater-agent-workspace/builds/worker-0-tc1/source:/opt/rustwide/workdir:ro,Z" "-v" "/var/lib/crater-agent-workspace/cargo-home:/opt/rustwide/cargo-home:ro,Z" "-v" "/var/lib/crater-agent-workspace/rustup-home:/opt/rustwide/rustup-home:ro,Z" "-e" "SOURCE_DIR=/opt/rustwide/workdir" "-e" "CARGO_TARGET_DIR=/opt/rustwide/target" "-e" "CARGO_HOME=/opt/rustwide/cargo-home" "-e" "RUSTUP_HOME=/opt/rustwide/rustup-home" "-w" "/opt/rustwide/workdir" "-m" "1610612736" "--user" "0:0" "--network" "none" "ghcr.io/rust-lang/crates-build-env/linux@sha256:2788e3201cd34a07e3172128adcd8b3090168a8e3bcc40d7c032b9dda1df7d1c" "/opt/rustwide/cargo-home/bin/cargo" "+nightly-2024-02-05" "metadata" "--no-deps" "--format-version=1", kill_on_drop: false }`
[INFO] [stdout] 6d877357d37869e289aece88c292f9b4d8868eb94b43b0fb56abb76209840af1
[INFO] running `Command { std: "docker" "start" "-a" "6d877357d37869e289aece88c292f9b4d8868eb94b43b0fb56abb76209840af1", kill_on_drop: false }`
[INFO] running `Command { std: "docker" "inspect" "6d877357d37869e289aece88c292f9b4d8868eb94b43b0fb56abb76209840af1", kill_on_drop: false }`
[INFO] running `Command { std: "docker" "rm" "-f" "6d877357d37869e289aece88c292f9b4d8868eb94b43b0fb56abb76209840af1", kill_on_drop: false }`
[INFO] [stdout] 6d877357d37869e289aece88c292f9b4d8868eb94b43b0fb56abb76209840af1
[INFO] running `Command { std: "docker" "create" "-v" "/var/lib/crater-agent-workspace/builds/worker-0-tc1/target:/opt/rustwide/target:rw,Z" "-v" "/var/lib/crater-agent-workspace/builds/worker-0-tc1/source:/opt/rustwide/workdir:ro,Z" "-v" "/var/lib/crater-agent-workspace/cargo-home:/opt/rustwide/cargo-home:ro,Z" "-v" "/var/lib/crater-agent-workspace/rustup-home:/opt/rustwide/rustup-home:ro,Z" "-e" "SOURCE_DIR=/opt/rustwide/workdir" "-e" "CARGO_TARGET_DIR=/opt/rustwide/target" "-e" "CARGO_INCREMENTAL=0" "-e" "RUST_BACKTRACE=full" "-e" "RUSTFLAGS=--cap-lints=forbid" "-e" "RUSTDOCFLAGS=--cap-lints=forbid" "-e" "CARGO_HOME=/opt/rustwide/cargo-home" "-e" "RUSTUP_HOME=/opt/rustwide/rustup-home" "-w" "/opt/rustwide/workdir" "-m" "1610612736" "--user" "0:0" "--network" "none" "ghcr.io/rust-lang/crates-build-env/linux@sha256:2788e3201cd34a07e3172128adcd8b3090168a8e3bcc40d7c032b9dda1df7d1c" "/opt/rustwide/cargo-home/bin/cargo" "+nightly-2024-02-05" "check" "--frozen" "--all" "--all-targets" "--message-format=json", kill_on_drop: false }`
[INFO] [stdout] 9a04da7ad7d770341bf0f48f61d80cd9c53c396940f846a495a801df347b8c8c
[INFO] running `Command { std: "docker" "start" "-a" "9a04da7ad7d770341bf0f48f61d80cd9c53c396940f846a495a801df347b8c8c", kill_on_drop: false }`
[INFO] [stderr]     Checking log v0.4.20
[INFO] [stderr]    Compiling rustix v0.38.31
[INFO] [stderr]     Checking signal-hook-registry v1.4.1
[INFO] [stderr]     Checking num_cpus v1.16.0
[INFO] [stderr]    Compiling syn v1.0.109
[INFO] [stderr]    Compiling futures-macro v0.3.30
[INFO] [stderr]     Checking io-lifetimes v1.0.11
[INFO] [stderr]     Checking socket2 v0.4.10
[INFO] [stderr]    Compiling crossbeam-utils v0.7.2
[INFO] [stderr]     Checking event-listener v3.1.0
[INFO] [stderr]    Compiling async-trait v0.1.77
[INFO] [stderr]     Checking rustix v0.37.27
[INFO] [stderr]     Checking tracing v0.1.40
[INFO] [stderr]     Checking mio v0.6.23
[INFO] [stderr]     Checking polling v2.8.0
[INFO] [stderr]     Checking native-tls v0.2.11
[INFO] [stderr]     Checking kv-log-macro v1.0.7
[INFO] [stderr]     Checking tracing-futures v0.2.5
[INFO] [stderr]     Checking blocking v1.5.1
[INFO] [stderr]     Checking crossbeam-queue v0.2.3
[INFO] [stderr]     Checking mio-uds v0.6.8
[INFO] [stderr]     Checking futures-util v0.3.30
[INFO] [stderr]     Checking async-io v1.13.0
[INFO] [stderr]    Compiling tokio-macros v0.2.6
[INFO] [stderr]     Checking tokio v0.2.25
[INFO] [stderr]     Checking futures-executor v0.3.30
[INFO] [stderr]     Checking futures v0.3.30
[INFO] [stderr]     Checking polling v3.4.0
[INFO] [stderr]     Checking async-io v2.3.1
[INFO] [stderr]     Checking async-signal v0.2.5
[INFO] [stderr]     Checking async-global-executor v2.4.1
[INFO] [stderr]     Checking async-process v1.8.1
[INFO] [stderr]     Checking async-std v1.12.0
[INFO] [stderr]     Checking tokio-util v0.3.1
[INFO] [stderr]     Checking tokio-tls v0.3.1
[INFO] [stderr]     Checking h2 v0.2.7
[INFO] [stderr]     Checking hyper v0.13.10
[INFO] [stderr]     Checking hyper-tls v0.4.3
[INFO] [stderr]     Checking roa-core v0.5.1
[INFO] [stderr]     Checking reqwest v0.10.10
[INFO] [stderr]     Checking roa-tcp v0.5.0-rc (/opt/rustwide/workdir)
[INFO] [stdout] error[E0277]: the trait bound `WrapStream<async_std::net::TcpStream>: futures::AsyncRead` is not satisfied
[INFO] [stdout]    --> src/listen.rs:61:30
[INFO] [stdout]     |
[INFO] [stdout] 61  |         Ok((local_addr, self.accept(incoming)))
[INFO] [stdout]     |                              ^^^^^^ the trait `futures::AsyncRead` is not implemented for `WrapStream<async_std::net::TcpStream>`
[INFO] [stdout]     |
[INFO] [stdout]     = help: the following other types implement trait `futures::AsyncRead`:
[INFO] [stdout]               piper::Reader
[INFO] [stdout]               blocking::Unblock<T>
[INFO] [stdout]               async_std::process::ChildStdout
[INFO] [stdout]               async_std::process::ChildStderr
[INFO] [stdout]               Box<T>
[INFO] [stdout]               async_io::Async<T>
[INFO] [stdout]               async_io::Async<T>
[INFO] [stdout]               futures_lite::io::Empty
[INFO] [stdout]             and 46 others
[INFO] [stdout] note: required by a bound in `App::<S, Arc<E>>::accept`
[INFO] [stdout]    --> /opt/rustwide/cargo-home/registry/src/index.crates.io-6f17d22bba15001f/roa-core-0.5.1/src/app.rs:154:45
[INFO] [stdout]     |
[INFO] [stdout] 151 |     pub fn accept<I, IO>(self, incoming: I) -> Server<I, Self, Executor>
[INFO] [stdout]     |            ------ required by a bound in this associated function
[INFO] [stdout] ...
[INFO] [stdout] 154 |         IO: 'static + Send + Sync + Unpin + AsyncRead + AsyncWrite,
[INFO] [stdout]     |                                             ^^^^^^^^^ required by this bound in `App::<S, Arc<E>>::accept`
[INFO] [stdout] 
[INFO] [stdout] 
[INFO] [stdout] error[E0277]: the trait bound `WrapStream<async_std::net::TcpStream>: futures::AsyncWrite` is not satisfied
[INFO] [stdout]    --> src/listen.rs:61:30
[INFO] [stdout]     |
[INFO] [stdout] 61  |         Ok((local_addr, self.accept(incoming)))
[INFO] [stdout]     |                              ^^^^^^ the trait `futures::AsyncWrite` is not implemented for `WrapStream<async_std::net::TcpStream>`
[INFO] [stdout]     |
[INFO] [stdout]     = help: the following other types implement trait `futures::AsyncWrite`:
[INFO] [stdout]               piper::Writer
[INFO] [stdout]               blocking::Unblock<T>
[INFO] [stdout]               async_std::process::ChildStdin
[INFO] [stdout]               Box<T>
[INFO] [stdout]               async_io::Async<T>
[INFO] [stdout]               async_io::Async<T>
[INFO] [stdout]               futures_lite::io::AssertAsync<T>
[INFO] [stdout]               futures_lite::io::AssertAsync<T>
[INFO] [stdout]             and 44 others
[INFO] [stdout] note: required by a bound in `App::<S, Arc<E>>::accept`
[INFO] [stdout]    --> /opt/rustwide/cargo-home/registry/src/index.crates.io-6f17d22bba15001f/roa-core-0.5.1/src/app.rs:154:57
[INFO] [stdout]     |
[INFO] [stdout] 151 |     pub fn accept<I, IO>(self, incoming: I) -> Server<I, Self, Executor>
[INFO] [stdout]     |            ------ required by a bound in this associated function
[INFO] [stdout] ...
[INFO] [stdout] 154 |         IO: 'static + Send + Sync + Unpin + AsyncRead + AsyncWrite,
[INFO] [stdout]     |                                                         ^^^^^^^^^^ required by this bound in `App::<S, Arc<E>>::accept`
[INFO] [stdout] 
[INFO] [stdout] 
[INFO] [stdout] error: aborting due to 2 previous errors
[INFO] [stdout] 
[INFO] [stdout] 
[INFO] [stdout] For more information about this error, try `rustc --explain E0277`.
[INFO] [stdout] 
[INFO] [stderr] error: could not compile `roa-tcp` (lib) due to 3 previous errors
[INFO] [stderr] warning: build failed, waiting for other jobs to finish...
[INFO] running `Command { std: "docker" "inspect" "9a04da7ad7d770341bf0f48f61d80cd9c53c396940f846a495a801df347b8c8c", kill_on_drop: false }`
[INFO] running `Command { std: "docker" "rm" "-f" "9a04da7ad7d770341bf0f48f61d80cd9c53c396940f846a495a801df347b8c8c", kill_on_drop: false }`
[INFO] [stdout] 9a04da7ad7d770341bf0f48f61d80cd9c53c396940f846a495a801df347b8c8c
[INFO] checking roa-tcp-0.5.0-rc against nightly-2024-02-05+rustflags=-Dunexpected_cfgs+cargoflags=-Zcheck-cfg for check-cfg
[INFO] extracting crate roa-tcp 0.5.0-rc into /workspace/builds/worker-0-tc2/source
[INFO] validating manifest of crates.io crate roa-tcp 0.5.0-rc on toolchain nightly-2024-02-05
[INFO] running `Command { std: CARGO_HOME="/workspace/cargo-home" RUSTUP_HOME="/workspace/rustup-home" "/workspace/cargo-home/bin/cargo" "+nightly-2024-02-05" "metadata" "--manifest-path" "Cargo.toml" "--no-deps", kill_on_drop: false }`
[INFO] started tweaking crates.io crate roa-tcp 0.5.0-rc
[INFO] finished tweaking crates.io crate roa-tcp 0.5.0-rc
[INFO] tweaked toml for crates.io crate roa-tcp 0.5.0-rc written to /workspace/builds/worker-0-tc2/source/Cargo.toml
[INFO] running `Command { std: CARGO_HOME="/workspace/cargo-home" RUSTUP_HOME="/workspace/rustup-home" "/workspace/cargo-home/bin/cargo" "+nightly-2024-02-05" "generate-lockfile" "--manifest-path" "Cargo.toml", kill_on_drop: false }`
[INFO] [stderr]     Updating crates.io index
[INFO] running `Command { std: CARGO_HOME="/workspace/cargo-home" RUSTUP_HOME="/workspace/rustup-home" "/workspace/cargo-home/bin/cargo" "+nightly-2024-02-05" "fetch" "--manifest-path" "Cargo.toml", kill_on_drop: false }`
[INFO] running `Command { std: "docker" "create" "-v" "/var/lib/crater-agent-workspace/builds/worker-0-tc2/target:/opt/rustwide/target:rw,Z" "-v" "/var/lib/crater-agent-workspace/builds/worker-0-tc2/source:/opt/rustwide/workdir:ro,Z" "-v" "/var/lib/crater-agent-workspace/cargo-home:/opt/rustwide/cargo-home:ro,Z" "-v" "/var/lib/crater-agent-workspace/rustup-home:/opt/rustwide/rustup-home:ro,Z" "-e" "SOURCE_DIR=/opt/rustwide/workdir" "-e" "CARGO_TARGET_DIR=/opt/rustwide/target" "-e" "CARGO_HOME=/opt/rustwide/cargo-home" "-e" "RUSTUP_HOME=/opt/rustwide/rustup-home" "-w" "/opt/rustwide/workdir" "-m" "1610612736" "--user" "0:0" "--network" "none" "ghcr.io/rust-lang/crates-build-env/linux@sha256:2788e3201cd34a07e3172128adcd8b3090168a8e3bcc40d7c032b9dda1df7d1c" "/opt/rustwide/cargo-home/bin/cargo" "+nightly-2024-02-05" "metadata" "--no-deps" "--format-version=1", kill_on_drop: false }`
[INFO] [stdout] e89ccd7bb41a0ec80b191915abe0e3c8b5141bf133322a5cc68140e70245d957
[INFO] running `Command { std: "docker" "start" "-a" "e89ccd7bb41a0ec80b191915abe0e3c8b5141bf133322a5cc68140e70245d957", kill_on_drop: false }`
[INFO] running `Command { std: "docker" "inspect" "e89ccd7bb41a0ec80b191915abe0e3c8b5141bf133322a5cc68140e70245d957", kill_on_drop: false }`
[INFO] running `Command { std: "docker" "rm" "-f" "e89ccd7bb41a0ec80b191915abe0e3c8b5141bf133322a5cc68140e70245d957", kill_on_drop: false }`
[INFO] [stdout] e89ccd7bb41a0ec80b191915abe0e3c8b5141bf133322a5cc68140e70245d957
[INFO] running `Command { std: "docker" "create" "-v" "/var/lib/crater-agent-workspace/builds/worker-0-tc2/target:/opt/rustwide/target:rw,Z" "-v" "/var/lib/crater-agent-workspace/builds/worker-0-tc2/source:/opt/rustwide/workdir:ro,Z" "-v" "/var/lib/crater-agent-workspace/cargo-home:/opt/rustwide/cargo-home:ro,Z" "-v" "/var/lib/crater-agent-workspace/rustup-home:/opt/rustwide/rustup-home:ro,Z" "-e" "SOURCE_DIR=/opt/rustwide/workdir" "-e" "CARGO_TARGET_DIR=/opt/rustwide/target" "-e" "CARGO_INCREMENTAL=0" "-e" "RUST_BACKTRACE=full" "-e" "RUSTFLAGS=--cap-lints=forbid -Dunexpected_cfgs" "-e" "RUSTDOCFLAGS=--cap-lints=forbid" "-e" "CARGO_HOME=/opt/rustwide/cargo-home" "-e" "RUSTUP_HOME=/opt/rustwide/rustup-home" "-w" "/opt/rustwide/workdir" "-m" "1610612736" "--user" "0:0" "--network" "none" "ghcr.io/rust-lang/crates-build-env/linux@sha256:2788e3201cd34a07e3172128adcd8b3090168a8e3bcc40d7c032b9dda1df7d1c" "/opt/rustwide/cargo-home/bin/cargo" "+nightly-2024-02-05" "check" "--frozen" "--all" "--all-targets" "--message-format=json" "-Zcheck-cfg", kill_on_drop: false }`
[INFO] [stdout] e224e45e046a3e105ccf78301423ade0a4467f923be568bc7e6b4d75ddef23f2
[INFO] running `Command { std: "docker" "start" "-a" "e224e45e046a3e105ccf78301423ade0a4467f923be568bc7e6b4d75ddef23f2", kill_on_drop: false }`
[INFO] [stderr]     Checking log v0.4.20
[INFO] [stderr]    Compiling rustix v0.38.31
[INFO] [stderr]     Checking signal-hook-registry v1.4.1
[INFO] [stderr]     Checking num_cpus v1.16.0
[INFO] [stderr]    Compiling syn v1.0.109
[INFO] [stderr]    Compiling futures-macro v0.3.30
[INFO] [stderr]     Checking io-lifetimes v1.0.11
[INFO] [stderr]     Checking socket2 v0.4.10
[INFO] [stderr]    Compiling crossbeam-utils v0.7.2
[INFO] [stderr]     Checking event-listener v3.1.0
[INFO] [stderr]    Compiling async-trait v0.1.77
[INFO] [stderr]     Checking rustix v0.37.27
[INFO] [stderr]     Checking tracing v0.1.40
[INFO] [stderr]     Checking mio v0.6.23
[INFO] [stderr]     Checking polling v2.8.0
[INFO] [stderr]     Checking kv-log-macro v1.0.7
[INFO] [stderr]     Checking native-tls v0.2.11
[INFO] [stderr]     Checking tracing-futures v0.2.5
[INFO] [stderr]     Checking blocking v1.5.1
[INFO] [stderr]     Checking crossbeam-queue v0.2.3
[INFO] [stderr]     Checking mio-uds v0.6.8
[INFO] [stderr]     Checking futures-util v0.3.30
[INFO] [stderr]     Checking async-io v1.13.0
[INFO] [stderr]    Compiling tokio-macros v0.2.6
[INFO] [stderr]     Checking tokio v0.2.25
[INFO] [stderr]     Checking futures-executor v0.3.30
[INFO] [stderr]     Checking futures v0.3.30
[INFO] [stderr]     Checking polling v3.4.0
[INFO] [stderr]     Checking async-io v2.3.1
[INFO] [stderr]     Checking async-signal v0.2.5
[INFO] [stderr]     Checking async-global-executor v2.4.1
[INFO] [stderr]     Checking async-process v1.8.1
[INFO] [stderr]     Checking async-std v1.12.0
[INFO] [stderr]     Checking tokio-util v0.3.1
[INFO] [stderr]     Checking tokio-tls v0.3.1
[INFO] [stderr]     Checking h2 v0.2.7
[INFO] [stderr]     Checking hyper v0.13.10
[INFO] [stderr]     Checking hyper-tls v0.4.3
[INFO] [stderr]     Checking roa-core v0.5.1
[INFO] [stderr]     Checking reqwest v0.10.10
[INFO] [stderr]     Checking roa-tcp v0.5.0-rc (/opt/rustwide/workdir)
[INFO] [stdout] error[E0277]: the trait bound `WrapStream<async_std::net::TcpStream>: futures::AsyncRead` is not satisfied
[INFO] [stdout]    --> src/listen.rs:61:30
[INFO] [stdout]     |
[INFO] [stdout] 61  |         Ok((local_addr, self.accept(incoming)))
[INFO] [stdout]     |                              ^^^^^^ the trait `futures::AsyncRead` is not implemented for `WrapStream<async_std::net::TcpStream>`
[INFO] [stdout]     |
[INFO] [stdout]     = help: the following other types implement trait `futures::AsyncRead`:
[INFO] [stdout]               piper::Reader
[INFO] [stdout]               blocking::Unblock<T>
[INFO] [stdout]               async_std::process::ChildStdout
[INFO] [stdout]               async_std::process::ChildStderr
[INFO] [stdout]               Box<T>
[INFO] [stdout]               async_io::Async<T>
[INFO] [stdout]               async_io::Async<T>
[INFO] [stdout]               futures_lite::io::Empty
[INFO] [stdout]             and 46 others
[INFO] [stdout] note: required by a bound in `App::<S, Arc<E>>::accept`
[INFO] [stdout]    --> /opt/rustwide/cargo-home/registry/src/index.crates.io-6f17d22bba15001f/roa-core-0.5.1/src/app.rs:154:45
[INFO] [stdout]     |
[INFO] [stdout] 151 |     pub fn accept<I, IO>(self, incoming: I) -> Server<I, Self, Executor>
[INFO] [stdout]     |            ------ required by a bound in this associated function
[INFO] [stdout] ...
[INFO] [stdout] 154 |         IO: 'static + Send + Sync + Unpin + AsyncRead + AsyncWrite,
[INFO] [stdout]     |                                             ^^^^^^^^^ required by this bound in `App::<S, Arc<E>>::accept`
[INFO] [stdout] 
[INFO] [stdout] 
[INFO] [stdout] error[E0277]: the trait bound `WrapStream<async_std::net::TcpStream>: futures::AsyncWrite` is not satisfied
[INFO] [stdout]    --> src/listen.rs:61:30
[INFO] [stdout]     |
[INFO] [stdout] 61  |         Ok((local_addr, self.accept(incoming)))
[INFO] [stdout]     |                              ^^^^^^ the trait `futures::AsyncWrite` is not implemented for `WrapStream<async_std::net::TcpStream>`
[INFO] [stdout]     |
[INFO] [stdout]     = help: the following other types implement trait `futures::AsyncWrite`:
[INFO] [stdout]               piper::Writer
[INFO] [stdout]               blocking::Unblock<T>
[INFO] [stdout]               async_std::process::ChildStdin
[INFO] [stdout]               Box<T>
[INFO] [stdout]               async_io::Async<T>
[INFO] [stdout]               async_io::Async<T>
[INFO] [stdout]               futures_lite::io::AssertAsync<T>
[INFO] [stdout]               futures_lite::io::AssertAsync<T>
[INFO] [stdout]             and 44 others
[INFO] [stdout] note: required by a bound in `App::<S, Arc<E>>::accept`
[INFO] [stdout]    --> /opt/rustwide/cargo-home/registry/src/index.crates.io-6f17d22bba15001f/roa-core-0.5.1/src/app.rs:154:57
[INFO] [stdout]     |
[INFO] [stdout] 151 |     pub fn accept<I, IO>(self, incoming: I) -> Server<I, Self, Executor>
[INFO] [stdout]     |            ------ required by a bound in this associated function
[INFO] [stdout] ...
[INFO] [stdout] 154 |         IO: 'static + Send + Sync + Unpin + AsyncRead + AsyncWrite,
[INFO] [stdout]     |                                                         ^^^^^^^^^^ required by this bound in `App::<S, Arc<E>>::accept`
[INFO] [stdout] 
[INFO] [stdout] 
[INFO] [stdout] error: aborting due to 2 previous errors
[INFO] [stdout] 
[INFO] [stdout] 
[INFO] [stdout] For more information about this error, try `rustc --explain E0277`.
[INFO] [stdout] 
[INFO] [stderr] error: could not compile `roa-tcp` (lib) due to 3 previous errors
[INFO] [stderr] warning: build failed, waiting for other jobs to finish...
[INFO] running `Command { std: "docker" "inspect" "e224e45e046a3e105ccf78301423ade0a4467f923be568bc7e6b4d75ddef23f2", kill_on_drop: false }`
[INFO] running `Command { std: "docker" "rm" "-f" "e224e45e046a3e105ccf78301423ade0a4467f923be568bc7e6b4d75ddef23f2", kill_on_drop: false }`
[INFO] [stdout] e224e45e046a3e105ccf78301423ade0a4467f923be568bc7e6b4d75ddef23f2
