[INFO] fetching crate rmz 1.1.9...
[INFO] checking rmz-1.1.9 against nightly-2024-02-05 for check-cfg
[INFO] extracting crate rmz 1.1.9 into /workspace/builds/worker-6-tc1/source
[INFO] validating manifest of crates.io crate rmz 1.1.9 on toolchain nightly-2024-02-05
[INFO] running `Command { std: CARGO_HOME="/workspace/cargo-home" RUSTUP_HOME="/workspace/rustup-home" "/workspace/cargo-home/bin/cargo" "+nightly-2024-02-05" "metadata" "--manifest-path" "Cargo.toml" "--no-deps", kill_on_drop: false }`
[INFO] started tweaking crates.io crate rmz 1.1.9
[INFO] finished tweaking crates.io crate rmz 1.1.9
[INFO] tweaked toml for crates.io crate rmz 1.1.9 written to /workspace/builds/worker-6-tc1/source/Cargo.toml
[INFO] crate crates.io crate rmz 1.1.9 already has a lockfile, it will not be regenerated
[INFO] running `Command { std: CARGO_HOME="/workspace/cargo-home" RUSTUP_HOME="/workspace/rustup-home" "/workspace/cargo-home/bin/cargo" "+nightly-2024-02-05" "fetch" "--manifest-path" "Cargo.toml", kill_on_drop: false }`
[INFO] [stderr]     Updating crates.io index
[INFO] [stderr]  Downloading crates ...
[INFO] [stderr]   Downloaded cargo-platform v0.1.4
[INFO] [stderr]   Downloaded similar v2.3.0
[INFO] [stderr]   Downloaded snapbox-macros v0.3.6
[INFO] [stderr]   Downloaded sysexits v0.7.4
[INFO] [stderr]   Downloaded cargo-manifest v0.9.0
[INFO] [stderr]   Downloaded error-stack v0.4.1
[INFO] [stderr]   Downloaded snapbox v0.4.14
[INFO] [stderr]   Downloaded remove_dir_all v0.8.2
[INFO] [stderr]   Downloaded public-api v0.32.0
[INFO] [stderr]   Downloaded fuc_engine v1.1.9
[INFO] [stderr]   Downloaded fs_at v0.1.10
[INFO] [stderr]   Downloaded typed-builder v0.16.2
[INFO] [stderr]   Downloaded rustdoc-json v0.8.7
[INFO] [stderr]   Downloaded supercilex-tests v0.3.4
[INFO] [stderr]   Downloaded cvt v0.1.2
[INFO] [stderr]   Downloaded clap-num v1.0.2
[INFO] [stderr]   Downloaded typed-builder-macro v0.16.2
[INFO] [stderr]   Downloaded cargo_metadata v0.17.0
[INFO] [stderr]   Downloaded rustdoc-types v0.23.0
[INFO] [stderr]   Downloaded trycmd v0.14.19
[INFO] [stderr]   Downloaded simple_logger v4.2.0
[INFO] [stderr]   Downloaded ftzz v2.0.3
[INFO] running `Command { std: "docker" "create" "-v" "/var/lib/crater-agent-workspace/builds/worker-6-tc1/target:/opt/rustwide/target:rw,Z" "-v" "/var/lib/crater-agent-workspace/builds/worker-6-tc1/source:/opt/rustwide/workdir:ro,Z" "-v" "/var/lib/crater-agent-workspace/cargo-home:/opt/rustwide/cargo-home:ro,Z" "-v" "/var/lib/crater-agent-workspace/rustup-home:/opt/rustwide/rustup-home:ro,Z" "-e" "SOURCE_DIR=/opt/rustwide/workdir" "-e" "CARGO_TARGET_DIR=/opt/rustwide/target" "-e" "CARGO_HOME=/opt/rustwide/cargo-home" "-e" "RUSTUP_HOME=/opt/rustwide/rustup-home" "-w" "/opt/rustwide/workdir" "-m" "1610612736" "--user" "0:0" "--network" "none" "ghcr.io/rust-lang/crates-build-env/linux@sha256:2788e3201cd34a07e3172128adcd8b3090168a8e3bcc40d7c032b9dda1df7d1c" "/opt/rustwide/cargo-home/bin/cargo" "+nightly-2024-02-05" "metadata" "--no-deps" "--format-version=1", kill_on_drop: false }`
[INFO] [stdout] 63d2c128a22b3457b21ca808753ad4efbaca16efae5030cb04e698a986c3894a
[INFO] running `Command { std: "docker" "start" "-a" "63d2c128a22b3457b21ca808753ad4efbaca16efae5030cb04e698a986c3894a", kill_on_drop: false }`
[INFO] running `Command { std: "docker" "inspect" "63d2c128a22b3457b21ca808753ad4efbaca16efae5030cb04e698a986c3894a", kill_on_drop: false }`
[INFO] running `Command { std: "docker" "rm" "-f" "63d2c128a22b3457b21ca808753ad4efbaca16efae5030cb04e698a986c3894a", kill_on_drop: false }`
[INFO] [stdout] 63d2c128a22b3457b21ca808753ad4efbaca16efae5030cb04e698a986c3894a
[INFO] running `Command { std: "docker" "create" "-v" "/var/lib/crater-agent-workspace/builds/worker-6-tc1/target:/opt/rustwide/target:rw,Z" "-v" "/var/lib/crater-agent-workspace/builds/worker-6-tc1/source:/opt/rustwide/workdir:ro,Z" "-v" "/var/lib/crater-agent-workspace/cargo-home:/opt/rustwide/cargo-home:ro,Z" "-v" "/var/lib/crater-agent-workspace/rustup-home:/opt/rustwide/rustup-home:ro,Z" "-e" "SOURCE_DIR=/opt/rustwide/workdir" "-e" "CARGO_TARGET_DIR=/opt/rustwide/target" "-e" "CARGO_INCREMENTAL=0" "-e" "RUST_BACKTRACE=full" "-e" "RUSTFLAGS=--cap-lints=forbid" "-e" "RUSTDOCFLAGS=--cap-lints=forbid" "-e" "CARGO_HOME=/opt/rustwide/cargo-home" "-e" "RUSTUP_HOME=/opt/rustwide/rustup-home" "-w" "/opt/rustwide/workdir" "-m" "1610612736" "--user" "0:0" "--network" "none" "ghcr.io/rust-lang/crates-build-env/linux@sha256:2788e3201cd34a07e3172128adcd8b3090168a8e3bcc40d7c032b9dda1df7d1c" "/opt/rustwide/cargo-home/bin/cargo" "+nightly-2024-02-05" "check" "--frozen" "--all" "--all-targets" "--message-format=json", kill_on_drop: false }`
[INFO] [stdout] 9edd3aaabcda03f80e04b84c4155f500b08bbbd2e75021abc548735d90fc56ac
[INFO] running `Command { std: "docker" "start" "-a" "9edd3aaabcda03f80e04b84c4155f500b08bbbd2e75021abc548735d90fc56ac", kill_on_drop: false }`
[INFO] [stderr]    Compiling serde v1.0.188
[INFO] [stderr]    Compiling rustix v0.38.17
[INFO] [stderr]    Compiling libc v0.2.149
[INFO] [stderr]     Checking bitflags v2.4.0
[INFO] [stderr]     Checking linux-raw-sys v0.4.10
[INFO] [stderr]    Compiling semver v1.0.19
[INFO] [stderr]     Checking anstyle-parse v0.2.2
[INFO] [stderr]    Compiling syn v2.0.38
[INFO] [stderr]     Checking anstyle-query v1.0.0
[INFO] [stderr]    Compiling thiserror v1.0.49
[INFO] [stderr]     Checking anstream v0.6.4
[INFO] [stderr]    Compiling serde_json v1.0.107
[INFO] [stderr]    Compiling num-traits v0.2.17
[INFO] [stderr]     Checking winnow v0.5.16
[INFO] [stderr]    Compiling camino v1.1.6
[INFO] [stderr]     Checking log v0.4.20
[INFO] [stderr]    Compiling itoa v1.0.9
[INFO] [stderr]     Checking regex-syntax v0.7.5
[INFO] [stderr]     Checking memchr v2.6.4
[INFO] [stderr]    Compiling ftzz v2.0.3
[INFO] [stderr]     Checking snapbox-macros v0.3.6
[INFO] [stderr]     Checking crossbeam-channel v0.5.8
[INFO] [stderr]     Checking content_inspector v0.2.4
[INFO] [stderr]     Checking cvt v0.1.2
[INFO] [stderr]     Checking dunce v1.0.4
[INFO] [stderr]     Checking dissimilar v1.0.7
[INFO] [stderr]     Checking hashbag v0.1.11
[INFO] [stderr]     Checking similar v2.3.0
[INFO] [stderr]     Checking expect-test v1.4.1
[INFO] [stderr]     Checking tokio v1.32.0
[INFO] [stderr]     Checking getrandom v0.2.10
[INFO] [stderr]     Checking os_pipe v1.1.4
[INFO] [stderr]     Checking regex-automata v0.3.9
[INFO] [stderr]     Checking nix v0.26.4
[INFO] [stderr]     Checking rand_core v0.6.4
[INFO] [stderr]     Checking wait-timeout v0.2.0
[INFO] [stderr]     Checking rand_chacha v0.3.1
[INFO] [stderr]     Checking filetime v0.2.22
[INFO] [stderr]     Checking rand_xoshiro v0.6.0
[INFO] [stderr]     Checking clap-num v1.0.2
[INFO] [stderr]     Checking rand v0.8.5
[INFO] [stderr]     Checking plotters v0.3.5
[INFO] [stderr]     Checking normpath v1.1.1
[INFO] [stderr]     Checking thousands v0.2.0
[INFO] [stderr]     Checking shlex v1.2.0
[INFO] [stderr]     Checking sysexits v0.7.4
[INFO] [stderr]     Checking bytesize v1.3.0
[INFO] [stderr]     Checking fs_at v0.1.10
[INFO] [stderr]     Checking terminal_size v0.3.0
[INFO] [stderr]     Checking is-terminal v0.4.9
[INFO] [stderr]     Checking tempfile v3.8.0
[INFO] [stderr]     Checking colored v2.0.4
[INFO] [stderr]     Checking remove_dir_all v0.8.2
[INFO] [stderr]     Checking rand_distr v0.4.3
[INFO] [stderr]     Checking clap_builder v4.4.6
[INFO] [stderr]     Checking snapbox v0.4.14
[INFO] [stderr]     Checking simple_logger v4.2.0
[INFO] [stderr]     Checking regex v1.9.6
[INFO] [stderr]    Compiling serde_derive v1.0.188
[INFO] [stderr]    Compiling thiserror-impl v1.0.49
[INFO] [stderr]    Compiling clap_derive v4.4.2
[INFO] [stderr]    Compiling typed-builder-macro v0.16.2
[INFO] [stderr]     Checking typed-builder v0.16.2
[INFO] [stderr]     Checking fuc_engine v1.1.9
[INFO] [stderr]     Checking clap v4.4.6
[INFO] [stderr]     Checking clap-verbosity-flag v2.0.1
[INFO] [stderr]     Checking toml_datetime v0.6.3
[INFO] [stderr]     Checking serde_spanned v0.6.3
[INFO] [stderr]     Checking cargo-platform v0.1.4
[INFO] [stderr]     Checking rustdoc-types v0.23.0
[INFO] [stderr]     Checking humantime-serde v1.1.1
[INFO] [stderr]     Checking ciborium v0.2.1
[INFO] [stderr]     Checking toml_edit v0.19.15
[INFO] [stderr]     Checking toml_edit v0.20.2
[INFO] [stderr]    Compiling rustc_version v0.4.0
[INFO] [stderr]     Checking cargo_metadata v0.17.0
[INFO] [stderr]     Checking tinytemplate v1.2.1
[INFO] [stderr]    Compiling error-stack v0.4.1
[INFO] [stderr]     Checking criterion v0.5.1
[INFO] [stderr]     Checking trycmd v0.14.19
[INFO] [stderr]     Checking rmz v1.1.9 (/opt/rustwide/workdir)
[INFO] [stderr]     Checking toml v0.7.8
[INFO] [stderr]     Checking public-api v0.32.0
[INFO] [stderr]     Checking cargo-manifest v0.9.0
[INFO] [stderr]     Checking rustdoc-json v0.8.7
[INFO] [stderr]     Checking supercilex-tests v0.3.4
[INFO] [stdout] error[E0433]: failed to resolve: use of undeclared crate or module `rm_rayon`
[INFO] [stdout]    --> benches/rmz.rs:177:21
[INFO] [stdout]     |
[INFO] [stdout] 177 |                     rm_rayon::remove_dir_all(dir.path()).unwrap();
[INFO] [stdout]     |                     ^^^^^^^^ use of undeclared crate or module `rm_rayon`
[INFO] [stdout] 
[INFO] [stdout] 
[INFO] [stdout] error[E0433]: failed to resolve: use of undeclared crate or module `rm_og_crappy`
[INFO] [stdout]    --> benches/rmz.rs:196:21
[INFO] [stdout]     |
[INFO] [stdout] 196 |                     rm_og_crappy::remove_dir_all(dir.path()).unwrap();
[INFO] [stdout]     |                     ^^^^^^^^^^^^ use of undeclared crate or module `rm_og_crappy`
[INFO] [stdout] 
[INFO] [stdout] 
[INFO] [stdout] error: aborting due to 2 previous errors
[INFO] [stdout] 
[INFO] [stdout] 
[INFO] [stdout] For more information about this error, try `rustc --explain E0433`.
[INFO] [stdout] 
[INFO] [stderr] error: could not compile `rmz` (bench "rmz") due to 3 previous errors
[INFO] running `Command { std: "docker" "inspect" "9edd3aaabcda03f80e04b84c4155f500b08bbbd2e75021abc548735d90fc56ac", kill_on_drop: false }`
[INFO] running `Command { std: "docker" "rm" "-f" "9edd3aaabcda03f80e04b84c4155f500b08bbbd2e75021abc548735d90fc56ac", kill_on_drop: false }`
[INFO] [stdout] 9edd3aaabcda03f80e04b84c4155f500b08bbbd2e75021abc548735d90fc56ac
[INFO] checking rmz-1.1.9 against nightly-2024-02-05+rustflags=-Dunexpected_cfgs+cargoflags=-Zcheck-cfg for check-cfg
[INFO] extracting crate rmz 1.1.9 into /workspace/builds/worker-6-tc2/source
[INFO] validating manifest of crates.io crate rmz 1.1.9 on toolchain nightly-2024-02-05
[INFO] running `Command { std: CARGO_HOME="/workspace/cargo-home" RUSTUP_HOME="/workspace/rustup-home" "/workspace/cargo-home/bin/cargo" "+nightly-2024-02-05" "metadata" "--manifest-path" "Cargo.toml" "--no-deps", kill_on_drop: false }`
[INFO] started tweaking crates.io crate rmz 1.1.9
[INFO] finished tweaking crates.io crate rmz 1.1.9
[INFO] tweaked toml for crates.io crate rmz 1.1.9 written to /workspace/builds/worker-6-tc2/source/Cargo.toml
[INFO] crate crates.io crate rmz 1.1.9 already has a lockfile, it will not be regenerated
[INFO] running `Command { std: CARGO_HOME="/workspace/cargo-home" RUSTUP_HOME="/workspace/rustup-home" "/workspace/cargo-home/bin/cargo" "+nightly-2024-02-05" "fetch" "--manifest-path" "Cargo.toml", kill_on_drop: false }`
[INFO] running `Command { std: "docker" "create" "-v" "/var/lib/crater-agent-workspace/builds/worker-6-tc2/target:/opt/rustwide/target:rw,Z" "-v" "/var/lib/crater-agent-workspace/builds/worker-6-tc2/source:/opt/rustwide/workdir:ro,Z" "-v" "/var/lib/crater-agent-workspace/cargo-home:/opt/rustwide/cargo-home:ro,Z" "-v" "/var/lib/crater-agent-workspace/rustup-home:/opt/rustwide/rustup-home:ro,Z" "-e" "SOURCE_DIR=/opt/rustwide/workdir" "-e" "CARGO_TARGET_DIR=/opt/rustwide/target" "-e" "CARGO_HOME=/opt/rustwide/cargo-home" "-e" "RUSTUP_HOME=/opt/rustwide/rustup-home" "-w" "/opt/rustwide/workdir" "-m" "1610612736" "--user" "0:0" "--network" "none" "ghcr.io/rust-lang/crates-build-env/linux@sha256:2788e3201cd34a07e3172128adcd8b3090168a8e3bcc40d7c032b9dda1df7d1c" "/opt/rustwide/cargo-home/bin/cargo" "+nightly-2024-02-05" "metadata" "--no-deps" "--format-version=1", kill_on_drop: false }`
[INFO] [stdout] 904ca978694d1167e196b66de76c4bfda40f37f6671b50b1cde0edf5cbce72f4
[INFO] running `Command { std: "docker" "start" "-a" "904ca978694d1167e196b66de76c4bfda40f37f6671b50b1cde0edf5cbce72f4", kill_on_drop: false }`
[INFO] running `Command { std: "docker" "inspect" "904ca978694d1167e196b66de76c4bfda40f37f6671b50b1cde0edf5cbce72f4", kill_on_drop: false }`
[INFO] running `Command { std: "docker" "rm" "-f" "904ca978694d1167e196b66de76c4bfda40f37f6671b50b1cde0edf5cbce72f4", kill_on_drop: false }`
[INFO] [stdout] 904ca978694d1167e196b66de76c4bfda40f37f6671b50b1cde0edf5cbce72f4
[INFO] running `Command { std: "docker" "create" "-v" "/var/lib/crater-agent-workspace/builds/worker-6-tc2/target:/opt/rustwide/target:rw,Z" "-v" "/var/lib/crater-agent-workspace/builds/worker-6-tc2/source:/opt/rustwide/workdir:ro,Z" "-v" "/var/lib/crater-agent-workspace/cargo-home:/opt/rustwide/cargo-home:ro,Z" "-v" "/var/lib/crater-agent-workspace/rustup-home:/opt/rustwide/rustup-home:ro,Z" "-e" "SOURCE_DIR=/opt/rustwide/workdir" "-e" "CARGO_TARGET_DIR=/opt/rustwide/target" "-e" "CARGO_INCREMENTAL=0" "-e" "RUST_BACKTRACE=full" "-e" "RUSTFLAGS=--cap-lints=forbid -Dunexpected_cfgs" "-e" "RUSTDOCFLAGS=--cap-lints=forbid" "-e" "CARGO_HOME=/opt/rustwide/cargo-home" "-e" "RUSTUP_HOME=/opt/rustwide/rustup-home" "-w" "/opt/rustwide/workdir" "-m" "1610612736" "--user" "0:0" "--network" "none" "ghcr.io/rust-lang/crates-build-env/linux@sha256:2788e3201cd34a07e3172128adcd8b3090168a8e3bcc40d7c032b9dda1df7d1c" "/opt/rustwide/cargo-home/bin/cargo" "+nightly-2024-02-05" "check" "--frozen" "--all" "--all-targets" "--message-format=json" "-Zcheck-cfg", kill_on_drop: false }`
[INFO] [stdout] 01885f01cbac15ad5012fadc62ba119bea4ea7fc06afa80ab5d6bad915af7575
[INFO] running `Command { std: "docker" "start" "-a" "01885f01cbac15ad5012fadc62ba119bea4ea7fc06afa80ab5d6bad915af7575", kill_on_drop: false }`
[INFO] [stderr]    Compiling serde v1.0.188
[INFO] [stderr]    Compiling rustix v0.38.17
[INFO] [stderr]    Compiling libc v0.2.149
[INFO] [stderr]     Checking linux-raw-sys v0.4.10
[INFO] [stderr]     Checking bitflags v2.4.0
[INFO] [stderr]    Compiling semver v1.0.19
[INFO] [stderr]     Checking anstyle-parse v0.2.2
[INFO] [stderr]    Compiling syn v2.0.38
[INFO] [stderr]     Checking anstyle-query v1.0.0
[INFO] [stderr]    Compiling thiserror v1.0.49
[INFO] [stderr]     Checking anstream v0.6.4
[INFO] [stderr]    Compiling serde_json v1.0.107
[INFO] [stderr]    Compiling num-traits v0.2.17
[INFO] [stderr]     Checking winnow v0.5.16
[INFO] [stderr]    Compiling camino v1.1.6
[INFO] [stderr]     Checking regex-syntax v0.7.5
[INFO] [stderr]     Checking log v0.4.20
[INFO] [stderr]    Compiling itoa v1.0.9
[INFO] [stderr]     Checking memchr v2.6.4
[INFO] [stderr]    Compiling ftzz v2.0.3
[INFO] [stderr]     Checking snapbox-macros v0.3.6
[INFO] [stderr]     Checking crossbeam-channel v0.5.8
[INFO] [stderr]     Checking regex-automata v0.3.9
[INFO] [stderr]     Checking content_inspector v0.2.4
[INFO] [stderr]     Checking cvt v0.1.2
[INFO] [stderr]     Checking dunce v1.0.4
[INFO] [stderr]     Checking dissimilar v1.0.7
[INFO] [stderr]     Checking similar v2.3.0
[INFO] [stderr]     Checking hashbag v0.1.11
[INFO] [stderr]     Checking expect-test v1.4.1
[INFO] [stderr]     Checking tokio v1.32.0
[INFO] [stderr]     Checking plotters v0.3.5
[INFO] [stderr]     Checking getrandom v0.2.10
[INFO] [stderr]     Checking nix v0.26.4
[INFO] [stderr]     Checking filetime v0.2.22
[INFO] [stderr]     Checking rand_core v0.6.4
[INFO] [stderr]     Checking os_pipe v1.1.4
[INFO] [stderr]     Checking wait-timeout v0.2.0
[INFO] [stderr]     Checking regex v1.9.6
[INFO] [stderr]     Checking rand_chacha v0.3.1
[INFO] [stderr]     Checking rand_xoshiro v0.6.0
[INFO] [stderr]     Checking clap-num v1.0.2
[INFO] [stderr]     Checking rand v0.8.5
[INFO] [stderr]     Checking sysexits v0.7.4
[INFO] [stderr]     Checking shlex v1.2.0
[INFO] [stderr]     Checking thousands v0.2.0
[INFO] [stderr]     Checking normpath v1.1.1
[INFO] [stderr]     Checking bytesize v1.3.0
[INFO] [stderr]     Checking fs_at v0.1.10
[INFO] [stderr]     Checking terminal_size v0.3.0
[INFO] [stderr]     Checking is-terminal v0.4.9
[INFO] [stderr]     Checking tempfile v3.8.0
[INFO] [stderr]     Checking remove_dir_all v0.8.2
[INFO] [stderr]     Checking colored v2.0.4
[INFO] [stderr]     Checking clap_builder v4.4.6
[INFO] [stderr]     Checking simple_logger v4.2.0
[INFO] [stderr]     Checking snapbox v0.4.14
[INFO] [stderr]     Checking rand_distr v0.4.3
[INFO] [stderr]    Compiling serde_derive v1.0.188
[INFO] [stderr]    Compiling thiserror-impl v1.0.49
[INFO] [stderr]    Compiling clap_derive v4.4.2
[INFO] [stderr]    Compiling typed-builder-macro v0.16.2
[INFO] [stderr]     Checking typed-builder v0.16.2
[INFO] [stderr]     Checking fuc_engine v1.1.9
[INFO] [stderr]     Checking clap v4.4.6
[INFO] [stderr]     Checking clap-verbosity-flag v2.0.1
[INFO] [stderr]     Checking toml_datetime v0.6.3
[INFO] [stderr]     Checking serde_spanned v0.6.3
[INFO] [stderr]     Checking cargo-platform v0.1.4
[INFO] [stderr]     Checking rustdoc-types v0.23.0
[INFO] [stderr]     Checking humantime-serde v1.1.1
[INFO] [stderr]     Checking toml_edit v0.19.15
[INFO] [stderr]     Checking toml_edit v0.20.2
[INFO] [stderr]     Checking ciborium v0.2.1
[INFO] [stderr]     Checking cargo_metadata v0.17.0
[INFO] [stderr]     Checking tinytemplate v1.2.1
[INFO] [stderr]    Compiling rustc_version v0.4.0
[INFO] [stderr]     Checking criterion v0.5.1
[INFO] [stderr]    Compiling error-stack v0.4.1
[INFO] [stderr]     Checking trycmd v0.14.19
[INFO] [stderr]     Checking public-api v0.32.0
[INFO] [stderr]     Checking toml v0.7.8
[INFO] [stderr]     Checking rmz v1.1.9 (/opt/rustwide/workdir)
[INFO] [stderr]     Checking cargo-manifest v0.9.0
[INFO] [stderr]     Checking rustdoc-json v0.8.7
[INFO] [stderr]     Checking supercilex-tests v0.3.4
[INFO] [stdout] error[E0433]: failed to resolve: use of undeclared crate or module `rm_rayon`
[INFO] [stdout]    --> benches/rmz.rs:177:21
[INFO] [stdout]     |
[INFO] [stdout] 177 |                     rm_rayon::remove_dir_all(dir.path()).unwrap();
[INFO] [stdout]     |                     ^^^^^^^^ use of undeclared crate or module `rm_rayon`
[INFO] [stdout] 
[INFO] [stdout] 
[INFO] [stdout] error[E0433]: failed to resolve: use of undeclared crate or module `rm_og_crappy`
[INFO] [stdout]    --> benches/rmz.rs:196:21
[INFO] [stdout]     |
[INFO] [stdout] 196 |                     rm_og_crappy::remove_dir_all(dir.path()).unwrap();
[INFO] [stdout]     |                     ^^^^^^^^^^^^ use of undeclared crate or module `rm_og_crappy`
[INFO] [stdout] 
[INFO] [stdout] 
[INFO] [stdout] error: aborting due to 2 previous errors
[INFO] [stdout] 
[INFO] [stdout] 
[INFO] [stdout] For more information about this error, try `rustc --explain E0433`.
[INFO] [stdout] 
[INFO] [stderr] error: could not compile `rmz` (bench "rmz") due to 3 previous errors
[INFO] running `Command { std: "docker" "inspect" "01885f01cbac15ad5012fadc62ba119bea4ea7fc06afa80ab5d6bad915af7575", kill_on_drop: false }`
[INFO] running `Command { std: "docker" "rm" "-f" "01885f01cbac15ad5012fadc62ba119bea4ea7fc06afa80ab5d6bad915af7575", kill_on_drop: false }`
[INFO] [stdout] 01885f01cbac15ad5012fadc62ba119bea4ea7fc06afa80ab5d6bad915af7575
