[INFO] fetching crate rmemo 0.3.2...
[INFO] checking rmemo-0.3.2 against nightly-2024-02-05 for check-cfg
[INFO] extracting crate rmemo 0.3.2 into /workspace/builds/worker-2-tc1/source
[INFO] validating manifest of crates.io crate rmemo 0.3.2 on toolchain nightly-2024-02-05
[INFO] running `Command { std: CARGO_HOME="/workspace/cargo-home" RUSTUP_HOME="/workspace/rustup-home" "/workspace/cargo-home/bin/cargo" "+nightly-2024-02-05" "metadata" "--manifest-path" "Cargo.toml" "--no-deps", kill_on_drop: false }`
[INFO] started tweaking crates.io crate rmemo 0.3.2
[INFO] finished tweaking crates.io crate rmemo 0.3.2
[INFO] tweaked toml for crates.io crate rmemo 0.3.2 written to /workspace/builds/worker-2-tc1/source/Cargo.toml
[INFO] crate crates.io crate rmemo 0.3.2 already has a lockfile, it will not be regenerated
[INFO] running `Command { std: CARGO_HOME="/workspace/cargo-home" RUSTUP_HOME="/workspace/rustup-home" "/workspace/cargo-home/bin/cargo" "+nightly-2024-02-05" "fetch" "--manifest-path" "Cargo.toml", kill_on_drop: false }`
[INFO] [stderr]     Updating crates.io index
[INFO] [stderr]  Downloading crates ...
[INFO] [stderr]   Downloaded mount v0.4.0
[INFO] [stderr]   Downloaded strum v0.15.0
[INFO] [stderr]   Downloaded mio-extras v2.0.5
[INFO] [stderr]   Downloaded unicase v2.5.1
[INFO] [stderr]   Downloaded pest_generator v2.1.1
[INFO] [stderr]   Downloaded rocket_contrib v0.4.2
[INFO] [stderr]   Downloaded open v1.3.2
[INFO] [stderr]   Downloaded string_cache v0.7.4
[INFO] [stderr]   Downloaded staticfile v0.5.0
[INFO] [stderr]   Downloaded mime_guess v1.8.7
[INFO] [stderr]   Downloaded console v0.9.0
[INFO] [stderr]   Downloaded elasticlunr-rs v2.3.6
[INFO] [stderr]   Downloaded strum_macros v0.15.0
[INFO] [stderr]   Downloaded indexmap v1.2.0
[INFO] [stderr]   Downloaded pest v2.1.2
[INFO] [stderr]   Downloaded handlebars v2.0.2
[INFO] [stderr]   Downloaded pest_meta v2.1.2
[INFO] [stderr]   Downloaded inotify v0.6.1
[INFO] [stderr]   Downloaded filetime v0.2.7
[INFO] [stderr]   Downloaded dialoguer v0.4.0
[INFO] [stderr]   Downloaded sha-1 v0.8.1
[INFO] [stderr]   Downloaded sequence_trie v0.3.6
[INFO] [stderr]   Downloaded toml-query_derive v0.9.0
[INFO] [stderr]   Downloaded block-padding v0.1.4
[INFO] [stderr]   Downloaded notify v4.0.13
[INFO] [stderr]   Downloaded ws v0.8.1
[INFO] [stderr]   Downloaded ammonia v2.1.2
[INFO] [stderr]   Downloaded mdbook v0.3.1
[INFO] running `Command { std: "docker" "create" "-v" "/var/lib/crater-agent-workspace/builds/worker-2-tc1/target:/opt/rustwide/target:rw,Z" "-v" "/var/lib/crater-agent-workspace/builds/worker-2-tc1/source:/opt/rustwide/workdir:ro,Z" "-v" "/var/lib/crater-agent-workspace/cargo-home:/opt/rustwide/cargo-home:ro,Z" "-v" "/var/lib/crater-agent-workspace/rustup-home:/opt/rustwide/rustup-home:ro,Z" "-e" "SOURCE_DIR=/opt/rustwide/workdir" "-e" "CARGO_TARGET_DIR=/opt/rustwide/target" "-e" "CARGO_HOME=/opt/rustwide/cargo-home" "-e" "RUSTUP_HOME=/opt/rustwide/rustup-home" "-w" "/opt/rustwide/workdir" "-m" "1610612736" "--user" "0:0" "--network" "none" "ghcr.io/rust-lang/crates-build-env/linux@sha256:2788e3201cd34a07e3172128adcd8b3090168a8e3bcc40d7c032b9dda1df7d1c" "/opt/rustwide/cargo-home/bin/cargo" "+nightly-2024-02-05" "metadata" "--no-deps" "--format-version=1", kill_on_drop: false }`
[INFO] [stdout] 5bd309787dbb898b6f2901aeeda4c6bc79760cf763b7383981e8008e79e0efa7
[INFO] running `Command { std: "docker" "start" "-a" "5bd309787dbb898b6f2901aeeda4c6bc79760cf763b7383981e8008e79e0efa7", kill_on_drop: false }`
[INFO] running `Command { std: "docker" "inspect" "5bd309787dbb898b6f2901aeeda4c6bc79760cf763b7383981e8008e79e0efa7", kill_on_drop: false }`
[INFO] running `Command { std: "docker" "rm" "-f" "5bd309787dbb898b6f2901aeeda4c6bc79760cf763b7383981e8008e79e0efa7", kill_on_drop: false }`
[INFO] [stdout] 5bd309787dbb898b6f2901aeeda4c6bc79760cf763b7383981e8008e79e0efa7
[INFO] running `Command { std: "docker" "create" "-v" "/var/lib/crater-agent-workspace/builds/worker-2-tc1/target:/opt/rustwide/target:rw,Z" "-v" "/var/lib/crater-agent-workspace/builds/worker-2-tc1/source:/opt/rustwide/workdir:ro,Z" "-v" "/var/lib/crater-agent-workspace/cargo-home:/opt/rustwide/cargo-home:ro,Z" "-v" "/var/lib/crater-agent-workspace/rustup-home:/opt/rustwide/rustup-home:ro,Z" "-e" "SOURCE_DIR=/opt/rustwide/workdir" "-e" "CARGO_TARGET_DIR=/opt/rustwide/target" "-e" "CARGO_INCREMENTAL=0" "-e" "RUST_BACKTRACE=full" "-e" "RUSTFLAGS=--cap-lints=forbid" "-e" "RUSTDOCFLAGS=--cap-lints=forbid" "-e" "CARGO_HOME=/opt/rustwide/cargo-home" "-e" "RUSTUP_HOME=/opt/rustwide/rustup-home" "-w" "/opt/rustwide/workdir" "-m" "1610612736" "--user" "0:0" "--network" "none" "ghcr.io/rust-lang/crates-build-env/linux@sha256:2788e3201cd34a07e3172128adcd8b3090168a8e3bcc40d7c032b9dda1df7d1c" "/opt/rustwide/cargo-home/bin/cargo" "+nightly-2024-02-05" "check" "--frozen" "--all" "--all-targets" "--message-format=json", kill_on_drop: false }`
[INFO] [stdout] 0b9acdf7a914139f164e8fefcce39c7a0c99fd519909a9addab40894eef840a0
[INFO] running `Command { std: "docker" "start" "-a" "0b9acdf7a914139f164e8fefcce39c7a0c99fd519909a9addab40894eef840a0", kill_on_drop: false }`
[INFO] [stderr]    Compiling libc v0.2.62
[INFO] [stderr]    Compiling version_check v0.1.5
[INFO] [stderr]    Compiling autocfg v0.1.6
[INFO] [stderr]    Compiling log v0.4.8
[INFO] [stderr]    Compiling proc-macro2 v0.4.30
[INFO] [stderr]    Compiling rand_core v0.4.2
[INFO] [stderr]    Compiling unicode-xid v0.1.0
[INFO] [stderr]    Compiling syn v0.15.44
[INFO] [stderr]    Compiling proc-macro2 v1.0.5
[INFO] [stderr]    Compiling rand_core v0.3.1
[INFO] [stderr]    Compiling serde v1.0.101
[INFO] [stderr]    Compiling unicase v1.4.2
[INFO] [stderr]    Compiling rand_pcg v0.1.2
[INFO] [stderr]    Compiling rand_chacha v0.1.1
[INFO] [stderr]    Compiling rand v0.6.5
[INFO] [stderr]    Compiling rand_isaac v0.1.1
[INFO] [stderr]    Compiling quote v0.6.13
[INFO] [stderr]    Compiling rand_os v0.1.3
[INFO] [stderr]    Compiling quote v1.0.2
[INFO] [stderr]    Compiling rand_xorshift v0.1.1
[INFO] [stderr]    Compiling rand_hc v0.1.0
[INFO] [stderr]    Compiling rand_jitter v0.1.4
[INFO] [stderr]    Compiling cc v1.0.45
[INFO] [stderr]    Compiling siphasher v0.2.3
[INFO] [stderr]    Compiling phf_shared v0.7.24
[INFO] [stderr]    Compiling syn v1.0.5
[INFO] [stderr]    Compiling memchr v2.2.1
[INFO] [stderr]     Checking smallvec v0.6.10
[INFO] [stderr]    Compiling ryu v1.0.2
[INFO] [stderr]     Checking unicode-normalization v0.1.8
[INFO] [stderr]     Checking percent-encoding v1.0.1
[INFO] [stderr]    Compiling phf_generator v0.7.24
[INFO] [stderr]    Compiling phf_codegen v0.7.24
[INFO] [stderr]     Checking traitobject v0.1.0
[INFO] [stderr]    Compiling ring v0.13.5
[INFO] [stderr]     Checking time v0.1.42
[INFO] [stderr]     Checking log v0.3.9
[INFO] [stderr]    Compiling string_cache_shared v0.3.0
[INFO] [stderr]     Checking idna v0.1.5
[INFO] [stderr]    Compiling yansi v0.4.0
[INFO] [stderr]     Checking safemem v0.3.2
[INFO] [stderr]     Checking mime v0.2.6
[INFO] [stderr]     Checking base64 v0.9.3
[INFO] [stderr]    Compiling string_cache_codegen v0.4.4
[INFO] [stderr]     Checking httparse v1.3.4
[INFO] [stderr]    Compiling pear_codegen v0.1.2
[INFO] [stderr]    Compiling num-traits v0.2.8
[INFO] [stderr]     Checking url v1.7.2
[INFO] [stderr]    Compiling matches v0.1.8
[INFO] [stderr]    Compiling unicode-bidi v0.3.4
[INFO] [stderr]     Checking phf v0.7.24
[INFO] [stderr]     Checking aho-corasick v0.7.6
[INFO] [stderr]     Checking num_cpus v1.10.1
[INFO] [stderr]     Checking thread_local v0.3.6
[INFO] [stderr]    Compiling cfg-if v0.1.10
[INFO] [stderr]     Checking regex-syntax v0.6.12
[INFO] [stderr]    Compiling typenum v1.11.2
[INFO] [stderr]     Checking language-tags v0.2.2
[INFO] [stderr]     Checking typeable v0.1.2
[INFO] [stderr]    Compiling getrandom v0.1.12
[INFO] [stderr]     Checking hyper v0.10.16
[INFO] [stderr]    Compiling backtrace-sys v0.1.31
[INFO] [stderr]     Checking iovec v0.1.4
[INFO] [stderr]    Compiling byteorder v1.3.2
[INFO] [stderr]     Checking regex v1.3.1
[INFO] [stderr]    Compiling itoa v0.4.4
[INFO] [stderr]    Compiling yansi v0.5.0
[INFO] [stderr]     Checking new_debug_unreachable v1.0.3
[INFO] [stderr]     Checking unicode-width v0.1.6
[INFO] [stderr]    Compiling string_cache v0.7.4
[INFO] [stderr]    Compiling mime_guess v1.8.7
[INFO] [stderr]    Compiling serde_derive v1.0.101
[INFO] [stderr]     Checking unsafe-any v0.4.2
[INFO] [stderr]    Compiling bitflags v1.2.1
[INFO] [stderr]     Checking net2 v0.2.33
[INFO] [stderr]    Compiling untrusted v0.6.2
[INFO] [stderr]    Compiling fnv v1.0.6
[INFO] [stderr]    Compiling lazy_static v1.4.0
[INFO] [stderr]    Compiling ucd-trie v0.1.2
[INFO] [stderr]     Checking ppv-lite86 v0.2.5
[INFO] [stderr]     Checking mac v0.1.1
[INFO] [stderr]     Checking futf v0.1.4
[INFO] [stderr]    Compiling pest v2.1.2
[INFO] [stderr]    Compiling darling_core v0.8.6
[INFO] [stderr]     Checking mio v0.6.19
[INFO] [stdout] error[E0557]: feature has been removed
[INFO] [stdout]  --> /opt/rustwide/cargo-home/registry/src/index.crates.io-6f17d22bba15001f/pear_codegen-0.1.2/src/lib.rs:1:12
[INFO] [stdout]   |
[INFO] [stdout] 1 | #![feature(crate_visibility_modifier)]
[INFO] [stdout]   |            ^^^^^^^^^^^^^^^^^^^^^^^^^ feature has been removed
[INFO] [stdout]   |
[INFO] [stdout]   = note: removed in favor of `pub(crate)`
[INFO] [stdout] 
[INFO] [stdout] 
[INFO] [stdout] error: expected one of `!` or `::`, found keyword `struct`
[INFO] [stdout]   --> /opt/rustwide/cargo-home/registry/src/index.crates.io-6f17d22bba15001f/pear_codegen-0.1.2/src/parser.rs:10:7
[INFO] [stdout]    |
[INFO] [stdout] 10 | crate struct Diagnostic(crate ::proc_macro::Diagnostic);
[INFO] [stdout]    |       ^^^^^^ expected one of `!` or `::`
[INFO] [stdout] 
[INFO] [stdout] 
[INFO] [stderr]     Checking c2-chacha v0.2.2
[INFO] [stdout] error[E0412]: cannot find type `PResult` in this scope
[INFO] [stdout]   --> /opt/rustwide/cargo-home/registry/src/index.crates.io-6f17d22bba15001f/pear_codegen-0.1.2/src/lib.rs:65:39
[INFO] [stdout]    |
[INFO] [stdout] 65 | fn extract_input_ident(f: &ItemFn) -> PResult<Ident> {
[INFO] [stdout]    |                                       ^^^^^^^ help: a type alias with a similar name exists: `Result`
[INFO] [stdout]    |
[INFO] [stdout]   ::: /opt/rustwide/cargo-home/registry/src/index.crates.io-6f17d22bba15001f/syn-0.15.44/src/error.rs:18:1
[INFO] [stdout]    |
[INFO] [stdout] 18 | pub type Result<T> = std::result::Result<T, Error>;
[INFO] [stdout]    | ------------------ similarly named type alias `Result` defined here
[INFO] [stdout] 
[INFO] [stdout] 
[INFO] [stdout] error[E0412]: cannot find type `PResult` in this scope
[INFO] [stdout]   --> /opt/rustwide/cargo-home/registry/src/index.crates.io-6f17d22bba15001f/pear_codegen-0.1.2/src/lib.rs:78:44
[INFO] [stdout]    |
[INFO] [stdout] 78 | fn parser_attribute(input: TokenStream) -> PResult<TokenStream2> {
[INFO] [stdout]    |                                            ^^^^^^^ help: a type alias with a similar name exists: `Result`
[INFO] [stdout]    |
[INFO] [stdout]   ::: /opt/rustwide/cargo-home/registry/src/index.crates.io-6f17d22bba15001f/syn-0.15.44/src/error.rs:18:1
[INFO] [stdout]    |
[INFO] [stdout] 18 | pub type Result<T> = std::result::Result<T, Error>;
[INFO] [stdout]    | ------------------ similarly named type alias `Result` defined here
[INFO] [stdout] 
[INFO] [stdout] 
[INFO] [stdout] error[E0412]: cannot find type `Case` in this scope
[INFO] [stdout]    --> /opt/rustwide/cargo-home/registry/src/index.crates.io-6f17d22bba15001f/pear_codegen-0.1.2/src/lib.rs:142:6
[INFO] [stdout]     |
[INFO] [stdout] 142 | impl Case {
[INFO] [stdout]     |      ^^^^ not found in this scope
[INFO] [stdout] 
[INFO] [stdout] 
[INFO] [stdout] error[E0412]: cannot find type `Case` in this scope
[INFO] [stdout]    --> /opt/rustwide/cargo-home/registry/src/index.crates.io-6f17d22bba15001f/pear_codegen-0.1.2/src/lib.rs:144:38
[INFO] [stdout]     |
[INFO] [stdout] 144 |         where I: Iterator<Item = &'a Case>
[INFO] [stdout]     |                                      ^^^^ not found in this scope
[INFO] [stdout] 
[INFO] [stdout] 
[INFO] [stdout] error[E0433]: failed to resolve: use of undeclared type `Pattern`
[INFO] [stdout]    --> /opt/rustwide/cargo-home/registry/src/index.crates.io-6f17d22bba15001f/pear_codegen-0.1.2/src/lib.rs:161:13
[INFO] [stdout]     |
[INFO] [stdout] 161 |             Pattern::Wild(..) => quote!(#case_expr),
[INFO] [stdout]     |             ^^^^^^^ use of undeclared type `Pattern`
[INFO] [stdout]     |
[INFO] [stdout] help: consider importing this trait
[INFO] [stdout]     |
[INFO] [stdout] 13  + use std::str::pattern::Pattern;
[INFO] [stdout]     |
[INFO] [stdout] 
[INFO] [stdout] 
[INFO] [stdout] error[E0433]: failed to resolve: use of undeclared type `Pattern`
[INFO] [stdout]    --> /opt/rustwide/cargo-home/registry/src/index.crates.io-6f17d22bba15001f/pear_codegen-0.1.2/src/lib.rs:162:13
[INFO] [stdout]     |
[INFO] [stdout] 162 |             Pattern::Calls(ref calls) => {
[INFO] [stdout]     |             ^^^^^^^ use of undeclared type `Pattern`
[INFO] [stdout]     |
[INFO] [stdout] help: consider importing this trait
[INFO] [stdout]     |
[INFO] [stdout] 13  + use std::str::pattern::Pattern;
[INFO] [stdout]     |
[INFO] [stdout] 
[INFO] [stdout] 
[INFO] [stdout] error[E0412]: cannot find type `Switch` in this scope
[INFO] [stdout]    --> /opt/rustwide/cargo-home/registry/src/index.crates.io-6f17d22bba15001f/pear_codegen-0.1.2/src/lib.rs:201:6
[INFO] [stdout]     |
[INFO] [stdout] 201 | impl Switch {
[INFO] [stdout]     |      ^^^^^^ not found in this scope
[INFO] [stdout] 
[INFO] [stdout] 
[INFO] [stdout] error[E0433]: failed to resolve: use of undeclared type `Diagnostic`
[INFO] [stdout]    --> /opt/rustwide/cargo-home/registry/src/index.crates.io-6f17d22bba15001f/pear_codegen-0.1.2/src/lib.rs:215:13
[INFO] [stdout]     |
[INFO] [stdout] 215 |             Diagnostic::emit(e.into());
[INFO] [stdout]     |             ^^^^^^^^^^ use of undeclared type `Diagnostic`
[INFO] [stdout]     |
[INFO] [stdout] help: consider importing this struct
[INFO] [stdout]     |
[INFO] [stdout] 13  + use proc_macro::Diagnostic;
[INFO] [stdout]     |
[INFO] [stdout] 
[INFO] [stdout] 
[INFO] [stdout] error[E0433]: failed to resolve: use of undeclared type `Case`
[INFO] [stdout]    --> /opt/rustwide/cargo-home/registry/src/index.crates.io-6f17d22bba15001f/pear_codegen-0.1.2/src/lib.rs:185:35
[INFO] [stdout]     |
[INFO] [stdout] 185 |                 let rest_tokens = Case::to_tokens(&input, parser_name, cases);
[INFO] [stdout]     |                                   ^^^^ use of undeclared type `Case`
[INFO] [stdout] 
[INFO] [stdout] 
[INFO] [stdout] error[E0433]: failed to resolve: use of undeclared type `Case`
[INFO] [stdout]    --> /opt/rustwide/cargo-home/registry/src/index.crates.io-6f17d22bba15001f/pear_codegen-0.1.2/src/lib.rs:203:9
[INFO] [stdout]     |
[INFO] [stdout] 203 |         Case::to_tokens(&self.input, &self.parser_name, self.cases.iter())
[INFO] [stdout]     |         ^^^^ use of undeclared type `Case`
[INFO] [stdout] 
[INFO] [stdout] 
[INFO] [stdout] error[E0433]: failed to resolve: use of undeclared type `Switch`
[INFO] [stdout]    --> /opt/rustwide/cargo-home/registry/src/index.crates.io-6f17d22bba15001f/pear_codegen-0.1.2/src/lib.rs:212:11
[INFO] [stdout]     |
[INFO] [stdout] 212 |     match Switch::syn_parse.parse(input) {
[INFO] [stdout]     |           ^^^^^^ use of undeclared type `Switch`
[INFO] [stdout] 
[INFO] [stdout] 
[INFO] [stdout] error: aborting due to 13 previous errors
[INFO] [stdout] 
[INFO] [stdout] 
[INFO] [stdout] Some errors have detailed explanations: E0412, E0433, E0557.
[INFO] [stdout] 
[INFO] [stdout] For more information about an error, try `rustc --explain E0412`.
[INFO] [stdout] 
[INFO] [stderr] error: could not compile `pear_codegen` (lib) due to 14 previous errors
[INFO] [stderr] warning: build failed, waiting for other jobs to finish...
[INFO] running `Command { std: "docker" "inspect" "0b9acdf7a914139f164e8fefcce39c7a0c99fd519909a9addab40894eef840a0", kill_on_drop: false }`
[INFO] running `Command { std: "docker" "rm" "-f" "0b9acdf7a914139f164e8fefcce39c7a0c99fd519909a9addab40894eef840a0", kill_on_drop: false }`
[INFO] [stdout] 0b9acdf7a914139f164e8fefcce39c7a0c99fd519909a9addab40894eef840a0
[INFO] checking rmemo-0.3.2 against nightly-2024-02-05+rustflags=-Dunexpected_cfgs+cargoflags=-Zcheck-cfg for check-cfg
[INFO] extracting crate rmemo 0.3.2 into /workspace/builds/worker-2-tc2/source
[INFO] validating manifest of crates.io crate rmemo 0.3.2 on toolchain nightly-2024-02-05
[INFO] running `Command { std: CARGO_HOME="/workspace/cargo-home" RUSTUP_HOME="/workspace/rustup-home" "/workspace/cargo-home/bin/cargo" "+nightly-2024-02-05" "metadata" "--manifest-path" "Cargo.toml" "--no-deps", kill_on_drop: false }`
[INFO] started tweaking crates.io crate rmemo 0.3.2
[INFO] finished tweaking crates.io crate rmemo 0.3.2
[INFO] tweaked toml for crates.io crate rmemo 0.3.2 written to /workspace/builds/worker-2-tc2/source/Cargo.toml
[INFO] crate crates.io crate rmemo 0.3.2 already has a lockfile, it will not be regenerated
[INFO] running `Command { std: CARGO_HOME="/workspace/cargo-home" RUSTUP_HOME="/workspace/rustup-home" "/workspace/cargo-home/bin/cargo" "+nightly-2024-02-05" "fetch" "--manifest-path" "Cargo.toml", kill_on_drop: false }`
[INFO] running `Command { std: "docker" "create" "-v" "/var/lib/crater-agent-workspace/builds/worker-2-tc2/target:/opt/rustwide/target:rw,Z" "-v" "/var/lib/crater-agent-workspace/builds/worker-2-tc2/source:/opt/rustwide/workdir:ro,Z" "-v" "/var/lib/crater-agent-workspace/cargo-home:/opt/rustwide/cargo-home:ro,Z" "-v" "/var/lib/crater-agent-workspace/rustup-home:/opt/rustwide/rustup-home:ro,Z" "-e" "SOURCE_DIR=/opt/rustwide/workdir" "-e" "CARGO_TARGET_DIR=/opt/rustwide/target" "-e" "CARGO_HOME=/opt/rustwide/cargo-home" "-e" "RUSTUP_HOME=/opt/rustwide/rustup-home" "-w" "/opt/rustwide/workdir" "-m" "1610612736" "--user" "0:0" "--network" "none" "ghcr.io/rust-lang/crates-build-env/linux@sha256:2788e3201cd34a07e3172128adcd8b3090168a8e3bcc40d7c032b9dda1df7d1c" "/opt/rustwide/cargo-home/bin/cargo" "+nightly-2024-02-05" "metadata" "--no-deps" "--format-version=1", kill_on_drop: false }`
[INFO] [stdout] 2d2102b239c5adc73eb9fcf113532b5e940f8aa80dd4dca6e2c5e85b300a3d15
[INFO] running `Command { std: "docker" "start" "-a" "2d2102b239c5adc73eb9fcf113532b5e940f8aa80dd4dca6e2c5e85b300a3d15", kill_on_drop: false }`
[INFO] running `Command { std: "docker" "inspect" "2d2102b239c5adc73eb9fcf113532b5e940f8aa80dd4dca6e2c5e85b300a3d15", kill_on_drop: false }`
[INFO] running `Command { std: "docker" "rm" "-f" "2d2102b239c5adc73eb9fcf113532b5e940f8aa80dd4dca6e2c5e85b300a3d15", kill_on_drop: false }`
[INFO] [stdout] 2d2102b239c5adc73eb9fcf113532b5e940f8aa80dd4dca6e2c5e85b300a3d15
[INFO] running `Command { std: "docker" "create" "-v" "/var/lib/crater-agent-workspace/builds/worker-2-tc2/target:/opt/rustwide/target:rw,Z" "-v" "/var/lib/crater-agent-workspace/builds/worker-2-tc2/source:/opt/rustwide/workdir:ro,Z" "-v" "/var/lib/crater-agent-workspace/cargo-home:/opt/rustwide/cargo-home:ro,Z" "-v" "/var/lib/crater-agent-workspace/rustup-home:/opt/rustwide/rustup-home:ro,Z" "-e" "SOURCE_DIR=/opt/rustwide/workdir" "-e" "CARGO_TARGET_DIR=/opt/rustwide/target" "-e" "CARGO_INCREMENTAL=0" "-e" "RUST_BACKTRACE=full" "-e" "RUSTFLAGS=--cap-lints=forbid -Dunexpected_cfgs" "-e" "RUSTDOCFLAGS=--cap-lints=forbid" "-e" "CARGO_HOME=/opt/rustwide/cargo-home" "-e" "RUSTUP_HOME=/opt/rustwide/rustup-home" "-w" "/opt/rustwide/workdir" "-m" "1610612736" "--user" "0:0" "--network" "none" "ghcr.io/rust-lang/crates-build-env/linux@sha256:2788e3201cd34a07e3172128adcd8b3090168a8e3bcc40d7c032b9dda1df7d1c" "/opt/rustwide/cargo-home/bin/cargo" "+nightly-2024-02-05" "check" "--frozen" "--all" "--all-targets" "--message-format=json" "-Zcheck-cfg", kill_on_drop: false }`
[INFO] [stdout] e69459a76b64512c9d962d6a9a400e23c2206e7803cd8a63e7849dc132e26208
[INFO] running `Command { std: "docker" "start" "-a" "e69459a76b64512c9d962d6a9a400e23c2206e7803cd8a63e7849dc132e26208", kill_on_drop: false }`
[INFO] [stderr]    Compiling libc v0.2.62
[INFO] [stderr]    Compiling version_check v0.1.5
[INFO] [stderr]    Compiling autocfg v0.1.6
[INFO] [stderr]    Compiling log v0.4.8
[INFO] [stderr]    Compiling proc-macro2 v0.4.30
[INFO] [stderr]    Compiling rand_core v0.4.2
[INFO] [stderr]    Compiling unicode-xid v0.1.0
[INFO] [stderr]    Compiling syn v0.15.44
[INFO] [stderr]    Compiling proc-macro2 v1.0.5
[INFO] [stderr]    Compiling rand_core v0.3.1
[INFO] [stderr]    Compiling serde v1.0.101
[INFO] [stderr]    Compiling unicase v1.4.2
[INFO] [stderr]    Compiling rand_pcg v0.1.2
[INFO] [stderr]    Compiling rand_chacha v0.1.1
[INFO] [stderr]    Compiling rand v0.6.5
[INFO] [stderr]    Compiling quote v0.6.13
[INFO] [stderr]    Compiling rand_xorshift v0.1.1
[INFO] [stderr]    Compiling rand_hc v0.1.0
[INFO] [stderr]    Compiling rand_os v0.1.3
[INFO] [stderr]    Compiling rand_isaac v0.1.1
[INFO] [stderr]    Compiling rand_jitter v0.1.4
[INFO] [stderr]    Compiling quote v1.0.2
[INFO] [stderr]    Compiling cc v1.0.45
[INFO] [stderr]    Compiling siphasher v0.2.3
[INFO] [stderr]    Compiling syn v1.0.5
[INFO] [stderr]    Compiling phf_shared v0.7.24
[INFO] [stderr]    Compiling ryu v1.0.2
[INFO] [stderr]    Compiling memchr v2.2.1
[INFO] [stderr]     Checking smallvec v0.6.10
[INFO] [stderr]     Checking unicode-normalization v0.1.8
[INFO] [stderr]     Checking percent-encoding v1.0.1
[INFO] [stderr]     Checking traitobject v0.1.0
[INFO] [stderr]    Compiling phf_generator v0.7.24
[INFO] [stderr]    Compiling phf_codegen v0.7.24
[INFO] [stderr]     Checking time v0.1.42
[INFO] [stderr]    Compiling ring v0.13.5
[INFO] [stderr]     Checking log v0.3.9
[INFO] [stderr]    Compiling string_cache_shared v0.3.0
[INFO] [stderr]    Compiling yansi v0.4.0
[INFO] [stderr]     Checking safemem v0.3.2
[INFO] [stderr]    Compiling string_cache_codegen v0.4.4
[INFO] [stderr]     Checking base64 v0.9.3
[INFO] [stderr]    Compiling pear_codegen v0.1.2
[INFO] [stderr]     Checking idna v0.1.5
[INFO] [stderr]     Checking mime v0.2.6
[INFO] [stderr]     Checking httparse v1.3.4
[INFO] [stderr]    Compiling num-traits v0.2.8
[INFO] [stderr]     Checking url v1.7.2
[INFO] [stderr]    Compiling matches v0.1.8
[INFO] [stderr]    Compiling unicode-bidi v0.3.4
[INFO] [stderr]     Checking phf v0.7.24
[INFO] [stderr]     Checking aho-corasick v0.7.6
[INFO] [stderr]     Checking num_cpus v1.10.1
[INFO] [stderr]     Checking thread_local v0.3.6
[INFO] [stderr]     Checking regex-syntax v0.6.12
[INFO] [stderr]    Compiling getrandom v0.1.12
[INFO] [stderr]     Checking typeable v0.1.2
[INFO] [stderr]     Checking language-tags v0.2.2
[INFO] [stderr]    Compiling typenum v1.11.2
[INFO] [stderr]    Compiling cfg-if v0.1.10
[INFO] [stderr]     Checking hyper v0.10.16
[INFO] [stderr]    Compiling backtrace-sys v0.1.31
[INFO] [stderr]     Checking iovec v0.1.4
[INFO] [stderr]    Compiling byteorder v1.3.2
[INFO] [stderr]    Compiling serde_derive v1.0.101
[INFO] [stderr]     Checking regex v1.3.1
[INFO] [stderr]     Checking unicode-width v0.1.6
[INFO] [stderr]    Compiling yansi v0.5.0
[INFO] [stderr]    Compiling itoa v0.4.4
[INFO] [stderr]     Checking new_debug_unreachable v1.0.3
[INFO] [stderr]    Compiling string_cache v0.7.4
[INFO] [stderr]    Compiling mime_guess v1.8.7
[INFO] [stderr]     Checking unsafe-any v0.4.2
[INFO] [stderr]    Compiling bitflags v1.2.1
[INFO] [stderr]     Checking net2 v0.2.33
[INFO] [stderr]     Checking mac v0.1.1
[INFO] [stderr]    Compiling ucd-trie v0.1.2
[INFO] [stderr]    Compiling lazy_static v1.4.0
[INFO] [stderr]     Checking ppv-lite86 v0.2.5
[INFO] [stderr]    Compiling untrusted v0.6.2
[INFO] [stderr]    Compiling fnv v1.0.6
[INFO] [stderr]     Checking mio v0.6.19
[INFO] [stderr]    Compiling darling_core v0.8.6
[INFO] [stderr]     Checking c2-chacha v0.2.2
[INFO] [stderr]    Compiling pest v2.1.2
[INFO] [stdout] error[E0557]: feature has been removed
[INFO] [stdout]  --> /opt/rustwide/cargo-home/registry/src/index.crates.io-6f17d22bba15001f/pear_codegen-0.1.2/src/lib.rs:1:12
[INFO] [stdout]   |
[INFO] [stdout] 1 | #![feature(crate_visibility_modifier)]
[INFO] [stdout]   |            ^^^^^^^^^^^^^^^^^^^^^^^^^ feature has been removed
[INFO] [stdout]   |
[INFO] [stdout]   = note: removed in favor of `pub(crate)`
[INFO] [stdout] 
[INFO] [stdout] 
[INFO] [stderr]     Checking futf v0.1.4
[INFO] [stdout] error: expected one of `!` or `::`, found keyword `struct`
[INFO] [stdout]   --> /opt/rustwide/cargo-home/registry/src/index.crates.io-6f17d22bba15001f/pear_codegen-0.1.2/src/parser.rs:10:7
[INFO] [stdout]    |
[INFO] [stdout] 10 | crate struct Diagnostic(crate ::proc_macro::Diagnostic);
[INFO] [stdout]    |       ^^^^^^ expected one of `!` or `::`
[INFO] [stdout] 
[INFO] [stdout] 
[INFO] [stdout] error[E0412]: cannot find type `PResult` in this scope
[INFO] [stdout]   --> /opt/rustwide/cargo-home/registry/src/index.crates.io-6f17d22bba15001f/pear_codegen-0.1.2/src/lib.rs:65:39
[INFO] [stdout]    |
[INFO] [stdout] 65 | fn extract_input_ident(f: &ItemFn) -> PResult<Ident> {
[INFO] [stdout]    |                                       ^^^^^^^ help: a type alias with a similar name exists: `Result`
[INFO] [stdout]    |
[INFO] [stdout]   ::: /opt/rustwide/cargo-home/registry/src/index.crates.io-6f17d22bba15001f/syn-0.15.44/src/error.rs:18:1
[INFO] [stdout]    |
[INFO] [stdout] 18 | pub type Result<T> = std::result::Result<T, Error>;
[INFO] [stdout]    | ------------------ similarly named type alias `Result` defined here
[INFO] [stdout] 
[INFO] [stdout] 
[INFO] [stdout] error[E0412]: cannot find type `PResult` in this scope
[INFO] [stdout]   --> /opt/rustwide/cargo-home/registry/src/index.crates.io-6f17d22bba15001f/pear_codegen-0.1.2/src/lib.rs:78:44
[INFO] [stdout]    |
[INFO] [stdout] 78 | fn parser_attribute(input: TokenStream) -> PResult<TokenStream2> {
[INFO] [stdout]    |                                            ^^^^^^^ help: a type alias with a similar name exists: `Result`
[INFO] [stdout]    |
[INFO] [stdout]   ::: /opt/rustwide/cargo-home/registry/src/index.crates.io-6f17d22bba15001f/syn-0.15.44/src/error.rs:18:1
[INFO] [stdout]    |
[INFO] [stdout] 18 | pub type Result<T> = std::result::Result<T, Error>;
[INFO] [stdout]    | ------------------ similarly named type alias `Result` defined here
[INFO] [stdout] 
[INFO] [stdout] 
[INFO] [stdout] error[E0412]: cannot find type `Case` in this scope
[INFO] [stdout]    --> /opt/rustwide/cargo-home/registry/src/index.crates.io-6f17d22bba15001f/pear_codegen-0.1.2/src/lib.rs:142:6
[INFO] [stdout]     |
[INFO] [stdout] 142 | impl Case {
[INFO] [stdout]     |      ^^^^ not found in this scope
[INFO] [stdout] 
[INFO] [stdout] 
[INFO] [stdout] error[E0412]: cannot find type `Case` in this scope
[INFO] [stdout]    --> /opt/rustwide/cargo-home/registry/src/index.crates.io-6f17d22bba15001f/pear_codegen-0.1.2/src/lib.rs:144:38
[INFO] [stdout]     |
[INFO] [stdout] 144 |         where I: Iterator<Item = &'a Case>
[INFO] [stdout]     |                                      ^^^^ not found in this scope
[INFO] [stdout] 
[INFO] [stdout] 
[INFO] [stdout] error[E0433]: failed to resolve: use of undeclared type `Pattern`
[INFO] [stdout]    --> /opt/rustwide/cargo-home/registry/src/index.crates.io-6f17d22bba15001f/pear_codegen-0.1.2/src/lib.rs:161:13
[INFO] [stdout]     |
[INFO] [stdout] 161 |             Pattern::Wild(..) => quote!(#case_expr),
[INFO] [stdout]     |             ^^^^^^^ use of undeclared type `Pattern`
[INFO] [stdout]     |
[INFO] [stdout] help: consider importing this trait
[INFO] [stdout]     |
[INFO] [stdout] 13  + use std::str::pattern::Pattern;
[INFO] [stdout]     |
[INFO] [stdout] 
[INFO] [stdout] 
[INFO] [stdout] error[E0433]: failed to resolve: use of undeclared type `Pattern`
[INFO] [stdout]    --> /opt/rustwide/cargo-home/registry/src/index.crates.io-6f17d22bba15001f/pear_codegen-0.1.2/src/lib.rs:162:13
[INFO] [stdout]     |
[INFO] [stdout] 162 |             Pattern::Calls(ref calls) => {
[INFO] [stdout]     |             ^^^^^^^ use of undeclared type `Pattern`
[INFO] [stdout]     |
[INFO] [stdout] help: consider importing this trait
[INFO] [stdout]     |
[INFO] [stdout] 13  + use std::str::pattern::Pattern;
[INFO] [stdout]     |
[INFO] [stdout] 
[INFO] [stdout] 
[INFO] [stdout] error[E0412]: cannot find type `Switch` in this scope
[INFO] [stdout]    --> /opt/rustwide/cargo-home/registry/src/index.crates.io-6f17d22bba15001f/pear_codegen-0.1.2/src/lib.rs:201:6
[INFO] [stdout]     |
[INFO] [stdout] 201 | impl Switch {
[INFO] [stdout]     |      ^^^^^^ not found in this scope
[INFO] [stdout] 
[INFO] [stdout] 
[INFO] [stdout] error[E0433]: failed to resolve: use of undeclared type `Diagnostic`
[INFO] [stdout]    --> /opt/rustwide/cargo-home/registry/src/index.crates.io-6f17d22bba15001f/pear_codegen-0.1.2/src/lib.rs:215:13
[INFO] [stdout]     |
[INFO] [stdout] 215 |             Diagnostic::emit(e.into());
[INFO] [stdout]     |             ^^^^^^^^^^ use of undeclared type `Diagnostic`
[INFO] [stdout]     |
[INFO] [stdout] help: consider importing this struct
[INFO] [stdout]     |
[INFO] [stdout] 13  + use proc_macro::Diagnostic;
[INFO] [stdout]     |
[INFO] [stdout] 
[INFO] [stdout] 
[INFO] [stdout] error[E0433]: failed to resolve: use of undeclared type `Case`
[INFO] [stdout]    --> /opt/rustwide/cargo-home/registry/src/index.crates.io-6f17d22bba15001f/pear_codegen-0.1.2/src/lib.rs:185:35
[INFO] [stdout]     |
[INFO] [stdout] 185 |                 let rest_tokens = Case::to_tokens(&input, parser_name, cases);
[INFO] [stdout]     |                                   ^^^^ use of undeclared type `Case`
[INFO] [stdout] 
[INFO] [stdout] 
[INFO] [stdout] error[E0433]: failed to resolve: use of undeclared type `Case`
[INFO] [stdout]    --> /opt/rustwide/cargo-home/registry/src/index.crates.io-6f17d22bba15001f/pear_codegen-0.1.2/src/lib.rs:203:9
[INFO] [stdout]     |
[INFO] [stdout] 203 |         Case::to_tokens(&self.input, &self.parser_name, self.cases.iter())
[INFO] [stdout]     |         ^^^^ use of undeclared type `Case`
[INFO] [stdout] 
[INFO] [stdout] 
[INFO] [stdout] error[E0433]: failed to resolve: use of undeclared type `Switch`
[INFO] [stdout]    --> /opt/rustwide/cargo-home/registry/src/index.crates.io-6f17d22bba15001f/pear_codegen-0.1.2/src/lib.rs:212:11
[INFO] [stdout]     |
[INFO] [stdout] 212 |     match Switch::syn_parse.parse(input) {
[INFO] [stdout]     |           ^^^^^^ use of undeclared type `Switch`
[INFO] [stdout] 
[INFO] [stdout] 
[INFO] [stdout] error: aborting due to 13 previous errors
[INFO] [stdout] 
[INFO] [stdout] 
[INFO] [stdout] Some errors have detailed explanations: E0412, E0433, E0557.
[INFO] [stdout] 
[INFO] [stdout] For more information about an error, try `rustc --explain E0412`.
[INFO] [stdout] 
[INFO] [stderr] error: could not compile `pear_codegen` (lib) due to 14 previous errors
[INFO] [stderr] warning: build failed, waiting for other jobs to finish...
[INFO] running `Command { std: "docker" "inspect" "e69459a76b64512c9d962d6a9a400e23c2206e7803cd8a63e7849dc132e26208", kill_on_drop: false }`
[INFO] running `Command { std: "docker" "rm" "-f" "e69459a76b64512c9d962d6a9a400e23c2206e7803cd8a63e7849dc132e26208", kill_on_drop: false }`
[INFO] [stdout] e69459a76b64512c9d962d6a9a400e23c2206e7803cd8a63e7849dc132e26208
