[INFO] fetching crate rluau 0.1.1...
[INFO] checking rluau-0.1.1 against nightly-2024-02-05 for check-cfg
[INFO] extracting crate rluau 0.1.1 into /workspace/builds/worker-4-tc1/source
[INFO] validating manifest of crates.io crate rluau 0.1.1 on toolchain nightly-2024-02-05
[INFO] running `Command { std: CARGO_HOME="/workspace/cargo-home" RUSTUP_HOME="/workspace/rustup-home" "/workspace/cargo-home/bin/cargo" "+nightly-2024-02-05" "metadata" "--manifest-path" "Cargo.toml" "--no-deps", kill_on_drop: false }`
[INFO] started tweaking crates.io crate rluau 0.1.1
[INFO] finished tweaking crates.io crate rluau 0.1.1
[INFO] tweaked toml for crates.io crate rluau 0.1.1 written to /workspace/builds/worker-4-tc1/source/Cargo.toml
[INFO] running `Command { std: CARGO_HOME="/workspace/cargo-home" RUSTUP_HOME="/workspace/rustup-home" "/workspace/cargo-home/bin/cargo" "+nightly-2024-02-05" "generate-lockfile" "--manifest-path" "Cargo.toml", kill_on_drop: false }`
[INFO] [stderr]     Updating crates.io index
[INFO] running `Command { std: CARGO_HOME="/workspace/cargo-home" RUSTUP_HOME="/workspace/rustup-home" "/workspace/cargo-home/bin/cargo" "+nightly-2024-02-05" "fetch" "--manifest-path" "Cargo.toml", kill_on_drop: false }`
[INFO] [stderr]  Downloading crates ...
[INFO] [stderr]   Downloaded luau-src v0.3.0
[INFO] running `Command { std: "docker" "create" "-v" "/var/lib/crater-agent-workspace/builds/worker-4-tc1/target:/opt/rustwide/target:rw,Z" "-v" "/var/lib/crater-agent-workspace/builds/worker-4-tc1/source:/opt/rustwide/workdir:ro,Z" "-v" "/var/lib/crater-agent-workspace/cargo-home:/opt/rustwide/cargo-home:ro,Z" "-v" "/var/lib/crater-agent-workspace/rustup-home:/opt/rustwide/rustup-home:ro,Z" "-e" "SOURCE_DIR=/opt/rustwide/workdir" "-e" "CARGO_TARGET_DIR=/opt/rustwide/target" "-e" "CARGO_HOME=/opt/rustwide/cargo-home" "-e" "RUSTUP_HOME=/opt/rustwide/rustup-home" "-w" "/opt/rustwide/workdir" "-m" "1610612736" "--user" "0:0" "--network" "none" "ghcr.io/rust-lang/crates-build-env/linux@sha256:2788e3201cd34a07e3172128adcd8b3090168a8e3bcc40d7c032b9dda1df7d1c" "/opt/rustwide/cargo-home/bin/cargo" "+nightly-2024-02-05" "metadata" "--no-deps" "--format-version=1", kill_on_drop: false }`
[INFO] [stdout] 2328c60f20ae665a9dce002239b448c2101b2344e297ac2cfcbcc885237c8029
[INFO] running `Command { std: "docker" "start" "-a" "2328c60f20ae665a9dce002239b448c2101b2344e297ac2cfcbcc885237c8029", kill_on_drop: false }`
[INFO] running `Command { std: "docker" "inspect" "2328c60f20ae665a9dce002239b448c2101b2344e297ac2cfcbcc885237c8029", kill_on_drop: false }`
[INFO] running `Command { std: "docker" "rm" "-f" "2328c60f20ae665a9dce002239b448c2101b2344e297ac2cfcbcc885237c8029", kill_on_drop: false }`
[INFO] [stdout] 2328c60f20ae665a9dce002239b448c2101b2344e297ac2cfcbcc885237c8029
[INFO] running `Command { std: "docker" "create" "-v" "/var/lib/crater-agent-workspace/builds/worker-4-tc1/target:/opt/rustwide/target:rw,Z" "-v" "/var/lib/crater-agent-workspace/builds/worker-4-tc1/source:/opt/rustwide/workdir:ro,Z" "-v" "/var/lib/crater-agent-workspace/cargo-home:/opt/rustwide/cargo-home:ro,Z" "-v" "/var/lib/crater-agent-workspace/rustup-home:/opt/rustwide/rustup-home:ro,Z" "-e" "SOURCE_DIR=/opt/rustwide/workdir" "-e" "CARGO_TARGET_DIR=/opt/rustwide/target" "-e" "CARGO_INCREMENTAL=0" "-e" "RUST_BACKTRACE=full" "-e" "RUSTFLAGS=--cap-lints=forbid" "-e" "RUSTDOCFLAGS=--cap-lints=forbid" "-e" "CARGO_HOME=/opt/rustwide/cargo-home" "-e" "RUSTUP_HOME=/opt/rustwide/rustup-home" "-w" "/opt/rustwide/workdir" "-m" "1610612736" "--user" "0:0" "--network" "none" "ghcr.io/rust-lang/crates-build-env/linux@sha256:2788e3201cd34a07e3172128adcd8b3090168a8e3bcc40d7c032b9dda1df7d1c" "/opt/rustwide/cargo-home/bin/cargo" "+nightly-2024-02-05" "check" "--frozen" "--all" "--all-targets" "--message-format=json", kill_on_drop: false }`
[INFO] [stdout] 91f5233aa0b3c6e896d3f400063aa8883301baa048f2fe0de4300ea6948dffe0
[INFO] running `Command { std: "docker" "start" "-a" "91f5233aa0b3c6e896d3f400063aa8883301baa048f2fe0de4300ea6948dffe0", kill_on_drop: false }`
[INFO] [stderr]    Compiling memchr v2.7.1
[INFO] [stderr]    Compiling glob v0.3.1
[INFO] [stderr]    Compiling rustix v0.38.31
[INFO] [stderr]    Compiling regex-syntax v0.8.2
[INFO] [stderr]    Compiling linux-raw-sys v0.4.13
[INFO] [stderr]    Compiling unicode-width v0.1.11
[INFO] [stderr]    Compiling bitflags v2.4.2
[INFO] [stderr]    Compiling minimal-lexical v0.2.1
[INFO] [stderr]    Compiling bindgen v0.59.2
[INFO] [stderr]    Compiling home v0.5.9
[INFO] [stderr]    Compiling either v1.9.0
[INFO] [stderr]    Compiling termcolor v1.4.1
[INFO] [stderr]    Compiling atty v0.2.14
[INFO] [stderr]    Compiling libloading v0.8.1
[INFO] [stderr]    Compiling vec_map v0.8.2
[INFO] [stderr]    Compiling ansi_term v0.12.1
[INFO] [stderr]    Compiling textwrap v0.11.0
[INFO] [stderr]    Compiling humantime v2.1.0
[INFO] [stderr]    Compiling strsim v0.8.0
[INFO] [stderr]    Compiling rustc-hash v1.1.0
[INFO] [stderr]    Compiling lazycell v1.3.0
[INFO] [stderr]    Compiling peeking_take_while v0.1.2
[INFO] [stderr]    Compiling shlex v1.3.0
[INFO] [stderr]    Compiling clap v2.34.0
[INFO] [stderr]    Compiling clang-sys v1.7.0
[INFO] [stderr]    Compiling aho-corasick v1.1.2
[INFO] [stderr]    Compiling nom v7.1.3
[INFO] [stderr]    Compiling regex-automata v0.4.5
[INFO] [stderr]    Compiling which v4.4.2
[INFO] [stderr]    Compiling cexpr v0.6.0
[INFO] [stderr]    Compiling regex v1.10.3
[INFO] [stderr]    Compiling env_logger v0.9.3
[INFO] [stderr]    Compiling luau-src v0.3.0
[INFO] [stderr]     Checking rluau v0.1.1 (/opt/rustwide/workdir)
[INFO] [stdout] error[E0308]: mismatched types
[INFO] [stdout]   --> src/wrap/vm/mod.rs:42:4
[INFO] [stdout]    |
[INFO] [stdout] 41 |         match res {
[INFO] [stdout]    |               --- this expression has type `i32`
[INFO] [stdout] 42 |             raw::LUA_OK => Ok(()), // OK
[INFO] [stdout]    |             ^^^^^^^^^^^ expected `i32`, found `u32`
[INFO] [stdout] 
[INFO] [stdout] 
[INFO] [stdout] error[E0308]: mismatched types
[INFO] [stdout]   --> src/wrap/vm/mod.rs:42:4
[INFO] [stdout]    |
[INFO] [stdout] 41 |         match res {
[INFO] [stdout]    |               --- this expression has type `i32`
[INFO] [stdout] 42 |             raw::LUA_OK => Ok(()), // OK
[INFO] [stdout]    |             ^^^^^^^^^^^ expected `i32`, found `u32`
[INFO] [stdout] 
[INFO] [stdout] 
[INFO] [stdout] error[E0308]: mismatched types
[INFO] [stdout]   --> src/wrap/vm/mod.rs:82:4
[INFO] [stdout]    |
[INFO] [stdout] 81 |         match result {
[INFO] [stdout]    |               ------ this expression has type `i32`
[INFO] [stdout] 82 |             raw::LUA_OK => Ok(()), // OK
[INFO] [stdout]    |             ^^^^^^^^^^^ expected `i32`, found `u32`
[INFO] [stdout] 
[INFO] [stdout] 
[INFO] [stdout] error[E0308]: mismatched types
[INFO] [stdout]   --> src/wrap/vm/mod.rs:82:4
[INFO] [stdout]    |
[INFO] [stdout] 81 |         match result {
[INFO] [stdout]    |               ------ this expression has type `i32`
[INFO] [stdout] 82 |             raw::LUA_OK => Ok(()), // OK
[INFO] [stdout]    |             ^^^^^^^^^^^ expected `i32`, found `u32`
[INFO] [stdout] 
[INFO] [stdout] 
[INFO] [stdout] error: aborting due to 2 previous errors
[INFO] [stdout] 
[INFO] [stdout] 
[INFO] [stdout] For more information about this error, try `rustc --explain E0308`.
[INFO] [stdout] 
[INFO] [stdout] error: aborting due to 2 previous errors
[INFO] [stdout] 
[INFO] [stdout] 
[INFO] [stdout] For more information about this error, try `rustc --explain E0308`.
[INFO] [stdout] 
[INFO] [stderr] error: could not compile `rluau` (lib test) due to 3 previous errors
[INFO] [stderr] warning: build failed, waiting for other jobs to finish...
[INFO] [stderr] error: could not compile `rluau` (lib) due to 3 previous errors
[INFO] running `Command { std: "docker" "inspect" "91f5233aa0b3c6e896d3f400063aa8883301baa048f2fe0de4300ea6948dffe0", kill_on_drop: false }`
[INFO] running `Command { std: "docker" "rm" "-f" "91f5233aa0b3c6e896d3f400063aa8883301baa048f2fe0de4300ea6948dffe0", kill_on_drop: false }`
[INFO] [stdout] 91f5233aa0b3c6e896d3f400063aa8883301baa048f2fe0de4300ea6948dffe0
[INFO] checking rluau-0.1.1 against nightly-2024-02-05+rustflags=-Dunexpected_cfgs+cargoflags=-Zcheck-cfg for check-cfg
[INFO] extracting crate rluau 0.1.1 into /workspace/builds/worker-4-tc2/source
[INFO] validating manifest of crates.io crate rluau 0.1.1 on toolchain nightly-2024-02-05
[INFO] running `Command { std: CARGO_HOME="/workspace/cargo-home" RUSTUP_HOME="/workspace/rustup-home" "/workspace/cargo-home/bin/cargo" "+nightly-2024-02-05" "metadata" "--manifest-path" "Cargo.toml" "--no-deps", kill_on_drop: false }`
[INFO] started tweaking crates.io crate rluau 0.1.1
[INFO] finished tweaking crates.io crate rluau 0.1.1
[INFO] tweaked toml for crates.io crate rluau 0.1.1 written to /workspace/builds/worker-4-tc2/source/Cargo.toml
[INFO] running `Command { std: CARGO_HOME="/workspace/cargo-home" RUSTUP_HOME="/workspace/rustup-home" "/workspace/cargo-home/bin/cargo" "+nightly-2024-02-05" "generate-lockfile" "--manifest-path" "Cargo.toml", kill_on_drop: false }`
[INFO] [stderr]     Updating crates.io index
[INFO] running `Command { std: CARGO_HOME="/workspace/cargo-home" RUSTUP_HOME="/workspace/rustup-home" "/workspace/cargo-home/bin/cargo" "+nightly-2024-02-05" "fetch" "--manifest-path" "Cargo.toml", kill_on_drop: false }`
[INFO] running `Command { std: "docker" "create" "-v" "/var/lib/crater-agent-workspace/builds/worker-4-tc2/target:/opt/rustwide/target:rw,Z" "-v" "/var/lib/crater-agent-workspace/builds/worker-4-tc2/source:/opt/rustwide/workdir:ro,Z" "-v" "/var/lib/crater-agent-workspace/cargo-home:/opt/rustwide/cargo-home:ro,Z" "-v" "/var/lib/crater-agent-workspace/rustup-home:/opt/rustwide/rustup-home:ro,Z" "-e" "SOURCE_DIR=/opt/rustwide/workdir" "-e" "CARGO_TARGET_DIR=/opt/rustwide/target" "-e" "CARGO_HOME=/opt/rustwide/cargo-home" "-e" "RUSTUP_HOME=/opt/rustwide/rustup-home" "-w" "/opt/rustwide/workdir" "-m" "1610612736" "--user" "0:0" "--network" "none" "ghcr.io/rust-lang/crates-build-env/linux@sha256:2788e3201cd34a07e3172128adcd8b3090168a8e3bcc40d7c032b9dda1df7d1c" "/opt/rustwide/cargo-home/bin/cargo" "+nightly-2024-02-05" "metadata" "--no-deps" "--format-version=1", kill_on_drop: false }`
[INFO] [stdout] bbbc1c3ecc43fa17f5b395a58bfd9dfb8521e58bfa9edab5ab496fe9aed4206f
[INFO] running `Command { std: "docker" "start" "-a" "bbbc1c3ecc43fa17f5b395a58bfd9dfb8521e58bfa9edab5ab496fe9aed4206f", kill_on_drop: false }`
[INFO] running `Command { std: "docker" "inspect" "bbbc1c3ecc43fa17f5b395a58bfd9dfb8521e58bfa9edab5ab496fe9aed4206f", kill_on_drop: false }`
[INFO] running `Command { std: "docker" "rm" "-f" "bbbc1c3ecc43fa17f5b395a58bfd9dfb8521e58bfa9edab5ab496fe9aed4206f", kill_on_drop: false }`
[INFO] [stdout] bbbc1c3ecc43fa17f5b395a58bfd9dfb8521e58bfa9edab5ab496fe9aed4206f
[INFO] running `Command { std: "docker" "create" "-v" "/var/lib/crater-agent-workspace/builds/worker-4-tc2/target:/opt/rustwide/target:rw,Z" "-v" "/var/lib/crater-agent-workspace/builds/worker-4-tc2/source:/opt/rustwide/workdir:ro,Z" "-v" "/var/lib/crater-agent-workspace/cargo-home:/opt/rustwide/cargo-home:ro,Z" "-v" "/var/lib/crater-agent-workspace/rustup-home:/opt/rustwide/rustup-home:ro,Z" "-e" "SOURCE_DIR=/opt/rustwide/workdir" "-e" "CARGO_TARGET_DIR=/opt/rustwide/target" "-e" "CARGO_INCREMENTAL=0" "-e" "RUST_BACKTRACE=full" "-e" "RUSTFLAGS=--cap-lints=forbid -Dunexpected_cfgs" "-e" "RUSTDOCFLAGS=--cap-lints=forbid" "-e" "CARGO_HOME=/opt/rustwide/cargo-home" "-e" "RUSTUP_HOME=/opt/rustwide/rustup-home" "-w" "/opt/rustwide/workdir" "-m" "1610612736" "--user" "0:0" "--network" "none" "ghcr.io/rust-lang/crates-build-env/linux@sha256:2788e3201cd34a07e3172128adcd8b3090168a8e3bcc40d7c032b9dda1df7d1c" "/opt/rustwide/cargo-home/bin/cargo" "+nightly-2024-02-05" "check" "--frozen" "--all" "--all-targets" "--message-format=json" "-Zcheck-cfg", kill_on_drop: false }`
[INFO] [stdout] 5377cd069f088f4570c849bc51356fad26f3650bb1bedb93d2d620b641a8cfb0
[INFO] running `Command { std: "docker" "start" "-a" "5377cd069f088f4570c849bc51356fad26f3650bb1bedb93d2d620b641a8cfb0", kill_on_drop: false }`
[INFO] [stderr]    Compiling memchr v2.7.1
[INFO] [stderr]    Compiling glob v0.3.1
[INFO] [stderr]    Compiling regex-syntax v0.8.2
[INFO] [stderr]    Compiling rustix v0.38.31
[INFO] [stderr]    Compiling linux-raw-sys v0.4.13
[INFO] [stderr]    Compiling minimal-lexical v0.2.1
[INFO] [stderr]    Compiling bitflags v2.4.2
[INFO] [stderr]    Compiling unicode-width v0.1.11
[INFO] [stderr]    Compiling termcolor v1.4.1
[INFO] [stderr]    Compiling home v0.5.9
[INFO] [stderr]    Compiling strsim v0.8.0
[INFO] [stderr]    Compiling vec_map v0.8.2
[INFO] [stderr]    Compiling atty v0.2.14
[INFO] [stderr]    Compiling libloading v0.8.1
[INFO] [stderr]    Compiling ansi_term v0.12.1
[INFO] [stderr]    Compiling bindgen v0.59.2
[INFO] [stderr]    Compiling textwrap v0.11.0
[INFO] [stderr]    Compiling humantime v2.1.0
[INFO] [stderr]    Compiling either v1.9.0
[INFO] [stderr]    Compiling peeking_take_while v0.1.2
[INFO] [stderr]    Compiling clap v2.34.0
[INFO] [stderr]    Compiling lazycell v1.3.0
[INFO] [stderr]    Compiling shlex v1.3.0
[INFO] [stderr]    Compiling rustc-hash v1.1.0
[INFO] [stderr]    Compiling clang-sys v1.7.0
[INFO] [stderr]    Compiling aho-corasick v1.1.2
[INFO] [stderr]    Compiling nom v7.1.3
[INFO] [stderr]    Compiling regex-automata v0.4.5
[INFO] [stderr]    Compiling which v4.4.2
[INFO] [stderr]    Compiling cexpr v0.6.0
[INFO] [stderr]    Compiling regex v1.10.3
[INFO] [stderr]    Compiling env_logger v0.9.3
[INFO] [stderr]    Compiling luau-src v0.3.0
[INFO] [stderr]     Checking rluau v0.1.1 (/opt/rustwide/workdir)
[INFO] [stdout] error[E0308]: mismatched types
[INFO] [stdout]   --> src/wrap/vm/mod.rs:42:4
[INFO] [stdout]    |
[INFO] [stdout] 41 |         match res {
[INFO] [stdout]    |               --- this expression has type `i32`
[INFO] [stdout] 42 |             raw::LUA_OK => Ok(()), // OK
[INFO] [stdout]    |             ^^^^^^^^^^^ expected `i32`, found `u32`
[INFO] [stdout] 
[INFO] [stdout] 
[INFO] [stdout] error[E0308]: mismatched types
[INFO] [stdout]   --> src/wrap/vm/mod.rs:82:4
[INFO] [stdout]    |
[INFO] [stdout] 81 |         match result {
[INFO] [stdout]    |               ------ this expression has type `i32`
[INFO] [stdout] 82 |             raw::LUA_OK => Ok(()), // OK
[INFO] [stdout]    |             ^^^^^^^^^^^ expected `i32`, found `u32`
[INFO] [stdout] 
[INFO] [stdout] 
[INFO] [stdout] error: aborting due to 2 previous errors
[INFO] [stdout] 
[INFO] [stdout] 
[INFO] [stdout] For more information about this error, try `rustc --explain E0308`.
[INFO] [stdout] 
[INFO] [stdout] error[E0308]: mismatched types
[INFO] [stdout]   --> src/wrap/vm/mod.rs:42:4
[INFO] [stdout]    |
[INFO] [stdout] 41 |         match res {
[INFO] [stdout]    |               --- this expression has type `i32`
[INFO] [stdout] 42 |             raw::LUA_OK => Ok(()), // OK
[INFO] [stdout]    |             ^^^^^^^^^^^ expected `i32`, found `u32`
[INFO] [stdout] 
[INFO] [stdout] 
[INFO] [stdout] error[E0308]: mismatched types
[INFO] [stdout]   --> src/wrap/vm/mod.rs:82:4
[INFO] [stdout]    |
[INFO] [stdout] 81 |         match result {
[INFO] [stdout]    |               ------ this expression has type `i32`
[INFO] [stdout] 82 |             raw::LUA_OK => Ok(()), // OK
[INFO] [stdout]    |             ^^^^^^^^^^^ expected `i32`, found `u32`
[INFO] [stdout] 
[INFO] [stdout] 
[INFO] [stdout] error: aborting due to 2 previous errors
[INFO] [stdout] 
[INFO] [stdout] 
[INFO] [stdout] For more information about this error, try `rustc --explain E0308`.
[INFO] [stdout] 
[INFO] [stderr] error: could not compile `rluau` (lib test) due to 3 previous errors
[INFO] [stderr] warning: build failed, waiting for other jobs to finish...
[INFO] [stderr] error: could not compile `rluau` (lib) due to 3 previous errors
[INFO] running `Command { std: "docker" "inspect" "5377cd069f088f4570c849bc51356fad26f3650bb1bedb93d2d620b641a8cfb0", kill_on_drop: false }`
[INFO] running `Command { std: "docker" "rm" "-f" "5377cd069f088f4570c849bc51356fad26f3650bb1bedb93d2d620b641a8cfb0", kill_on_drop: false }`
[INFO] [stdout] 5377cd069f088f4570c849bc51356fad26f3650bb1bedb93d2d620b641a8cfb0
