[INFO] fetching crate ripen 0.1.0...
[INFO] checking ripen-0.1.0 against nightly-2024-02-05 for check-cfg
[INFO] extracting crate ripen 0.1.0 into /workspace/builds/worker-6-tc1/source
[INFO] validating manifest of crates.io crate ripen 0.1.0 on toolchain nightly-2024-02-05
[INFO] running `Command { std: CARGO_HOME="/workspace/cargo-home" RUSTUP_HOME="/workspace/rustup-home" "/workspace/cargo-home/bin/cargo" "+nightly-2024-02-05" "metadata" "--manifest-path" "Cargo.toml" "--no-deps", kill_on_drop: false }`
[INFO] removed /workspace/builds/worker-6-tc1/source/rust-toolchain
[INFO] started tweaking crates.io crate ripen 0.1.0
[INFO] finished tweaking crates.io crate ripen 0.1.0
[INFO] tweaked toml for crates.io crate ripen 0.1.0 written to /workspace/builds/worker-6-tc1/source/Cargo.toml
[INFO] crate crates.io crate ripen 0.1.0 already has a lockfile, it will not be regenerated
[INFO] running `Command { std: CARGO_HOME="/workspace/cargo-home" RUSTUP_HOME="/workspace/rustup-home" "/workspace/cargo-home/bin/cargo" "+nightly-2024-02-05" "fetch" "--manifest-path" "Cargo.toml", kill_on_drop: false }`
[INFO] [stderr]  Downloading crates ...
[INFO] [stderr]   Downloaded ratatui v0.20.1
[INFO] running `Command { std: "docker" "create" "-v" "/var/lib/crater-agent-workspace/builds/worker-6-tc1/target:/opt/rustwide/target:rw,Z" "-v" "/var/lib/crater-agent-workspace/builds/worker-6-tc1/source:/opt/rustwide/workdir:ro,Z" "-v" "/var/lib/crater-agent-workspace/cargo-home:/opt/rustwide/cargo-home:ro,Z" "-v" "/var/lib/crater-agent-workspace/rustup-home:/opt/rustwide/rustup-home:ro,Z" "-e" "SOURCE_DIR=/opt/rustwide/workdir" "-e" "CARGO_TARGET_DIR=/opt/rustwide/target" "-e" "CARGO_HOME=/opt/rustwide/cargo-home" "-e" "RUSTUP_HOME=/opt/rustwide/rustup-home" "-w" "/opt/rustwide/workdir" "-m" "1610612736" "--user" "0:0" "--network" "none" "ghcr.io/rust-lang/crates-build-env/linux@sha256:2788e3201cd34a07e3172128adcd8b3090168a8e3bcc40d7c032b9dda1df7d1c" "/opt/rustwide/cargo-home/bin/cargo" "+nightly-2024-02-05" "metadata" "--no-deps" "--format-version=1", kill_on_drop: false }`
[INFO] [stdout] 723192bfd12f5a6fa9393bedcc9008232278bfa0be58c903411f3541bc264061
[INFO] running `Command { std: "docker" "start" "-a" "723192bfd12f5a6fa9393bedcc9008232278bfa0be58c903411f3541bc264061", kill_on_drop: false }`
[INFO] running `Command { std: "docker" "inspect" "723192bfd12f5a6fa9393bedcc9008232278bfa0be58c903411f3541bc264061", kill_on_drop: false }`
[INFO] running `Command { std: "docker" "rm" "-f" "723192bfd12f5a6fa9393bedcc9008232278bfa0be58c903411f3541bc264061", kill_on_drop: false }`
[INFO] [stdout] 723192bfd12f5a6fa9393bedcc9008232278bfa0be58c903411f3541bc264061
[INFO] running `Command { std: "docker" "create" "-v" "/var/lib/crater-agent-workspace/builds/worker-6-tc1/target:/opt/rustwide/target:rw,Z" "-v" "/var/lib/crater-agent-workspace/builds/worker-6-tc1/source:/opt/rustwide/workdir:ro,Z" "-v" "/var/lib/crater-agent-workspace/cargo-home:/opt/rustwide/cargo-home:ro,Z" "-v" "/var/lib/crater-agent-workspace/rustup-home:/opt/rustwide/rustup-home:ro,Z" "-e" "SOURCE_DIR=/opt/rustwide/workdir" "-e" "CARGO_TARGET_DIR=/opt/rustwide/target" "-e" "CARGO_INCREMENTAL=0" "-e" "RUST_BACKTRACE=full" "-e" "RUSTFLAGS=--cap-lints=forbid" "-e" "RUSTDOCFLAGS=--cap-lints=forbid" "-e" "CARGO_HOME=/opt/rustwide/cargo-home" "-e" "RUSTUP_HOME=/opt/rustwide/rustup-home" "-w" "/opt/rustwide/workdir" "-m" "1610612736" "--user" "0:0" "--network" "none" "ghcr.io/rust-lang/crates-build-env/linux@sha256:2788e3201cd34a07e3172128adcd8b3090168a8e3bcc40d7c032b9dda1df7d1c" "/opt/rustwide/cargo-home/bin/cargo" "+nightly-2024-02-05" "check" "--frozen" "--all" "--all-targets" "--message-format=json", kill_on_drop: false }`
[INFO] [stdout] b3c5848b50f3a35b2cd7a6332fcbddc4bc9c85b441b45fa098e7dc5e38b99fc5
[INFO] running `Command { std: "docker" "start" "-a" "b3c5848b50f3a35b2cd7a6332fcbddc4bc9c85b441b45fa098e7dc5e38b99fc5", kill_on_drop: false }`
[INFO] [stderr]    Compiling libc v0.2.144
[INFO] [stderr]    Compiling log v0.4.17
[INFO] [stderr]    Compiling signal-hook v0.3.15
[INFO] [stderr]    Compiling parking_lot_core v0.9.7
[INFO] [stderr]     Checking scopeguard v1.1.0
[INFO] [stderr]     Checking smallvec v1.10.0
[INFO] [stderr]     Checking cassowary v0.3.0
[INFO] [stderr]     Checking unicode-width v0.1.10
[INFO] [stderr]    Compiling lock_api v0.4.9
[INFO] [stderr]     Checking signal-hook-registry v1.4.1
[INFO] [stderr]     Checking mio v0.8.6
[INFO] [stderr]     Checking parking_lot v0.12.1
[INFO] [stderr]     Checking signal-hook-mio v0.2.3
[INFO] [stderr]     Checking crossterm v0.26.1
[INFO] [stderr]     Checking ratatui v0.20.1
[INFO] [stderr]     Checking ripen v0.1.0 (/opt/rustwide/workdir)
[INFO] [stdout] error[E0599]: no method named `rsplit_array_ref` found for mutable reference `&mut Vec<f64>` in the current scope
[INFO] [stdout]   --> src/main.rs:99:31
[INFO] [stdout]    |
[INFO] [stdout] 99 |             let (_, nums) = v.rsplit_array_ref::<N>();
[INFO] [stdout]    |                               ^^^^^^^^^^^^^^^^ help: there is a method with a similar name: `split_at`
[INFO] [stdout] 
[INFO] [stdout] 
[INFO] [stdout] error[E0599]: no method named `rsplit_array_ref` found for mutable reference `&mut Vec<f64>` in the current scope
[INFO] [stdout]   --> src/main.rs:99:31
[INFO] [stdout]    |
[INFO] [stdout] 99 |             let (_, nums) = v.rsplit_array_ref::<N>();
[INFO] [stdout]    |                               ^^^^^^^^^^^^^^^^ help: there is a method with a similar name: `split_at`
[INFO] [stdout] 
[INFO] [stdout] 
[INFO] [stdout] error: aborting due to 1 previous error
[INFO] [stdout] 
[INFO] [stdout] 
[INFO] [stdout] For more information about this error, try `rustc --explain E0599`.
[INFO] [stdout] 
[INFO] [stdout] error: aborting due to 1 previous error
[INFO] [stdout] 
[INFO] [stdout] 
[INFO] [stdout] For more information about this error, try `rustc --explain E0599`.
[INFO] [stdout] 
[INFO] [stderr] error: could not compile `ripen` (bin "ripen" test) due to 2 previous errors
[INFO] [stderr] warning: build failed, waiting for other jobs to finish...
[INFO] [stderr] error: could not compile `ripen` (bin "ripen") due to 2 previous errors
[INFO] running `Command { std: "docker" "inspect" "b3c5848b50f3a35b2cd7a6332fcbddc4bc9c85b441b45fa098e7dc5e38b99fc5", kill_on_drop: false }`
[INFO] running `Command { std: "docker" "rm" "-f" "b3c5848b50f3a35b2cd7a6332fcbddc4bc9c85b441b45fa098e7dc5e38b99fc5", kill_on_drop: false }`
[INFO] [stdout] b3c5848b50f3a35b2cd7a6332fcbddc4bc9c85b441b45fa098e7dc5e38b99fc5
[INFO] checking ripen-0.1.0 against nightly-2024-02-05+rustflags=-Dunexpected_cfgs+cargoflags=-Zcheck-cfg for check-cfg
[INFO] extracting crate ripen 0.1.0 into /workspace/builds/worker-6-tc2/source
[INFO] validating manifest of crates.io crate ripen 0.1.0 on toolchain nightly-2024-02-05
[INFO] running `Command { std: CARGO_HOME="/workspace/cargo-home" RUSTUP_HOME="/workspace/rustup-home" "/workspace/cargo-home/bin/cargo" "+nightly-2024-02-05" "metadata" "--manifest-path" "Cargo.toml" "--no-deps", kill_on_drop: false }`
[INFO] removed /workspace/builds/worker-6-tc2/source/rust-toolchain
[INFO] started tweaking crates.io crate ripen 0.1.0
[INFO] finished tweaking crates.io crate ripen 0.1.0
[INFO] tweaked toml for crates.io crate ripen 0.1.0 written to /workspace/builds/worker-6-tc2/source/Cargo.toml
[INFO] crate crates.io crate ripen 0.1.0 already has a lockfile, it will not be regenerated
[INFO] running `Command { std: CARGO_HOME="/workspace/cargo-home" RUSTUP_HOME="/workspace/rustup-home" "/workspace/cargo-home/bin/cargo" "+nightly-2024-02-05" "fetch" "--manifest-path" "Cargo.toml", kill_on_drop: false }`
[INFO] running `Command { std: "docker" "create" "-v" "/var/lib/crater-agent-workspace/builds/worker-6-tc2/target:/opt/rustwide/target:rw,Z" "-v" "/var/lib/crater-agent-workspace/builds/worker-6-tc2/source:/opt/rustwide/workdir:ro,Z" "-v" "/var/lib/crater-agent-workspace/cargo-home:/opt/rustwide/cargo-home:ro,Z" "-v" "/var/lib/crater-agent-workspace/rustup-home:/opt/rustwide/rustup-home:ro,Z" "-e" "SOURCE_DIR=/opt/rustwide/workdir" "-e" "CARGO_TARGET_DIR=/opt/rustwide/target" "-e" "CARGO_HOME=/opt/rustwide/cargo-home" "-e" "RUSTUP_HOME=/opt/rustwide/rustup-home" "-w" "/opt/rustwide/workdir" "-m" "1610612736" "--user" "0:0" "--network" "none" "ghcr.io/rust-lang/crates-build-env/linux@sha256:2788e3201cd34a07e3172128adcd8b3090168a8e3bcc40d7c032b9dda1df7d1c" "/opt/rustwide/cargo-home/bin/cargo" "+nightly-2024-02-05" "metadata" "--no-deps" "--format-version=1", kill_on_drop: false }`
[INFO] [stdout] 9c753841d49a1f15a60723e53f5b382d07591433daa070651d72bc6f06e689d0
[INFO] running `Command { std: "docker" "start" "-a" "9c753841d49a1f15a60723e53f5b382d07591433daa070651d72bc6f06e689d0", kill_on_drop: false }`
[INFO] running `Command { std: "docker" "inspect" "9c753841d49a1f15a60723e53f5b382d07591433daa070651d72bc6f06e689d0", kill_on_drop: false }`
[INFO] running `Command { std: "docker" "rm" "-f" "9c753841d49a1f15a60723e53f5b382d07591433daa070651d72bc6f06e689d0", kill_on_drop: false }`
[INFO] [stdout] 9c753841d49a1f15a60723e53f5b382d07591433daa070651d72bc6f06e689d0
[INFO] running `Command { std: "docker" "create" "-v" "/var/lib/crater-agent-workspace/builds/worker-6-tc2/target:/opt/rustwide/target:rw,Z" "-v" "/var/lib/crater-agent-workspace/builds/worker-6-tc2/source:/opt/rustwide/workdir:ro,Z" "-v" "/var/lib/crater-agent-workspace/cargo-home:/opt/rustwide/cargo-home:ro,Z" "-v" "/var/lib/crater-agent-workspace/rustup-home:/opt/rustwide/rustup-home:ro,Z" "-e" "SOURCE_DIR=/opt/rustwide/workdir" "-e" "CARGO_TARGET_DIR=/opt/rustwide/target" "-e" "CARGO_INCREMENTAL=0" "-e" "RUST_BACKTRACE=full" "-e" "RUSTFLAGS=--cap-lints=forbid -Dunexpected_cfgs" "-e" "RUSTDOCFLAGS=--cap-lints=forbid" "-e" "CARGO_HOME=/opt/rustwide/cargo-home" "-e" "RUSTUP_HOME=/opt/rustwide/rustup-home" "-w" "/opt/rustwide/workdir" "-m" "1610612736" "--user" "0:0" "--network" "none" "ghcr.io/rust-lang/crates-build-env/linux@sha256:2788e3201cd34a07e3172128adcd8b3090168a8e3bcc40d7c032b9dda1df7d1c" "/opt/rustwide/cargo-home/bin/cargo" "+nightly-2024-02-05" "check" "--frozen" "--all" "--all-targets" "--message-format=json" "-Zcheck-cfg", kill_on_drop: false }`
[INFO] [stdout] 58cb2223235bf66d49041049c92989f51a8c532c60ac3afe43aeb4796531d8bb
[INFO] running `Command { std: "docker" "start" "-a" "58cb2223235bf66d49041049c92989f51a8c532c60ac3afe43aeb4796531d8bb", kill_on_drop: false }`
[INFO] [stderr]    Compiling libc v0.2.144
[INFO] [stderr]    Compiling log v0.4.17
[INFO] [stderr]    Compiling signal-hook v0.3.15
[INFO] [stderr]    Compiling parking_lot_core v0.9.7
[INFO] [stderr]     Checking scopeguard v1.1.0
[INFO] [stderr]     Checking smallvec v1.10.0
[INFO] [stderr]     Checking unicode-width v0.1.10
[INFO] [stderr]     Checking cassowary v0.3.0
[INFO] [stderr]    Compiling lock_api v0.4.9
[INFO] [stderr]     Checking signal-hook-registry v1.4.1
[INFO] [stderr]     Checking mio v0.8.6
[INFO] [stderr]     Checking parking_lot v0.12.1
[INFO] [stderr]     Checking signal-hook-mio v0.2.3
[INFO] [stderr]     Checking crossterm v0.26.1
[INFO] [stderr]     Checking ratatui v0.20.1
[INFO] [stderr]     Checking ripen v0.1.0 (/opt/rustwide/workdir)
[INFO] [stdout] error[E0599]: no method named `rsplit_array_ref` found for mutable reference `&mut Vec<f64>` in the current scope
[INFO] [stdout]   --> src/main.rs:99:31
[INFO] [stdout]    |
[INFO] [stdout] 99 |             let (_, nums) = v.rsplit_array_ref::<N>();
[INFO] [stdout]    |                               ^^^^^^^^^^^^^^^^ help: there is a method with a similar name: `split_at`
[INFO] [stdout] 
[INFO] [stdout] 
[INFO] [stdout] error[E0599]: no method named `rsplit_array_ref` found for mutable reference `&mut Vec<f64>` in the current scope
[INFO] [stdout]   --> src/main.rs:99:31
[INFO] [stdout]    |
[INFO] [stdout] 99 |             let (_, nums) = v.rsplit_array_ref::<N>();
[INFO] [stdout]    |                               ^^^^^^^^^^^^^^^^ help: there is a method with a similar name: `split_at`
[INFO] [stdout] 
[INFO] [stdout] 
[INFO] [stdout] error: aborting due to 1 previous error
[INFO] [stdout] 
[INFO] [stdout] 
[INFO] [stdout] For more information about this error, try `rustc --explain E0599`.
[INFO] [stdout] 
[INFO] [stdout] error: aborting due to 1 previous error
[INFO] [stdout] 
[INFO] [stdout] 
[INFO] [stdout] For more information about this error, try `rustc --explain E0599`.
[INFO] [stdout] 
[INFO] [stderr] error: could not compile `ripen` (bin "ripen" test) due to 2 previous errors
[INFO] [stderr] warning: build failed, waiting for other jobs to finish...
[INFO] [stderr] error: could not compile `ripen` (bin "ripen") due to 2 previous errors
[INFO] running `Command { std: "docker" "inspect" "58cb2223235bf66d49041049c92989f51a8c532c60ac3afe43aeb4796531d8bb", kill_on_drop: false }`
[INFO] running `Command { std: "docker" "rm" "-f" "58cb2223235bf66d49041049c92989f51a8c532c60ac3afe43aeb4796531d8bb", kill_on_drop: false }`
[INFO] [stdout] 58cb2223235bf66d49041049c92989f51a8c532c60ac3afe43aeb4796531d8bb
