[INFO] fetching crate ril 0.10.1...
[INFO] checking ril-0.10.1 against nightly-2024-02-05 for check-cfg
[INFO] extracting crate ril 0.10.1 into /workspace/builds/worker-4-tc1/source
[INFO] validating manifest of crates.io crate ril 0.10.1 on toolchain nightly-2024-02-05
[INFO] running `Command { std: CARGO_HOME="/workspace/cargo-home" RUSTUP_HOME="/workspace/rustup-home" "/workspace/cargo-home/bin/cargo" "+nightly-2024-02-05" "metadata" "--manifest-path" "Cargo.toml" "--no-deps", kill_on_drop: false }`
[INFO] started tweaking crates.io crate ril 0.10.1
[INFO] finished tweaking crates.io crate ril 0.10.1
[INFO] tweaked toml for crates.io crate ril 0.10.1 written to /workspace/builds/worker-4-tc1/source/Cargo.toml
[INFO] running `Command { std: CARGO_HOME="/workspace/cargo-home" RUSTUP_HOME="/workspace/rustup-home" "/workspace/cargo-home/bin/cargo" "+nightly-2024-02-05" "generate-lockfile" "--manifest-path" "Cargo.toml", kill_on_drop: false }`
[INFO] [stderr]     Blocking waiting for file lock on package cache
[INFO] [stderr]     Updating crates.io index
[INFO] running `Command { std: CARGO_HOME="/workspace/cargo-home" RUSTUP_HOME="/workspace/rustup-home" "/workspace/cargo-home/bin/cargo" "+nightly-2024-02-05" "fetch" "--manifest-path" "Cargo.toml", kill_on_drop: false }`
[INFO] [stderr]  Downloading crates ...
[INFO] [stderr]   Downloaded fast_image_resize v2.7.3
[INFO] [stderr]   Downloaded csscolorparser v0.6.2
[INFO] [stderr]   Downloaded colorgrad v0.6.2
[INFO] [stderr]   Downloaded jpeg-encoder v0.5.1
[INFO] [stderr]   Downloaded imageproc v0.23.0
[INFO] running `Command { std: "docker" "create" "-v" "/var/lib/crater-agent-workspace/builds/worker-4-tc1/target:/opt/rustwide/target:rw,Z" "-v" "/var/lib/crater-agent-workspace/builds/worker-4-tc1/source:/opt/rustwide/workdir:ro,Z" "-v" "/var/lib/crater-agent-workspace/cargo-home:/opt/rustwide/cargo-home:ro,Z" "-v" "/var/lib/crater-agent-workspace/rustup-home:/opt/rustwide/rustup-home:ro,Z" "-e" "SOURCE_DIR=/opt/rustwide/workdir" "-e" "CARGO_TARGET_DIR=/opt/rustwide/target" "-e" "CARGO_HOME=/opt/rustwide/cargo-home" "-e" "RUSTUP_HOME=/opt/rustwide/rustup-home" "-w" "/opt/rustwide/workdir" "-m" "1610612736" "--user" "0:0" "--network" "none" "ghcr.io/rust-lang/crates-build-env/linux@sha256:2788e3201cd34a07e3172128adcd8b3090168a8e3bcc40d7c032b9dda1df7d1c" "/opt/rustwide/cargo-home/bin/cargo" "+nightly-2024-02-05" "metadata" "--no-deps" "--format-version=1", kill_on_drop: false }`
[INFO] [stdout] 029b10979aa7d8821a6a2aacea0b120c2a6aa4552518b4291f4141a87d2cb3b0
[INFO] running `Command { std: "docker" "start" "-a" "029b10979aa7d8821a6a2aacea0b120c2a6aa4552518b4291f4141a87d2cb3b0", kill_on_drop: false }`
[INFO] running `Command { std: "docker" "inspect" "029b10979aa7d8821a6a2aacea0b120c2a6aa4552518b4291f4141a87d2cb3b0", kill_on_drop: false }`
[INFO] running `Command { std: "docker" "rm" "-f" "029b10979aa7d8821a6a2aacea0b120c2a6aa4552518b4291f4141a87d2cb3b0", kill_on_drop: false }`
[INFO] [stdout] 029b10979aa7d8821a6a2aacea0b120c2a6aa4552518b4291f4141a87d2cb3b0
[INFO] running `Command { std: "docker" "create" "-v" "/var/lib/crater-agent-workspace/builds/worker-4-tc1/target:/opt/rustwide/target:rw,Z" "-v" "/var/lib/crater-agent-workspace/builds/worker-4-tc1/source:/opt/rustwide/workdir:ro,Z" "-v" "/var/lib/crater-agent-workspace/cargo-home:/opt/rustwide/cargo-home:ro,Z" "-v" "/var/lib/crater-agent-workspace/rustup-home:/opt/rustwide/rustup-home:ro,Z" "-e" "SOURCE_DIR=/opt/rustwide/workdir" "-e" "CARGO_TARGET_DIR=/opt/rustwide/target" "-e" "CARGO_INCREMENTAL=0" "-e" "RUST_BACKTRACE=full" "-e" "RUSTFLAGS=--cap-lints=forbid" "-e" "RUSTDOCFLAGS=--cap-lints=forbid" "-e" "CARGO_HOME=/opt/rustwide/cargo-home" "-e" "RUSTUP_HOME=/opt/rustwide/rustup-home" "-w" "/opt/rustwide/workdir" "-m" "1610612736" "--user" "0:0" "--network" "none" "ghcr.io/rust-lang/crates-build-env/linux@sha256:2788e3201cd34a07e3172128adcd8b3090168a8e3bcc40d7c032b9dda1df7d1c" "/opt/rustwide/cargo-home/bin/cargo" "+nightly-2024-02-05" "check" "--frozen" "--all" "--all-targets" "--message-format=json", kill_on_drop: false }`
[INFO] [stdout] ffb0645d42eab206d4d9d8d1a6fc454e26db55f490e13f4ce51d75b174f78c69
[INFO] running `Command { std: "docker" "start" "-a" "ffb0645d42eab206d4d9d8d1a6fc454e26db55f490e13f4ce51d75b174f78c69", kill_on_drop: false }`
[INFO] [stderr]     Checking cfg-if v1.0.0
[INFO] [stderr]    Compiling num-traits v0.2.17
[INFO] [stderr]     Checking simd-adler32 v0.3.7
[INFO] [stderr]    Compiling num-integer v0.1.45
[INFO] [stderr]    Compiling lock_api v0.4.11
[INFO] [stderr]     Checking adler v1.0.2
[INFO] [stderr]    Compiling crc32fast v1.3.2
[INFO] [stderr]     Checking bytemuck v1.14.1
[INFO] [stderr]    Compiling getrandom v0.1.16
[INFO] [stderr]    Compiling num-bigint v0.4.4
[INFO] [stderr]    Compiling version_check v0.9.4
[INFO] [stderr]    Compiling serde v1.0.196
[INFO] [stderr]     Checking scopeguard v1.2.0
[INFO] [stderr]    Compiling syn v2.0.48
[INFO] [stderr]    Compiling num-rational v0.4.1
[INFO] [stderr]     Checking ttf-parser v0.15.2
[INFO] [stderr]     Checking half v2.3.1
[INFO] [stderr]    Compiling paste v1.0.14
[INFO] [stderr]    Compiling num-iter v0.1.43
[INFO] [stderr]     Checking miniz_oxide v0.7.2
[INFO] [stderr]     Checking safe_arch v0.7.1
[INFO] [stderr]    Compiling matrixmultiply v0.3.8
[INFO] [stderr]    Compiling indexmap v1.9.3
[INFO] [stderr]     Checking weezl v0.1.8
[INFO] [stderr]     Checking zerocopy v0.7.32
[INFO] [stderr]    Compiling ahash v0.8.7
[INFO] [stderr]    Compiling typenum v1.17.0
[INFO] [stderr]    Compiling thiserror v1.0.56
[INFO] [stderr]     Checking rand_core v0.5.1
[INFO] [stderr]     Checking spin v0.9.8
[INFO] [stderr]     Checking ppv-lite86 v0.2.17
[INFO] [stderr]     Checking once_cell v1.19.0
[INFO] [stderr]     Checking color_quant v1.1.0
[INFO] [stderr]     Checking wide v0.7.15
[INFO] [stderr]     Checking flume v0.11.0
[INFO] [stderr]     Checking flate2 v1.0.28
[INFO] [stderr]     Checking zune-inflate v0.2.54
[INFO] [stderr]     Checking fdeflate v0.3.4
[INFO] [stderr]     Checking jpeg-decoder v0.3.1
[INFO] [stderr]     Checking bit_field v0.10.2
[INFO] [stderr]     Checking lebe v0.5.2
[INFO] [stderr]     Checking ciborium-io v0.2.2
[INFO] [stderr]     Checking hashbrown v0.12.3
[INFO] [stderr]     Checking rawpointer v0.2.1
[INFO] [stderr]     Checking os_str_bytes v6.6.1
[INFO] [stderr]     Checking ciborium-ll v0.2.2
[INFO] [stderr]     Checking rand_chacha v0.2.2
[INFO] [stderr]     Checking exr v1.72.0
[INFO] [stderr]     Checking gif v0.12.0
[INFO] [stderr]     Checking hashbrown v0.13.2
[INFO] [stderr]     Checking rand v0.7.3
[INFO] [stderr]     Checking png v0.17.11
[INFO] [stderr]     Checking qoi v0.4.1
[INFO] [stderr]     Checking clap_lex v0.2.4
[INFO] [stderr]     Checking custom_derive v0.1.7
[INFO] [stderr]     Checking byteorder v1.5.0
[INFO] [stderr]     Checking csscolorparser v0.6.2
[INFO] [stderr]     Checking textwrap v0.16.0
[INFO] [stderr]     Checking ab_glyph_rasterizer v0.1.8
[INFO] [stderr]     Checking tiff v0.9.1
[INFO] [stderr]     Checking conv v0.3.3
[INFO] [stderr]     Checking criterion-plot v0.5.0
[INFO] [stderr]     Checking colorgrad v0.6.2
[INFO] [stderr]     Checking anes v0.1.6
[INFO] [stderr]     Checking num-complex v0.4.4
[INFO] [stderr]     Checking approx v0.5.1
[INFO] [stderr]     Checking plotters v0.3.5
[INFO] [stderr]     Checking clap v3.2.25
[INFO] [stderr]     Checking rand_distr v0.2.2
[INFO] [stderr]     Checking owned_ttf_parser v0.15.2
[INFO] [stderr]     Checking rusttype v0.9.3
[INFO] [stderr]     Checking fontdue v0.7.3
[INFO] [stderr]     Checking simba v0.7.3
[INFO] [stderr]    Compiling serde_derive v1.0.196
[INFO] [stderr]    Compiling thiserror-impl v1.0.56
[INFO] [stderr]     Checking image v0.24.8
[INFO] [stderr]     Checking num v0.4.1
[INFO] [stderr]     Checking fast_image_resize v2.7.3
[INFO] [stderr]     Checking ril v0.10.1 (/opt/rustwide/workdir)
[INFO] [stderr]     Checking nalgebra v0.30.1
[INFO] [stderr]     Checking serde_json v1.0.113
[INFO] [stderr]     Checking ciborium v0.2.2
[INFO] [stderr]     Checking tinytemplate v1.2.1
[INFO] [stderr]     Checking criterion v0.4.0
[INFO] [stderr]     Checking imageproc v0.23.0
[INFO] [stdout] error[E0432]: unresolved import `gif`
[INFO] [stdout]  --> benches/invert_comparison.rs:5:5
[INFO] [stdout]   |
[INFO] [stdout] 5 | use gif::{DecodeOptions, Encoder};
[INFO] [stdout]   |     ^^^ use of undeclared crate or module `gif`
[INFO] [stdout] 
[INFO] [stdout] 
[INFO] [stdout] error[E0433]: failed to resolve: use of undeclared crate or module `gif`
[INFO] [stdout]   --> benches/invert_comparison.rs:42:38
[INFO] [stdout]    |
[INFO] [stdout] 42 |             decoder.set_color_output(gif::ColorOutput::RGBA);
[INFO] [stdout]    |                                      ^^^ use of undeclared crate or module `gif`
[INFO] [stdout] 
[INFO] [stdout] 
[INFO] [stdout] error[E0433]: failed to resolve: use of undeclared crate or module `gif`
[INFO] [stdout]   --> benches/invert_comparison.rs:76:21
[INFO] [stdout]    |
[INFO] [stdout] 76 |                     gif::Frame::from_rgba_speed(decoder.width(), decoder.height(), &mut data, 30);
[INFO] [stdout]    |                     ^^^ use of undeclared crate or module `gif`
[INFO] [stdout]    |
[INFO] [stdout] help: consider importing one of these items
[INFO] [stdout]    |
[INFO] [stdout] 1  + use image::Frame;
[INFO] [stdout]    |
[INFO] [stdout] 1  + use image::codecs::webp::vp8::Frame;
[INFO] [stdout]    |
[INFO] [stdout] 1  + use ril::Frame;
[INFO] [stdout]    |
[INFO] [stdout] help: if you import `Frame`, refer to it directly
[INFO] [stdout]    |
[INFO] [stdout] 76 -                     gif::Frame::from_rgba_speed(decoder.width(), decoder.height(), &mut data, 30);
[INFO] [stdout] 76 +                     Frame::from_rgba_speed(decoder.width(), decoder.height(), &mut data, 30);
[INFO] [stdout]    |
[INFO] [stdout] 
[INFO] [stdout] 
[INFO] [stdout] error[E0061]: this function takes 2 arguments but 4 arguments were supplied
[INFO] [stdout]    --> benches/invert_comparison.rs:48:31
[INFO] [stdout]     |
[INFO] [stdout] 48  |             let mut encoder = Encoder::new(
[INFO] [stdout]     |                               ^^^^^^^^^^^^
[INFO] [stdout] ...
[INFO] [stdout] 51  |                 decoder.height(),
[INFO] [stdout]     |                 ---------------- unexpected argument
[INFO] [stdout] 52  |                 &[],
[INFO] [stdout]     |                 --- unexpected argument of type `&[_; 0]`
[INFO] [stdout]     |
[INFO] [stdout] note: associated function defined here
[INFO] [stdout]    --> /opt/rustwide/workdir/src/encode.rs:504:8
[INFO] [stdout]     |
[INFO] [stdout] 504 |     fn new(dest: W, metadata: impl HasEncoderMetadata<Self::Config, P>) -> crate::Result<Self>;
[INFO] [stdout]     |        ^^^
[INFO] [stdout] help: remove the extra arguments
[INFO] [stdout]     |
[INFO] [stdout] 50  -                 decoder.width(),
[INFO] [stdout] 51  -                 decoder.height(),
[INFO] [stdout] 50  +                 decoder.width(),
[INFO] [stdout]     |
[INFO] [stdout] 
[INFO] [stdout] 
[INFO] [stdout] error: aborting due to 4 previous errors
[INFO] [stdout] 
[INFO] [stdout] 
[INFO] [stdout] Some errors have detailed explanations: E0061, E0432, E0433.
[INFO] [stdout] 
[INFO] [stdout] For more information about an error, try `rustc --explain E0061`.
[INFO] [stdout] 
[INFO] [stderr] error: could not compile `ril` (bench "invert_comparison") due to 5 previous errors
[INFO] [stderr] warning: build failed, waiting for other jobs to finish...
[INFO] running `Command { std: "docker" "inspect" "ffb0645d42eab206d4d9d8d1a6fc454e26db55f490e13f4ce51d75b174f78c69", kill_on_drop: false }`
[INFO] running `Command { std: "docker" "rm" "-f" "ffb0645d42eab206d4d9d8d1a6fc454e26db55f490e13f4ce51d75b174f78c69", kill_on_drop: false }`
[INFO] [stdout] ffb0645d42eab206d4d9d8d1a6fc454e26db55f490e13f4ce51d75b174f78c69
[INFO] checking ril-0.10.1 against nightly-2024-02-05+rustflags=-Dunexpected_cfgs+cargoflags=-Zcheck-cfg for check-cfg
[INFO] extracting crate ril 0.10.1 into /workspace/builds/worker-4-tc2/source
[INFO] validating manifest of crates.io crate ril 0.10.1 on toolchain nightly-2024-02-05
[INFO] running `Command { std: CARGO_HOME="/workspace/cargo-home" RUSTUP_HOME="/workspace/rustup-home" "/workspace/cargo-home/bin/cargo" "+nightly-2024-02-05" "metadata" "--manifest-path" "Cargo.toml" "--no-deps", kill_on_drop: false }`
[INFO] started tweaking crates.io crate ril 0.10.1
[INFO] finished tweaking crates.io crate ril 0.10.1
[INFO] tweaked toml for crates.io crate ril 0.10.1 written to /workspace/builds/worker-4-tc2/source/Cargo.toml
[INFO] running `Command { std: CARGO_HOME="/workspace/cargo-home" RUSTUP_HOME="/workspace/rustup-home" "/workspace/cargo-home/bin/cargo" "+nightly-2024-02-05" "generate-lockfile" "--manifest-path" "Cargo.toml", kill_on_drop: false }`
[INFO] [stderr]     Updating crates.io index
[INFO] running `Command { std: CARGO_HOME="/workspace/cargo-home" RUSTUP_HOME="/workspace/rustup-home" "/workspace/cargo-home/bin/cargo" "+nightly-2024-02-05" "fetch" "--manifest-path" "Cargo.toml", kill_on_drop: false }`
[INFO] running `Command { std: "docker" "create" "-v" "/var/lib/crater-agent-workspace/builds/worker-4-tc2/target:/opt/rustwide/target:rw,Z" "-v" "/var/lib/crater-agent-workspace/builds/worker-4-tc2/source:/opt/rustwide/workdir:ro,Z" "-v" "/var/lib/crater-agent-workspace/cargo-home:/opt/rustwide/cargo-home:ro,Z" "-v" "/var/lib/crater-agent-workspace/rustup-home:/opt/rustwide/rustup-home:ro,Z" "-e" "SOURCE_DIR=/opt/rustwide/workdir" "-e" "CARGO_TARGET_DIR=/opt/rustwide/target" "-e" "CARGO_HOME=/opt/rustwide/cargo-home" "-e" "RUSTUP_HOME=/opt/rustwide/rustup-home" "-w" "/opt/rustwide/workdir" "-m" "1610612736" "--user" "0:0" "--network" "none" "ghcr.io/rust-lang/crates-build-env/linux@sha256:2788e3201cd34a07e3172128adcd8b3090168a8e3bcc40d7c032b9dda1df7d1c" "/opt/rustwide/cargo-home/bin/cargo" "+nightly-2024-02-05" "metadata" "--no-deps" "--format-version=1", kill_on_drop: false }`
[INFO] [stdout] 79f242239e8c9da9a1f1c7bf8f0a784bf0bfdb1fb969e7f09e74213ecb317fbf
[INFO] running `Command { std: "docker" "start" "-a" "79f242239e8c9da9a1f1c7bf8f0a784bf0bfdb1fb969e7f09e74213ecb317fbf", kill_on_drop: false }`
[INFO] running `Command { std: "docker" "inspect" "79f242239e8c9da9a1f1c7bf8f0a784bf0bfdb1fb969e7f09e74213ecb317fbf", kill_on_drop: false }`
[INFO] running `Command { std: "docker" "rm" "-f" "79f242239e8c9da9a1f1c7bf8f0a784bf0bfdb1fb969e7f09e74213ecb317fbf", kill_on_drop: false }`
[INFO] [stdout] 79f242239e8c9da9a1f1c7bf8f0a784bf0bfdb1fb969e7f09e74213ecb317fbf
[INFO] running `Command { std: "docker" "create" "-v" "/var/lib/crater-agent-workspace/builds/worker-4-tc2/target:/opt/rustwide/target:rw,Z" "-v" "/var/lib/crater-agent-workspace/builds/worker-4-tc2/source:/opt/rustwide/workdir:ro,Z" "-v" "/var/lib/crater-agent-workspace/cargo-home:/opt/rustwide/cargo-home:ro,Z" "-v" "/var/lib/crater-agent-workspace/rustup-home:/opt/rustwide/rustup-home:ro,Z" "-e" "SOURCE_DIR=/opt/rustwide/workdir" "-e" "CARGO_TARGET_DIR=/opt/rustwide/target" "-e" "CARGO_INCREMENTAL=0" "-e" "RUST_BACKTRACE=full" "-e" "RUSTFLAGS=--cap-lints=forbid -Dunexpected_cfgs" "-e" "RUSTDOCFLAGS=--cap-lints=forbid" "-e" "CARGO_HOME=/opt/rustwide/cargo-home" "-e" "RUSTUP_HOME=/opt/rustwide/rustup-home" "-w" "/opt/rustwide/workdir" "-m" "1610612736" "--user" "0:0" "--network" "none" "ghcr.io/rust-lang/crates-build-env/linux@sha256:2788e3201cd34a07e3172128adcd8b3090168a8e3bcc40d7c032b9dda1df7d1c" "/opt/rustwide/cargo-home/bin/cargo" "+nightly-2024-02-05" "check" "--frozen" "--all" "--all-targets" "--message-format=json" "-Zcheck-cfg", kill_on_drop: false }`
[INFO] [stdout] b43edad2723f1f43b2e86106104c60ca34821aa3b65c7c5f3fbfc19d02a55e6e
[INFO] running `Command { std: "docker" "start" "-a" "b43edad2723f1f43b2e86106104c60ca34821aa3b65c7c5f3fbfc19d02a55e6e", kill_on_drop: false }`
[INFO] [stderr]     Checking cfg-if v1.0.0
[INFO] [stderr]    Compiling num-traits v0.2.17
[INFO] [stderr]     Checking simd-adler32 v0.3.7
[INFO] [stderr]    Compiling num-integer v0.1.45
[INFO] [stderr]    Compiling lock_api v0.4.11
[INFO] [stderr]    Compiling getrandom v0.1.16
[INFO] [stderr]    Compiling crc32fast v1.3.2
[INFO] [stderr]     Checking adler v1.0.2
[INFO] [stderr]     Checking bytemuck v1.14.1
[INFO] [stderr]    Compiling num-bigint v0.4.4
[INFO] [stderr]    Compiling serde v1.0.196
[INFO] [stderr]     Checking scopeguard v1.2.0
[INFO] [stderr]    Compiling version_check v0.9.4
[INFO] [stderr]    Compiling num-rational v0.4.1
[INFO] [stderr]    Compiling syn v2.0.48
[INFO] [stderr]     Checking ttf-parser v0.15.2
[INFO] [stderr]     Checking half v2.3.1
[INFO] [stderr]    Compiling paste v1.0.14
[INFO] [stderr]    Compiling matrixmultiply v0.3.8
[INFO] [stderr]     Checking miniz_oxide v0.7.2
[INFO] [stderr]    Compiling num-iter v0.1.43
[INFO] [stderr]     Checking safe_arch v0.7.1
[INFO] [stderr]    Compiling indexmap v1.9.3
[INFO] [stderr]     Checking once_cell v1.19.0
[INFO] [stderr]    Compiling ahash v0.8.7
[INFO] [stderr]    Compiling typenum v1.17.0
[INFO] [stderr]     Checking rand_core v0.5.1
[INFO] [stderr]     Checking weezl v0.1.8
[INFO] [stderr]     Checking ppv-lite86 v0.2.17
[INFO] [stderr]     Checking zerocopy v0.7.32
[INFO] [stderr]    Compiling thiserror v1.0.56
[INFO] [stderr]     Checking color_quant v1.1.0
[INFO] [stderr]     Checking spin v0.9.8
[INFO] [stderr]     Checking zune-inflate v0.2.54
[INFO] [stderr]     Checking flate2 v1.0.28
[INFO] [stderr]     Checking wide v0.7.15
[INFO] [stderr]     Checking fdeflate v0.3.4
[INFO] [stderr]     Checking jpeg-decoder v0.3.1
[INFO] [stderr]     Checking rawpointer v0.2.1
[INFO] [stderr]     Checking lebe v0.5.2
[INFO] [stderr]     Checking os_str_bytes v6.6.1
[INFO] [stderr]     Checking flume v0.11.0
[INFO] [stderr]     Checking rand_chacha v0.2.2
[INFO] [stderr]     Checking hashbrown v0.12.3
[INFO] [stderr]     Checking bit_field v0.10.2
[INFO] [stderr]     Checking ciborium-io v0.2.2
[INFO] [stderr]     Checking clap_lex v0.2.4
[INFO] [stderr]     Checking ciborium-ll v0.2.2
[INFO] [stderr]     Checking rand v0.7.3
[INFO] [stderr]     Checking gif v0.12.0
[INFO] [stderr]     Checking exr v1.72.0
[INFO] [stderr]     Checking png v0.17.11
[INFO] [stderr]     Checking hashbrown v0.13.2
[INFO] [stderr]     Checking qoi v0.4.1
[INFO] [stderr]     Checking custom_derive v0.1.7
[INFO] [stderr]     Checking tiff v0.9.1
[INFO] [stderr]     Checking csscolorparser v0.6.2
[INFO] [stderr]     Checking byteorder v1.5.0
[INFO] [stderr]     Checking textwrap v0.16.0
[INFO] [stderr]     Checking ab_glyph_rasterizer v0.1.8
[INFO] [stderr]     Checking criterion-plot v0.5.0
[INFO] [stderr]     Checking colorgrad v0.6.2
[INFO] [stderr]     Checking conv v0.3.3
[INFO] [stderr]     Checking anes v0.1.6
[INFO] [stderr]     Checking num-complex v0.4.4
[INFO] [stderr]     Checking approx v0.5.1
[INFO] [stderr]     Checking plotters v0.3.5
[INFO] [stderr]     Checking rand_distr v0.2.2
[INFO] [stderr]     Checking owned_ttf_parser v0.15.2
[INFO] [stderr]     Checking fontdue v0.7.3
[INFO] [stderr]     Checking clap v3.2.25
[INFO] [stderr]     Checking rusttype v0.9.3
[INFO] [stderr]     Checking simba v0.7.3
[INFO] [stderr]    Compiling serde_derive v1.0.196
[INFO] [stderr]    Compiling thiserror-impl v1.0.56
[INFO] [stderr]     Checking num v0.4.1
[INFO] [stderr]     Checking image v0.24.8
[INFO] [stderr]     Checking fast_image_resize v2.7.3
[INFO] [stderr]     Checking ril v0.10.1 (/opt/rustwide/workdir)
[INFO] [stderr]     Checking nalgebra v0.30.1
[INFO] [stderr]     Checking serde_json v1.0.113
[INFO] [stderr]     Checking ciborium v0.2.2
[INFO] [stderr]     Checking tinytemplate v1.2.1
[INFO] [stderr]     Checking criterion v0.4.0
[INFO] [stderr]     Checking imageproc v0.23.0
[INFO] [stdout] error[E0432]: unresolved import `gif`
[INFO] [stdout]  --> benches/invert_comparison.rs:5:5
[INFO] [stdout]   |
[INFO] [stdout] 5 | use gif::{DecodeOptions, Encoder};
[INFO] [stdout]   |     ^^^ use of undeclared crate or module `gif`
[INFO] [stdout] 
[INFO] [stdout] 
[INFO] [stdout] error[E0433]: failed to resolve: use of undeclared crate or module `gif`
[INFO] [stdout]   --> benches/invert_comparison.rs:42:38
[INFO] [stdout]    |
[INFO] [stdout] 42 |             decoder.set_color_output(gif::ColorOutput::RGBA);
[INFO] [stdout]    |                                      ^^^ use of undeclared crate or module `gif`
[INFO] [stdout] 
[INFO] [stdout] 
[INFO] [stdout] error[E0433]: failed to resolve: use of undeclared crate or module `gif`
[INFO] [stdout]   --> benches/invert_comparison.rs:76:21
[INFO] [stdout]    |
[INFO] [stdout] 76 |                     gif::Frame::from_rgba_speed(decoder.width(), decoder.height(), &mut data, 30);
[INFO] [stdout]    |                     ^^^ use of undeclared crate or module `gif`
[INFO] [stdout]    |
[INFO] [stdout] help: consider importing one of these items
[INFO] [stdout]    |
[INFO] [stdout] 1  + use image::Frame;
[INFO] [stdout]    |
[INFO] [stdout] 1  + use image::codecs::webp::vp8::Frame;
[INFO] [stdout]    |
[INFO] [stdout] 1  + use ril::Frame;
[INFO] [stdout]    |
[INFO] [stdout] help: if you import `Frame`, refer to it directly
[INFO] [stdout]    |
[INFO] [stdout] 76 -                     gif::Frame::from_rgba_speed(decoder.width(), decoder.height(), &mut data, 30);
[INFO] [stdout] 76 +                     Frame::from_rgba_speed(decoder.width(), decoder.height(), &mut data, 30);
[INFO] [stdout]    |
[INFO] [stdout] 
[INFO] [stdout] 
[INFO] [stdout] error[E0061]: this function takes 2 arguments but 4 arguments were supplied
[INFO] [stdout]    --> benches/invert_comparison.rs:48:31
[INFO] [stdout]     |
[INFO] [stdout] 48  |             let mut encoder = Encoder::new(
[INFO] [stdout]     |                               ^^^^^^^^^^^^
[INFO] [stdout] ...
[INFO] [stdout] 51  |                 decoder.height(),
[INFO] [stdout]     |                 ---------------- unexpected argument
[INFO] [stdout] 52  |                 &[],
[INFO] [stdout]     |                 --- unexpected argument of type `&[_; 0]`
[INFO] [stdout]     |
[INFO] [stdout] note: associated function defined here
[INFO] [stdout]    --> /opt/rustwide/workdir/src/encode.rs:504:8
[INFO] [stdout]     |
[INFO] [stdout] 504 |     fn new(dest: W, metadata: impl HasEncoderMetadata<Self::Config, P>) -> crate::Result<Self>;
[INFO] [stdout]     |        ^^^
[INFO] [stdout] help: remove the extra arguments
[INFO] [stdout]     |
[INFO] [stdout] 50  -                 decoder.width(),
[INFO] [stdout] 51  -                 decoder.height(),
[INFO] [stdout] 50  +                 decoder.width(),
[INFO] [stdout]     |
[INFO] [stdout] 
[INFO] [stdout] 
[INFO] [stdout] error: aborting due to 4 previous errors
[INFO] [stdout] 
[INFO] [stdout] 
[INFO] [stdout] Some errors have detailed explanations: E0061, E0432, E0433.
[INFO] [stdout] 
[INFO] [stdout] For more information about an error, try `rustc --explain E0061`.
[INFO] [stdout] 
[INFO] [stderr] error: could not compile `ril` (bench "invert_comparison") due to 5 previous errors
[INFO] [stderr] warning: build failed, waiting for other jobs to finish...
[INFO] running `Command { std: "docker" "inspect" "b43edad2723f1f43b2e86106104c60ca34821aa3b65c7c5f3fbfc19d02a55e6e", kill_on_drop: false }`
[INFO] running `Command { std: "docker" "rm" "-f" "b43edad2723f1f43b2e86106104c60ca34821aa3b65c7c5f3fbfc19d02a55e6e", kill_on_drop: false }`
[INFO] [stdout] b43edad2723f1f43b2e86106104c60ca34821aa3b65c7c5f3fbfc19d02a55e6e
