[INFO] fetching crate riker-mapvec 0.2.4...
[INFO] checking riker-mapvec-0.2.4 against nightly-2024-02-05 for check-cfg
[INFO] extracting crate riker-mapvec 0.2.4 into /workspace/builds/worker-1-tc1/source
[INFO] validating manifest of crates.io crate riker-mapvec 0.2.4 on toolchain nightly-2024-02-05
[INFO] running `Command { std: CARGO_HOME="/workspace/cargo-home" RUSTUP_HOME="/workspace/rustup-home" "/workspace/cargo-home/bin/cargo" "+nightly-2024-02-05" "metadata" "--manifest-path" "Cargo.toml" "--no-deps", kill_on_drop: false }`
[INFO] started tweaking crates.io crate riker-mapvec 0.2.4
[INFO] finished tweaking crates.io crate riker-mapvec 0.2.4
[INFO] tweaked toml for crates.io crate riker-mapvec 0.2.4 written to /workspace/builds/worker-1-tc1/source/Cargo.toml
[INFO] running `Command { std: CARGO_HOME="/workspace/cargo-home" RUSTUP_HOME="/workspace/rustup-home" "/workspace/cargo-home/bin/cargo" "+nightly-2024-02-05" "generate-lockfile" "--manifest-path" "Cargo.toml", kill_on_drop: false }`
[INFO] [stderr]     Updating crates.io index
[INFO] running `Command { std: CARGO_HOME="/workspace/cargo-home" RUSTUP_HOME="/workspace/rustup-home" "/workspace/cargo-home/bin/cargo" "+nightly-2024-02-05" "fetch" "--manifest-path" "Cargo.toml", kill_on_drop: false }`
[INFO] [stderr]  Downloading crates ...
[INFO] [stderr]   Downloaded riker-timer v0.2.4
[INFO] [stderr]   Downloaded riker-mapvec v0.2.4
[INFO] [stderr]   Downloaded riker-deadletter v0.2.4
[INFO] [stderr]   Downloaded riker-testkit v0.1.0
[INFO] [stderr]   Downloaded riker-log v0.2.4
[INFO] [stderr]   Downloaded riker-default v0.2.4
[INFO] [stderr]   Downloaded riker-dispatcher v0.2.4
[INFO] [stderr]   Downloaded runtime-fmt v0.3.0
[INFO] [stderr]   Downloaded riker v0.2.4
[INFO] running `Command { std: "docker" "create" "-v" "/var/lib/crater-agent-workspace/builds/worker-1-tc1/target:/opt/rustwide/target:rw,Z" "-v" "/var/lib/crater-agent-workspace/builds/worker-1-tc1/source:/opt/rustwide/workdir:ro,Z" "-v" "/var/lib/crater-agent-workspace/cargo-home:/opt/rustwide/cargo-home:ro,Z" "-v" "/var/lib/crater-agent-workspace/rustup-home:/opt/rustwide/rustup-home:ro,Z" "-e" "SOURCE_DIR=/opt/rustwide/workdir" "-e" "CARGO_TARGET_DIR=/opt/rustwide/target" "-e" "CARGO_HOME=/opt/rustwide/cargo-home" "-e" "RUSTUP_HOME=/opt/rustwide/rustup-home" "-w" "/opt/rustwide/workdir" "-m" "1610612736" "--user" "0:0" "--network" "none" "ghcr.io/rust-lang/crates-build-env/linux@sha256:2788e3201cd34a07e3172128adcd8b3090168a8e3bcc40d7c032b9dda1df7d1c" "/opt/rustwide/cargo-home/bin/cargo" "+nightly-2024-02-05" "metadata" "--no-deps" "--format-version=1", kill_on_drop: false }`
[INFO] [stdout] 82ff6b81f3573619df5dbf00ab506fe9bcd1b2681fe3e67b5fcce9ae9c2ec440
[INFO] running `Command { std: "docker" "start" "-a" "82ff6b81f3573619df5dbf00ab506fe9bcd1b2681fe3e67b5fcce9ae9c2ec440", kill_on_drop: false }`
[INFO] running `Command { std: "docker" "inspect" "82ff6b81f3573619df5dbf00ab506fe9bcd1b2681fe3e67b5fcce9ae9c2ec440", kill_on_drop: false }`
[INFO] running `Command { std: "docker" "rm" "-f" "82ff6b81f3573619df5dbf00ab506fe9bcd1b2681fe3e67b5fcce9ae9c2ec440", kill_on_drop: false }`
[INFO] [stdout] 82ff6b81f3573619df5dbf00ab506fe9bcd1b2681fe3e67b5fcce9ae9c2ec440
[INFO] running `Command { std: "docker" "create" "-v" "/var/lib/crater-agent-workspace/builds/worker-1-tc1/target:/opt/rustwide/target:rw,Z" "-v" "/var/lib/crater-agent-workspace/builds/worker-1-tc1/source:/opt/rustwide/workdir:ro,Z" "-v" "/var/lib/crater-agent-workspace/cargo-home:/opt/rustwide/cargo-home:ro,Z" "-v" "/var/lib/crater-agent-workspace/rustup-home:/opt/rustwide/rustup-home:ro,Z" "-e" "SOURCE_DIR=/opt/rustwide/workdir" "-e" "CARGO_TARGET_DIR=/opt/rustwide/target" "-e" "CARGO_INCREMENTAL=0" "-e" "RUST_BACKTRACE=full" "-e" "RUSTFLAGS=--cap-lints=forbid" "-e" "RUSTDOCFLAGS=--cap-lints=forbid" "-e" "CARGO_HOME=/opt/rustwide/cargo-home" "-e" "RUSTUP_HOME=/opt/rustwide/rustup-home" "-w" "/opt/rustwide/workdir" "-m" "1610612736" "--user" "0:0" "--network" "none" "ghcr.io/rust-lang/crates-build-env/linux@sha256:2788e3201cd34a07e3172128adcd8b3090168a8e3bcc40d7c032b9dda1df7d1c" "/opt/rustwide/cargo-home/bin/cargo" "+nightly-2024-02-05" "check" "--frozen" "--all" "--all-targets" "--message-format=json", kill_on_drop: false }`
[INFO] [stdout] c288ba33777a5226b604a1a12307d94c1f52d936223412173c24cc7eaed9735f
[INFO] running `Command { std: "docker" "start" "-a" "c288ba33777a5226b604a1a12307d94c1f52d936223412173c24cc7eaed9735f", kill_on_drop: false }`
[INFO] [stderr]    Compiling serde v1.0.196
[INFO] [stderr]     Checking serde v0.8.23
[INFO] [stderr]    Compiling version_check v0.1.5
[INFO] [stderr]     Checking futures-core-preview v0.3.0-alpha.19
[INFO] [stderr]     Checking futures-sink-preview v0.3.0-alpha.19
[INFO] [stderr]     Checking futures-io-preview v0.3.0-alpha.19
[INFO] [stderr]     Checking num_cpus v1.16.0
[INFO] [stderr]     Checking linked-hash-map v0.5.6
[INFO] [stderr]     Checking ucd-util v0.1.10
[INFO] [stderr]     Checking lazy_static v0.2.11
[INFO] [stderr]     Checking chrono v0.4.33
[INFO] [stderr]     Checking futures-channel-preview v0.3.0-alpha.19
[INFO] [stderr]     Checking regex-syntax v0.5.6
[INFO] [stderr]    Compiling regex v0.2.11
[INFO] [stderr]     Checking thread_local v0.3.6
[INFO] [stderr]     Checking yaml-rust v0.4.5
[INFO] [stderr]    Compiling nom v4.2.3
[INFO] [stderr]     Checking rand v0.4.6
[INFO] [stderr]     Checking futures-util-preview v0.3.0-alpha.19
[INFO] [stderr]     Checking iovec v0.1.4
[INFO] [stderr]     Checking aho-corasick v0.6.10
[INFO] [stderr]     Checking rust-ini v0.13.0
[INFO] [stderr]     Checking utf8-ranges v1.0.5
[INFO] [stderr]     Checking bytes v0.4.12
[INFO] [stderr]     Checking uuid v0.6.5
[INFO] [stderr]     Checking runtime-fmt v0.3.0
[INFO] [stdout] error[E0432]: unresolved import `std::fmt::ArgumentV1`
[INFO] [stdout]   --> /opt/rustwide/cargo-home/registry/src/index.crates.io-6f17d22bba15001f/runtime-fmt-0.3.0/src/lib.rs:39:33
[INFO] [stdout]    |
[INFO] [stdout] 39 | use std::fmt::{self, Arguments, ArgumentV1};
[INFO] [stdout]    |                                 ^^^^^^^^^^
[INFO] [stdout]    |                                 |
[INFO] [stdout]    |                                 no `ArgumentV1` in `fmt`
[INFO] [stdout]    |                                 help: a similar name exists in the module: `Arguments`
[INFO] [stdout] 
[INFO] [stdout] 
[INFO] [stdout] error[E0432]: unresolved import `std::fmt::rt`
[INFO] [stdout]   --> /opt/rustwide/cargo-home/registry/src/index.crates.io-6f17d22bba15001f/runtime-fmt-0.3.0/src/lib.rs:40:15
[INFO] [stdout]    |
[INFO] [stdout] 40 | use std::fmt::rt::v1;
[INFO] [stdout]    |               ^^ could not find `rt` in `fmt`
[INFO] [stdout] 
[INFO] [stdout] 
[INFO] [stdout] error[E0433]: failed to resolve: could not find `ArgumentV1` in `fmt`
[INFO] [stdout]   --> /opt/rustwide/cargo-home/registry/src/index.crates.io-6f17d22bba15001f/runtime-fmt-0.3.0/src/erase.rs:54:48
[INFO] [stdout]    |
[INFO] [stdout] 54 |                               Some(f) => Ok(fmt::ArgumentV1::new(self, f)),
[INFO] [stdout]    |                                                  ^^^^^^^^^^
[INFO] [stdout]    |                                                  |
[INFO] [stdout]    |                                                  could not find `ArgumentV1` in `fmt`
[INFO] [stdout]    |                                                  help: a struct with a similar name exists: `Arguments`
[INFO] [stdout] ...
[INFO] [stdout] 85 | / traits! {
[INFO] [stdout] 86 | |     "", Display, display;
[INFO] [stdout] 87 | |     "?", Debug, debug;
[INFO] [stdout] 88 | |     "e", LowerExp, lower_exp;
[INFO] [stdout] ...  |
[INFO] [stdout] 94 | |     "X", UpperHex, upper_hex;
[INFO] [stdout] 95 | | }
[INFO] [stdout]    | |_- in this macro invocation
[INFO] [stdout]    |
[INFO] [stdout]    = note: this error originates in the macro `traits` (in Nightly builds, run with -Z macro-backtrace for more info)
[INFO] [stdout] 
[INFO] [stdout] 
[INFO] [stdout] error[E0412]: cannot find type `ArgumentV1` in module `fmt`
[INFO] [stdout]   --> /opt/rustwide/cargo-home/registry/src/index.crates.io-6f17d22bba15001f/runtime-fmt-0.3.0/src/erase.rs:42:77
[INFO] [stdout]    |
[INFO] [stdout] 42 |               fn by_name<'n>(&self, name: &'n str, idx: usize) -> Result<fmt::ArgumentV1, Error<'n>>;
[INFO] [stdout]    |                                                                               ^^^^^^^^^^ help: a struct with a similar name exists: `Arguments`
[INFO] [stdout] ...
[INFO] [stdout] 85 | / traits! {
[INFO] [stdout] 86 | |     "", Display, display;
[INFO] [stdout] 87 | |     "?", Debug, debug;
[INFO] [stdout] 88 | |     "e", LowerExp, lower_exp;
[INFO] [stdout] ...  |
[INFO] [stdout] 94 | |     "X", UpperHex, upper_hex;
[INFO] [stdout] 95 | | }
[INFO] [stdout]    | |_- in this macro invocation
[INFO] [stdout]   --> /rustc/268dbbbc4b3fd71c5f360a4d0728295252430b5b/library/core/src/fmt/mod.rs:303:1
[INFO] [stdout]    |
[INFO] [stdout]    = note: similarly named struct `Arguments` defined here
[INFO] [stdout]    |
[INFO] [stdout]    = note: this error originates in the macro `traits` (in Nightly builds, run with -Z macro-backtrace for more info)
[INFO] [stdout] 
[INFO] [stdout] 
[INFO] [stdout] error[E0412]: cannot find type `ArgumentV1` in module `fmt`
[INFO] [stdout]   --> /opt/rustwide/cargo-home/registry/src/index.crates.io-6f17d22bba15001f/runtime-fmt-0.3.0/src/erase.rs:50:77
[INFO] [stdout]    |
[INFO] [stdout] 50 |               fn by_name<'n>(&self, name: &'n str, idx: usize) -> Result<fmt::ArgumentV1, Error<'n>> {
[INFO] [stdout]    |                                                                               ^^^^^^^^^^ help: a struct with a similar name exists: `Arguments`
[INFO] [stdout] ...
[INFO] [stdout] 85 | / traits! {
[INFO] [stdout] 86 | |     "", Display, display;
[INFO] [stdout] 87 | |     "?", Debug, debug;
[INFO] [stdout] 88 | |     "e", LowerExp, lower_exp;
[INFO] [stdout] ...  |
[INFO] [stdout] 94 | |     "X", UpperHex, upper_hex;
[INFO] [stdout] 95 | | }
[INFO] [stdout]    | |_- in this macro invocation
[INFO] [stdout]   --> /rustc/268dbbbc4b3fd71c5f360a4d0728295252430b5b/library/core/src/fmt/mod.rs:303:1
[INFO] [stdout]    |
[INFO] [stdout]    = note: similarly named struct `Arguments` defined here
[INFO] [stdout]    |
[INFO] [stdout]    = note: this error originates in the macro `traits` (in Nightly builds, run with -Z macro-backtrace for more info)
[INFO] [stdout] 
[INFO] [stdout] 
[INFO] [stderr]     Checking riker-testkit v0.1.0
[INFO] [stdout] error[E0599]: no method named `is_xid_start` found for type `char` in the current scope
[INFO] [stdout]    --> /opt/rustwide/cargo-home/registry/src/index.crates.io-6f17d22bba15001f/runtime-fmt-0.3.0/src/fmt_macros.rs:422:34
[INFO] [stdout]     |
[INFO] [stdout] 422 |             Some(&(pos, c)) if c.is_xid_start() => {
[INFO] [stdout]     |                                  ^^^^^^^^^^^^ method not found in `char`
[INFO] [stdout] 
[INFO] [stdout] 
[INFO] [stdout] error[E0599]: no method named `is_xid_continue` found for type `char` in the current scope
[INFO] [stdout]    --> /opt/rustwide/cargo-home/registry/src/index.crates.io-6f17d22bba15001f/runtime-fmt-0.3.0/src/fmt_macros.rs:431:18
[INFO] [stdout]     |
[INFO] [stdout] 431 |             if c.is_xid_continue() {
[INFO] [stdout]     |                  ^^^^^^^^^^^^^^^ method not found in `char`
[INFO] [stdout] 
[INFO] [stdout] 
[INFO] [stdout] error[E0277]: the size for values of type `[core::fmt::rt::Placeholder]` cannot be known at compilation time
[INFO] [stdout]    --> /opt/rustwide/cargo-home/registry/src/index.crates.io-6f17d22bba15001f/runtime-fmt-0.3.0/src/lib.rs:201:13
[INFO] [stdout]     |
[INFO] [stdout] 201 |             Some(ref fmt) => Arguments::new_v1_formatted(&pieces, &args, fmt),
[INFO] [stdout]     |             ^^^^^^^^^^^^^ doesn't have a size known at compile-time
[INFO] [stdout]     |
[INFO] [stdout]     = help: the trait `Sized` is not implemented for `[core::fmt::rt::Placeholder]`
[INFO] [stdout] note: required by a bound in `Some`
[INFO] [stdout]    --> /rustc/268dbbbc4b3fd71c5f360a4d0728295252430b5b/library/core/src/option.rs:578:5
[INFO] [stdout] 
[INFO] [stdout] 
[INFO] [stdout] error[E0061]: this function takes 4 arguments but 3 arguments were supplied
[INFO] [stdout]    --> /opt/rustwide/cargo-home/registry/src/index.crates.io-6f17d22bba15001f/runtime-fmt-0.3.0/src/lib.rs:201:30
[INFO] [stdout]     |
[INFO] [stdout] 201 |             Some(ref fmt) => Arguments::new_v1_formatted(&pieces, &args, fmt),
[INFO] [stdout]     |                              ^^^^^^^^^^^^^^^^^^^^^^^^^^^--------------------- an argument of type `core::fmt::rt::UnsafeArg` is missing
[INFO] [stdout]     |
[INFO] [stdout] note: associated function defined here
[INFO] [stdout]    --> /rustc/268dbbbc4b3fd71c5f360a4d0728295252430b5b/library/core/src/fmt/mod.rs:346:12
[INFO] [stdout] help: provide the argument
[INFO] [stdout]     |
[INFO] [stdout] 201 |             Some(ref fmt) => Arguments::new_v1_formatted(&pieces, &args, fmt, /* core::fmt::rt::UnsafeArg */),
[INFO] [stdout]     |                                                         ~~~~~~~~~~~~~~~~~~~~~~~~~~~~~~~~~~~~~~~~~~~~~~~~~~~~~
[INFO] [stdout] 
[INFO] [stdout] 
[INFO] [stdout] error[E0277]: the size for values of type `[core::fmt::rt::Placeholder]` cannot be known at compilation time
[INFO] [stdout]    --> /opt/rustwide/cargo-home/registry/src/index.crates.io-6f17d22bba15001f/runtime-fmt-0.3.0/src/lib.rs:268:13
[INFO] [stdout]     |
[INFO] [stdout] 268 |             Some(ref fmt) => Arguments::new_v1_formatted(&pieces, &self.inner.args, fmt),
[INFO] [stdout]     |             ^^^^^^^^^^^^^ doesn't have a size known at compile-time
[INFO] [stdout]     |
[INFO] [stdout]     = help: the trait `Sized` is not implemented for `[core::fmt::rt::Placeholder]`
[INFO] [stdout] note: required by a bound in `Some`
[INFO] [stdout]    --> /rustc/268dbbbc4b3fd71c5f360a4d0728295252430b5b/library/core/src/option.rs:578:5
[INFO] [stdout] 
[INFO] [stdout] 
[INFO] [stdout] error[E0061]: this function takes 4 arguments but 3 arguments were supplied
[INFO] [stdout]    --> /opt/rustwide/cargo-home/registry/src/index.crates.io-6f17d22bba15001f/runtime-fmt-0.3.0/src/lib.rs:268:30
[INFO] [stdout]     |
[INFO] [stdout] 268 |             Some(ref fmt) => Arguments::new_v1_formatted(&pieces, &self.inner.args, fmt),
[INFO] [stdout]     |                              ^^^^^^^^^^^^^^^^^^^^^^^^^^^-------------------------------- an argument of type `core::fmt::rt::UnsafeArg` is missing
[INFO] [stdout]     |
[INFO] [stdout] note: associated function defined here
[INFO] [stdout]    --> /rustc/268dbbbc4b3fd71c5f360a4d0728295252430b5b/library/core/src/fmt/mod.rs:346:12
[INFO] [stdout] help: provide the argument
[INFO] [stdout]     |
[INFO] [stdout] 268 |             Some(ref fmt) => Arguments::new_v1_formatted(&pieces, &self.inner.args, fmt, /* core::fmt::rt::UnsafeArg */),
[INFO] [stdout]     |                                                         ~~~~~~~~~~~~~~~~~~~~~~~~~~~~~~~~~~~~~~~~~~~~~~~~~~~~~~~~~~~~~~~~
[INFO] [stdout] 
[INFO] [stdout] 
[INFO] [stdout] error: aborting due to 11 previous errors
[INFO] [stdout] 
[INFO] [stdout] 
[INFO] [stdout] Some errors have detailed explanations: E0061, E0277, E0412, E0432, E0433, E0599.
[INFO] [stdout] 
[INFO] [stdout] For more information about an error, try `rustc --explain E0061`.
[INFO] [stdout] 
[INFO] [stderr] error: could not compile `runtime-fmt` (lib) due to 12 previous errors
[INFO] [stderr] warning: build failed, waiting for other jobs to finish...
[INFO] running `Command { std: "docker" "inspect" "c288ba33777a5226b604a1a12307d94c1f52d936223412173c24cc7eaed9735f", kill_on_drop: false }`
[INFO] running `Command { std: "docker" "rm" "-f" "c288ba33777a5226b604a1a12307d94c1f52d936223412173c24cc7eaed9735f", kill_on_drop: false }`
[INFO] [stdout] c288ba33777a5226b604a1a12307d94c1f52d936223412173c24cc7eaed9735f
[INFO] checking riker-mapvec-0.2.4 against nightly-2024-02-05+rustflags=-Dunexpected_cfgs+cargoflags=-Zcheck-cfg for check-cfg
[INFO] extracting crate riker-mapvec 0.2.4 into /workspace/builds/worker-1-tc2/source
[INFO] validating manifest of crates.io crate riker-mapvec 0.2.4 on toolchain nightly-2024-02-05
[INFO] running `Command { std: CARGO_HOME="/workspace/cargo-home" RUSTUP_HOME="/workspace/rustup-home" "/workspace/cargo-home/bin/cargo" "+nightly-2024-02-05" "metadata" "--manifest-path" "Cargo.toml" "--no-deps", kill_on_drop: false }`
[INFO] started tweaking crates.io crate riker-mapvec 0.2.4
[INFO] finished tweaking crates.io crate riker-mapvec 0.2.4
[INFO] tweaked toml for crates.io crate riker-mapvec 0.2.4 written to /workspace/builds/worker-1-tc2/source/Cargo.toml
[INFO] running `Command { std: CARGO_HOME="/workspace/cargo-home" RUSTUP_HOME="/workspace/rustup-home" "/workspace/cargo-home/bin/cargo" "+nightly-2024-02-05" "generate-lockfile" "--manifest-path" "Cargo.toml", kill_on_drop: false }`
[INFO] [stderr]     Updating crates.io index
[INFO] running `Command { std: CARGO_HOME="/workspace/cargo-home" RUSTUP_HOME="/workspace/rustup-home" "/workspace/cargo-home/bin/cargo" "+nightly-2024-02-05" "fetch" "--manifest-path" "Cargo.toml", kill_on_drop: false }`
[INFO] running `Command { std: "docker" "create" "-v" "/var/lib/crater-agent-workspace/builds/worker-1-tc2/target:/opt/rustwide/target:rw,Z" "-v" "/var/lib/crater-agent-workspace/builds/worker-1-tc2/source:/opt/rustwide/workdir:ro,Z" "-v" "/var/lib/crater-agent-workspace/cargo-home:/opt/rustwide/cargo-home:ro,Z" "-v" "/var/lib/crater-agent-workspace/rustup-home:/opt/rustwide/rustup-home:ro,Z" "-e" "SOURCE_DIR=/opt/rustwide/workdir" "-e" "CARGO_TARGET_DIR=/opt/rustwide/target" "-e" "CARGO_HOME=/opt/rustwide/cargo-home" "-e" "RUSTUP_HOME=/opt/rustwide/rustup-home" "-w" "/opt/rustwide/workdir" "-m" "1610612736" "--user" "0:0" "--network" "none" "ghcr.io/rust-lang/crates-build-env/linux@sha256:2788e3201cd34a07e3172128adcd8b3090168a8e3bcc40d7c032b9dda1df7d1c" "/opt/rustwide/cargo-home/bin/cargo" "+nightly-2024-02-05" "metadata" "--no-deps" "--format-version=1", kill_on_drop: false }`
[INFO] [stdout] a7fb6c122a5dc3fba6745ba7517adf23f65b470b6008ae242d37149571528137
[INFO] running `Command { std: "docker" "start" "-a" "a7fb6c122a5dc3fba6745ba7517adf23f65b470b6008ae242d37149571528137", kill_on_drop: false }`
[INFO] running `Command { std: "docker" "inspect" "a7fb6c122a5dc3fba6745ba7517adf23f65b470b6008ae242d37149571528137", kill_on_drop: false }`
[INFO] running `Command { std: "docker" "rm" "-f" "a7fb6c122a5dc3fba6745ba7517adf23f65b470b6008ae242d37149571528137", kill_on_drop: false }`
[INFO] [stdout] a7fb6c122a5dc3fba6745ba7517adf23f65b470b6008ae242d37149571528137
[INFO] running `Command { std: "docker" "create" "-v" "/var/lib/crater-agent-workspace/builds/worker-1-tc2/target:/opt/rustwide/target:rw,Z" "-v" "/var/lib/crater-agent-workspace/builds/worker-1-tc2/source:/opt/rustwide/workdir:ro,Z" "-v" "/var/lib/crater-agent-workspace/cargo-home:/opt/rustwide/cargo-home:ro,Z" "-v" "/var/lib/crater-agent-workspace/rustup-home:/opt/rustwide/rustup-home:ro,Z" "-e" "SOURCE_DIR=/opt/rustwide/workdir" "-e" "CARGO_TARGET_DIR=/opt/rustwide/target" "-e" "CARGO_INCREMENTAL=0" "-e" "RUST_BACKTRACE=full" "-e" "RUSTFLAGS=--cap-lints=forbid -Dunexpected_cfgs" "-e" "RUSTDOCFLAGS=--cap-lints=forbid" "-e" "CARGO_HOME=/opt/rustwide/cargo-home" "-e" "RUSTUP_HOME=/opt/rustwide/rustup-home" "-w" "/opt/rustwide/workdir" "-m" "1610612736" "--user" "0:0" "--network" "none" "ghcr.io/rust-lang/crates-build-env/linux@sha256:2788e3201cd34a07e3172128adcd8b3090168a8e3bcc40d7c032b9dda1df7d1c" "/opt/rustwide/cargo-home/bin/cargo" "+nightly-2024-02-05" "check" "--frozen" "--all" "--all-targets" "--message-format=json" "-Zcheck-cfg", kill_on_drop: false }`
[INFO] [stdout] 00f5b82f28f9a0d028048807e763134f5ecd80654c03ff43d43e1116b20765ec
[INFO] running `Command { std: "docker" "start" "-a" "00f5b82f28f9a0d028048807e763134f5ecd80654c03ff43d43e1116b20765ec", kill_on_drop: false }`
[INFO] [stderr]    Compiling serde v1.0.196
[INFO] [stderr]     Checking futures-sink-preview v0.3.0-alpha.19
[INFO] [stderr]     Checking serde v0.8.23
[INFO] [stderr]     Checking futures-core-preview v0.3.0-alpha.19
[INFO] [stderr]    Compiling version_check v0.1.5
[INFO] [stderr]     Checking futures-io-preview v0.3.0-alpha.19
[INFO] [stderr]     Checking num_cpus v1.16.0
[INFO] [stderr]     Checking lazy_static v0.2.11
[INFO] [stderr]     Checking linked-hash-map v0.5.6
[INFO] [stderr]     Checking ucd-util v0.1.10
[INFO] [stderr]     Checking chrono v0.4.33
[INFO] [stderr]     Checking futures-channel-preview v0.3.0-alpha.19
[INFO] [stderr]    Compiling regex v0.2.11
[INFO] [stderr]     Checking regex-syntax v0.5.6
[INFO] [stderr]     Checking thread_local v0.3.6
[INFO] [stderr]     Checking yaml-rust v0.4.5
[INFO] [stderr]     Checking rand v0.4.6
[INFO] [stderr]     Checking futures-util-preview v0.3.0-alpha.19
[INFO] [stderr]    Compiling nom v4.2.3
[INFO] [stderr]     Checking iovec v0.1.4
[INFO] [stderr]     Checking aho-corasick v0.6.10
[INFO] [stderr]     Checking rust-ini v0.13.0
[INFO] [stderr]     Checking utf8-ranges v1.0.5
[INFO] [stderr]     Checking bytes v0.4.12
[INFO] [stderr]     Checking uuid v0.6.5
[INFO] [stderr]     Checking runtime-fmt v0.3.0
[INFO] [stdout] error[E0432]: unresolved import `std::fmt::ArgumentV1`
[INFO] [stdout]   --> /opt/rustwide/cargo-home/registry/src/index.crates.io-6f17d22bba15001f/runtime-fmt-0.3.0/src/lib.rs:39:33
[INFO] [stdout]    |
[INFO] [stdout] 39 | use std::fmt::{self, Arguments, ArgumentV1};
[INFO] [stdout]    |                                 ^^^^^^^^^^
[INFO] [stdout]    |                                 |
[INFO] [stdout]    |                                 no `ArgumentV1` in `fmt`
[INFO] [stdout]    |                                 help: a similar name exists in the module: `Arguments`
[INFO] [stdout] 
[INFO] [stdout] 
[INFO] [stdout] error[E0432]: unresolved import `std::fmt::rt`
[INFO] [stdout]   --> /opt/rustwide/cargo-home/registry/src/index.crates.io-6f17d22bba15001f/runtime-fmt-0.3.0/src/lib.rs:40:15
[INFO] [stdout]    |
[INFO] [stdout] 40 | use std::fmt::rt::v1;
[INFO] [stdout]    |               ^^ could not find `rt` in `fmt`
[INFO] [stdout] 
[INFO] [stdout] 
[INFO] [stdout] error[E0433]: failed to resolve: could not find `ArgumentV1` in `fmt`
[INFO] [stdout]   --> /opt/rustwide/cargo-home/registry/src/index.crates.io-6f17d22bba15001f/runtime-fmt-0.3.0/src/erase.rs:54:48
[INFO] [stdout]    |
[INFO] [stdout] 54 |                               Some(f) => Ok(fmt::ArgumentV1::new(self, f)),
[INFO] [stdout]    |                                                  ^^^^^^^^^^
[INFO] [stdout]    |                                                  |
[INFO] [stdout]    |                                                  could not find `ArgumentV1` in `fmt`
[INFO] [stdout]    |                                                  help: a struct with a similar name exists: `Arguments`
[INFO] [stdout] ...
[INFO] [stdout] 85 | / traits! {
[INFO] [stdout] 86 | |     "", Display, display;
[INFO] [stdout] 87 | |     "?", Debug, debug;
[INFO] [stdout] 88 | |     "e", LowerExp, lower_exp;
[INFO] [stdout] ...  |
[INFO] [stdout] 94 | |     "X", UpperHex, upper_hex;
[INFO] [stdout] 95 | | }
[INFO] [stdout]    | |_- in this macro invocation
[INFO] [stdout]    |
[INFO] [stdout]    = note: this error originates in the macro `traits` (in Nightly builds, run with -Z macro-backtrace for more info)
[INFO] [stdout] 
[INFO] [stdout] 
[INFO] [stdout] error[E0412]: cannot find type `ArgumentV1` in module `fmt`
[INFO] [stdout]   --> /opt/rustwide/cargo-home/registry/src/index.crates.io-6f17d22bba15001f/runtime-fmt-0.3.0/src/erase.rs:42:77
[INFO] [stdout]    |
[INFO] [stdout] 42 |               fn by_name<'n>(&self, name: &'n str, idx: usize) -> Result<fmt::ArgumentV1, Error<'n>>;
[INFO] [stdout]    |                                                                               ^^^^^^^^^^ help: a struct with a similar name exists: `Arguments`
[INFO] [stdout] ...
[INFO] [stdout] 85 | / traits! {
[INFO] [stdout] 86 | |     "", Display, display;
[INFO] [stdout] 87 | |     "?", Debug, debug;
[INFO] [stdout] 88 | |     "e", LowerExp, lower_exp;
[INFO] [stdout] ...  |
[INFO] [stdout] 94 | |     "X", UpperHex, upper_hex;
[INFO] [stdout] 95 | | }
[INFO] [stdout]    | |_- in this macro invocation
[INFO] [stdout]   --> /rustc/268dbbbc4b3fd71c5f360a4d0728295252430b5b/library/core/src/fmt/mod.rs:303:1
[INFO] [stdout]    |
[INFO] [stdout]    = note: similarly named struct `Arguments` defined here
[INFO] [stdout]    |
[INFO] [stdout]    = note: this error originates in the macro `traits` (in Nightly builds, run with -Z macro-backtrace for more info)
[INFO] [stdout] 
[INFO] [stdout] 
[INFO] [stdout] error[E0412]: cannot find type `ArgumentV1` in module `fmt`
[INFO] [stdout]   --> /opt/rustwide/cargo-home/registry/src/index.crates.io-6f17d22bba15001f/runtime-fmt-0.3.0/src/erase.rs:50:77
[INFO] [stdout]    |
[INFO] [stdout] 50 |               fn by_name<'n>(&self, name: &'n str, idx: usize) -> Result<fmt::ArgumentV1, Error<'n>> {
[INFO] [stdout]    |                                                                               ^^^^^^^^^^ help: a struct with a similar name exists: `Arguments`
[INFO] [stdout] ...
[INFO] [stdout] 85 | / traits! {
[INFO] [stdout] 86 | |     "", Display, display;
[INFO] [stdout] 87 | |     "?", Debug, debug;
[INFO] [stdout] 88 | |     "e", LowerExp, lower_exp;
[INFO] [stdout] ...  |
[INFO] [stdout] 94 | |     "X", UpperHex, upper_hex;
[INFO] [stdout] 95 | | }
[INFO] [stdout]    | |_- in this macro invocation
[INFO] [stdout]   --> /rustc/268dbbbc4b3fd71c5f360a4d0728295252430b5b/library/core/src/fmt/mod.rs:303:1
[INFO] [stdout]    |
[INFO] [stdout]    = note: similarly named struct `Arguments` defined here
[INFO] [stdout]    |
[INFO] [stdout]    = note: this error originates in the macro `traits` (in Nightly builds, run with -Z macro-backtrace for more info)
[INFO] [stdout] 
[INFO] [stdout] 
[INFO] [stdout] error[E0599]: no method named `is_xid_start` found for type `char` in the current scope
[INFO] [stdout]    --> /opt/rustwide/cargo-home/registry/src/index.crates.io-6f17d22bba15001f/runtime-fmt-0.3.0/src/fmt_macros.rs:422:34
[INFO] [stdout]     |
[INFO] [stdout] 422 |             Some(&(pos, c)) if c.is_xid_start() => {
[INFO] [stdout]     |                                  ^^^^^^^^^^^^ method not found in `char`
[INFO] [stdout] 
[INFO] [stdout] 
[INFO] [stdout] error[E0599]: no method named `is_xid_continue` found for type `char` in the current scope
[INFO] [stdout]    --> /opt/rustwide/cargo-home/registry/src/index.crates.io-6f17d22bba15001f/runtime-fmt-0.3.0/src/fmt_macros.rs:431:18
[INFO] [stdout]     |
[INFO] [stdout] 431 |             if c.is_xid_continue() {
[INFO] [stdout]     |                  ^^^^^^^^^^^^^^^ method not found in `char`
[INFO] [stdout] 
[INFO] [stdout] 
[INFO] [stderr]     Checking riker-testkit v0.1.0
[INFO] [stdout] error[E0277]: the size for values of type `[core::fmt::rt::Placeholder]` cannot be known at compilation time
[INFO] [stdout]    --> /opt/rustwide/cargo-home/registry/src/index.crates.io-6f17d22bba15001f/runtime-fmt-0.3.0/src/lib.rs:201:13
[INFO] [stdout]     |
[INFO] [stdout] 201 |             Some(ref fmt) => Arguments::new_v1_formatted(&pieces, &args, fmt),
[INFO] [stdout]     |             ^^^^^^^^^^^^^ doesn't have a size known at compile-time
[INFO] [stdout]     |
[INFO] [stdout]     = help: the trait `Sized` is not implemented for `[core::fmt::rt::Placeholder]`
[INFO] [stdout] note: required by a bound in `Some`
[INFO] [stdout]    --> /rustc/268dbbbc4b3fd71c5f360a4d0728295252430b5b/library/core/src/option.rs:578:5
[INFO] [stdout] 
[INFO] [stdout] 
[INFO] [stdout] error[E0061]: this function takes 4 arguments but 3 arguments were supplied
[INFO] [stdout]    --> /opt/rustwide/cargo-home/registry/src/index.crates.io-6f17d22bba15001f/runtime-fmt-0.3.0/src/lib.rs:201:30
[INFO] [stdout]     |
[INFO] [stdout] 201 |             Some(ref fmt) => Arguments::new_v1_formatted(&pieces, &args, fmt),
[INFO] [stdout]     |                              ^^^^^^^^^^^^^^^^^^^^^^^^^^^--------------------- an argument of type `core::fmt::rt::UnsafeArg` is missing
[INFO] [stdout]     |
[INFO] [stdout] note: associated function defined here
[INFO] [stdout]    --> /rustc/268dbbbc4b3fd71c5f360a4d0728295252430b5b/library/core/src/fmt/mod.rs:346:12
[INFO] [stdout] help: provide the argument
[INFO] [stdout]     |
[INFO] [stdout] 201 |             Some(ref fmt) => Arguments::new_v1_formatted(&pieces, &args, fmt, /* core::fmt::rt::UnsafeArg */),
[INFO] [stdout]     |                                                         ~~~~~~~~~~~~~~~~~~~~~~~~~~~~~~~~~~~~~~~~~~~~~~~~~~~~~
[INFO] [stdout] 
[INFO] [stdout] 
[INFO] [stdout] error[E0277]: the size for values of type `[core::fmt::rt::Placeholder]` cannot be known at compilation time
[INFO] [stdout]    --> /opt/rustwide/cargo-home/registry/src/index.crates.io-6f17d22bba15001f/runtime-fmt-0.3.0/src/lib.rs:268:13
[INFO] [stdout]     |
[INFO] [stdout] 268 |             Some(ref fmt) => Arguments::new_v1_formatted(&pieces, &self.inner.args, fmt),
[INFO] [stdout]     |             ^^^^^^^^^^^^^ doesn't have a size known at compile-time
[INFO] [stdout]     |
[INFO] [stdout]     = help: the trait `Sized` is not implemented for `[core::fmt::rt::Placeholder]`
[INFO] [stdout] note: required by a bound in `Some`
[INFO] [stdout]    --> /rustc/268dbbbc4b3fd71c5f360a4d0728295252430b5b/library/core/src/option.rs:578:5
[INFO] [stdout] 
[INFO] [stdout] 
[INFO] [stdout] error[E0061]: this function takes 4 arguments but 3 arguments were supplied
[INFO] [stdout]    --> /opt/rustwide/cargo-home/registry/src/index.crates.io-6f17d22bba15001f/runtime-fmt-0.3.0/src/lib.rs:268:30
[INFO] [stdout]     |
[INFO] [stdout] 268 |             Some(ref fmt) => Arguments::new_v1_formatted(&pieces, &self.inner.args, fmt),
[INFO] [stdout]     |                              ^^^^^^^^^^^^^^^^^^^^^^^^^^^-------------------------------- an argument of type `core::fmt::rt::UnsafeArg` is missing
[INFO] [stdout]     |
[INFO] [stdout] note: associated function defined here
[INFO] [stdout]    --> /rustc/268dbbbc4b3fd71c5f360a4d0728295252430b5b/library/core/src/fmt/mod.rs:346:12
[INFO] [stdout] help: provide the argument
[INFO] [stdout]     |
[INFO] [stdout] 268 |             Some(ref fmt) => Arguments::new_v1_formatted(&pieces, &self.inner.args, fmt, /* core::fmt::rt::UnsafeArg */),
[INFO] [stdout]     |                                                         ~~~~~~~~~~~~~~~~~~~~~~~~~~~~~~~~~~~~~~~~~~~~~~~~~~~~~~~~~~~~~~~~
[INFO] [stdout] 
[INFO] [stdout] 
[INFO] [stdout] error: aborting due to 11 previous errors
[INFO] [stdout] 
[INFO] [stdout] 
[INFO] [stdout] Some errors have detailed explanations: E0061, E0277, E0412, E0432, E0433, E0599.
[INFO] [stdout] 
[INFO] [stdout] For more information about an error, try `rustc --explain E0061`.
[INFO] [stdout] 
[INFO] [stderr] error: could not compile `runtime-fmt` (lib) due to 12 previous errors
[INFO] [stderr] warning: build failed, waiting for other jobs to finish...
[INFO] running `Command { std: "docker" "inspect" "00f5b82f28f9a0d028048807e763134f5ecd80654c03ff43d43e1116b20765ec", kill_on_drop: false }`
[INFO] running `Command { std: "docker" "rm" "-f" "00f5b82f28f9a0d028048807e763134f5ecd80654c03ff43d43e1116b20765ec", kill_on_drop: false }`
[INFO] [stdout] 00f5b82f28f9a0d028048807e763134f5ecd80654c03ff43d43e1116b20765ec
