[INFO] fetching crate ricq-core 0.1.19...
[INFO] checking ricq-core-0.1.19 against nightly-2024-02-05 for check-cfg
[INFO] extracting crate ricq-core 0.1.19 into /workspace/builds/worker-3-tc1/source
[INFO] validating manifest of crates.io crate ricq-core 0.1.19 on toolchain nightly-2024-02-05
[INFO] running `Command { std: CARGO_HOME="/workspace/cargo-home" RUSTUP_HOME="/workspace/rustup-home" "/workspace/cargo-home/bin/cargo" "+nightly-2024-02-05" "metadata" "--manifest-path" "Cargo.toml" "--no-deps", kill_on_drop: false }`
[INFO] started tweaking crates.io crate ricq-core 0.1.19
[INFO] finished tweaking crates.io crate ricq-core 0.1.19
[INFO] tweaked toml for crates.io crate ricq-core 0.1.19 written to /workspace/builds/worker-3-tc1/source/Cargo.toml
[INFO] running `Command { std: CARGO_HOME="/workspace/cargo-home" RUSTUP_HOME="/workspace/rustup-home" "/workspace/cargo-home/bin/cargo" "+nightly-2024-02-05" "generate-lockfile" "--manifest-path" "Cargo.toml", kill_on_drop: false }`
[INFO] [stderr]     Updating crates.io index
[INFO] running `Command { std: CARGO_HOME="/workspace/cargo-home" RUSTUP_HOME="/workspace/rustup-home" "/workspace/cargo-home/bin/cargo" "+nightly-2024-02-05" "fetch" "--manifest-path" "Cargo.toml", kill_on_drop: false }`
[INFO] [stderr]  Downloading crates ...
[INFO] [stderr]   Downloaded jcers v0.1.2
[INFO] [stderr]   Downloaded jcers_proc v0.1.0
[INFO] [stderr]   Downloaded p256 v0.10.1
[INFO] running `Command { std: "docker" "create" "-v" "/var/lib/crater-agent-workspace/builds/worker-3-tc1/target:/opt/rustwide/target:rw,Z" "-v" "/var/lib/crater-agent-workspace/builds/worker-3-tc1/source:/opt/rustwide/workdir:ro,Z" "-v" "/var/lib/crater-agent-workspace/cargo-home:/opt/rustwide/cargo-home:ro,Z" "-v" "/var/lib/crater-agent-workspace/rustup-home:/opt/rustwide/rustup-home:ro,Z" "-e" "SOURCE_DIR=/opt/rustwide/workdir" "-e" "CARGO_TARGET_DIR=/opt/rustwide/target" "-e" "CARGO_HOME=/opt/rustwide/cargo-home" "-e" "RUSTUP_HOME=/opt/rustwide/rustup-home" "-w" "/opt/rustwide/workdir" "-m" "1610612736" "--user" "0:0" "--network" "none" "ghcr.io/rust-lang/crates-build-env/linux@sha256:2788e3201cd34a07e3172128adcd8b3090168a8e3bcc40d7c032b9dda1df7d1c" "/opt/rustwide/cargo-home/bin/cargo" "+nightly-2024-02-05" "metadata" "--no-deps" "--format-version=1", kill_on_drop: false }`
[INFO] [stdout] 2c79f35983b3b40d77c145a430267c50525164817d22b0ffb6bc9ac0f76a0b9d
[INFO] running `Command { std: "docker" "start" "-a" "2c79f35983b3b40d77c145a430267c50525164817d22b0ffb6bc9ac0f76a0b9d", kill_on_drop: false }`
[INFO] running `Command { std: "docker" "inspect" "2c79f35983b3b40d77c145a430267c50525164817d22b0ffb6bc9ac0f76a0b9d", kill_on_drop: false }`
[INFO] running `Command { std: "docker" "rm" "-f" "2c79f35983b3b40d77c145a430267c50525164817d22b0ffb6bc9ac0f76a0b9d", kill_on_drop: false }`
[INFO] [stdout] 2c79f35983b3b40d77c145a430267c50525164817d22b0ffb6bc9ac0f76a0b9d
[INFO] running `Command { std: "docker" "create" "-v" "/var/lib/crater-agent-workspace/builds/worker-3-tc1/target:/opt/rustwide/target:rw,Z" "-v" "/var/lib/crater-agent-workspace/builds/worker-3-tc1/source:/opt/rustwide/workdir:ro,Z" "-v" "/var/lib/crater-agent-workspace/cargo-home:/opt/rustwide/cargo-home:ro,Z" "-v" "/var/lib/crater-agent-workspace/rustup-home:/opt/rustwide/rustup-home:ro,Z" "-e" "SOURCE_DIR=/opt/rustwide/workdir" "-e" "CARGO_TARGET_DIR=/opt/rustwide/target" "-e" "CARGO_INCREMENTAL=0" "-e" "RUST_BACKTRACE=full" "-e" "RUSTFLAGS=--cap-lints=forbid" "-e" "RUSTDOCFLAGS=--cap-lints=forbid" "-e" "CARGO_HOME=/opt/rustwide/cargo-home" "-e" "RUSTUP_HOME=/opt/rustwide/rustup-home" "-w" "/opt/rustwide/workdir" "-m" "1610612736" "--user" "0:0" "--network" "none" "ghcr.io/rust-lang/crates-build-env/linux@sha256:2788e3201cd34a07e3172128adcd8b3090168a8e3bcc40d7c032b9dda1df7d1c" "/opt/rustwide/cargo-home/bin/cargo" "+nightly-2024-02-05" "check" "--frozen" "--all" "--all-targets" "--message-format=json", kill_on_drop: false }`
[INFO] [stdout] 38e410782593eebcd180b49f6bda9f4190317eff78bb8396e9bf8eb78f84f550
[INFO] running `Command { std: "docker" "start" "-a" "38e410782593eebcd180b49f6bda9f4190317eff78bb8396e9bf8eb78f84f550", kill_on_drop: false }`
[INFO] [stderr]    Compiling syn v1.0.109
[INFO] [stderr]    Compiling either v1.9.0
[INFO] [stderr]    Compiling libc v0.2.153
[INFO] [stderr]    Compiling typenum v1.17.0
[INFO] [stderr]    Compiling generic-array v0.14.7
[INFO] [stderr]     Checking subtle v2.5.0
[INFO] [stderr]    Compiling home v0.5.9
[INFO] [stderr]    Compiling memchr v2.7.1
[INFO] [stderr]    Compiling bytes v1.5.0
[INFO] [stderr]     Checking const-oid v0.7.1
[INFO] [stderr]    Compiling itertools v0.10.5
[INFO] [stderr]    Compiling which v4.4.2
[INFO] [stderr]    Compiling fixedbitset v0.4.2
[INFO] [stderr]    Compiling prost-build v0.9.0
[INFO] [stderr]     Checking zeroize v1.7.0
[INFO] [stderr]    Compiling petgraph v0.6.4
[INFO] [stderr]    Compiling aho-corasick v1.1.2
[INFO] [stderr]     Checking der v0.5.1
[INFO] [stderr]    Compiling multimap v0.8.3
[INFO] [stderr]    Compiling log v0.4.20
[INFO] [stderr]     Checking base16ct v0.1.1
[INFO] [stderr]     Checking sec1 v0.2.1
[INFO] [stderr]     Checking miniz_oxide v0.7.2
[INFO] [stderr]     Checking byteorder v1.5.0
[INFO] [stderr]     Checking getrandom v0.2.12
[INFO] [stderr]     Checking rand_core v0.6.4
[INFO] [stderr]     Checking flate2 v1.0.28
[INFO] [stderr]    Compiling regex-automata v0.4.5
[INFO] [stderr]     Checking ff v0.11.1
[INFO] [stderr]     Checking crypto-bigint v0.3.2
[INFO] [stderr]     Checking rand_chacha v0.3.1
[INFO] [stderr]     Checking group v0.11.0
[INFO] [stderr]     Checking rand v0.8.5
[INFO] [stderr]     Checking elliptic-curve v0.11.12
[INFO] [stderr]     Checking p256 v0.10.1
[INFO] [stderr]    Compiling prost-derive v0.9.0
[INFO] [stderr]    Compiling jcers_proc v0.1.0
[INFO] [stderr]    Compiling derivative v2.2.0
[INFO] [stderr]     Checking jcers v0.1.2
[INFO] [stderr]    Compiling regex v1.10.3
[INFO] [stderr]    Compiling prost v0.9.0
[INFO] [stderr]    Compiling prost-types v0.9.0
[INFO] [stderr]    Compiling ricq-core v0.1.19 (/opt/rustwide/workdir)
[INFO] [stdout] error[E0658]: `impl Trait` in associated types is unstable
[INFO] [stdout]    --> src/msg/mod.rs:100:21
[INFO] [stdout]     |
[INFO] [stdout] 100 |     type IntoIter = impl Iterator<Item = RQElem> + 'static;
[INFO] [stdout]     |                     ^^^^^^^^^^^^^^^^^^^^^^^^^^^^^^^^^^^^^^
[INFO] [stdout]     |
[INFO] [stdout]     = note: see issue #63063 <https://github.com/rust-lang/rust/issues/63063> for more information
[INFO] [stdout]     = help: add `#![feature(impl_trait_in_assoc_type)]` to the crate attributes to enable
[INFO] [stdout]     = note: this compiler was built on 2024-02-04; consider upgrading it if it is out of date
[INFO] [stdout] 
[INFO] [stdout] 
[INFO] [stdout] warning: unused import: `U8`
[INFO] [stdout]   --> src/crypto/qqtea.rs:88:24
[INFO] [stdout]    |
[INFO] [stdout] 88 |         typenum::{U16, U8},
[INFO] [stdout]    |                        ^^
[INFO] [stdout]    |
[INFO] [stdout]    = note: `#[warn(unused_imports)]` on by default
[INFO] [stdout] 
[INFO] [stdout] 
[INFO] [stdout] error[E0658]: `impl Trait` in associated types is unstable
[INFO] [stdout]    --> src/msg/mod.rs:100:21
[INFO] [stdout]     |
[INFO] [stdout] 100 |     type IntoIter = impl Iterator<Item = RQElem> + 'static;
[INFO] [stdout]     |                     ^^^^^^^^^^^^^^^^^^^^^^^^^^^^^^^^^^^^^^
[INFO] [stdout]     |
[INFO] [stdout]     = note: see issue #63063 <https://github.com/rust-lang/rust/issues/63063> for more information
[INFO] [stdout]     = help: add `#![feature(impl_trait_in_assoc_type)]` to the crate attributes to enable
[INFO] [stdout]     = note: this compiler was built on 2024-02-04; consider upgrading it if it is out of date
[INFO] [stdout] 
[INFO] [stdout] 
[INFO] [stdout] warning: unused import: `U8`
[INFO] [stdout]   --> src/crypto/qqtea.rs:88:24
[INFO] [stdout]    |
[INFO] [stdout] 88 |         typenum::{U16, U8},
[INFO] [stdout]    |                        ^^
[INFO] [stdout]    |
[INFO] [stdout]    = note: `#[warn(unused_imports)]` on by default
[INFO] [stdout] 
[INFO] [stdout] 
[INFO] [stdout] error: aborting due to 1 previous error; 1 warning emitted
[INFO] [stdout] 
[INFO] [stdout] 
[INFO] [stdout] For more information about this error, try `rustc --explain E0658`.
[INFO] [stdout] 
[INFO] [stdout] error: aborting due to 1 previous error; 1 warning emitted
[INFO] [stdout] 
[INFO] [stdout] 
[INFO] [stdout] For more information about this error, try `rustc --explain E0658`.
[INFO] [stdout] 
[INFO] [stderr] error: could not compile `ricq-core` (lib test) due to 2 previous errors; 1 warning emitted
[INFO] [stderr] warning: build failed, waiting for other jobs to finish...
[INFO] [stderr] error: could not compile `ricq-core` (lib) due to 2 previous errors; 1 warning emitted
[INFO] running `Command { std: "docker" "inspect" "38e410782593eebcd180b49f6bda9f4190317eff78bb8396e9bf8eb78f84f550", kill_on_drop: false }`
[INFO] running `Command { std: "docker" "rm" "-f" "38e410782593eebcd180b49f6bda9f4190317eff78bb8396e9bf8eb78f84f550", kill_on_drop: false }`
[INFO] [stdout] 38e410782593eebcd180b49f6bda9f4190317eff78bb8396e9bf8eb78f84f550
[INFO] checking ricq-core-0.1.19 against nightly-2024-02-05+rustflags=-Dunexpected_cfgs+cargoflags=-Zcheck-cfg for check-cfg
[INFO] extracting crate ricq-core 0.1.19 into /workspace/builds/worker-3-tc2/source
[INFO] validating manifest of crates.io crate ricq-core 0.1.19 on toolchain nightly-2024-02-05
[INFO] running `Command { std: CARGO_HOME="/workspace/cargo-home" RUSTUP_HOME="/workspace/rustup-home" "/workspace/cargo-home/bin/cargo" "+nightly-2024-02-05" "metadata" "--manifest-path" "Cargo.toml" "--no-deps", kill_on_drop: false }`
[INFO] started tweaking crates.io crate ricq-core 0.1.19
[INFO] finished tweaking crates.io crate ricq-core 0.1.19
[INFO] tweaked toml for crates.io crate ricq-core 0.1.19 written to /workspace/builds/worker-3-tc2/source/Cargo.toml
[INFO] running `Command { std: CARGO_HOME="/workspace/cargo-home" RUSTUP_HOME="/workspace/rustup-home" "/workspace/cargo-home/bin/cargo" "+nightly-2024-02-05" "generate-lockfile" "--manifest-path" "Cargo.toml", kill_on_drop: false }`
[INFO] [stderr]     Updating crates.io index
[INFO] running `Command { std: CARGO_HOME="/workspace/cargo-home" RUSTUP_HOME="/workspace/rustup-home" "/workspace/cargo-home/bin/cargo" "+nightly-2024-02-05" "fetch" "--manifest-path" "Cargo.toml", kill_on_drop: false }`
[INFO] running `Command { std: "docker" "create" "-v" "/var/lib/crater-agent-workspace/builds/worker-3-tc2/target:/opt/rustwide/target:rw,Z" "-v" "/var/lib/crater-agent-workspace/builds/worker-3-tc2/source:/opt/rustwide/workdir:ro,Z" "-v" "/var/lib/crater-agent-workspace/cargo-home:/opt/rustwide/cargo-home:ro,Z" "-v" "/var/lib/crater-agent-workspace/rustup-home:/opt/rustwide/rustup-home:ro,Z" "-e" "SOURCE_DIR=/opt/rustwide/workdir" "-e" "CARGO_TARGET_DIR=/opt/rustwide/target" "-e" "CARGO_HOME=/opt/rustwide/cargo-home" "-e" "RUSTUP_HOME=/opt/rustwide/rustup-home" "-w" "/opt/rustwide/workdir" "-m" "1610612736" "--user" "0:0" "--network" "none" "ghcr.io/rust-lang/crates-build-env/linux@sha256:2788e3201cd34a07e3172128adcd8b3090168a8e3bcc40d7c032b9dda1df7d1c" "/opt/rustwide/cargo-home/bin/cargo" "+nightly-2024-02-05" "metadata" "--no-deps" "--format-version=1", kill_on_drop: false }`
[INFO] [stdout] 4ea3cde447ea963c54935c9e4c1bc1ff50dbd2285025c4138e50544313fbb40c
[INFO] running `Command { std: "docker" "start" "-a" "4ea3cde447ea963c54935c9e4c1bc1ff50dbd2285025c4138e50544313fbb40c", kill_on_drop: false }`
[INFO] running `Command { std: "docker" "inspect" "4ea3cde447ea963c54935c9e4c1bc1ff50dbd2285025c4138e50544313fbb40c", kill_on_drop: false }`
[INFO] running `Command { std: "docker" "rm" "-f" "4ea3cde447ea963c54935c9e4c1bc1ff50dbd2285025c4138e50544313fbb40c", kill_on_drop: false }`
[INFO] [stdout] 4ea3cde447ea963c54935c9e4c1bc1ff50dbd2285025c4138e50544313fbb40c
[INFO] running `Command { std: "docker" "create" "-v" "/var/lib/crater-agent-workspace/builds/worker-3-tc2/target:/opt/rustwide/target:rw,Z" "-v" "/var/lib/crater-agent-workspace/builds/worker-3-tc2/source:/opt/rustwide/workdir:ro,Z" "-v" "/var/lib/crater-agent-workspace/cargo-home:/opt/rustwide/cargo-home:ro,Z" "-v" "/var/lib/crater-agent-workspace/rustup-home:/opt/rustwide/rustup-home:ro,Z" "-e" "SOURCE_DIR=/opt/rustwide/workdir" "-e" "CARGO_TARGET_DIR=/opt/rustwide/target" "-e" "CARGO_INCREMENTAL=0" "-e" "RUST_BACKTRACE=full" "-e" "RUSTFLAGS=--cap-lints=forbid -Dunexpected_cfgs" "-e" "RUSTDOCFLAGS=--cap-lints=forbid" "-e" "CARGO_HOME=/opt/rustwide/cargo-home" "-e" "RUSTUP_HOME=/opt/rustwide/rustup-home" "-w" "/opt/rustwide/workdir" "-m" "1610612736" "--user" "0:0" "--network" "none" "ghcr.io/rust-lang/crates-build-env/linux@sha256:2788e3201cd34a07e3172128adcd8b3090168a8e3bcc40d7c032b9dda1df7d1c" "/opt/rustwide/cargo-home/bin/cargo" "+nightly-2024-02-05" "check" "--frozen" "--all" "--all-targets" "--message-format=json" "-Zcheck-cfg", kill_on_drop: false }`
[INFO] [stdout] cb36c571f97097708b9219a7cb84bceeabb6a76081fa59a3b23592e2d1e33dfe
[INFO] running `Command { std: "docker" "start" "-a" "cb36c571f97097708b9219a7cb84bceeabb6a76081fa59a3b23592e2d1e33dfe", kill_on_drop: false }`
[INFO] [stderr]    Compiling syn v1.0.109
[INFO] [stderr]    Compiling either v1.9.0
[INFO] [stderr]    Compiling libc v0.2.153
[INFO] [stderr]    Compiling typenum v1.17.0
[INFO] [stderr]    Compiling generic-array v0.14.7
[INFO] [stderr]    Compiling home v0.5.9
[INFO] [stderr]     Checking subtle v2.5.0
[INFO] [stderr]    Compiling memchr v2.7.1
[INFO] [stderr]    Compiling itertools v0.10.5
[INFO] [stderr]    Compiling which v4.4.2
[INFO] [stderr]    Compiling bytes v1.5.0
[INFO] [stderr]    Compiling fixedbitset v0.4.2
[INFO] [stderr]    Compiling prost-build v0.9.0
[INFO] [stderr]     Checking const-oid v0.7.1
[INFO] [stderr]     Checking zeroize v1.7.0
[INFO] [stderr]    Compiling aho-corasick v1.1.2
[INFO] [stderr]     Checking der v0.5.1
[INFO] [stderr]    Compiling petgraph v0.6.4
[INFO] [stderr]    Compiling log v0.4.20
[INFO] [stderr]    Compiling multimap v0.8.3
[INFO] [stderr]     Checking base16ct v0.1.1
[INFO] [stderr]     Checking miniz_oxide v0.7.2
[INFO] [stderr]     Checking byteorder v1.5.0
[INFO] [stderr]     Checking sec1 v0.2.1
[INFO] [stderr]    Compiling regex-automata v0.4.5
[INFO] [stderr]     Checking flate2 v1.0.28
[INFO] [stderr]     Checking getrandom v0.2.12
[INFO] [stderr]     Checking rand_core v0.6.4
[INFO] [stderr]     Checking ff v0.11.1
[INFO] [stderr]     Checking crypto-bigint v0.3.2
[INFO] [stderr]     Checking group v0.11.0
[INFO] [stderr]     Checking rand_chacha v0.3.1
[INFO] [stderr]     Checking rand v0.8.5
[INFO] [stderr]     Checking elliptic-curve v0.11.12
[INFO] [stderr]    Compiling prost-derive v0.9.0
[INFO] [stderr]    Compiling jcers_proc v0.1.0
[INFO] [stderr]    Compiling derivative v2.2.0
[INFO] [stderr]     Checking p256 v0.10.1
[INFO] [stderr]     Checking jcers v0.1.2
[INFO] [stderr]    Compiling regex v1.10.3
[INFO] [stderr]    Compiling prost v0.9.0
[INFO] [stderr]     Checking prost-types v0.9.0
[INFO] [stderr]    Compiling ricq-core v0.1.19 (/opt/rustwide/workdir)
[INFO] [stdout] error[E0658]: `impl Trait` in associated types is unstable
[INFO] [stdout]    --> src/msg/mod.rs:100:21
[INFO] [stdout]     |
[INFO] [stdout] 100 |     type IntoIter = impl Iterator<Item = RQElem> + 'static;
[INFO] [stdout]     |                     ^^^^^^^^^^^^^^^^^^^^^^^^^^^^^^^^^^^^^^
[INFO] [stdout]     |
[INFO] [stdout]     = note: see issue #63063 <https://github.com/rust-lang/rust/issues/63063> for more information
[INFO] [stdout]     = help: add `#![feature(impl_trait_in_assoc_type)]` to the crate attributes to enable
[INFO] [stdout]     = note: this compiler was built on 2024-02-04; consider upgrading it if it is out of date
[INFO] [stdout] 
[INFO] [stdout] 
[INFO] [stdout] warning: unused import: `U8`
[INFO] [stdout]   --> src/crypto/qqtea.rs:88:24
[INFO] [stdout]    |
[INFO] [stdout] 88 |         typenum::{U16, U8},
[INFO] [stdout]    |                        ^^
[INFO] [stdout]    |
[INFO] [stdout]    = note: `#[warn(unused_imports)]` on by default
[INFO] [stdout] 
[INFO] [stdout] 
[INFO] [stdout] error[E0658]: `impl Trait` in associated types is unstable
[INFO] [stdout]    --> src/msg/mod.rs:100:21
[INFO] [stdout]     |
[INFO] [stdout] 100 |     type IntoIter = impl Iterator<Item = RQElem> + 'static;
[INFO] [stdout]     |                     ^^^^^^^^^^^^^^^^^^^^^^^^^^^^^^^^^^^^^^
[INFO] [stdout]     |
[INFO] [stdout]     = note: see issue #63063 <https://github.com/rust-lang/rust/issues/63063> for more information
[INFO] [stdout]     = help: add `#![feature(impl_trait_in_assoc_type)]` to the crate attributes to enable
[INFO] [stdout]     = note: this compiler was built on 2024-02-04; consider upgrading it if it is out of date
[INFO] [stdout] 
[INFO] [stdout] 
[INFO] [stdout] warning: unused import: `U8`
[INFO] [stdout]   --> src/crypto/qqtea.rs:88:24
[INFO] [stdout]    |
[INFO] [stdout] 88 |         typenum::{U16, U8},
[INFO] [stdout]    |                        ^^
[INFO] [stdout]    |
[INFO] [stdout]    = note: `#[warn(unused_imports)]` on by default
[INFO] [stdout] 
[INFO] [stdout] 
[INFO] [stdout] error: aborting due to 1 previous error; 1 warning emitted
[INFO] [stdout] 
[INFO] [stdout] 
[INFO] [stdout] For more information about this error, try `rustc --explain E0658`.
[INFO] [stdout] 
[INFO] [stderr] error: could not compile `ricq-core` (lib) due to 2 previous errors; 1 warning emitted
[INFO] [stderr] warning: build failed, waiting for other jobs to finish...
[INFO] [stdout] error: aborting due to 1 previous error; 1 warning emitted
[INFO] [stdout] 
[INFO] [stdout] 
[INFO] [stdout] For more information about this error, try `rustc --explain E0658`.
[INFO] [stdout] 
[INFO] [stderr] error: could not compile `ricq-core` (lib test) due to 2 previous errors; 1 warning emitted
[INFO] running `Command { std: "docker" "inspect" "cb36c571f97097708b9219a7cb84bceeabb6a76081fa59a3b23592e2d1e33dfe", kill_on_drop: false }`
[INFO] running `Command { std: "docker" "rm" "-f" "cb36c571f97097708b9219a7cb84bceeabb6a76081fa59a3b23592e2d1e33dfe", kill_on_drop: false }`
[INFO] [stdout] cb36c571f97097708b9219a7cb84bceeabb6a76081fa59a3b23592e2d1e33dfe
