[INFO] fetching crate ribir_widgets 0.0.1-alpha.5...
[INFO] checking ribir_widgets-0.0.1-alpha.5 against nightly-2024-02-05 for check-cfg
[INFO] extracting crate ribir_widgets 0.0.1-alpha.5 into /workspace/builds/worker-2-tc1/source
[INFO] validating manifest of crates.io crate ribir_widgets 0.0.1-alpha.5 on toolchain nightly-2024-02-05
[INFO] running `Command { std: CARGO_HOME="/workspace/cargo-home" RUSTUP_HOME="/workspace/rustup-home" "/workspace/cargo-home/bin/cargo" "+nightly-2024-02-05" "metadata" "--manifest-path" "Cargo.toml" "--no-deps", kill_on_drop: false }`
[INFO] started tweaking crates.io crate ribir_widgets 0.0.1-alpha.5
[INFO] finished tweaking crates.io crate ribir_widgets 0.0.1-alpha.5
[INFO] tweaked toml for crates.io crate ribir_widgets 0.0.1-alpha.5 written to /workspace/builds/worker-2-tc1/source/Cargo.toml
[INFO] running `Command { std: CARGO_HOME="/workspace/cargo-home" RUSTUP_HOME="/workspace/rustup-home" "/workspace/cargo-home/bin/cargo" "+nightly-2024-02-05" "generate-lockfile" "--manifest-path" "Cargo.toml", kill_on_drop: false }`
[INFO] [stderr]     Updating crates.io index
[INFO] running `Command { std: CARGO_HOME="/workspace/cargo-home" RUSTUP_HOME="/workspace/rustup-home" "/workspace/cargo-home/bin/cargo" "+nightly-2024-02-05" "fetch" "--manifest-path" "Cargo.toml", kill_on_drop: false }`
[INFO] [stderr]  Downloading crates ...
[INFO] [stderr]   Downloaded material-color-utilities-rs v0.2.1
[INFO] [stderr]   Downloaded ribir_macros v0.0.1-alpha.5
[INFO] [stderr]   Downloaded ribir_geom v0.0.1-alpha.5
[INFO] [stderr]   Downloaded ribir_builtin v0.0.1-alpha.5
[INFO] [stderr]   Downloaded rosvgtree v0.3.0
[INFO] [stderr]   Downloaded usvg-parser v0.33.0
[INFO] [stderr]   Downloaded usvg v0.33.0
[INFO] [stderr]   Downloaded rxrust v1.0.0-beta.7
[INFO] [stderr]   Downloaded ribir_core v0.0.1-alpha.5
[INFO] [stderr]   Downloaded ribir_algo v0.0.1-alpha.5
[INFO] [stderr]   Downloaded ribir_painter v0.0.1-alpha.5
[INFO] [stderr]   Downloaded indextree v4.6.0
[INFO] [stderr]   Downloaded usvg-tree v0.33.0
[INFO] [stderr]   Downloaded ribir_text v0.0.1-alpha.5
[INFO] running `Command { std: "docker" "create" "-v" "/var/lib/crater-agent-workspace/builds/worker-2-tc1/target:/opt/rustwide/target:rw,Z" "-v" "/var/lib/crater-agent-workspace/builds/worker-2-tc1/source:/opt/rustwide/workdir:ro,Z" "-v" "/var/lib/crater-agent-workspace/cargo-home:/opt/rustwide/cargo-home:ro,Z" "-v" "/var/lib/crater-agent-workspace/rustup-home:/opt/rustwide/rustup-home:ro,Z" "-e" "SOURCE_DIR=/opt/rustwide/workdir" "-e" "CARGO_TARGET_DIR=/opt/rustwide/target" "-e" "CARGO_HOME=/opt/rustwide/cargo-home" "-e" "RUSTUP_HOME=/opt/rustwide/rustup-home" "-w" "/opt/rustwide/workdir" "-m" "1610612736" "--user" "0:0" "--network" "none" "ghcr.io/rust-lang/crates-build-env/linux@sha256:2788e3201cd34a07e3172128adcd8b3090168a8e3bcc40d7c032b9dda1df7d1c" "/opt/rustwide/cargo-home/bin/cargo" "+nightly-2024-02-05" "metadata" "--no-deps" "--format-version=1", kill_on_drop: false }`
[INFO] [stdout] 492be2db83abe09782f836e1db2e163d352601373a8c714fd848357a93aba26d
[INFO] running `Command { std: "docker" "start" "-a" "492be2db83abe09782f836e1db2e163d352601373a8c714fd848357a93aba26d", kill_on_drop: false }`
[INFO] running `Command { std: "docker" "inspect" "492be2db83abe09782f836e1db2e163d352601373a8c714fd848357a93aba26d", kill_on_drop: false }`
[INFO] running `Command { std: "docker" "rm" "-f" "492be2db83abe09782f836e1db2e163d352601373a8c714fd848357a93aba26d", kill_on_drop: false }`
[INFO] [stdout] 492be2db83abe09782f836e1db2e163d352601373a8c714fd848357a93aba26d
[INFO] running `Command { std: "docker" "create" "-v" "/var/lib/crater-agent-workspace/builds/worker-2-tc1/target:/opt/rustwide/target:rw,Z" "-v" "/var/lib/crater-agent-workspace/builds/worker-2-tc1/source:/opt/rustwide/workdir:ro,Z" "-v" "/var/lib/crater-agent-workspace/cargo-home:/opt/rustwide/cargo-home:ro,Z" "-v" "/var/lib/crater-agent-workspace/rustup-home:/opt/rustwide/rustup-home:ro,Z" "-e" "SOURCE_DIR=/opt/rustwide/workdir" "-e" "CARGO_TARGET_DIR=/opt/rustwide/target" "-e" "CARGO_INCREMENTAL=0" "-e" "RUST_BACKTRACE=full" "-e" "RUSTFLAGS=--cap-lints=forbid" "-e" "RUSTDOCFLAGS=--cap-lints=forbid" "-e" "CARGO_HOME=/opt/rustwide/cargo-home" "-e" "RUSTUP_HOME=/opt/rustwide/rustup-home" "-w" "/opt/rustwide/workdir" "-m" "1610612736" "--user" "0:0" "--network" "none" "ghcr.io/rust-lang/crates-build-env/linux@sha256:2788e3201cd34a07e3172128adcd8b3090168a8e3bcc40d7c032b9dda1df7d1c" "/opt/rustwide/cargo-home/bin/cargo" "+nightly-2024-02-05" "check" "--frozen" "--all" "--all-targets" "--message-format=json", kill_on_drop: false }`
[INFO] [stdout] ee248273f83bbcb4b8e655cdab6b3d915d83c1564985e2796cc1fd870e268b05
[INFO] running `Command { std: "docker" "start" "-a" "ee248273f83bbcb4b8e655cdab6b3d915d83c1564985e2796cc1fd870e268b05", kill_on_drop: false }`
[INFO] [stderr]    Compiling autocfg v1.1.0
[INFO] [stderr]    Compiling unicode-ident v1.0.12
[INFO] [stderr]    Compiling libm v0.2.8
[INFO] [stderr]    Compiling libc v0.2.153
[INFO] [stderr]     Checking cfg-if v1.0.0
[INFO] [stderr]    Compiling serde v1.0.196
[INFO] [stderr]    Compiling version_check v0.9.4
[INFO] [stderr]    Compiling crc32fast v1.3.2
[INFO] [stderr]    Compiling proc-macro2 v1.0.78
[INFO] [stderr]    Compiling num-traits v0.2.17
[INFO] [stderr]    Compiling num-integer v0.1.45
[INFO] [stderr]    Compiling pkg-config v0.3.29
[INFO] [stderr]    Compiling quote v1.0.35
[INFO] [stderr]     Checking log v0.4.20
[INFO] [stderr]    Compiling syn v2.0.48
[INFO] [stderr]    Compiling num-bigint v0.4.4
[INFO] [stderr]     Checking once_cell v1.19.0
[INFO] [stderr]    Compiling xml-rs v0.8.19
[INFO] [stderr]     Checking arrayvec v0.7.4
[INFO] [stderr]     Checking smallvec v1.13.1
[INFO] [stderr]    Compiling num-rational v0.4.1
[INFO] [stderr]    Compiling memoffset v0.6.5
[INFO] [stderr]    Compiling num-iter v0.1.43
[INFO] [stderr]    Compiling ahash v0.8.7
[INFO] [stderr]    Compiling wayland-scanner v0.29.5
[INFO] [stderr]     Checking simd-adler32 v0.3.7
[INFO] [stderr]     Checking adler v1.0.2
[INFO] [stderr]    Compiling getrandom v0.2.12
[INFO] [stderr]    Compiling wayland-sys v0.29.5
[INFO] [stderr]     Checking miniz_oxide v0.7.2
[INFO] [stderr]     Checking libloading v0.8.1
[INFO] [stderr]    Compiling syn v1.0.109
[INFO] [stderr]    Compiling kurbo v0.9.5
[INFO] [stderr]     Checking dlib v0.5.2
[INFO] [stderr]    Compiling slotmap v1.0.7
[INFO] [stderr]    Compiling siphasher v0.3.11
[INFO] [stderr]     Checking flate2 v1.0.28
[INFO] [stderr]    Compiling crossbeam-utils v0.8.19
[INFO] [stderr]    Compiling serde_json v1.0.113
[INFO] [stderr]    Compiling float-cmp v0.9.0
[INFO] [stderr]     Checking tinyvec_macros v0.1.1
[INFO] [stderr]     Checking strict-num v0.1.1
[INFO] [stderr]     Checking tinyvec v1.6.0
[INFO] [stderr]    Compiling svgtypes v0.11.0
[INFO] [stderr]    Compiling wayland-client v0.29.5
[INFO] [stderr]     Checking nix v0.24.3
[INFO] [stderr]    Compiling memoffset v0.7.1
[INFO] [stderr]    Compiling slab v0.4.9
[INFO] [stderr]     Checking bytemuck v1.14.1
[INFO] [stderr]    Compiling thiserror v1.0.56
[INFO] [stderr]    Compiling xmlparser v0.13.6
[INFO] [stderr]     Checking roxmltree v0.18.1
[INFO] [stderr]    Compiling simplecss v0.2.1
[INFO] [stderr]     Checking rand_core v0.6.4
[INFO] [stderr]     Checking wayland-commons v0.29.5
[INFO] [stderr]     Checking fdeflate v0.3.4
[INFO] [stderr]     Checking downcast-rs v1.2.0
[INFO] [stderr]    Compiling zerocopy v0.7.32
[INFO] [stderr]     Checking rctree v0.5.0
[INFO] [stderr]    Compiling memchr v2.7.1
[INFO] [stderr]     Checking futures-sink v0.3.30
[INFO] [stderr]     Checking ppv-lite86 v0.2.17
[INFO] [stderr]     Checking futures-core v0.3.30
[INFO] [stderr]     Checking scoped-tls v1.0.1
[INFO] [stderr]    Compiling serde_derive v1.0.196
[INFO] [stderr]    Compiling thiserror-impl v1.0.56
[INFO] [stderr]    Compiling usvg-tree v0.33.0
[INFO] [stderr]    Compiling rand_chacha v0.3.1
[INFO] [stderr]    Compiling aho-corasick v1.1.2
[INFO] [stderr]    Compiling futures-macro v0.3.30
[INFO] [stderr]     Checking futures-channel v0.3.30
[INFO] [stderr]     Checking rosvgtree v0.3.0
[INFO] [stderr]     Checking png v0.17.11
[INFO] [stderr]     Checking crossbeam-epoch v0.9.18
[INFO] [stderr]    Compiling wayland-protocols v0.29.5
[INFO] [stderr]    Compiling num-complex v0.4.4
[INFO] [stderr]    Compiling lock_api v0.4.11
[INFO] [stderr]     Checking imagesize v0.12.0
[INFO] [stderr]     Checking data-url v0.2.0
[INFO] [stderr]    Compiling rayon-core v1.12.1
[INFO] [stderr]    Compiling lazy_static v1.4.0
[INFO] [stderr]     Checking pin-utils v0.1.0
[INFO] [stderr]     Checking futures-io v0.3.30
[INFO] [stderr]     Checking color_quant v1.1.0
[INFO] [stderr]    Compiling unicode-general-category v0.6.0
[INFO] [stderr]     Checking unicode-bidi v0.3.15
[INFO] [stderr]    Compiling regex-syntax v0.8.2
[INFO] [stderr]     Checking pin-project-lite v0.2.13
[INFO] [stderr]     Checking byteorder v1.5.0
[INFO] [stderr]    Compiling parking_lot_core v0.9.9
[INFO] [stderr]     Checking arrayref v0.3.7
[INFO] [stderr]     Checking futures-task v0.3.30
[INFO] [stderr]     Checking percent-encoding v2.3.1
[INFO] [stderr]     Checking futures-util v0.3.30
[INFO] [stderr]     Checking image v0.24.8
[INFO] [stderr]    Compiling usvg-parser v0.33.0
[INFO] [stderr]    Compiling ribir_builtin v0.0.1-alpha.5
[INFO] [stderr]    Compiling num v0.4.1
[INFO] [stderr]     Checking nix v0.26.4
[INFO] [stderr]     Checking crossbeam-deque v0.8.5
[INFO] [stderr]     Checking rand v0.8.5
[INFO] [stderr]    Compiling regex-automata v0.4.5
[INFO] [stderr]     Checking nix v0.25.1
[INFO] [stderr]    Compiling cc v1.0.83
[INFO] [stderr]     Checking num_cpus v1.16.0
[INFO] [stderr]    Compiling smithay-client-toolkit v0.16.1
[INFO] [stderr]    Compiling x11-dl v2.21.0
[INFO] [stderr]     Checking xcursor v0.3.5
[INFO] [stderr]    Compiling pico-args v0.5.0
[INFO] [stderr]     Checking xmlwriter v0.1.0
[INFO] [stderr]     Checking itoa v1.0.10
[INFO] [stderr]    Compiling x11rb v0.12.0
[INFO] [stderr]     Checking ryu v1.0.16
[INFO] [stderr]     Checking base64 v0.21.7
[INFO] [stderr]     Checking scopeguard v1.2.0
[INFO] [stderr]    Compiling cfg_aliases v0.1.1
[INFO] [stderr]     Checking usvg v0.33.0
[INFO] [stderr]    Compiling winit v0.28.7
[INFO] [stderr]     Checking calloop v0.10.6
[INFO] [stderr]    Compiling blake3 v1.5.0
[INFO] [stderr]    Compiling euclid v0.22.9
[INFO] [stderr]    Compiling ribir_algo v0.0.1-alpha.5
[INFO] [stderr]    Compiling regex v1.10.3
[INFO] [stderr]    Compiling tiny-skia-path v0.11.4
[INFO] [stderr]     Checking wayland-cursor v0.29.5
[INFO] [stderr]     Checking futures-executor v0.3.30
[INFO] [stderr]    Compiling material-color-utilities-rs v0.2.1
[INFO] [stderr]     Checking x11rb-protocol v0.12.0
[INFO] [stderr]    Compiling lyon_geom v1.0.5
[INFO] [stderr]    Compiling ribir_geom v0.0.1-alpha.5
[INFO] [stderr]    Compiling ribir_macros v0.0.1-alpha.5
[INFO] [stderr]     Checking unicode-normalization v0.1.22
[INFO] [stderr]    Compiling lyon_path v1.0.4
[INFO] [stderr]     Checking memmap2 v0.6.2
[INFO] [stderr]     Checking memmap2 v0.5.10
[INFO] [stderr]     Checking gethostname v0.3.0
[INFO] [stderr]     Checking unicode-bidi-mirroring v0.1.0
[INFO] [stderr]     Checking ttf-parser v0.19.2
[INFO] [stderr]    Compiling convert_case v0.4.0
[INFO] [stderr]     Checking either v1.9.0
[INFO] [stderr]     Checking unicode-script v0.5.5
[INFO] [stderr]     Checking bitflags v2.4.2
[INFO] [stderr]     Checking lyon_algorithms v1.0.4
[INFO] [stderr]     Checking ttf-parser v0.18.1
[INFO] [stderr]     Checking unicode-ccc v0.1.2
[INFO] [stderr]    Compiling derive_more v0.99.17
[INFO] [stderr]     Checking ribir_painter v0.0.1-alpha.5
[INFO] [stderr]     Checking rayon v1.8.1
[INFO] [stderr]     Checking idna v0.5.0
[INFO] [stderr]     Checking parking_lot v0.12.1
[INFO] [stderr]     Checking fontdb v0.14.1
[INFO] [stderr]     Checking futures v0.3.30
[INFO] [stderr]    Compiling Inflector v0.11.4
[INFO] [stderr]     Checking rustybuzz v0.7.0
[INFO] [stderr]     Checking form_urlencoded v1.2.1
[INFO] [stderr]     Checking ordered-float v3.9.2
[INFO] [stderr]     Checking mio v0.8.10
[INFO] [stderr]     Checking instant v0.1.12
[INFO] [stderr]     Checking unicode-segmentation v1.10.1
[INFO] [stderr]     Checking raw-window-handle v0.5.2
[INFO] [stderr]     Checking constant_time_eq v0.3.0
[INFO] [stderr]     Checking arboard v3.3.0
[INFO] [stderr]     Checking url v2.5.0
[INFO] [stderr]     Checking rxrust v1.0.0-beta.7
[INFO] [stderr]     Checking home v0.5.9
[INFO] [stderr]     Checking indextree v4.6.0
[INFO] [stderr]    Compiling paste v1.0.14
[INFO] [stderr]     Checking webbrowser v0.8.12
[INFO] [stderr]     Checking ribir_text v0.0.1-alpha.5
[INFO] [stderr]     Checking ribir_core v0.0.1-alpha.5
[INFO] [stderr]     Checking ribir_widgets v0.0.1-alpha.5 (/opt/rustwide/workdir)
[INFO] [stdout] error[E0432]: unresolved import `ribir_dev_helper`
[INFO] [stdout]    --> src/checkbox.rs:149:7
[INFO] [stdout]     |
[INFO] [stdout] 149 |   use ribir_dev_helper::*;
[INFO] [stdout]     |       ^^^^^^^^^^^^^^^^ use of undeclared crate or module `ribir_dev_helper`
[INFO] [stdout] 
[INFO] [stdout] 
[INFO] [stdout] error[E0432]: unresolved import `ribir_dev_helper`
[INFO] [stdout]   --> src/layout/container.rs:34:7
[INFO] [stdout]    |
[INFO] [stdout] 34 |   use ribir_dev_helper::*;
[INFO] [stdout]    |       ^^^^^^^^^^^^^^^^ use of undeclared crate or module `ribir_dev_helper`
[INFO] [stdout] 
[INFO] [stdout] 
[INFO] [stdout] error[E0432]: unresolved import `ribir_dev_helper`
[INFO] [stdout]    --> src/layout/flex.rs:369:7
[INFO] [stdout]     |
[INFO] [stdout] 369 |   use ribir_dev_helper::*;
[INFO] [stdout]     |       ^^^^^^^^^^^^^^^^ use of undeclared crate or module `ribir_dev_helper`
[INFO] [stdout] 
[INFO] [stdout] 
[INFO] [stdout] error[E0432]: unresolved import `ribir_dev_helper`
[INFO] [stdout]   --> src/layout/sized_box.rs:34:7
[INFO] [stdout]    |
[INFO] [stdout] 34 |   use ribir_dev_helper::*;
[INFO] [stdout]    |       ^^^^^^^^^^^^^^^^ use of undeclared crate or module `ribir_dev_helper`
[INFO] [stdout] 
[INFO] [stdout] 
[INFO] [stdout] error[E0432]: unresolved import `ribir_dev_helper`
[INFO] [stdout]   --> src/layout/expanded.rs:41:7
[INFO] [stdout]    |
[INFO] [stdout] 41 |   use ribir_dev_helper::*;
[INFO] [stdout]    |       ^^^^^^^^^^^^^^^^ use of undeclared crate or module `ribir_dev_helper`
[INFO] [stdout] 
[INFO] [stdout] 
[INFO] [stdout] error[E0432]: unresolved import `ribir_dev_helper`
[INFO] [stdout]   --> src/layout/stack.rs:76:7
[INFO] [stdout]    |
[INFO] [stdout] 76 |   use ribir_dev_helper::*;
[INFO] [stdout]    |       ^^^^^^^^^^^^^^^^ use of undeclared crate or module `ribir_dev_helper`
[INFO] [stdout] 
[INFO] [stdout] 
[INFO] [stdout] error[E0432]: unresolved import `ribir_dev_helper`
[INFO] [stdout]   --> src/layout/constrained_box.rs:32:7
[INFO] [stdout]    |
[INFO] [stdout] 32 |   use ribir_dev_helper::*;
[INFO] [stdout]    |       ^^^^^^^^^^^^^^^^ use of undeclared crate or module `ribir_dev_helper`
[INFO] [stdout] 
[INFO] [stdout] 
[INFO] [stdout] error[E0432]: unresolved import `ribir_dev_helper`
[INFO] [stdout]    --> src/scrollbar.rs:316:7
[INFO] [stdout]     |
[INFO] [stdout] 316 |   use ribir_dev_helper::*;
[INFO] [stdout]     |       ^^^^^^^^^^^^^^^^ use of undeclared crate or module `ribir_dev_helper`
[INFO] [stdout] 
[INFO] [stdout] 
[INFO] [stdout] error[E0432]: unresolved import `ribir_dev_helper`
[INFO] [stdout]   --> src/transform_box.rs:42:7
[INFO] [stdout]    |
[INFO] [stdout] 42 |   use ribir_dev_helper::*;
[INFO] [stdout]    |       ^^^^^^^^^^^^^^^^ use of undeclared crate or module `ribir_dev_helper`
[INFO] [stdout] 
[INFO] [stdout] 
[INFO] [stdout] error: cannot find macro `widget_test_suit` in this scope
[INFO] [stdout]    --> src/checkbox.rs:156:3
[INFO] [stdout]     |
[INFO] [stdout] 156 |   widget_test_suit!(
[INFO] [stdout]     |   ^^^^^^^^^^^^^^^^
[INFO] [stdout] 
[INFO] [stdout] 
[INFO] [stdout] error: cannot find macro `widget_test_suit` in this scope
[INFO] [stdout]    --> src/checkbox.rs:166:3
[INFO] [stdout]     |
[INFO] [stdout] 166 |   widget_test_suit!(
[INFO] [stdout]     |   ^^^^^^^^^^^^^^^^
[INFO] [stdout] 
[INFO] [stdout] 
[INFO] [stdout] error: cannot find macro `widget_test_suit` in this scope
[INFO] [stdout]    --> src/checkbox.rs:182:3
[INFO] [stdout]     |
[INFO] [stdout] 182 |   widget_test_suit!(
[INFO] [stdout]     |   ^^^^^^^^^^^^^^^^
[INFO] [stdout] 
[INFO] [stdout] 
[INFO] [stdout] error: cannot find macro `widget_layout_test` in this scope
[INFO] [stdout]   --> src/layout/container.rs:41:3
[INFO] [stdout]    |
[INFO] [stdout] 41 |   widget_layout_test!(smoke, size == SIZE,);
[INFO] [stdout]    |   ^^^^^^^^^^^^^^^^^^
[INFO] [stdout] 
[INFO] [stdout] 
[INFO] [stdout] error: cannot find macro `widget_layout_test` in this scope
[INFO] [stdout]    --> src/layout/flex.rs:380:3
[INFO] [stdout]     |
[INFO] [stdout] 380 |   widget_layout_test!(horizontal_line, width == 100., height == 20.,);
[INFO] [stdout]     |   ^^^^^^^^^^^^^^^^^^
[INFO] [stdout] 
[INFO] [stdout] 
[INFO] [stdout] error: cannot find macro `widget_layout_test` in this scope
[INFO] [stdout]    --> src/layout/flex.rs:392:3
[INFO] [stdout]     |
[INFO] [stdout] 392 |   widget_layout_test!(vertical_line, width == 10., height == 200.,);
[INFO] [stdout]     |   ^^^^^^^^^^^^^^^^^^
[INFO] [stdout] 
[INFO] [stdout] 
[INFO] [stdout] error: cannot find macro `widget_layout_test` in this scope
[INFO] [stdout]    --> src/layout/flex.rs:405:3
[INFO] [stdout]     |
[INFO] [stdout] 405 |   widget_layout_test!(
[INFO] [stdout]     |   ^^^^^^^^^^^^^^^^^^
[INFO] [stdout] 
[INFO] [stdout] 
[INFO] [stdout] error: cannot find macro `widget_layout_test` in this scope
[INFO] [stdout]    --> src/layout/flex.rs:426:3
[INFO] [stdout]     |
[INFO] [stdout] 426 |   widget_layout_test!(
[INFO] [stdout]     |   ^^^^^^^^^^^^^^^^^^
[INFO] [stdout] 
[INFO] [stdout] 
[INFO] [stdout] error: cannot find macro `widget_layout_test` in this scope
[INFO] [stdout]    --> src/layout/flex.rs:445:3
[INFO] [stdout]     |
[INFO] [stdout] 445 |   widget_layout_test!(
[INFO] [stdout]     |   ^^^^^^^^^^^^^^^^^^
[INFO] [stdout] 
[INFO] [stdout] 
[INFO] [stdout] error: cannot find macro `widget_layout_test` in this scope
[INFO] [stdout]    --> src/layout/flex.rs:464:3
[INFO] [stdout]     |
[INFO] [stdout] 464 |   widget_layout_test!(
[INFO] [stdout]     |   ^^^^^^^^^^^^^^^^^^
[INFO] [stdout] 
[INFO] [stdout] 
[INFO] [stdout] error: cannot find macro `widget_layout_test` in this scope
[INFO] [stdout]    --> src/layout/flex.rs:490:3
[INFO] [stdout]     |
[INFO] [stdout] 490 |   widget_layout_test!(
[INFO] [stdout]     |   ^^^^^^^^^^^^^^^^^^
[INFO] [stdout] 
[INFO] [stdout] 
[INFO] [stdout] error: cannot find macro `widget_layout_test` in this scope
[INFO] [stdout]    --> src/layout/flex.rs:513:3
[INFO] [stdout]     |
[INFO] [stdout] 513 |   widget_layout_test!(
[INFO] [stdout]     |   ^^^^^^^^^^^^^^^^^^
[INFO] [stdout] 
[INFO] [stdout] 
[INFO] [stdout] error: cannot find macro `widget_layout_test` in this scope
[INFO] [stdout]    --> src/layout/flex.rs:534:3
[INFO] [stdout]     |
[INFO] [stdout] 534 |   widget_layout_test!(
[INFO] [stdout]     |   ^^^^^^^^^^^^^^^^^^
[INFO] [stdout] 
[INFO] [stdout] 
[INFO] [stdout] error: cannot find macro `widget_layout_test` in this scope
[INFO] [stdout]    --> src/layout/flex.rs:543:3
[INFO] [stdout]     |
[INFO] [stdout] 543 |   widget_layout_test!(
[INFO] [stdout]     |   ^^^^^^^^^^^^^^^^^^
[INFO] [stdout] 
[INFO] [stdout] 
[INFO] [stdout] error: cannot find macro `widget_layout_test` in this scope
[INFO] [stdout]    --> src/layout/flex.rs:552:3
[INFO] [stdout]     |
[INFO] [stdout] 552 |   widget_layout_test!(
[INFO] [stdout]     |   ^^^^^^^^^^^^^^^^^^
[INFO] [stdout] 
[INFO] [stdout] 
[INFO] [stdout] error: cannot find macro `widget_layout_test` in this scope
[INFO] [stdout]    --> src/layout/flex.rs:561:3
[INFO] [stdout]     |
[INFO] [stdout] 561 |   widget_layout_test!(
[INFO] [stdout]     |   ^^^^^^^^^^^^^^^^^^
[INFO] [stdout] 
[INFO] [stdout] 
[INFO] [stdout] error: cannot find macro `widget_layout_test` in this scope
[INFO] [stdout]    --> src/layout/flex.rs:587:3
[INFO] [stdout]     |
[INFO] [stdout] 587 |   widget_layout_test!(
[INFO] [stdout]     |   ^^^^^^^^^^^^^^^^^^
[INFO] [stdout] 
[INFO] [stdout] 
[INFO] [stdout] error: cannot find macro `widget_layout_test` in this scope
[INFO] [stdout]    --> src/layout/flex.rs:597:3
[INFO] [stdout]     |
[INFO] [stdout] 597 |   widget_layout_test!(
[INFO] [stdout]     |   ^^^^^^^^^^^^^^^^^^
[INFO] [stdout] 
[INFO] [stdout] 
[INFO] [stdout] error: cannot find macro `widget_layout_test` in this scope
[INFO] [stdout]    --> src/layout/flex.rs:607:3
[INFO] [stdout]     |
[INFO] [stdout] 607 |   widget_layout_test!(
[INFO] [stdout]     |   ^^^^^^^^^^^^^^^^^^
[INFO] [stdout] 
[INFO] [stdout] 
[INFO] [stdout] error: cannot find macro `widget_layout_test` in this scope
[INFO] [stdout]    --> src/layout/flex.rs:617:3
[INFO] [stdout]     |
[INFO] [stdout] 617 |   widget_layout_test!(
[INFO] [stdout]     |   ^^^^^^^^^^^^^^^^^^
[INFO] [stdout] 
[INFO] [stdout] 
[INFO] [stdout] error: cannot find macro `widget_layout_test` in this scope
[INFO] [stdout]    --> src/layout/flex.rs:628:3
[INFO] [stdout]     |
[INFO] [stdout] 628 |   widget_layout_test!(
[INFO] [stdout]     |   ^^^^^^^^^^^^^^^^^^
[INFO] [stdout] 
[INFO] [stdout] 
[INFO] [stdout] error: cannot find macro `widget_layout_test` in this scope
[INFO] [stdout]    --> src/layout/flex.rs:638:3
[INFO] [stdout]     |
[INFO] [stdout] 638 |   widget_layout_test!(
[INFO] [stdout]     |   ^^^^^^^^^^^^^^^^^^
[INFO] [stdout] 
[INFO] [stdout] 
[INFO] [stdout] error: cannot find macro `widget_layout_test` in this scope
[INFO] [stdout]    --> src/layout/flex.rs:666:3
[INFO] [stdout]     |
[INFO] [stdout] 666 |   widget_layout_test!(
[INFO] [stdout]     |   ^^^^^^^^^^^^^^^^^^
[INFO] [stdout] 
[INFO] [stdout] 
[INFO] [stdout] error: cannot find macro `widget_layout_test` in this scope
[INFO] [stdout]   --> src/layout/sized_box.rs:45:3
[INFO] [stdout]    |
[INFO] [stdout] 45 |   widget_layout_test!(fix_size, width == 100., height == 100.,);
[INFO] [stdout]    |   ^^^^^^^^^^^^^^^^^^
[INFO] [stdout] 
[INFO] [stdout] 
[INFO] [stdout] error: cannot find macro `widget_layout_test` in this scope
[INFO] [stdout]   --> src/layout/sized_box.rs:55:3
[INFO] [stdout]    |
[INFO] [stdout] 55 |   widget_layout_test!(
[INFO] [stdout]    |   ^^^^^^^^^^^^^^^^^^
[INFO] [stdout] 
[INFO] [stdout] 
[INFO] [stdout] error: cannot find macro `widget_layout_test` in this scope
[INFO] [stdout]   --> src/layout/sized_box.rs:69:3
[INFO] [stdout]    |
[INFO] [stdout] 69 |   widget_layout_test!(
[INFO] [stdout]    |   ^^^^^^^^^^^^^^^^^^
[INFO] [stdout] 
[INFO] [stdout] 
[INFO] [stdout] error: cannot find macro `widget_layout_test` in this scope
[INFO] [stdout]   --> src/layout/sized_box.rs:77:3
[INFO] [stdout]    |
[INFO] [stdout] 77 |   widget_layout_test!(empty_box, width == 10., height == 10.,);
[INFO] [stdout]    |   ^^^^^^^^^^^^^^^^^^
[INFO] [stdout] 
[INFO] [stdout] 
[INFO] [stdout] error: cannot find macro `widget_layout_test` in this scope
[INFO] [stdout]   --> src/layout/expanded.rs:59:3
[INFO] [stdout]    |
[INFO] [stdout] 59 |   widget_layout_test!(
[INFO] [stdout]    |   ^^^^^^^^^^^^^^^^^^
[INFO] [stdout] 
[INFO] [stdout] 
[INFO] [stdout] error: cannot find macro `widget_layout_test` in this scope
[INFO] [stdout]   --> src/layout/expanded.rs:83:3
[INFO] [stdout]    |
[INFO] [stdout] 83 |   widget_layout_test!(
[INFO] [stdout]    |   ^^^^^^^^^^^^^^^^^^
[INFO] [stdout] 
[INFO] [stdout] 
[INFO] [stdout] error: cannot find macro `widget_layout_test` in this scope
[INFO] [stdout]    --> src/layout/expanded.rs:117:3
[INFO] [stdout]     |
[INFO] [stdout] 117 |   widget_layout_test!(
[INFO] [stdout]     |   ^^^^^^^^^^^^^^^^^^
[INFO] [stdout] 
[INFO] [stdout] 
[INFO] [stdout] error: cannot find macro `widget_layout_test` in this scope
[INFO] [stdout]   --> src/layout/stack.rs:91:3
[INFO] [stdout]    |
[INFO] [stdout] 91 |   widget_layout_test!(smoke, size == FIVE,);
[INFO] [stdout]    |   ^^^^^^^^^^^^^^^^^^
[INFO] [stdout] 
[INFO] [stdout] 
[INFO] [stdout] error: cannot find macro `widget_layout_test` in this scope
[INFO] [stdout]   --> src/layout/constrained_box.rs:45:3
[INFO] [stdout]    |
[INFO] [stdout] 45 |   widget_layout_test! (
[INFO] [stdout]    |   ^^^^^^^^^^^^^^^^^^
[INFO] [stdout] 
[INFO] [stdout] 
[INFO] [stdout] error: cannot find macro `widget_layout_test` in this scope
[INFO] [stdout]   --> src/layout/constrained_box.rs:63:3
[INFO] [stdout]    |
[INFO] [stdout] 63 |   widget_layout_test!(
[INFO] [stdout]    |   ^^^^^^^^^^^^^^^^^^
[INFO] [stdout] 
[INFO] [stdout] 
[INFO] [stdout] error: cannot find macro `widget_layout_test` in this scope
[INFO] [stdout]   --> src/layout/constrained_box.rs:81:3
[INFO] [stdout]    |
[INFO] [stdout] 81 |   widget_layout_test!(
[INFO] [stdout]    |   ^^^^^^^^^^^^^^^^^^
[INFO] [stdout] 
[INFO] [stdout] 
[INFO] [stdout] error: cannot find macro `widget_layout_test` in this scope
[INFO] [stdout]    --> src/scrollbar.rs:337:3
[INFO] [stdout]     |
[INFO] [stdout] 337 |   widget_layout_test!(
[INFO] [stdout]     |   ^^^^^^^^^^^^^^^^^^
[INFO] [stdout] 
[INFO] [stdout] 
[INFO] [stdout] error: cannot find macro `widget_layout_test` in this scope
[INFO] [stdout]   --> src/transform_box.rs:55:3
[INFO] [stdout]    |
[INFO] [stdout] 55 |   widget_layout_test!(smoke, width == 200., height == 200.,);
[INFO] [stdout]    |   ^^^^^^^^^^^^^^^^^^
[INFO] [stdout] 
[INFO] [stdout] 
[INFO] [stdout] warning: unused import: `ribir_core::test_helper::*`
[INFO] [stdout]    --> src/checkbox.rs:148:7
[INFO] [stdout]     |
[INFO] [stdout] 148 |   use ribir_core::test_helper::*;
[INFO] [stdout]     |       ^^^^^^^^^^^^^^^^^^^^^^^^^^
[INFO] [stdout]     |
[INFO] [stdout]     = note: `#[warn(unused_imports)]` on by default
[INFO] [stdout] 
[INFO] [stdout] 
[INFO] [stdout] warning: unused import: `test::Bencher`
[INFO] [stdout]    --> src/checkbox.rs:151:7
[INFO] [stdout]     |
[INFO] [stdout] 151 |   use test::Bencher;
[INFO] [stdout]     |       ^^^^^^^^^^^^^
[INFO] [stdout] 
[INFO] [stdout] 
[INFO] [stdout] warning: unused import: `ribir_core::test_helper::*`
[INFO] [stdout]   --> src/layout/container.rs:33:7
[INFO] [stdout]    |
[INFO] [stdout] 33 |   use ribir_core::test_helper::*;
[INFO] [stdout]    |       ^^^^^^^^^^^^^^^^^^^^^^^^^^
[INFO] [stdout] 
[INFO] [stdout] 
[INFO] [stdout] warning: unused import: `ribir_core::test_helper::*`
[INFO] [stdout]    --> src/layout/flex.rs:368:7
[INFO] [stdout]     |
[INFO] [stdout] 368 |   use ribir_core::test_helper::*;
[INFO] [stdout]     |       ^^^^^^^^^^^^^^^^^^^^^^^^^^
[INFO] [stdout] 
[INFO] [stdout] 
[INFO] [stdout] warning: unused import: `ribir_core::test_helper::*`
[INFO] [stdout]   --> src/layout/sized_box.rs:33:7
[INFO] [stdout]    |
[INFO] [stdout] 33 |   use ribir_core::test_helper::*;
[INFO] [stdout]    |       ^^^^^^^^^^^^^^^^^^^^^^^^^^
[INFO] [stdout] 
[INFO] [stdout] 
[INFO] [stdout] warning: unused import: `ribir_core::test_helper::*`
[INFO] [stdout]   --> src/layout/expanded.rs:40:7
[INFO] [stdout]    |
[INFO] [stdout] 40 |   use ribir_core::test_helper::*;
[INFO] [stdout]    |       ^^^^^^^^^^^^^^^^^^^^^^^^^^
[INFO] [stdout] 
[INFO] [stdout] 
[INFO] [stdout] warning: unused import: `ribir_core::test_helper::*`
[INFO] [stdout]   --> src/layout/stack.rs:75:7
[INFO] [stdout]    |
[INFO] [stdout] 75 |   use ribir_core::test_helper::*;
[INFO] [stdout]    |       ^^^^^^^^^^^^^^^^^^^^^^^^^^
[INFO] [stdout] 
[INFO] [stdout] 
[INFO] [stdout] warning: unused import: `ribir_core::test_helper::*`
[INFO] [stdout]   --> src/layout/constrained_box.rs:31:7
[INFO] [stdout]    |
[INFO] [stdout] 31 |   use ribir_core::test_helper::*;
[INFO] [stdout]    |       ^^^^^^^^^^^^^^^^^^^^^^^^^^
[INFO] [stdout] 
[INFO] [stdout] 
[INFO] [stdout] warning: unused import: `ribir_core::test_helper::*`
[INFO] [stdout]   --> src/transform_box.rs:41:7
[INFO] [stdout]    |
[INFO] [stdout] 41 |   use ribir_core::test_helper::*;
[INFO] [stdout]    |       ^^^^^^^^^^^^^^^^^^^^^^^^^^
[INFO] [stdout] 
[INFO] [stdout] 
[INFO] [stdout] error: aborting due to 45 previous errors; 9 warnings emitted
[INFO] [stdout] 
[INFO] [stdout] 
[INFO] [stdout] For more information about this error, try `rustc --explain E0432`.
[INFO] [stdout] 
[INFO] [stderr] error: could not compile `ribir_widgets` (lib test) due to 46 previous errors; 9 warnings emitted
[INFO] [stderr] warning: build failed, waiting for other jobs to finish...
[INFO] running `Command { std: "docker" "inspect" "ee248273f83bbcb4b8e655cdab6b3d915d83c1564985e2796cc1fd870e268b05", kill_on_drop: false }`
[INFO] running `Command { std: "docker" "rm" "-f" "ee248273f83bbcb4b8e655cdab6b3d915d83c1564985e2796cc1fd870e268b05", kill_on_drop: false }`
[INFO] [stdout] ee248273f83bbcb4b8e655cdab6b3d915d83c1564985e2796cc1fd870e268b05
