[INFO] fetching crate ribir_core 0.0.1-alpha.5...
[INFO] checking ribir_core-0.0.1-alpha.5 against nightly-2024-02-05 for check-cfg
[INFO] extracting crate ribir_core 0.0.1-alpha.5 into /workspace/builds/worker-5-tc1/source
[INFO] validating manifest of crates.io crate ribir_core 0.0.1-alpha.5 on toolchain nightly-2024-02-05
[INFO] running `Command { std: CARGO_HOME="/workspace/cargo-home" RUSTUP_HOME="/workspace/rustup-home" "/workspace/cargo-home/bin/cargo" "+nightly-2024-02-05" "metadata" "--manifest-path" "Cargo.toml" "--no-deps", kill_on_drop: false }`
[INFO] started tweaking crates.io crate ribir_core 0.0.1-alpha.5
[INFO] finished tweaking crates.io crate ribir_core 0.0.1-alpha.5
[INFO] tweaked toml for crates.io crate ribir_core 0.0.1-alpha.5 written to /workspace/builds/worker-5-tc1/source/Cargo.toml
[INFO] running `Command { std: CARGO_HOME="/workspace/cargo-home" RUSTUP_HOME="/workspace/rustup-home" "/workspace/cargo-home/bin/cargo" "+nightly-2024-02-05" "generate-lockfile" "--manifest-path" "Cargo.toml", kill_on_drop: false }`
[INFO] [stderr]     Updating crates.io index
[INFO] running `Command { std: CARGO_HOME="/workspace/cargo-home" RUSTUP_HOME="/workspace/rustup-home" "/workspace/cargo-home/bin/cargo" "+nightly-2024-02-05" "fetch" "--manifest-path" "Cargo.toml", kill_on_drop: false }`
[INFO] [stderr]  Downloading crates ...
[INFO] [stderr]   Downloaded rctree v0.5.0
[INFO] [stderr]   Downloaded svgtypes v0.11.0
[INFO] [stderr]   Downloaded xmlwriter v0.1.0
[INFO] [stderr]   Downloaded lyon_algorithms v1.0.4
[INFO] [stderr]   Downloaded ribir_painter v0.0.1-alpha.5
[INFO] [stderr]   Downloaded ribir_builtin v0.0.1-alpha.5
[INFO] [stderr]   Downloaded usvg-tree v0.33.0
[INFO] [stderr]   Downloaded imagesize v0.12.0
[INFO] [stderr]   Downloaded simplecss v0.2.1
[INFO] [stderr]   Downloaded usvg v0.33.0
[INFO] [stderr]   Downloaded fontdb v0.14.1
[INFO] [stderr]   Downloaded rustybuzz v0.7.0
[INFO] [stderr]   Downloaded indextree v4.6.0
[INFO] [stderr]   Downloaded lyon_path v1.0.4
[INFO] [stderr]   Downloaded lyon_geom v1.0.5
[INFO] [stderr]   Downloaded roxmltree v0.18.1
[INFO] [stderr]   Downloaded ribir_macros v0.0.1-alpha.5
[INFO] [stderr]   Downloaded tiny-skia-path v0.11.4
[INFO] [stderr]   Downloaded rosvgtree v0.3.0
[INFO] [stderr]   Downloaded usvg-parser v0.33.0
[INFO] [stderr]   Downloaded kurbo v0.9.5
[INFO] [stderr]   Downloaded ribir_algo v0.0.1-alpha.5
[INFO] [stderr]   Downloaded ribir_geom v0.0.1-alpha.5
[INFO] [stderr]   Downloaded material-color-utilities-rs v0.2.1
[INFO] [stderr]   Downloaded ribir_text v0.0.1-alpha.5
[INFO] [stderr]   Downloaded rxrust v1.0.0-beta.7
[INFO] running `Command { std: "docker" "create" "-v" "/var/lib/crater-agent-workspace/builds/worker-5-tc1/target:/opt/rustwide/target:rw,Z" "-v" "/var/lib/crater-agent-workspace/builds/worker-5-tc1/source:/opt/rustwide/workdir:ro,Z" "-v" "/var/lib/crater-agent-workspace/cargo-home:/opt/rustwide/cargo-home:ro,Z" "-v" "/var/lib/crater-agent-workspace/rustup-home:/opt/rustwide/rustup-home:ro,Z" "-e" "SOURCE_DIR=/opt/rustwide/workdir" "-e" "CARGO_TARGET_DIR=/opt/rustwide/target" "-e" "CARGO_HOME=/opt/rustwide/cargo-home" "-e" "RUSTUP_HOME=/opt/rustwide/rustup-home" "-w" "/opt/rustwide/workdir" "-m" "1610612736" "--user" "0:0" "--network" "none" "ghcr.io/rust-lang/crates-build-env/linux@sha256:2788e3201cd34a07e3172128adcd8b3090168a8e3bcc40d7c032b9dda1df7d1c" "/opt/rustwide/cargo-home/bin/cargo" "+nightly-2024-02-05" "metadata" "--no-deps" "--format-version=1", kill_on_drop: false }`
[INFO] [stdout] d8ccebac300f230ac97050c7b4033c23e8508dc71070b33bf7f4dc194012ce9e
[INFO] running `Command { std: "docker" "start" "-a" "d8ccebac300f230ac97050c7b4033c23e8508dc71070b33bf7f4dc194012ce9e", kill_on_drop: false }`
[INFO] running `Command { std: "docker" "inspect" "d8ccebac300f230ac97050c7b4033c23e8508dc71070b33bf7f4dc194012ce9e", kill_on_drop: false }`
[INFO] running `Command { std: "docker" "rm" "-f" "d8ccebac300f230ac97050c7b4033c23e8508dc71070b33bf7f4dc194012ce9e", kill_on_drop: false }`
[INFO] [stdout] d8ccebac300f230ac97050c7b4033c23e8508dc71070b33bf7f4dc194012ce9e
[INFO] running `Command { std: "docker" "create" "-v" "/var/lib/crater-agent-workspace/builds/worker-5-tc1/target:/opt/rustwide/target:rw,Z" "-v" "/var/lib/crater-agent-workspace/builds/worker-5-tc1/source:/opt/rustwide/workdir:ro,Z" "-v" "/var/lib/crater-agent-workspace/cargo-home:/opt/rustwide/cargo-home:ro,Z" "-v" "/var/lib/crater-agent-workspace/rustup-home:/opt/rustwide/rustup-home:ro,Z" "-e" "SOURCE_DIR=/opt/rustwide/workdir" "-e" "CARGO_TARGET_DIR=/opt/rustwide/target" "-e" "CARGO_INCREMENTAL=0" "-e" "RUST_BACKTRACE=full" "-e" "RUSTFLAGS=--cap-lints=forbid" "-e" "RUSTDOCFLAGS=--cap-lints=forbid" "-e" "CARGO_HOME=/opt/rustwide/cargo-home" "-e" "RUSTUP_HOME=/opt/rustwide/rustup-home" "-w" "/opt/rustwide/workdir" "-m" "1610612736" "--user" "0:0" "--network" "none" "ghcr.io/rust-lang/crates-build-env/linux@sha256:2788e3201cd34a07e3172128adcd8b3090168a8e3bcc40d7c032b9dda1df7d1c" "/opt/rustwide/cargo-home/bin/cargo" "+nightly-2024-02-05" "check" "--frozen" "--all" "--all-targets" "--message-format=json", kill_on_drop: false }`
[INFO] [stdout] 92eb1c46d98a4dbeb2f2d932ea8941b7091b01d0c11676abaee62597a6476d23
[INFO] running `Command { std: "docker" "start" "-a" "92eb1c46d98a4dbeb2f2d932ea8941b7091b01d0c11676abaee62597a6476d23", kill_on_drop: false }`
[INFO] [stderr]    Compiling libc v0.2.153
[INFO] [stderr]    Compiling libm v0.2.8
[INFO] [stderr]    Compiling serde v1.0.196
[INFO] [stderr]    Compiling num-traits v0.2.17
[INFO] [stderr]    Compiling num-integer v0.1.45
[INFO] [stderr]    Compiling syn v2.0.48
[INFO] [stderr]    Compiling num-bigint v0.4.4
[INFO] [stderr]    Compiling xml-rs v0.8.19
[INFO] [stderr]     Checking arrayvec v0.7.4
[INFO] [stderr]    Compiling ahash v0.8.7
[INFO] [stderr]    Compiling num-iter v0.1.43
[INFO] [stderr]    Compiling num-rational v0.4.1
[INFO] [stderr]    Compiling wayland-scanner v0.29.5
[INFO] [stderr]     Checking simd-adler32 v0.3.7
[INFO] [stderr]    Compiling getrandom v0.2.12
[INFO] [stderr]     Checking miniz_oxide v0.7.2
[INFO] [stderr]    Compiling wayland-sys v0.29.5
[INFO] [stderr]     Checking libloading v0.8.1
[INFO] [stderr]    Compiling syn v1.0.109
[INFO] [stderr]     Checking dlib v0.5.2
[INFO] [stderr]    Compiling kurbo v0.9.5
[INFO] [stderr]     Checking flate2 v1.0.28
[INFO] [stderr]    Compiling slotmap v1.0.7
[INFO] [stderr]     Checking siphasher v0.3.11
[INFO] [stderr]    Compiling log v0.4.20
[INFO] [stderr]    Compiling crossbeam-utils v0.8.19
[INFO] [stderr]    Compiling float-cmp v0.9.0
[INFO] [stderr]    Compiling strict-num v0.1.1
[INFO] [stderr]    Compiling wayland-client v0.29.5
[INFO] [stderr]     Checking nix v0.24.3
[INFO] [stderr]    Compiling memoffset v0.7.1
[INFO] [stderr]     Checking svgtypes v0.11.0
[INFO] [stderr]    Compiling xmlparser v0.13.6
[INFO] [stderr]    Compiling adler v1.0.2
[INFO] [stderr]     Checking bytemuck v1.14.1
[INFO] [stderr]     Checking roxmltree v0.18.1
[INFO] [stderr]    Compiling simplecss v0.2.1
[INFO] [stderr]     Checking wayland-commons v0.29.5
[INFO] [stderr]     Checking rand_core v0.6.4
[INFO] [stderr]     Checking fdeflate v0.3.4
[INFO] [stderr]    Compiling crc32fast v1.3.2
[INFO] [stderr]    Compiling zerocopy v0.7.32
[INFO] [stderr]     Checking scoped-tls v1.0.1
[INFO] [stderr]     Checking rctree v0.5.0
[INFO] [stderr]     Checking futures-sink v0.3.30
[INFO] [stderr]     Checking futures-core v0.3.30
[INFO] [stderr]     Checking downcast-rs v1.2.0
[INFO] [stderr]    Compiling ppv-lite86 v0.2.17
[INFO] [stderr]    Compiling once_cell v1.19.0
[INFO] [stderr]    Compiling serde_derive v1.0.196
[INFO] [stderr]    Compiling thiserror-impl v1.0.56
[INFO] [stderr]    Compiling rand_chacha v0.3.1
[INFO] [stderr]    Compiling futures-macro v0.3.30
[INFO] [stderr]     Checking futures-channel v0.3.30
[INFO] [stderr]    Compiling usvg-tree v0.33.0
[INFO] [stderr]     Checking rosvgtree v0.3.0
[INFO] [stderr]     Checking png v0.17.11
[INFO] [stderr]     Checking crossbeam-epoch v0.9.18
[INFO] [stderr]    Compiling wayland-protocols v0.29.5
[INFO] [stderr]     Checking thiserror v1.0.56
[INFO] [stderr]     Checking num-complex v0.4.4
[INFO] [stderr]    Compiling data-url v0.2.0
[INFO] [stderr]    Compiling unicode-general-category v0.6.0
[INFO] [stderr]     Checking futures-task v0.3.30
[INFO] [stderr]    Compiling imagesize v0.12.0
[INFO] [stderr]     Checking arrayref v0.3.7
[INFO] [stderr]     Checking futures-io v0.3.30
[INFO] [stderr]     Checking color_quant v1.1.0
[INFO] [stderr]    Compiling rayon-core v1.12.1
[INFO] [stderr]     Checking image v0.24.8
[INFO] [stderr]     Checking futures-util v0.3.30
[INFO] [stderr]    Compiling usvg-parser v0.33.0
[INFO] [stderr]    Compiling num v0.4.1
[INFO] [stderr]     Checking nix v0.26.4
[INFO] [stderr]     Checking crossbeam-deque v0.8.5
[INFO] [stderr]     Checking rand v0.8.5
[INFO] [stderr]     Checking nix v0.25.1
[INFO] [stderr]    Compiling ribir_builtin v0.0.1-alpha.5
[INFO] [stderr]     Checking num_cpus v1.16.0
[INFO] [stderr]    Compiling cc v1.0.83
[INFO] [stderr]    Compiling x11-dl v2.21.0
[INFO] [stderr]    Compiling smithay-client-toolkit v0.16.1
[INFO] [stderr]    Compiling itoa v1.0.10
[INFO] [stderr]     Checking xmlwriter v0.1.0
[INFO] [stderr]    Compiling cfg_aliases v0.1.1
[INFO] [stderr]     Checking pico-args v0.5.0
[INFO] [stderr]     Checking xcursor v0.3.5
[INFO] [stderr]    Compiling ryu v1.0.16
[INFO] [stderr]    Compiling base64 v0.21.7
[INFO] [stderr]    Compiling x11rb v0.12.0
[INFO] [stderr]    Compiling usvg v0.33.0
[INFO] [stderr]     Checking futures-executor v0.3.30
[INFO] [stderr]    Compiling tiny-skia-path v0.11.4
[INFO] [stderr]     Checking calloop v0.10.6
[INFO] [stderr]     Checking wayland-cursor v0.29.5
[INFO] [stderr]    Compiling winit v0.28.7
[INFO] [stderr]    Compiling blake3 v1.5.0
[INFO] [stderr]    Compiling ribir_macros v0.0.1-alpha.5
[INFO] [stderr]     Checking x11rb-protocol v0.12.0
[INFO] [stderr]    Compiling material-color-utilities-rs v0.2.1
[INFO] [stderr]     Checking parking_lot_core v0.9.9
[INFO] [stderr]     Checking gethostname v0.3.0
[INFO] [stderr]     Checking memmap2 v0.6.2
[INFO] [stderr]     Checking memmap2 v0.5.10
[INFO] [stderr]     Checking unicode-script v0.5.5
[INFO] [stderr]     Checking bitflags v2.4.2
[INFO] [stderr]    Compiling convert_case v0.4.0
[INFO] [stderr]     Checking unicode-ccc v0.1.2
[INFO] [stderr]     Checking ttf-parser v0.18.1
[INFO] [stderr]     Checking either v1.9.0
[INFO] [stderr]     Checking unicode-bidi-mirroring v0.1.0
[INFO] [stderr]     Checking ttf-parser v0.19.2
[INFO] [stderr]     Checking rayon v1.8.1
[INFO] [stderr]     Checking euclid v0.22.9
[INFO] [stderr]     Checking serde_json v1.0.113
[INFO] [stderr]     Checking lyon_geom v1.0.5
[INFO] [stderr]     Checking ribir_geom v0.0.1-alpha.5
[INFO] [stderr]    Compiling ribir_algo v0.0.1-alpha.5
[INFO] [stderr]     Checking lyon_path v1.0.4
[INFO] [stderr]     Checking fontdb v0.14.1
[INFO] [stderr]     Checking rustybuzz v0.7.0
[INFO] [stderr]    Compiling derive_more v0.99.17
[INFO] [stderr]    Compiling Inflector v0.11.4
[INFO] [stderr]     Checking lyon_algorithms v1.0.4
[INFO] [stderr]     Checking parking_lot v0.12.1
[INFO] [stderr]     Checking ribir_painter v0.0.1-alpha.5
[INFO] [stderr]     Checking futures v0.3.30
[INFO] [stderr]     Checking mio v0.8.10
[INFO] [stderr]     Checking ordered-float v3.9.2
[INFO] [stderr]     Checking instant v0.1.12
[INFO] [stderr]    Compiling paste v1.0.14
[INFO] [stderr]     Checking raw-window-handle v0.5.2
[INFO] [stderr]     Checking constant_time_eq v0.3.0
[INFO] [stderr]     Checking arboard v3.3.0
[INFO] [stderr]     Checking rxrust v1.0.0-beta.7
[INFO] [stderr]     Checking indextree v4.6.0
[INFO] [stderr]     Checking colored v2.1.0
[INFO] [stderr]     Checking ribir_text v0.0.1-alpha.5
[INFO] [stderr]     Checking ribir_core v0.0.1-alpha.5 (/opt/rustwide/workdir)
[INFO] [stdout] warning: unused import: `image_widget::*`
[INFO] [stdout]  --> src/builtin_widgets.rs:4:9
[INFO] [stdout]   |
[INFO] [stdout] 4 | pub use image_widget::*;
[INFO] [stdout]   |         ^^^^^^^^^^^^^^^
[INFO] [stdout]   |
[INFO] [stdout]   = note: `#[warn(unused_imports)]` on by default
[INFO] [stdout] 
[INFO] [stdout] 
[INFO] [stdout] warning: unused import: `svg::*`
[INFO] [stdout]   --> src/builtin_widgets.rs:43:9
[INFO] [stdout]    |
[INFO] [stdout] 43 | pub use svg::*;
[INFO] [stdout]    |         ^^^^^^
[INFO] [stdout] 
[INFO] [stdout] 
[INFO] [stdout] warning: unused import: `ribir_painter::*`
[INFO] [stdout]   --> src/lib.rs:69:11
[INFO] [stdout]    |
[INFO] [stdout] 69 |   pub use ribir_painter::*;
[INFO] [stdout]    |           ^^^^^^^^^^^^^^^^
[INFO] [stdout] 
[INFO] [stdout] 
[INFO] [stdout] error[E0432]: unresolved import `ribir_dev_helper`
[INFO] [stdout]   --> src/builtin_widgets/theme/compose_decorators.rs:75:7
[INFO] [stdout]    |
[INFO] [stdout] 75 |   use ribir_dev_helper::*;
[INFO] [stdout]    |       ^^^^^^^^^^^^^^^^ use of undeclared crate or module `ribir_dev_helper`
[INFO] [stdout] 
[INFO] [stdout] 
[INFO] [stdout] error[E0432]: unresolved import `ribir_dev_helper`
[INFO] [stdout]    --> src/widget_tree/layout_info.rs:425:7
[INFO] [stdout]     |
[INFO] [stdout] 425 |   use ribir_dev_helper::*;
[INFO] [stdout]     |       ^^^^^^^^^^^^^^^^ use of undeclared crate or module `ribir_dev_helper`
[INFO] [stdout] 
[INFO] [stdout] 
[INFO] [stdout] error[E0432]: unresolved import `ribir_dev_helper`
[INFO] [stdout]    --> src/window.rs:179:7
[INFO] [stdout]     |
[INFO] [stdout] 179 |   use ribir_dev_helper::assert_layout_result_by_path;
[INFO] [stdout]     |       ^^^^^^^^^^^^^^^^ use of undeclared crate or module `ribir_dev_helper`
[INFO] [stdout] 
[INFO] [stdout] 
[INFO] [stdout] error[E0432]: unresolved import `ribir_dev_helper`
[INFO] [stdout]    --> src/builtin_widgets/margin.rs:133:7
[INFO] [stdout]     |
[INFO] [stdout] 133 |   use ribir_dev_helper::*;
[INFO] [stdout]     |       ^^^^^^^^^^^^^^^^ use of undeclared crate or module `ribir_dev_helper`
[INFO] [stdout] 
[INFO] [stdout] 
[INFO] [stdout] error[E0432]: unresolved import `ribir_dev_helper`
[INFO] [stdout]   --> src/builtin_widgets/padding.rs:68:7
[INFO] [stdout]    |
[INFO] [stdout] 68 |   use ribir_dev_helper::*;
[INFO] [stdout]    |       ^^^^^^^^^^^^^^^^ use of undeclared crate or module `ribir_dev_helper`
[INFO] [stdout] 
[INFO] [stdout] 
[INFO] [stdout] error[E0432]: unresolved import `ribir_dev_helper`
[INFO] [stdout]    --> src/builtin_widgets/box_decoration.rs:223:7
[INFO] [stdout]     |
[INFO] [stdout] 223 |   use ribir_dev_helper::*;
[INFO] [stdout]     |       ^^^^^^^^^^^^^^^^ use of undeclared crate or module `ribir_dev_helper`
[INFO] [stdout] 
[INFO] [stdout] 
[INFO] [stdout] error[E0432]: unresolved import `ribir_dev_helper`
[INFO] [stdout]   --> src/builtin_widgets/transform_widget.rs:43:7
[INFO] [stdout]    |
[INFO] [stdout] 43 |   use ribir_dev_helper::*;
[INFO] [stdout]    |       ^^^^^^^^^^^^^^^^ use of undeclared crate or module `ribir_dev_helper`
[INFO] [stdout] 
[INFO] [stdout] 
[INFO] [stdout] error[E0432]: unresolved import `ribir_dev_helper`
[INFO] [stdout]   --> src/builtin_widgets/void.rs:32:7
[INFO] [stdout]    |
[INFO] [stdout] 32 |   use ribir_dev_helper::*;
[INFO] [stdout]    |       ^^^^^^^^^^^^^^^^ use of undeclared crate or module `ribir_dev_helper`
[INFO] [stdout] 
[INFO] [stdout] 
[INFO] [stdout] error[E0432]: unresolved import `ribir_dev_helper`
[INFO] [stdout]   --> src/builtin_widgets/unconstrained_box.rs:80:7
[INFO] [stdout]    |
[INFO] [stdout] 80 |   use ribir_dev_helper::*;
[INFO] [stdout]    |       ^^^^^^^^^^^^^^^^ use of undeclared crate or module `ribir_dev_helper`
[INFO] [stdout] 
[INFO] [stdout] 
[INFO] [stdout] error[E0432]: unresolved import `ribir_dev_helper`
[INFO] [stdout]    --> src/builtin_widgets/anchor.rs:150:7
[INFO] [stdout]     |
[INFO] [stdout] 150 |   use ribir_dev_helper::*;
[INFO] [stdout]     |       ^^^^^^^^^^^^^^^^ use of undeclared crate or module `ribir_dev_helper`
[INFO] [stdout] 
[INFO] [stdout] 
[INFO] [stdout] error[E0432]: unresolved import `ribir_dev_helper`
[INFO] [stdout]   --> src/builtin_widgets/layout_box.rs:63:7
[INFO] [stdout]    |
[INFO] [stdout] 63 |   use ribir_dev_helper::*;
[INFO] [stdout]    |       ^^^^^^^^^^^^^^^^ use of undeclared crate or module `ribir_dev_helper`
[INFO] [stdout] 
[INFO] [stdout] 
[INFO] [stdout] error[E0432]: unresolved import `ribir_dev_helper`
[INFO] [stdout]    --> src/builtin_widgets/align.rs:164:7
[INFO] [stdout]     |
[INFO] [stdout] 164 |   use ribir_dev_helper::*;
[INFO] [stdout]     |       ^^^^^^^^^^^^^^^^ use of undeclared crate or module `ribir_dev_helper`
[INFO] [stdout] 
[INFO] [stdout] 
[INFO] [stdout] error[E0432]: unresolved import `ribir_dev_helper`
[INFO] [stdout]   --> src/builtin_widgets/fitted_box.rs:85:7
[INFO] [stdout]    |
[INFO] [stdout] 85 |   use ribir_dev_helper::*;
[INFO] [stdout]    |       ^^^^^^^^^^^^^^^^ use of undeclared crate or module `ribir_dev_helper`
[INFO] [stdout] 
[INFO] [stdout] 
[INFO] [stdout] error[E0432]: unresolved import `ribir_dev_helper`
[INFO] [stdout]   --> src/widget_children.rs:62:7
[INFO] [stdout]    |
[INFO] [stdout] 62 |   use ribir_dev_helper::*;
[INFO] [stdout]    |       ^^^^^^^^^^^^^^^^ use of undeclared crate or module `ribir_dev_helper`
[INFO] [stdout] 
[INFO] [stdout] 
[INFO] [stdout] error: cannot find macro `assert_layout_result_by_path` in this scope
[INFO] [stdout]    --> src/builtin_widgets/theme/compose_decorators.rs:108:5
[INFO] [stdout]     |
[INFO] [stdout] 108 |     assert_layout_result_by_path!(
[INFO] [stdout]     |     ^^^^^^^^^^^^^^^^^^^^^^^^^^^^
[INFO] [stdout] 
[INFO] [stdout] 
[INFO] [stdout] error: cannot find macro `widget_layout_test` in this scope
[INFO] [stdout]    --> src/builtin_widgets/margin.rs:143:3
[INFO] [stdout]     |
[INFO] [stdout] 143 |   widget_layout_test!(
[INFO] [stdout]     |   ^^^^^^^^^^^^^^^^^^
[INFO] [stdout] 
[INFO] [stdout] 
[INFO] [stdout] error: cannot find macro `widget_layout_test` in this scope
[INFO] [stdout]   --> src/builtin_widgets/padding.rs:80:3
[INFO] [stdout]    |
[INFO] [stdout] 80 |   widget_layout_test!(
[INFO] [stdout]    |   ^^^^^^^^^^^^^^^^^^
[INFO] [stdout] 
[INFO] [stdout] 
[INFO] [stdout] error: cannot find macro `widget_layout_test` in this scope
[INFO] [stdout]    --> src/builtin_widgets/box_decoration.rs:254:3
[INFO] [stdout]     |
[INFO] [stdout] 254 |   widget_layout_test!(
[INFO] [stdout]     |   ^^^^^^^^^^^^^^^^^^
[INFO] [stdout] 
[INFO] [stdout] 
[INFO] [stdout] error: cannot find macro `widget_layout_test` in this scope
[INFO] [stdout]   --> src/builtin_widgets/transform_widget.rs:55:3
[INFO] [stdout]    |
[INFO] [stdout] 55 |   widget_layout_test!(smoke, width == 100., height == 100.,);
[INFO] [stdout]    |   ^^^^^^^^^^^^^^^^^^
[INFO] [stdout] 
[INFO] [stdout] 
[INFO] [stdout] error: cannot find macro `widget_bench` in this scope
[INFO] [stdout]   --> src/builtin_widgets/void.rs:39:3
[INFO] [stdout]    |
[INFO] [stdout] 39 |   widget_bench!(base);
[INFO] [stdout]    |   ^^^^^^^^^^^^
[INFO] [stdout] 
[INFO] [stdout] 
[INFO] [stdout] error: cannot find macro `widget_layout_test` in this scope
[INFO] [stdout]    --> src/builtin_widgets/unconstrained_box.rs:103:3
[INFO] [stdout]     |
[INFO] [stdout] 103 |   widget_layout_test!(
[INFO] [stdout]     |   ^^^^^^^^^^^^^^^^^^
[INFO] [stdout] 
[INFO] [stdout] 
[INFO] [stdout] error: cannot find macro `widget_layout_test` in this scope
[INFO] [stdout]    --> src/builtin_widgets/anchor.rs:164:3
[INFO] [stdout]     |
[INFO] [stdout] 164 |   widget_layout_test!(
[INFO] [stdout]     |   ^^^^^^^^^^^^^^^^^^
[INFO] [stdout] 
[INFO] [stdout] 
[INFO] [stdout] error: cannot find macro `widget_layout_test` in this scope
[INFO] [stdout]    --> src/builtin_widgets/anchor.rs:180:3
[INFO] [stdout]     |
[INFO] [stdout] 180 |   widget_layout_test!(
[INFO] [stdout]     |   ^^^^^^^^^^^^^^^^^^
[INFO] [stdout] 
[INFO] [stdout] 
[INFO] [stdout] error: cannot find macro `widget_layout_test` in this scope
[INFO] [stdout]    --> src/builtin_widgets/anchor.rs:196:3
[INFO] [stdout]     |
[INFO] [stdout] 196 |   widget_layout_test!(
[INFO] [stdout]     |   ^^^^^^^^^^^^^^^^^^
[INFO] [stdout] 
[INFO] [stdout] 
[INFO] [stdout] error: cannot find macro `widget_layout_test` in this scope
[INFO] [stdout]    --> src/builtin_widgets/anchor.rs:212:3
[INFO] [stdout]     |
[INFO] [stdout] 212 |   widget_layout_test!(
[INFO] [stdout]     |   ^^^^^^^^^^^^^^^^^^
[INFO] [stdout] 
[INFO] [stdout] 
[INFO] [stdout] error: cannot find macro `widget_layout_test` in this scope
[INFO] [stdout]    --> src/builtin_widgets/anchor.rs:228:3
[INFO] [stdout]     |
[INFO] [stdout] 228 |   widget_layout_test!(
[INFO] [stdout]     |   ^^^^^^^^^^^^^^^^^^
[INFO] [stdout] 
[INFO] [stdout] 
[INFO] [stdout] error: cannot find macro `widget_layout_test` in this scope
[INFO] [stdout]    --> src/builtin_widgets/anchor.rs:244:3
[INFO] [stdout]     |
[INFO] [stdout] 244 |   widget_layout_test! {
[INFO] [stdout]     |   ^^^^^^^^^^^^^^^^^^
[INFO] [stdout] 
[INFO] [stdout] 
[INFO] [stdout] error: cannot find macro `widget_layout_test` in this scope
[INFO] [stdout]    --> src/builtin_widgets/anchor.rs:260:3
[INFO] [stdout]     |
[INFO] [stdout] 260 |   widget_layout_test!(
[INFO] [stdout]     |   ^^^^^^^^^^^^^^^^^^
[INFO] [stdout] 
[INFO] [stdout] 
[INFO] [stdout] error: cannot find macro `widget_layout_test` in this scope
[INFO] [stdout]    --> src/builtin_widgets/anchor.rs:276:3
[INFO] [stdout]     |
[INFO] [stdout] 276 |   widget_layout_test!(
[INFO] [stdout]     |   ^^^^^^^^^^^^^^^^^^
[INFO] [stdout] 
[INFO] [stdout] 
[INFO] [stdout] error: cannot find macro `widget_layout_test` in this scope
[INFO] [stdout]   --> src/builtin_widgets/layout_box.rs:76:3
[INFO] [stdout]    |
[INFO] [stdout] 76 |   widget_layout_test!(
[INFO] [stdout]    |   ^^^^^^^^^^^^^^^^^^
[INFO] [stdout] 
[INFO] [stdout] 
[INFO] [stdout] error: cannot find macro `widget_layout_test` in this scope
[INFO] [stdout]    --> src/builtin_widgets/align.rs:177:3
[INFO] [stdout]     |
[INFO] [stdout] 177 |   widget_layout_test!(
[INFO] [stdout]     |   ^^^^^^^^^^^^^^^^^^
[INFO] [stdout] 
[INFO] [stdout] 
[INFO] [stdout] error: cannot find macro `widget_layout_test` in this scope
[INFO] [stdout]    --> src/builtin_widgets/align.rs:185:3
[INFO] [stdout]     |
[INFO] [stdout] 185 |   widget_layout_test!(
[INFO] [stdout]     |   ^^^^^^^^^^^^^^^^^^
[INFO] [stdout] 
[INFO] [stdout] 
[INFO] [stdout] error: cannot find macro `widget_layout_test` in this scope
[INFO] [stdout]    --> src/builtin_widgets/align.rs:193:3
[INFO] [stdout]     |
[INFO] [stdout] 193 |   widget_layout_test!(
[INFO] [stdout]     |   ^^^^^^^^^^^^^^^^^^
[INFO] [stdout] 
[INFO] [stdout] 
[INFO] [stdout] error: cannot find macro `widget_layout_test` in this scope
[INFO] [stdout]    --> src/builtin_widgets/align.rs:201:3
[INFO] [stdout]     |
[INFO] [stdout] 201 |   widget_layout_test!(
[INFO] [stdout]     |   ^^^^^^^^^^^^^^^^^^
[INFO] [stdout] 
[INFO] [stdout] 
[INFO] [stdout] error: cannot find macro `widget_layout_test` in this scope
[INFO] [stdout]    --> src/builtin_widgets/align.rs:218:3
[INFO] [stdout]     |
[INFO] [stdout] 218 |   widget_layout_test!(
[INFO] [stdout]     |   ^^^^^^^^^^^^^^^^^^
[INFO] [stdout] 
[INFO] [stdout] 
[INFO] [stdout] error: cannot find macro `widget_layout_test` in this scope
[INFO] [stdout]    --> src/builtin_widgets/align.rs:226:3
[INFO] [stdout]     |
[INFO] [stdout] 226 |   widget_layout_test!(
[INFO] [stdout]     |   ^^^^^^^^^^^^^^^^^^
[INFO] [stdout] 
[INFO] [stdout] 
[INFO] [stdout] error: cannot find macro `widget_layout_test` in this scope
[INFO] [stdout]    --> src/builtin_widgets/align.rs:234:3
[INFO] [stdout]     |
[INFO] [stdout] 234 |   widget_layout_test!(
[INFO] [stdout]     |   ^^^^^^^^^^^^^^^^^^
[INFO] [stdout] 
[INFO] [stdout] 
[INFO] [stdout] error: cannot find macro `widget_layout_test` in this scope
[INFO] [stdout]    --> src/builtin_widgets/align.rs:242:3
[INFO] [stdout]     |
[INFO] [stdout] 242 |   widget_layout_test!(
[INFO] [stdout]     |   ^^^^^^^^^^^^^^^^^^
[INFO] [stdout] 
[INFO] [stdout] 
[INFO] [stdout] error: cannot find macro `assert_layout_result_by_path` in this scope
[INFO] [stdout]    --> src/builtin_widgets/fitted_box.rs:115:7
[INFO] [stdout]     |
[INFO] [stdout] 115 |       assert_layout_result_by_path!(wnd, {path = [0], size == expect,} );
[INFO] [stdout]     |       ^^^^^^^^^^^^^^^^^^^^^^^^^^^^
[INFO] [stdout] 
[INFO] [stdout] 
[INFO] [stdout] error: cannot find macro `widget_layout_test` in this scope
[INFO] [stdout]    --> src/builtin_widgets/fitted_box.rs:174:3
[INFO] [stdout]     |
[INFO] [stdout] 174 |   widget_layout_test!(as_builtin_field, wnd_size = WND_SIZE, size == WND_SIZE,);
[INFO] [stdout]     |   ^^^^^^^^^^^^^^^^^^
[INFO] [stdout] 
[INFO] [stdout] 
[INFO] [stdout] error: cannot find macro `assert_layout_result_by_path` in this scope
[INFO] [stdout]    --> src/widget_tree/layout_info.rs:540:5
[INFO] [stdout]     |
[INFO] [stdout] 540 |     assert_layout_result_by_path!(
[INFO] [stdout]     |     ^^^^^^^^^^^^^^^^^^^^^^^^^^^^
[INFO] [stdout] 
[INFO] [stdout] 
[INFO] [stdout] error: cannot find macro `assert_layout_result_by_path` in this scope
[INFO] [stdout]    --> src/widget_tree/layout_info.rs:544:5
[INFO] [stdout]     |
[INFO] [stdout] 544 |     assert_layout_result_by_path!(
[INFO] [stdout]     |     ^^^^^^^^^^^^^^^^^^^^^^^^^^^^
[INFO] [stdout] 
[INFO] [stdout] 
[INFO] [stdout] error: cannot find macro `assert_layout_result_by_path` in this scope
[INFO] [stdout]    --> src/widget_tree/layout_info.rs:554:5
[INFO] [stdout]     |
[INFO] [stdout] 554 |     assert_layout_result_by_path!(
[INFO] [stdout]     |     ^^^^^^^^^^^^^^^^^^^^^^^^^^^^
[INFO] [stdout] 
[INFO] [stdout] 
[INFO] [stdout] error: cannot find macro `assert_layout_result_by_path` in this scope
[INFO] [stdout]    --> src/widget_tree/layout_info.rs:558:5
[INFO] [stdout]     |
[INFO] [stdout] 558 |     assert_layout_result_by_path!(
[INFO] [stdout]     |     ^^^^^^^^^^^^^^^^^^^^^^^^^^^^
[INFO] [stdout] 
[INFO] [stdout] 
[INFO] [stdout] error: cannot find macro `widget_layout_test` in this scope
[INFO] [stdout]    --> src/widget_children.rs:249:3
[INFO] [stdout]     |
[INFO] [stdout] 249 |   widget_layout_test!(dyns_compose_child, width == 100., height == 200.,);
[INFO] [stdout]     |   ^^^^^^^^^^^^^^^^^^
[INFO] [stdout] 
[INFO] [stdout] 
[INFO] [stdout] error: cannot find macro `widget_layout_test` in this scope
[INFO] [stdout]    --> src/widget_children.rs:276:3
[INFO] [stdout]     |
[INFO] [stdout] 276 |   widget_layout_test!(compose_dyns_child, size == COMPOSE_DYNS_CHILD_SIZE,);
[INFO] [stdout]     |   ^^^^^^^^^^^^^^^^^^
[INFO] [stdout] 
[INFO] [stdout] 
[INFO] [stdout] error: cannot find macro `widget_layout_test` in this scope
[INFO] [stdout]    --> src/widget_children.rs:300:3
[INFO] [stdout]     |
[INFO] [stdout] 300 |   widget_layout_test!(
[INFO] [stdout]     |   ^^^^^^^^^^^^^^^^^^
[INFO] [stdout] 
[INFO] [stdout] 
[INFO] [stdout] warning: unused import: `image_widget::*`
[INFO] [stdout]  --> src/builtin_widgets.rs:4:9
[INFO] [stdout]   |
[INFO] [stdout] 4 | pub use image_widget::*;
[INFO] [stdout]   |         ^^^^^^^^^^^^^^^
[INFO] [stdout]   |
[INFO] [stdout]   = note: `#[warn(unused_imports)]` on by default
[INFO] [stdout] 
[INFO] [stdout] 
[INFO] [stdout] warning: unused import: `crate::test_helper::*`
[INFO] [stdout]   --> src/builtin_widgets/void.rs:31:7
[INFO] [stdout]    |
[INFO] [stdout] 31 |   use crate::test_helper::*;
[INFO] [stdout]    |       ^^^^^^^^^^^^^^^^^^^^^
[INFO] [stdout] 
[INFO] [stdout] 
[INFO] [stdout] warning: unused import: `test::Bencher`
[INFO] [stdout]   --> src/builtin_widgets/void.rs:34:7
[INFO] [stdout]    |
[INFO] [stdout] 34 |   use test::Bencher;
[INFO] [stdout]    |       ^^^^^^^^^^^^^
[INFO] [stdout] 
[INFO] [stdout] 
[INFO] [stdout] warning: unused import: `svg::*`
[INFO] [stdout]   --> src/builtin_widgets.rs:43:9
[INFO] [stdout]    |
[INFO] [stdout] 43 | pub use svg::*;
[INFO] [stdout]    |         ^^^^^^
[INFO] [stdout] 
[INFO] [stdout] 
[INFO] [stdout] warning: unused import: `ribir_painter::*`
[INFO] [stdout]   --> src/lib.rs:69:11
[INFO] [stdout]    |
[INFO] [stdout] 69 |   pub use ribir_painter::*;
[INFO] [stdout]    |           ^^^^^^^^^^^^^^^^
[INFO] [stdout] 
[INFO] [stdout] 
[INFO] [stdout] warning: field `0` is never read
[INFO] [stdout]   --> src/data_widget.rs:42:26
[INFO] [stdout]    |
[INFO] [stdout] 42 | pub struct AnonymousData(Box<dyn Any>);
[INFO] [stdout]    |            ------------- ^^^^^^^^^^^^
[INFO] [stdout]    |            |
[INFO] [stdout]    |            field in this struct
[INFO] [stdout]    |
[INFO] [stdout]    = note: `#[warn(dead_code)]` on by default
[INFO] [stdout] help: consider changing the field to be of unit type to suppress this warning while preserving the field numbering, or remove the field
[INFO] [stdout]    |
[INFO] [stdout] 42 | pub struct AnonymousData(());
[INFO] [stdout]    |                          ~~
[INFO] [stdout] 
[INFO] [stdout] 
[INFO] [stdout] error: casting `&T` to `&mut T` is undefined behavior, even if the reference is unused, consider instead using an `UnsafeCell`
[INFO] [stdout]   --> src/context/build_context.rs:37:25
[INFO] [stdout]    |
[INFO] [stdout] 37 |     let this = unsafe { &mut *(self as *const Self as *mut Self) };
[INFO] [stdout]    |                         ^^^^^^^^^^^^^^^^^^^^^^^^^^^^^^^^^^^^^^^^
[INFO] [stdout]    |
[INFO] [stdout]    = note: for more information, visit <https://doc.rust-lang.org/book/ch15-05-interior-mutability.html>
[INFO] [stdout]    = note: `#[deny(invalid_reference_casting)]` on by default
[INFO] [stdout] 
[INFO] [stdout] 
[INFO] [stdout] error: aborting due to 1 previous error; 4 warnings emitted
[INFO] [stdout] 
[INFO] [stdout] 
[INFO] [stderr] error: could not compile `ribir_core` (lib) due to 2 previous errors; 4 warnings emitted
[INFO] [stderr] warning: build failed, waiting for other jobs to finish...
[INFO] [stdout] error: aborting due to 47 previous errors; 5 warnings emitted
[INFO] [stdout] 
[INFO] [stdout] 
[INFO] [stdout] For more information about this error, try `rustc --explain E0432`.
[INFO] [stdout] 
[INFO] [stderr] error: could not compile `ribir_core` (lib test) due to 48 previous errors; 5 warnings emitted
[INFO] running `Command { std: "docker" "inspect" "92eb1c46d98a4dbeb2f2d932ea8941b7091b01d0c11676abaee62597a6476d23", kill_on_drop: false }`
[INFO] running `Command { std: "docker" "rm" "-f" "92eb1c46d98a4dbeb2f2d932ea8941b7091b01d0c11676abaee62597a6476d23", kill_on_drop: false }`
[INFO] [stdout] 92eb1c46d98a4dbeb2f2d932ea8941b7091b01d0c11676abaee62597a6476d23
[INFO] checking ribir_core-0.0.1-alpha.5 against nightly-2024-02-05+rustflags=-Dunexpected_cfgs+cargoflags=-Zcheck-cfg for check-cfg
[INFO] extracting crate ribir_core 0.0.1-alpha.5 into /workspace/builds/worker-5-tc2/source
[INFO] validating manifest of crates.io crate ribir_core 0.0.1-alpha.5 on toolchain nightly-2024-02-05
[INFO] running `Command { std: CARGO_HOME="/workspace/cargo-home" RUSTUP_HOME="/workspace/rustup-home" "/workspace/cargo-home/bin/cargo" "+nightly-2024-02-05" "metadata" "--manifest-path" "Cargo.toml" "--no-deps", kill_on_drop: false }`
[INFO] started tweaking crates.io crate ribir_core 0.0.1-alpha.5
[INFO] finished tweaking crates.io crate ribir_core 0.0.1-alpha.5
[INFO] tweaked toml for crates.io crate ribir_core 0.0.1-alpha.5 written to /workspace/builds/worker-5-tc2/source/Cargo.toml
[INFO] running `Command { std: CARGO_HOME="/workspace/cargo-home" RUSTUP_HOME="/workspace/rustup-home" "/workspace/cargo-home/bin/cargo" "+nightly-2024-02-05" "generate-lockfile" "--manifest-path" "Cargo.toml", kill_on_drop: false }`
[INFO] [stderr]     Updating crates.io index
[INFO] running `Command { std: CARGO_HOME="/workspace/cargo-home" RUSTUP_HOME="/workspace/rustup-home" "/workspace/cargo-home/bin/cargo" "+nightly-2024-02-05" "fetch" "--manifest-path" "Cargo.toml", kill_on_drop: false }`
[INFO] running `Command { std: "docker" "create" "-v" "/var/lib/crater-agent-workspace/builds/worker-5-tc2/target:/opt/rustwide/target:rw,Z" "-v" "/var/lib/crater-agent-workspace/builds/worker-5-tc2/source:/opt/rustwide/workdir:ro,Z" "-v" "/var/lib/crater-agent-workspace/cargo-home:/opt/rustwide/cargo-home:ro,Z" "-v" "/var/lib/crater-agent-workspace/rustup-home:/opt/rustwide/rustup-home:ro,Z" "-e" "SOURCE_DIR=/opt/rustwide/workdir" "-e" "CARGO_TARGET_DIR=/opt/rustwide/target" "-e" "CARGO_HOME=/opt/rustwide/cargo-home" "-e" "RUSTUP_HOME=/opt/rustwide/rustup-home" "-w" "/opt/rustwide/workdir" "-m" "1610612736" "--user" "0:0" "--network" "none" "ghcr.io/rust-lang/crates-build-env/linux@sha256:2788e3201cd34a07e3172128adcd8b3090168a8e3bcc40d7c032b9dda1df7d1c" "/opt/rustwide/cargo-home/bin/cargo" "+nightly-2024-02-05" "metadata" "--no-deps" "--format-version=1", kill_on_drop: false }`
[INFO] [stdout] 872db4115c16c4f2e9bb26d36ca6be21e73218775510a062b28c1433371ef9a5
[INFO] running `Command { std: "docker" "start" "-a" "872db4115c16c4f2e9bb26d36ca6be21e73218775510a062b28c1433371ef9a5", kill_on_drop: false }`
[INFO] running `Command { std: "docker" "inspect" "872db4115c16c4f2e9bb26d36ca6be21e73218775510a062b28c1433371ef9a5", kill_on_drop: false }`
[INFO] running `Command { std: "docker" "rm" "-f" "872db4115c16c4f2e9bb26d36ca6be21e73218775510a062b28c1433371ef9a5", kill_on_drop: false }`
[INFO] [stdout] 872db4115c16c4f2e9bb26d36ca6be21e73218775510a062b28c1433371ef9a5
[INFO] running `Command { std: "docker" "create" "-v" "/var/lib/crater-agent-workspace/builds/worker-5-tc2/target:/opt/rustwide/target:rw,Z" "-v" "/var/lib/crater-agent-workspace/builds/worker-5-tc2/source:/opt/rustwide/workdir:ro,Z" "-v" "/var/lib/crater-agent-workspace/cargo-home:/opt/rustwide/cargo-home:ro,Z" "-v" "/var/lib/crater-agent-workspace/rustup-home:/opt/rustwide/rustup-home:ro,Z" "-e" "SOURCE_DIR=/opt/rustwide/workdir" "-e" "CARGO_TARGET_DIR=/opt/rustwide/target" "-e" "CARGO_INCREMENTAL=0" "-e" "RUST_BACKTRACE=full" "-e" "RUSTFLAGS=--cap-lints=forbid -Dunexpected_cfgs" "-e" "RUSTDOCFLAGS=--cap-lints=forbid" "-e" "CARGO_HOME=/opt/rustwide/cargo-home" "-e" "RUSTUP_HOME=/opt/rustwide/rustup-home" "-w" "/opt/rustwide/workdir" "-m" "1610612736" "--user" "0:0" "--network" "none" "ghcr.io/rust-lang/crates-build-env/linux@sha256:2788e3201cd34a07e3172128adcd8b3090168a8e3bcc40d7c032b9dda1df7d1c" "/opt/rustwide/cargo-home/bin/cargo" "+nightly-2024-02-05" "check" "--frozen" "--all" "--all-targets" "--message-format=json" "-Zcheck-cfg", kill_on_drop: false }`
[INFO] [stdout] 871373cfb690c7208641e38e57bcb93d8b7d41673f914b26d66c6533eb1a9719
[INFO] running `Command { std: "docker" "start" "-a" "871373cfb690c7208641e38e57bcb93d8b7d41673f914b26d66c6533eb1a9719", kill_on_drop: false }`
[INFO] [stderr]    Compiling libm v0.2.8
[INFO] [stderr]    Compiling libc v0.2.153
[INFO] [stderr]    Compiling serde v1.0.196
[INFO] [stderr]    Compiling num-traits v0.2.17
[INFO] [stderr]    Compiling num-integer v0.1.45
[INFO] [stderr]    Compiling syn v2.0.48
[INFO] [stderr]    Compiling num-bigint v0.4.4
[INFO] [stderr]    Compiling xml-rs v0.8.19
[INFO] [stderr]     Checking arrayvec v0.7.4
[INFO] [stderr]    Compiling ahash v0.8.7
[INFO] [stderr]    Compiling num-iter v0.1.43
[INFO] [stderr]    Compiling num-rational v0.4.1
[INFO] [stderr]    Compiling wayland-scanner v0.29.5
[INFO] [stderr]     Checking simd-adler32 v0.3.7
[INFO] [stderr]    Compiling getrandom v0.2.12
[INFO] [stderr]     Checking miniz_oxide v0.7.2
[INFO] [stderr]    Compiling wayland-sys v0.29.5
[INFO] [stderr]     Checking libloading v0.8.1
[INFO] [stderr]    Compiling syn v1.0.109
[INFO] [stderr]     Checking dlib v0.5.2
[INFO] [stderr]    Compiling kurbo v0.9.5
[INFO] [stderr]     Checking flate2 v1.0.28
[INFO] [stderr]    Compiling slotmap v1.0.7
[INFO] [stderr]    Compiling siphasher v0.3.11
[INFO] [stderr]    Compiling log v0.4.20
[INFO] [stderr]    Compiling float-cmp v0.9.0
[INFO] [stderr]    Compiling crossbeam-utils v0.8.19
[INFO] [stderr]     Checking strict-num v0.1.1
[INFO] [stderr]    Compiling wayland-client v0.29.5
[INFO] [stderr]     Checking nix v0.24.3
[INFO] [stderr]    Compiling memoffset v0.7.1
[INFO] [stderr]     Checking svgtypes v0.11.0
[INFO] [stderr]     Checking xmlparser v0.13.6
[INFO] [stderr]     Checking bytemuck v1.14.1
[INFO] [stderr]    Compiling adler v1.0.2
[INFO] [stderr]     Checking roxmltree v0.18.1
[INFO] [stderr]    Compiling simplecss v0.2.1
[INFO] [stderr]     Checking wayland-commons v0.29.5
[INFO] [stderr]     Checking rand_core v0.6.4
[INFO] [stderr]     Checking fdeflate v0.3.4
[INFO] [stderr]    Compiling crc32fast v1.3.2
[INFO] [stderr]     Checking downcast-rs v1.2.0
[INFO] [stderr]     Checking rctree v0.5.0
[INFO] [stderr]     Checking scoped-tls v1.0.1
[INFO] [stderr]     Checking zerocopy v0.7.32
[INFO] [stderr]     Checking futures-core v0.3.30
[INFO] [stderr]    Compiling ppv-lite86 v0.2.17
[INFO] [stderr]     Checking futures-sink v0.3.30
[INFO] [stderr]    Compiling once_cell v1.19.0
[INFO] [stderr]    Compiling serde_derive v1.0.196
[INFO] [stderr]    Compiling thiserror-impl v1.0.56
[INFO] [stderr]    Compiling futures-macro v0.3.30
[INFO] [stderr]    Compiling rand_chacha v0.3.1
[INFO] [stderr]     Checking futures-channel v0.3.30
[INFO] [stderr]    Compiling usvg-tree v0.33.0
[INFO] [stderr]     Checking rosvgtree v0.3.0
[INFO] [stderr]     Checking png v0.17.11
[INFO] [stderr]     Checking crossbeam-epoch v0.9.18
[INFO] [stderr]    Compiling wayland-protocols v0.29.5
[INFO] [stderr]     Checking num-complex v0.4.4
[INFO] [stderr]     Checking thiserror v1.0.56
[INFO] [stderr]     Checking futures-task v0.3.30
[INFO] [stderr]    Compiling rayon-core v1.12.1
[INFO] [stderr]    Compiling data-url v0.2.0
[INFO] [stderr]     Checking color_quant v1.1.0
[INFO] [stderr]     Checking futures-io v0.3.30
[INFO] [stderr]     Checking imagesize v0.12.0
[INFO] [stderr]     Checking arrayref v0.3.7
[INFO] [stderr]    Compiling unicode-general-category v0.6.0
[INFO] [stderr]     Checking futures-util v0.3.30
[INFO] [stderr]     Checking usvg-parser v0.33.0
[INFO] [stderr]     Checking num v0.4.1
[INFO] [stderr]     Checking image v0.24.8
[INFO] [stderr]     Checking crossbeam-deque v0.8.5
[INFO] [stderr]     Checking nix v0.26.4
[INFO] [stderr]     Checking rand v0.8.5
[INFO] [stderr]     Checking num_cpus v1.16.0
[INFO] [stderr]    Compiling ribir_builtin v0.0.1-alpha.5
[INFO] [stderr]     Checking nix v0.25.1
[INFO] [stderr]    Compiling cc v1.0.83
[INFO] [stderr]    Compiling smithay-client-toolkit v0.16.1
[INFO] [stderr]    Compiling x11-dl v2.21.0
[INFO] [stderr]    Compiling ryu v1.0.16
[INFO] [stderr]    Compiling cfg_aliases v0.1.1
[INFO] [stderr]    Compiling itoa v1.0.10
[INFO] [stderr]    Compiling base64 v0.21.7
[INFO] [stderr]    Compiling xmlwriter v0.1.0
[INFO] [stderr]     Checking pico-args v0.5.0
[INFO] [stderr]     Checking xcursor v0.3.5
[INFO] [stderr]    Compiling x11rb v0.12.0
[INFO] [stderr]     Checking calloop v0.10.6
[INFO] [stderr]     Checking wayland-cursor v0.29.5
[INFO] [stderr]    Compiling usvg v0.33.0
[INFO] [stderr]    Compiling blake3 v1.5.0
[INFO] [stderr]    Compiling tiny-skia-path v0.11.4
[INFO] [stderr]    Compiling winit v0.28.7
[INFO] [stderr]    Compiling ribir_macros v0.0.1-alpha.5
[INFO] [stderr]     Checking futures-executor v0.3.30
[INFO] [stderr]    Compiling material-color-utilities-rs v0.2.1
[INFO] [stderr]     Checking x11rb-protocol v0.12.0
[INFO] [stderr]     Checking parking_lot_core v0.9.9
[INFO] [stderr]     Checking gethostname v0.3.0
[INFO] [stderr]     Checking memmap2 v0.5.10
[INFO] [stderr]     Checking memmap2 v0.6.2
[INFO] [stderr]     Checking ttf-parser v0.19.2
[INFO] [stderr]     Checking bitflags v2.4.2
[INFO] [stderr]     Checking unicode-script v0.5.5
[INFO] [stderr]     Checking either v1.9.0
[INFO] [stderr]     Checking unicode-bidi-mirroring v0.1.0
[INFO] [stderr]     Checking euclid v0.22.9
[INFO] [stderr]     Checking serde_json v1.0.113
[INFO] [stderr]     Checking ribir_algo v0.0.1-alpha.5
[INFO] [stderr]     Checking ttf-parser v0.18.1
[INFO] [stderr]     Checking unicode-ccc v0.1.2
[INFO] [stderr]    Compiling convert_case v0.4.0
[INFO] [stderr]     Checking lyon_geom v1.0.5
[INFO] [stderr]     Checking ribir_geom v0.0.1-alpha.5
[INFO] [stderr]     Checking fontdb v0.14.1
[INFO] [stderr]     Checking lyon_path v1.0.4
[INFO] [stderr]     Checking rustybuzz v0.7.0
[INFO] [stderr]    Compiling derive_more v0.99.17
[INFO] [stderr]     Checking rayon v1.8.1
[INFO] [stderr]     Checking lyon_algorithms v1.0.4
[INFO] [stderr]     Checking parking_lot v0.12.1
[INFO] [stderr]    Compiling Inflector v0.11.4
[INFO] [stderr]     Checking ribir_painter v0.0.1-alpha.5
[INFO] [stderr]     Checking futures v0.3.30
[INFO] [stderr]     Checking mio v0.8.10
[INFO] [stderr]     Checking ordered-float v3.9.2
[INFO] [stderr]     Checking instant v0.1.12
[INFO] [stderr]    Compiling paste v1.0.14
[INFO] [stderr]     Checking constant_time_eq v0.3.0
[INFO] [stderr]     Checking raw-window-handle v0.5.2
[INFO] [stderr]     Checking arboard v3.3.0
[INFO] [stderr]     Checking rxrust v1.0.0-beta.7
[INFO] [stderr]     Checking indextree v4.6.0
[INFO] [stderr]     Checking colored v2.1.0
[INFO] [stderr]     Checking ribir_text v0.0.1-alpha.5
[INFO] [stderr]     Checking ribir_core v0.0.1-alpha.5 (/opt/rustwide/workdir)
[INFO] [stdout] warning: unused import: `image_widget::*`
[INFO] [stdout]  --> src/builtin_widgets.rs:4:9
[INFO] [stdout]   |
[INFO] [stdout] 4 | pub use image_widget::*;
[INFO] [stdout]   |         ^^^^^^^^^^^^^^^
[INFO] [stdout]   |
[INFO] [stdout]   = note: `#[warn(unused_imports)]` on by default
[INFO] [stdout] 
[INFO] [stdout] 
[INFO] [stdout] warning: unused import: `svg::*`
[INFO] [stdout]   --> src/builtin_widgets.rs:43:9
[INFO] [stdout]    |
[INFO] [stdout] 43 | pub use svg::*;
[INFO] [stdout]    |         ^^^^^^
[INFO] [stdout] 
[INFO] [stdout] 
[INFO] [stdout] warning: unused import: `ribir_painter::*`
[INFO] [stdout]   --> src/lib.rs:69:11
[INFO] [stdout]    |
[INFO] [stdout] 69 |   pub use ribir_painter::*;
[INFO] [stdout]    |           ^^^^^^^^^^^^^^^^
[INFO] [stdout] 
[INFO] [stdout] 
[INFO] [stdout] error[E0432]: unresolved import `ribir_dev_helper`
[INFO] [stdout]   --> src/builtin_widgets/theme/compose_decorators.rs:75:7
[INFO] [stdout]    |
[INFO] [stdout] 75 |   use ribir_dev_helper::*;
[INFO] [stdout]    |       ^^^^^^^^^^^^^^^^ use of undeclared crate or module `ribir_dev_helper`
[INFO] [stdout] 
[INFO] [stdout] 
[INFO] [stdout] error[E0432]: unresolved import `ribir_dev_helper`
[INFO] [stdout]    --> src/widget_tree/layout_info.rs:425:7
[INFO] [stdout]     |
[INFO] [stdout] 425 |   use ribir_dev_helper::*;
[INFO] [stdout]     |       ^^^^^^^^^^^^^^^^ use of undeclared crate or module `ribir_dev_helper`
[INFO] [stdout] 
[INFO] [stdout] 
[INFO] [stdout] error[E0432]: unresolved import `ribir_dev_helper`
[INFO] [stdout]    --> src/window.rs:179:7
[INFO] [stdout]     |
[INFO] [stdout] 179 |   use ribir_dev_helper::assert_layout_result_by_path;
[INFO] [stdout]     |       ^^^^^^^^^^^^^^^^ use of undeclared crate or module `ribir_dev_helper`
[INFO] [stdout] 
[INFO] [stdout] 
[INFO] [stdout] error[E0432]: unresolved import `ribir_dev_helper`
[INFO] [stdout]    --> src/builtin_widgets/margin.rs:133:7
[INFO] [stdout]     |
[INFO] [stdout] 133 |   use ribir_dev_helper::*;
[INFO] [stdout]     |       ^^^^^^^^^^^^^^^^ use of undeclared crate or module `ribir_dev_helper`
[INFO] [stdout] 
[INFO] [stdout] 
[INFO] [stdout] error[E0432]: unresolved import `ribir_dev_helper`
[INFO] [stdout]   --> src/builtin_widgets/padding.rs:68:7
[INFO] [stdout]    |
[INFO] [stdout] 68 |   use ribir_dev_helper::*;
[INFO] [stdout]    |       ^^^^^^^^^^^^^^^^ use of undeclared crate or module `ribir_dev_helper`
[INFO] [stdout] 
[INFO] [stdout] 
[INFO] [stdout] error[E0432]: unresolved import `ribir_dev_helper`
[INFO] [stdout]    --> src/builtin_widgets/box_decoration.rs:223:7
[INFO] [stdout]     |
[INFO] [stdout] 223 |   use ribir_dev_helper::*;
[INFO] [stdout]     |       ^^^^^^^^^^^^^^^^ use of undeclared crate or module `ribir_dev_helper`
[INFO] [stdout] 
[INFO] [stdout] 
[INFO] [stdout] error[E0432]: unresolved import `ribir_dev_helper`
[INFO] [stdout]   --> src/builtin_widgets/transform_widget.rs:43:7
[INFO] [stdout]    |
[INFO] [stdout] 43 |   use ribir_dev_helper::*;
[INFO] [stdout]    |       ^^^^^^^^^^^^^^^^ use of undeclared crate or module `ribir_dev_helper`
[INFO] [stdout] 
[INFO] [stdout] 
[INFO] [stdout] error[E0432]: unresolved import `ribir_dev_helper`
[INFO] [stdout]   --> src/builtin_widgets/void.rs:32:7
[INFO] [stdout]    |
[INFO] [stdout] 32 |   use ribir_dev_helper::*;
[INFO] [stdout]    |       ^^^^^^^^^^^^^^^^ use of undeclared crate or module `ribir_dev_helper`
[INFO] [stdout] 
[INFO] [stdout] 
[INFO] [stdout] error[E0432]: unresolved import `ribir_dev_helper`
[INFO] [stdout]   --> src/builtin_widgets/unconstrained_box.rs:80:7
[INFO] [stdout]    |
[INFO] [stdout] 80 |   use ribir_dev_helper::*;
[INFO] [stdout]    |       ^^^^^^^^^^^^^^^^ use of undeclared crate or module `ribir_dev_helper`
[INFO] [stdout] 
[INFO] [stdout] 
[INFO] [stdout] error[E0432]: unresolved import `ribir_dev_helper`
[INFO] [stdout]    --> src/builtin_widgets/anchor.rs:150:7
[INFO] [stdout]     |
[INFO] [stdout] 150 |   use ribir_dev_helper::*;
[INFO] [stdout]     |       ^^^^^^^^^^^^^^^^ use of undeclared crate or module `ribir_dev_helper`
[INFO] [stdout] 
[INFO] [stdout] 
[INFO] [stdout] error[E0432]: unresolved import `ribir_dev_helper`
[INFO] [stdout]   --> src/builtin_widgets/layout_box.rs:63:7
[INFO] [stdout]    |
[INFO] [stdout] 63 |   use ribir_dev_helper::*;
[INFO] [stdout]    |       ^^^^^^^^^^^^^^^^ use of undeclared crate or module `ribir_dev_helper`
[INFO] [stdout] 
[INFO] [stdout] 
[INFO] [stdout] error[E0432]: unresolved import `ribir_dev_helper`
[INFO] [stdout]    --> src/builtin_widgets/align.rs:164:7
[INFO] [stdout]     |
[INFO] [stdout] 164 |   use ribir_dev_helper::*;
[INFO] [stdout]     |       ^^^^^^^^^^^^^^^^ use of undeclared crate or module `ribir_dev_helper`
[INFO] [stdout] 
[INFO] [stdout] 
[INFO] [stdout] error[E0432]: unresolved import `ribir_dev_helper`
[INFO] [stdout]   --> src/builtin_widgets/fitted_box.rs:85:7
[INFO] [stdout]    |
[INFO] [stdout] 85 |   use ribir_dev_helper::*;
[INFO] [stdout]    |       ^^^^^^^^^^^^^^^^ use of undeclared crate or module `ribir_dev_helper`
[INFO] [stdout] 
[INFO] [stdout] 
[INFO] [stdout] error[E0432]: unresolved import `ribir_dev_helper`
[INFO] [stdout]   --> src/widget_children.rs:62:7
[INFO] [stdout]    |
[INFO] [stdout] 62 |   use ribir_dev_helper::*;
[INFO] [stdout]    |       ^^^^^^^^^^^^^^^^ use of undeclared crate or module `ribir_dev_helper`
[INFO] [stdout] 
[INFO] [stdout] 
[INFO] [stdout] error: cannot find macro `assert_layout_result_by_path` in this scope
[INFO] [stdout]    --> src/builtin_widgets/theme/compose_decorators.rs:108:5
[INFO] [stdout]     |
[INFO] [stdout] 108 |     assert_layout_result_by_path!(
[INFO] [stdout]     |     ^^^^^^^^^^^^^^^^^^^^^^^^^^^^
[INFO] [stdout] 
[INFO] [stdout] 
[INFO] [stdout] error: cannot find macro `widget_layout_test` in this scope
[INFO] [stdout]    --> src/builtin_widgets/margin.rs:143:3
[INFO] [stdout]     |
[INFO] [stdout] 143 |   widget_layout_test!(
[INFO] [stdout]     |   ^^^^^^^^^^^^^^^^^^
[INFO] [stdout] 
[INFO] [stdout] 
[INFO] [stdout] error: cannot find macro `widget_layout_test` in this scope
[INFO] [stdout]   --> src/builtin_widgets/padding.rs:80:3
[INFO] [stdout]    |
[INFO] [stdout] 80 |   widget_layout_test!(
[INFO] [stdout]    |   ^^^^^^^^^^^^^^^^^^
[INFO] [stdout] 
[INFO] [stdout] 
[INFO] [stdout] error: cannot find macro `widget_layout_test` in this scope
[INFO] [stdout]    --> src/builtin_widgets/box_decoration.rs:254:3
[INFO] [stdout]     |
[INFO] [stdout] 254 |   widget_layout_test!(
[INFO] [stdout]     |   ^^^^^^^^^^^^^^^^^^
[INFO] [stdout] 
[INFO] [stdout] 
[INFO] [stdout] error: cannot find macro `widget_layout_test` in this scope
[INFO] [stdout]   --> src/builtin_widgets/transform_widget.rs:55:3
[INFO] [stdout]    |
[INFO] [stdout] 55 |   widget_layout_test!(smoke, width == 100., height == 100.,);
[INFO] [stdout]    |   ^^^^^^^^^^^^^^^^^^
[INFO] [stdout] 
[INFO] [stdout] 
[INFO] [stdout] error: cannot find macro `widget_bench` in this scope
[INFO] [stdout]   --> src/builtin_widgets/void.rs:39:3
[INFO] [stdout]    |
[INFO] [stdout] 39 |   widget_bench!(base);
[INFO] [stdout]    |   ^^^^^^^^^^^^
[INFO] [stdout] 
[INFO] [stdout] 
[INFO] [stdout] error: cannot find macro `widget_layout_test` in this scope
[INFO] [stdout]    --> src/builtin_widgets/unconstrained_box.rs:103:3
[INFO] [stdout]     |
[INFO] [stdout] 103 |   widget_layout_test!(
[INFO] [stdout]     |   ^^^^^^^^^^^^^^^^^^
[INFO] [stdout] 
[INFO] [stdout] 
[INFO] [stdout] error: cannot find macro `widget_layout_test` in this scope
[INFO] [stdout]    --> src/builtin_widgets/anchor.rs:164:3
[INFO] [stdout]     |
[INFO] [stdout] 164 |   widget_layout_test!(
[INFO] [stdout]     |   ^^^^^^^^^^^^^^^^^^
[INFO] [stdout] 
[INFO] [stdout] 
[INFO] [stdout] error: cannot find macro `widget_layout_test` in this scope
[INFO] [stdout]    --> src/builtin_widgets/anchor.rs:180:3
[INFO] [stdout]     |
[INFO] [stdout] 180 |   widget_layout_test!(
[INFO] [stdout]     |   ^^^^^^^^^^^^^^^^^^
[INFO] [stdout] 
[INFO] [stdout] 
[INFO] [stdout] error: cannot find macro `widget_layout_test` in this scope
[INFO] [stdout]    --> src/builtin_widgets/anchor.rs:196:3
[INFO] [stdout]     |
[INFO] [stdout] 196 |   widget_layout_test!(
[INFO] [stdout]     |   ^^^^^^^^^^^^^^^^^^
[INFO] [stdout] 
[INFO] [stdout] 
[INFO] [stdout] error: cannot find macro `widget_layout_test` in this scope
[INFO] [stdout]    --> src/builtin_widgets/anchor.rs:212:3
[INFO] [stdout]     |
[INFO] [stdout] 212 |   widget_layout_test!(
[INFO] [stdout]     |   ^^^^^^^^^^^^^^^^^^
[INFO] [stdout] 
[INFO] [stdout] 
[INFO] [stdout] error: cannot find macro `widget_layout_test` in this scope
[INFO] [stdout]    --> src/builtin_widgets/anchor.rs:228:3
[INFO] [stdout]     |
[INFO] [stdout] 228 |   widget_layout_test!(
[INFO] [stdout]     |   ^^^^^^^^^^^^^^^^^^
[INFO] [stdout] 
[INFO] [stdout] 
[INFO] [stdout] error: cannot find macro `widget_layout_test` in this scope
[INFO] [stdout]    --> src/builtin_widgets/anchor.rs:244:3
[INFO] [stdout]     |
[INFO] [stdout] 244 |   widget_layout_test! {
[INFO] [stdout]     |   ^^^^^^^^^^^^^^^^^^
[INFO] [stdout] 
[INFO] [stdout] 
[INFO] [stdout] error: cannot find macro `widget_layout_test` in this scope
[INFO] [stdout]    --> src/builtin_widgets/anchor.rs:260:3
[INFO] [stdout]     |
[INFO] [stdout] 260 |   widget_layout_test!(
[INFO] [stdout]     |   ^^^^^^^^^^^^^^^^^^
[INFO] [stdout] 
[INFO] [stdout] 
[INFO] [stdout] error: cannot find macro `widget_layout_test` in this scope
[INFO] [stdout]    --> src/builtin_widgets/anchor.rs:276:3
[INFO] [stdout]     |
[INFO] [stdout] 276 |   widget_layout_test!(
[INFO] [stdout]     |   ^^^^^^^^^^^^^^^^^^
[INFO] [stdout] 
[INFO] [stdout] 
[INFO] [stdout] error: cannot find macro `widget_layout_test` in this scope
[INFO] [stdout]   --> src/builtin_widgets/layout_box.rs:76:3
[INFO] [stdout]    |
[INFO] [stdout] 76 |   widget_layout_test!(
[INFO] [stdout]    |   ^^^^^^^^^^^^^^^^^^
[INFO] [stdout] 
[INFO] [stdout] 
[INFO] [stdout] error: cannot find macro `widget_layout_test` in this scope
[INFO] [stdout]    --> src/builtin_widgets/align.rs:177:3
[INFO] [stdout]     |
[INFO] [stdout] 177 |   widget_layout_test!(
[INFO] [stdout]     |   ^^^^^^^^^^^^^^^^^^
[INFO] [stdout] 
[INFO] [stdout] 
[INFO] [stdout] error: cannot find macro `widget_layout_test` in this scope
[INFO] [stdout]    --> src/builtin_widgets/align.rs:185:3
[INFO] [stdout]     |
[INFO] [stdout] 185 |   widget_layout_test!(
[INFO] [stdout]     |   ^^^^^^^^^^^^^^^^^^
[INFO] [stdout] 
[INFO] [stdout] 
[INFO] [stdout] error: cannot find macro `widget_layout_test` in this scope
[INFO] [stdout]    --> src/builtin_widgets/align.rs:193:3
[INFO] [stdout]     |
[INFO] [stdout] 193 |   widget_layout_test!(
[INFO] [stdout]     |   ^^^^^^^^^^^^^^^^^^
[INFO] [stdout] 
[INFO] [stdout] 
[INFO] [stdout] error: cannot find macro `widget_layout_test` in this scope
[INFO] [stdout]    --> src/builtin_widgets/align.rs:201:3
[INFO] [stdout]     |
[INFO] [stdout] 201 |   widget_layout_test!(
[INFO] [stdout]     |   ^^^^^^^^^^^^^^^^^^
[INFO] [stdout] 
[INFO] [stdout] 
[INFO] [stdout] error: cannot find macro `widget_layout_test` in this scope
[INFO] [stdout]    --> src/builtin_widgets/align.rs:218:3
[INFO] [stdout]     |
[INFO] [stdout] 218 |   widget_layout_test!(
[INFO] [stdout]     |   ^^^^^^^^^^^^^^^^^^
[INFO] [stdout] 
[INFO] [stdout] 
[INFO] [stdout] error: cannot find macro `widget_layout_test` in this scope
[INFO] [stdout]    --> src/builtin_widgets/align.rs:226:3
[INFO] [stdout]     |
[INFO] [stdout] 226 |   widget_layout_test!(
[INFO] [stdout]     |   ^^^^^^^^^^^^^^^^^^
[INFO] [stdout] 
[INFO] [stdout] 
[INFO] [stdout] error: cannot find macro `widget_layout_test` in this scope
[INFO] [stdout]    --> src/builtin_widgets/align.rs:234:3
[INFO] [stdout]     |
[INFO] [stdout] 234 |   widget_layout_test!(
[INFO] [stdout]     |   ^^^^^^^^^^^^^^^^^^
[INFO] [stdout] 
[INFO] [stdout] 
[INFO] [stdout] error: cannot find macro `widget_layout_test` in this scope
[INFO] [stdout]    --> src/builtin_widgets/align.rs:242:3
[INFO] [stdout]     |
[INFO] [stdout] 242 |   widget_layout_test!(
[INFO] [stdout]     |   ^^^^^^^^^^^^^^^^^^
[INFO] [stdout] 
[INFO] [stdout] 
[INFO] [stdout] error: cannot find macro `assert_layout_result_by_path` in this scope
[INFO] [stdout]    --> src/builtin_widgets/fitted_box.rs:115:7
[INFO] [stdout]     |
[INFO] [stdout] 115 |       assert_layout_result_by_path!(wnd, {path = [0], size == expect,} );
[INFO] [stdout]     |       ^^^^^^^^^^^^^^^^^^^^^^^^^^^^
[INFO] [stdout] 
[INFO] [stdout] 
[INFO] [stdout] error: cannot find macro `widget_layout_test` in this scope
[INFO] [stdout]    --> src/builtin_widgets/fitted_box.rs:174:3
[INFO] [stdout]     |
[INFO] [stdout] 174 |   widget_layout_test!(as_builtin_field, wnd_size = WND_SIZE, size == WND_SIZE,);
[INFO] [stdout]     |   ^^^^^^^^^^^^^^^^^^
[INFO] [stdout] 
[INFO] [stdout] 
[INFO] [stdout] error: cannot find macro `assert_layout_result_by_path` in this scope
[INFO] [stdout]    --> src/widget_tree/layout_info.rs:540:5
[INFO] [stdout]     |
[INFO] [stdout] 540 |     assert_layout_result_by_path!(
[INFO] [stdout]     |     ^^^^^^^^^^^^^^^^^^^^^^^^^^^^
[INFO] [stdout] 
[INFO] [stdout] 
[INFO] [stdout] error: cannot find macro `assert_layout_result_by_path` in this scope
[INFO] [stdout]    --> src/widget_tree/layout_info.rs:544:5
[INFO] [stdout]     |
[INFO] [stdout] 544 |     assert_layout_result_by_path!(
[INFO] [stdout]     |     ^^^^^^^^^^^^^^^^^^^^^^^^^^^^
[INFO] [stdout] 
[INFO] [stdout] 
[INFO] [stdout] error: cannot find macro `assert_layout_result_by_path` in this scope
[INFO] [stdout]    --> src/widget_tree/layout_info.rs:554:5
[INFO] [stdout]     |
[INFO] [stdout] 554 |     assert_layout_result_by_path!(
[INFO] [stdout]     |     ^^^^^^^^^^^^^^^^^^^^^^^^^^^^
[INFO] [stdout] 
[INFO] [stdout] 
[INFO] [stdout] error: cannot find macro `assert_layout_result_by_path` in this scope
[INFO] [stdout]    --> src/widget_tree/layout_info.rs:558:5
[INFO] [stdout]     |
[INFO] [stdout] 558 |     assert_layout_result_by_path!(
[INFO] [stdout]     |     ^^^^^^^^^^^^^^^^^^^^^^^^^^^^
[INFO] [stdout] 
[INFO] [stdout] 
[INFO] [stdout] error: cannot find macro `widget_layout_test` in this scope
[INFO] [stdout]    --> src/widget_children.rs:249:3
[INFO] [stdout]     |
[INFO] [stdout] 249 |   widget_layout_test!(dyns_compose_child, width == 100., height == 200.,);
[INFO] [stdout]     |   ^^^^^^^^^^^^^^^^^^
[INFO] [stdout] 
[INFO] [stdout] 
[INFO] [stdout] error: cannot find macro `widget_layout_test` in this scope
[INFO] [stdout]    --> src/widget_children.rs:276:3
[INFO] [stdout]     |
[INFO] [stdout] 276 |   widget_layout_test!(compose_dyns_child, size == COMPOSE_DYNS_CHILD_SIZE,);
[INFO] [stdout]     |   ^^^^^^^^^^^^^^^^^^
[INFO] [stdout] 
[INFO] [stdout] 
[INFO] [stdout] error: cannot find macro `widget_layout_test` in this scope
[INFO] [stdout]    --> src/widget_children.rs:300:3
[INFO] [stdout]     |
[INFO] [stdout] 300 |   widget_layout_test!(
[INFO] [stdout]     |   ^^^^^^^^^^^^^^^^^^
[INFO] [stdout] 
[INFO] [stdout] 
[INFO] [stdout] warning: unused import: `image_widget::*`
[INFO] [stdout]  --> src/builtin_widgets.rs:4:9
[INFO] [stdout]   |
[INFO] [stdout] 4 | pub use image_widget::*;
[INFO] [stdout]   |         ^^^^^^^^^^^^^^^
[INFO] [stdout]   |
[INFO] [stdout]   = note: `#[warn(unused_imports)]` on by default
[INFO] [stdout] 
[INFO] [stdout] 
[INFO] [stdout] warning: unused import: `crate::test_helper::*`
[INFO] [stdout]   --> src/builtin_widgets/void.rs:31:7
[INFO] [stdout]    |
[INFO] [stdout] 31 |   use crate::test_helper::*;
[INFO] [stdout]    |       ^^^^^^^^^^^^^^^^^^^^^
[INFO] [stdout] 
[INFO] [stdout] 
[INFO] [stdout] warning: unused import: `test::Bencher`
[INFO] [stdout]   --> src/builtin_widgets/void.rs:34:7
[INFO] [stdout]    |
[INFO] [stdout] 34 |   use test::Bencher;
[INFO] [stdout]    |       ^^^^^^^^^^^^^
[INFO] [stdout] 
[INFO] [stdout] 
[INFO] [stdout] warning: unused import: `svg::*`
[INFO] [stdout]   --> src/builtin_widgets.rs:43:9
[INFO] [stdout]    |
[INFO] [stdout] 43 | pub use svg::*;
[INFO] [stdout]    |         ^^^^^^
[INFO] [stdout] 
[INFO] [stdout] 
[INFO] [stdout] warning: unused import: `ribir_painter::*`
[INFO] [stdout]   --> src/lib.rs:69:11
[INFO] [stdout]    |
[INFO] [stdout] 69 |   pub use ribir_painter::*;
[INFO] [stdout]    |           ^^^^^^^^^^^^^^^^
[INFO] [stdout] 
[INFO] [stdout] 
[INFO] [stdout] warning: field `0` is never read
[INFO] [stdout]   --> src/data_widget.rs:42:26
[INFO] [stdout]    |
[INFO] [stdout] 42 | pub struct AnonymousData(Box<dyn Any>);
[INFO] [stdout]    |            ------------- ^^^^^^^^^^^^
[INFO] [stdout]    |            |
[INFO] [stdout]    |            field in this struct
[INFO] [stdout]    |
[INFO] [stdout]    = note: `#[warn(dead_code)]` on by default
[INFO] [stdout] help: consider changing the field to be of unit type to suppress this warning while preserving the field numbering, or remove the field
[INFO] [stdout]    |
[INFO] [stdout] 42 | pub struct AnonymousData(());
[INFO] [stdout]    |                          ~~
[INFO] [stdout] 
[INFO] [stdout] 
[INFO] [stdout] error: casting `&T` to `&mut T` is undefined behavior, even if the reference is unused, consider instead using an `UnsafeCell`
[INFO] [stdout]   --> src/context/build_context.rs:37:25
[INFO] [stdout]    |
[INFO] [stdout] 37 |     let this = unsafe { &mut *(self as *const Self as *mut Self) };
[INFO] [stdout]    |                         ^^^^^^^^^^^^^^^^^^^^^^^^^^^^^^^^^^^^^^^^
[INFO] [stdout]    |
[INFO] [stdout]    = note: for more information, visit <https://doc.rust-lang.org/book/ch15-05-interior-mutability.html>
[INFO] [stdout]    = note: `#[deny(invalid_reference_casting)]` on by default
[INFO] [stdout] 
[INFO] [stdout] 
[INFO] [stdout] error: aborting due to 1 previous error; 4 warnings emitted
[INFO] [stdout] 
[INFO] [stdout] 
[INFO] [stderr] error: could not compile `ribir_core` (lib) due to 2 previous errors; 4 warnings emitted
[INFO] [stderr] warning: build failed, waiting for other jobs to finish...
[INFO] [stdout] error: aborting due to 47 previous errors; 5 warnings emitted
[INFO] [stdout] 
[INFO] [stdout] 
[INFO] [stdout] For more information about this error, try `rustc --explain E0432`.
[INFO] [stdout] 
[INFO] [stderr] error: could not compile `ribir_core` (lib test) due to 48 previous errors; 5 warnings emitted
[INFO] running `Command { std: "docker" "inspect" "871373cfb690c7208641e38e57bcb93d8b7d41673f914b26d66c6533eb1a9719", kill_on_drop: false }`
[INFO] running `Command { std: "docker" "rm" "-f" "871373cfb690c7208641e38e57bcb93d8b7d41673f914b26d66c6533eb1a9719", kill_on_drop: false }`
[INFO] [stdout] 871373cfb690c7208641e38e57bcb93d8b7d41673f914b26d66c6533eb1a9719
