[INFO] fetching crate rhythmc_macros 0.0.2...
[INFO] checking rhythmc_macros-0.0.2 against nightly-2024-02-05 for check-cfg
[INFO] extracting crate rhythmc_macros 0.0.2 into /workspace/builds/worker-5-tc1/source
[INFO] validating manifest of crates.io crate rhythmc_macros 0.0.2 on toolchain nightly-2024-02-05
[INFO] running `Command { std: CARGO_HOME="/workspace/cargo-home" RUSTUP_HOME="/workspace/rustup-home" "/workspace/cargo-home/bin/cargo" "+nightly-2024-02-05" "metadata" "--manifest-path" "Cargo.toml" "--no-deps", kill_on_drop: false }`
[INFO] started tweaking crates.io crate rhythmc_macros 0.0.2
[INFO] finished tweaking crates.io crate rhythmc_macros 0.0.2
[INFO] tweaked toml for crates.io crate rhythmc_macros 0.0.2 written to /workspace/builds/worker-5-tc1/source/Cargo.toml
[INFO] running `Command { std: CARGO_HOME="/workspace/cargo-home" RUSTUP_HOME="/workspace/rustup-home" "/workspace/cargo-home/bin/cargo" "+nightly-2024-02-05" "generate-lockfile" "--manifest-path" "Cargo.toml", kill_on_drop: false }`
[INFO] [stderr]     Updating crates.io index
[INFO] running `Command { std: CARGO_HOME="/workspace/cargo-home" RUSTUP_HOME="/workspace/rustup-home" "/workspace/cargo-home/bin/cargo" "+nightly-2024-02-05" "fetch" "--manifest-path" "Cargo.toml", kill_on_drop: false }`
[INFO] [stderr]  Downloading crates ...
[INFO] [stderr]   Downloaded rhythmc_compiler v0.0.2
[INFO] [stderr]   Downloaded glsl v6.0.2
[INFO] running `Command { std: "docker" "create" "-v" "/var/lib/crater-agent-workspace/builds/worker-5-tc1/target:/opt/rustwide/target:rw,Z" "-v" "/var/lib/crater-agent-workspace/builds/worker-5-tc1/source:/opt/rustwide/workdir:ro,Z" "-v" "/var/lib/crater-agent-workspace/cargo-home:/opt/rustwide/cargo-home:ro,Z" "-v" "/var/lib/crater-agent-workspace/rustup-home:/opt/rustwide/rustup-home:ro,Z" "-e" "SOURCE_DIR=/opt/rustwide/workdir" "-e" "CARGO_TARGET_DIR=/opt/rustwide/target" "-e" "CARGO_HOME=/opt/rustwide/cargo-home" "-e" "RUSTUP_HOME=/opt/rustwide/rustup-home" "-w" "/opt/rustwide/workdir" "-m" "1610612736" "--user" "0:0" "--network" "none" "ghcr.io/rust-lang/crates-build-env/linux@sha256:2788e3201cd34a07e3172128adcd8b3090168a8e3bcc40d7c032b9dda1df7d1c" "/opt/rustwide/cargo-home/bin/cargo" "+nightly-2024-02-05" "metadata" "--no-deps" "--format-version=1", kill_on_drop: false }`
[INFO] [stdout] cdd84eb569cb7631c16957586600e89107f063a5bda7cee4580d68d837fb6936
[INFO] running `Command { std: "docker" "start" "-a" "cdd84eb569cb7631c16957586600e89107f063a5bda7cee4580d68d837fb6936", kill_on_drop: false }`
[INFO] running `Command { std: "docker" "inspect" "cdd84eb569cb7631c16957586600e89107f063a5bda7cee4580d68d837fb6936", kill_on_drop: false }`
[INFO] running `Command { std: "docker" "rm" "-f" "cdd84eb569cb7631c16957586600e89107f063a5bda7cee4580d68d837fb6936", kill_on_drop: false }`
[INFO] [stdout] cdd84eb569cb7631c16957586600e89107f063a5bda7cee4580d68d837fb6936
[INFO] running `Command { std: "docker" "create" "-v" "/var/lib/crater-agent-workspace/builds/worker-5-tc1/target:/opt/rustwide/target:rw,Z" "-v" "/var/lib/crater-agent-workspace/builds/worker-5-tc1/source:/opt/rustwide/workdir:ro,Z" "-v" "/var/lib/crater-agent-workspace/cargo-home:/opt/rustwide/cargo-home:ro,Z" "-v" "/var/lib/crater-agent-workspace/rustup-home:/opt/rustwide/rustup-home:ro,Z" "-e" "SOURCE_DIR=/opt/rustwide/workdir" "-e" "CARGO_TARGET_DIR=/opt/rustwide/target" "-e" "CARGO_INCREMENTAL=0" "-e" "RUST_BACKTRACE=full" "-e" "RUSTFLAGS=--cap-lints=forbid" "-e" "RUSTDOCFLAGS=--cap-lints=forbid" "-e" "CARGO_HOME=/opt/rustwide/cargo-home" "-e" "RUSTUP_HOME=/opt/rustwide/rustup-home" "-w" "/opt/rustwide/workdir" "-m" "1610612736" "--user" "0:0" "--network" "none" "ghcr.io/rust-lang/crates-build-env/linux@sha256:2788e3201cd34a07e3172128adcd8b3090168a8e3bcc40d7c032b9dda1df7d1c" "/opt/rustwide/cargo-home/bin/cargo" "+nightly-2024-02-05" "check" "--frozen" "--all" "--all-targets" "--message-format=json", kill_on_drop: false }`
[INFO] [stdout] 44e780c7d8e2df60f2f6f651c775543c16cb8bf37d941204484cd222b42968da
[INFO] running `Command { std: "docker" "start" "-a" "44e780c7d8e2df60f2f6f651c775543c16cb8bf37d941204484cd222b42968da", kill_on_drop: false }`
[INFO] [stderr]    Compiling proc-macro2 v1.0.78
[INFO] [stderr]     Checking minimal-lexical v0.2.1
[INFO] [stderr]    Compiling syn v1.0.109
[INFO] [stderr]     Checking nom v7.1.3
[INFO] [stderr]     Checking quote v1.0.35
[INFO] [stderr]     Checking glsl v6.0.2
[INFO] [stderr]     Checking rhythmc_compiler v0.0.2
[INFO] [stderr]     Checking rhythmc_macros v0.0.2 (/opt/rustwide/workdir)
[INFO] [stdout] error: expected one of `!` or `::`, found `failed`
[INFO] [stdout]  --> tests/shader_test.rs:6:5
[INFO] [stdout]   |
[INFO] [stdout] 6 |     #![rhythmc_macros::shader]
[INFO] [stdout]   |     ^^^^^^^^^^^^^^^^^^^^^^^^^^ expected one of `!` or `::`
[INFO] [stdout]   |
[INFO] [stdout]   = note: this error originates in the attribute macro `rhythmc_macros::shader` (in Nightly builds, run with -Z macro-backtrace for more info)
[INFO] [stdout] 
[INFO] [stdout] 
[INFO] [stdout] error: expected one of `!` or `::`, found `failed`
[INFO] [stdout]   --> tests/shader_test.rs:10:5
[INFO] [stdout]    |
[INFO] [stdout] 10 |     #![rhythmc_macros::shader]
[INFO] [stdout]    |     ^^^^^^^^^^^^^^^^^^^^^^^^^^ expected one of `!` or `::`
[INFO] [stdout]    |
[INFO] [stdout]    = note: this error originates in the attribute macro `rhythmc_macros::shader` (in Nightly builds, run with -Z macro-backtrace for more info)
[INFO] [stdout] 
[INFO] [stdout] 
[INFO] [stdout] error[E0433]: failed to resolve: could not find `myfirstshader` in `root`
[INFO] [stdout]   --> tests/shader_test.rs:17:11
[INFO] [stdout]    |
[INFO] [stdout] 17 |     root::myfirstshader::RHYTHMC_SHADER_MODULE_NAME,
[INFO] [stdout]    |           ^^^^^^^^^^^^^ could not find `myfirstshader` in `root`
[INFO] [stdout] 
[INFO] [stdout] 
[INFO] [stdout] error[E0433]: failed to resolve: could not find `myfirstshader` in `root`
[INFO] [stdout]   --> tests/shader_test.rs:21:11
[INFO] [stdout]    |
[INFO] [stdout] 21 |     root::myfirstshader::RHYTHMC_SHADER_MODULE_IMPORTS,
[INFO] [stdout]    |           ^^^^^^^^^^^^^ could not find `myfirstshader` in `root`
[INFO] [stdout] 
[INFO] [stdout] 
[INFO] [stdout] error[E0433]: failed to resolve: could not find `mysecondshader` in `root`
[INFO] [stdout]   --> tests/shader_test.rs:25:11
[INFO] [stdout]    |
[INFO] [stdout] 25 |     root::mysecondshader::RHYTHMC_SHADER_MODULE_NAME,
[INFO] [stdout]    |           ^^^^^^^^^^^^^^ could not find `mysecondshader` in `root`
[INFO] [stdout] 
[INFO] [stdout] 
[INFO] [stdout] error: aborting due to 5 previous errors
[INFO] [stdout] 
[INFO] [stdout] 
[INFO] [stdout] For more information about this error, try `rustc --explain E0433`.
[INFO] [stdout] 
[INFO] [stderr] error: could not compile `rhythmc_macros` (test "shader_test") due to 6 previous errors
[INFO] running `Command { std: "docker" "inspect" "44e780c7d8e2df60f2f6f651c775543c16cb8bf37d941204484cd222b42968da", kill_on_drop: false }`
[INFO] running `Command { std: "docker" "rm" "-f" "44e780c7d8e2df60f2f6f651c775543c16cb8bf37d941204484cd222b42968da", kill_on_drop: false }`
[INFO] [stdout] 44e780c7d8e2df60f2f6f651c775543c16cb8bf37d941204484cd222b42968da
[INFO] checking rhythmc_macros-0.0.2 against nightly-2024-02-05+rustflags=-Dunexpected_cfgs+cargoflags=-Zcheck-cfg for check-cfg
[INFO] extracting crate rhythmc_macros 0.0.2 into /workspace/builds/worker-5-tc2/source
[INFO] validating manifest of crates.io crate rhythmc_macros 0.0.2 on toolchain nightly-2024-02-05
[INFO] running `Command { std: CARGO_HOME="/workspace/cargo-home" RUSTUP_HOME="/workspace/rustup-home" "/workspace/cargo-home/bin/cargo" "+nightly-2024-02-05" "metadata" "--manifest-path" "Cargo.toml" "--no-deps", kill_on_drop: false }`
[INFO] started tweaking crates.io crate rhythmc_macros 0.0.2
[INFO] finished tweaking crates.io crate rhythmc_macros 0.0.2
[INFO] tweaked toml for crates.io crate rhythmc_macros 0.0.2 written to /workspace/builds/worker-5-tc2/source/Cargo.toml
[INFO] running `Command { std: CARGO_HOME="/workspace/cargo-home" RUSTUP_HOME="/workspace/rustup-home" "/workspace/cargo-home/bin/cargo" "+nightly-2024-02-05" "generate-lockfile" "--manifest-path" "Cargo.toml", kill_on_drop: false }`
[INFO] [stderr]     Updating crates.io index
[INFO] running `Command { std: CARGO_HOME="/workspace/cargo-home" RUSTUP_HOME="/workspace/rustup-home" "/workspace/cargo-home/bin/cargo" "+nightly-2024-02-05" "fetch" "--manifest-path" "Cargo.toml", kill_on_drop: false }`
[INFO] running `Command { std: "docker" "create" "-v" "/var/lib/crater-agent-workspace/builds/worker-5-tc2/target:/opt/rustwide/target:rw,Z" "-v" "/var/lib/crater-agent-workspace/builds/worker-5-tc2/source:/opt/rustwide/workdir:ro,Z" "-v" "/var/lib/crater-agent-workspace/cargo-home:/opt/rustwide/cargo-home:ro,Z" "-v" "/var/lib/crater-agent-workspace/rustup-home:/opt/rustwide/rustup-home:ro,Z" "-e" "SOURCE_DIR=/opt/rustwide/workdir" "-e" "CARGO_TARGET_DIR=/opt/rustwide/target" "-e" "CARGO_HOME=/opt/rustwide/cargo-home" "-e" "RUSTUP_HOME=/opt/rustwide/rustup-home" "-w" "/opt/rustwide/workdir" "-m" "1610612736" "--user" "0:0" "--network" "none" "ghcr.io/rust-lang/crates-build-env/linux@sha256:2788e3201cd34a07e3172128adcd8b3090168a8e3bcc40d7c032b9dda1df7d1c" "/opt/rustwide/cargo-home/bin/cargo" "+nightly-2024-02-05" "metadata" "--no-deps" "--format-version=1", kill_on_drop: false }`
[INFO] [stdout] eecb3d603f145133b05029690ef57b5cf7e5f4559ef6a884e510af86c180b69f
[INFO] running `Command { std: "docker" "start" "-a" "eecb3d603f145133b05029690ef57b5cf7e5f4559ef6a884e510af86c180b69f", kill_on_drop: false }`
[INFO] running `Command { std: "docker" "inspect" "eecb3d603f145133b05029690ef57b5cf7e5f4559ef6a884e510af86c180b69f", kill_on_drop: false }`
[INFO] running `Command { std: "docker" "rm" "-f" "eecb3d603f145133b05029690ef57b5cf7e5f4559ef6a884e510af86c180b69f", kill_on_drop: false }`
[INFO] [stdout] eecb3d603f145133b05029690ef57b5cf7e5f4559ef6a884e510af86c180b69f
[INFO] running `Command { std: "docker" "create" "-v" "/var/lib/crater-agent-workspace/builds/worker-5-tc2/target:/opt/rustwide/target:rw,Z" "-v" "/var/lib/crater-agent-workspace/builds/worker-5-tc2/source:/opt/rustwide/workdir:ro,Z" "-v" "/var/lib/crater-agent-workspace/cargo-home:/opt/rustwide/cargo-home:ro,Z" "-v" "/var/lib/crater-agent-workspace/rustup-home:/opt/rustwide/rustup-home:ro,Z" "-e" "SOURCE_DIR=/opt/rustwide/workdir" "-e" "CARGO_TARGET_DIR=/opt/rustwide/target" "-e" "CARGO_INCREMENTAL=0" "-e" "RUST_BACKTRACE=full" "-e" "RUSTFLAGS=--cap-lints=forbid -Dunexpected_cfgs" "-e" "RUSTDOCFLAGS=--cap-lints=forbid" "-e" "CARGO_HOME=/opt/rustwide/cargo-home" "-e" "RUSTUP_HOME=/opt/rustwide/rustup-home" "-w" "/opt/rustwide/workdir" "-m" "1610612736" "--user" "0:0" "--network" "none" "ghcr.io/rust-lang/crates-build-env/linux@sha256:2788e3201cd34a07e3172128adcd8b3090168a8e3bcc40d7c032b9dda1df7d1c" "/opt/rustwide/cargo-home/bin/cargo" "+nightly-2024-02-05" "check" "--frozen" "--all" "--all-targets" "--message-format=json" "-Zcheck-cfg", kill_on_drop: false }`
[INFO] [stdout] 2d179eb774fc134e83c59c8bb456eada9aa9ecb6dc7f1a5175dc876297366909
[INFO] running `Command { std: "docker" "start" "-a" "2d179eb774fc134e83c59c8bb456eada9aa9ecb6dc7f1a5175dc876297366909", kill_on_drop: false }`
[INFO] [stderr]    Compiling proc-macro2 v1.0.78
[INFO] [stderr]     Checking minimal-lexical v0.2.1
[INFO] [stderr]    Compiling syn v1.0.109
[INFO] [stderr]    Compiling nom v7.1.3
[INFO] [stderr]     Checking quote v1.0.35
[INFO] [stderr]     Checking glsl v6.0.2
[INFO] [stderr]     Checking rhythmc_compiler v0.0.2
[INFO] [stderr]     Checking rhythmc_macros v0.0.2 (/opt/rustwide/workdir)
[INFO] [stdout] error: expected one of `!` or `::`, found `failed`
[INFO] [stdout]  --> tests/shader_test.rs:6:5
[INFO] [stdout]   |
[INFO] [stdout] 6 |     #![rhythmc_macros::shader]
[INFO] [stdout]   |     ^^^^^^^^^^^^^^^^^^^^^^^^^^ expected one of `!` or `::`
[INFO] [stdout]   |
[INFO] [stdout]   = note: this error originates in the attribute macro `rhythmc_macros::shader` (in Nightly builds, run with -Z macro-backtrace for more info)
[INFO] [stdout] 
[INFO] [stdout] 
[INFO] [stdout] error: expected one of `!` or `::`, found `failed`
[INFO] [stdout]   --> tests/shader_test.rs:10:5
[INFO] [stdout]    |
[INFO] [stdout] 10 |     #![rhythmc_macros::shader]
[INFO] [stdout]    |     ^^^^^^^^^^^^^^^^^^^^^^^^^^ expected one of `!` or `::`
[INFO] [stdout]    |
[INFO] [stdout]    = note: this error originates in the attribute macro `rhythmc_macros::shader` (in Nightly builds, run with -Z macro-backtrace for more info)
[INFO] [stdout] 
[INFO] [stdout] 
[INFO] [stdout] error[E0433]: failed to resolve: could not find `myfirstshader` in `root`
[INFO] [stdout]   --> tests/shader_test.rs:17:11
[INFO] [stdout]    |
[INFO] [stdout] 17 |     root::myfirstshader::RHYTHMC_SHADER_MODULE_NAME,
[INFO] [stdout]    |           ^^^^^^^^^^^^^ could not find `myfirstshader` in `root`
[INFO] [stdout] 
[INFO] [stdout] 
[INFO] [stdout] error[E0433]: failed to resolve: could not find `myfirstshader` in `root`
[INFO] [stdout]   --> tests/shader_test.rs:21:11
[INFO] [stdout]    |
[INFO] [stdout] 21 |     root::myfirstshader::RHYTHMC_SHADER_MODULE_IMPORTS,
[INFO] [stdout]    |           ^^^^^^^^^^^^^ could not find `myfirstshader` in `root`
[INFO] [stdout] 
[INFO] [stdout] 
[INFO] [stdout] error[E0433]: failed to resolve: could not find `mysecondshader` in `root`
[INFO] [stdout]   --> tests/shader_test.rs:25:11
[INFO] [stdout]    |
[INFO] [stdout] 25 |     root::mysecondshader::RHYTHMC_SHADER_MODULE_NAME,
[INFO] [stdout]    |           ^^^^^^^^^^^^^^ could not find `mysecondshader` in `root`
[INFO] [stdout] 
[INFO] [stdout] 
[INFO] [stdout] error: aborting due to 5 previous errors
[INFO] [stdout] 
[INFO] [stdout] 
[INFO] [stdout] For more information about this error, try `rustc --explain E0433`.
[INFO] [stdout] 
[INFO] [stderr] error: could not compile `rhythmc_macros` (test "shader_test") due to 6 previous errors
[INFO] running `Command { std: "docker" "inspect" "2d179eb774fc134e83c59c8bb456eada9aa9ecb6dc7f1a5175dc876297366909", kill_on_drop: false }`
[INFO] running `Command { std: "docker" "rm" "-f" "2d179eb774fc134e83c59c8bb456eada9aa9ecb6dc7f1a5175dc876297366909", kill_on_drop: false }`
[INFO] [stdout] 2d179eb774fc134e83c59c8bb456eada9aa9ecb6dc7f1a5175dc876297366909
